216.73.216.55 - - [04/Jul/2026:19:15:08 +0000] "GET /items/L1657398047 HTTP/1.1" 404 - "https://tinasharma.co.in/items/L1657398047" "Mozilla/5.0 AppleWebKit/537.36 (KHTML, like Gecko; compatible; ClaudeBot/1.0; +claudebot@anthropic.com)"
216.73.216.55 - - [04/Jul/2026:19:15:11 +0000] "GET /items/L1337801836 HTTP/1.1" 301 294 "-" "Mozilla/5.0 AppleWebKit/537.36 (KHTML, like Gecko; compatible; ClaudeBot/1.0; +claudebot@anthropic.com)"
216.73.216.55 - - [04/Jul/2026:19:15:11 +0000] "GET /items/L1337801836 HTTP/1.1" 404 - "https://tinasharma.co.in/items/L1337801836" "Mozilla/5.0 AppleWebKit/537.36 (KHTML, like Gecko; compatible; ClaudeBot/1.0; +claudebot@anthropic.com)"
216.73.216.55 - - [04/Jul/2026:19:15:14 +0000] "GET /items/L1874893163 HTTP/1.1" 301 294 "-" "Mozilla/5.0 AppleWebKit/537.36 (KHTML, like Gecko; compatible; ClaudeBot/1.0; +claudebot@anthropic.com)"
216.73.216.55 - - [04/Jul/2026:19:15:14 +0000] "GET /items/L1874893163 HTTP/1.1" 404 - "https://tinasharma.co.in/items/L1874893163" "Mozilla/5.0 AppleWebKit/537.36 (KHTML, like Gecko; compatible; ClaudeBot/1.0; +claudebot@anthropic.com)"
216.73.216.55 - - [04/Jul/2026:19:15:17 +0000] "GET /items/L1452316558 HTTP/1.1" 301 294 "-" "Mozilla/5.0 AppleWebKit/537.36 (KHTML, like Gecko; compatible; ClaudeBot/1.0; +claudebot@anthropic.com)"
216.73.216.55 - - [04/Jul/2026:19:15:17 +0000] "GET /items/L1452316558 HTTP/1.1" 404 - "https://tinasharma.co.in/items/L1452316558" "Mozilla/5.0 AppleWebKit/537.36 (KHTML, like Gecko; compatible; ClaudeBot/1.0; +claudebot@anthropic.com)"
216.73.216.55 - - [04/Jul/2026:19:15:21 +0000] "GET /items/L3258616219 HTTP/1.1" 301 294 "-" "Mozilla/5.0 AppleWebKit/537.36 (KHTML, like Gecko; compatible; ClaudeBot/1.0; +claudebot@anthropic.com)"
216.73.216.55 - - [04/Jul/2026:19:15:22 +0000] "GET /items/L3258616219 HTTP/1.1" 404 - "https://tinasharma.co.in/items/L3258616219" "Mozilla/5.0 AppleWebKit/537.36 (KHTML, like Gecko; compatible; ClaudeBot/1.0; +claudebot@anthropic.com)"
216.73.216.55 - - [04/Jul/2026:19:15:24 +0000] "GET /items/L1245374640 HTTP/1.1" 301 294 "-" "Mozilla/5.0 AppleWebKit/537.36 (KHTML, like Gecko; compatible; ClaudeBot/1.0; +claudebot@anthropic.com)"
216.73.216.55 - - [04/Jul/2026:19:15:24 +0000] "GET /items/L1245374640 HTTP/1.1" 404 - "https://tinasharma.co.in/items/L1245374640" "Mozilla/5.0 AppleWebKit/537.36 (KHTML, like Gecko; compatible; ClaudeBot/1.0; +claudebot@anthropic.com)"
216.73.216.55 - - [04/Jul/2026:19:15:27 +0000] "GET /items/L2187639847 HTTP/1.1" 301 294 "-" "Mozilla/5.0 AppleWebKit/537.36 (KHTML, like Gecko; compatible; ClaudeBot/1.0; +claudebot@anthropic.com)"
216.73.216.55 - - [04/Jul/2026:19:15:28 +0000] "GET /items/L2187639847 HTTP/1.1" 404 - "https://tinasharma.co.in/items/L2187639847" "Mozilla/5.0 AppleWebKit/537.36 (KHTML, like Gecko; compatible; ClaudeBot/1.0; +claudebot@anthropic.com)"
216.73.216.55 - - [04/Jul/2026:19:15:30 +0000] "GET /items/L1957328071 HTTP/1.1" 301 294 "-" "Mozilla/5.0 AppleWebKit/537.36 (KHTML, like Gecko; compatible; ClaudeBot/1.0; +claudebot@anthropic.com)"
216.73.216.55 - - [04/Jul/2026:19:15:30 +0000] "GET /items/L1957328071 HTTP/1.1" 404 - "https://tinasharma.co.in/items/L1957328071" "Mozilla/5.0 AppleWebKit/537.36 (KHTML, like Gecko; compatible; ClaudeBot/1.0; +claudebot@anthropic.com)"
216.73.216.55 - - [04/Jul/2026:19:15:33 +0000] "GET /items/L3794257933 HTTP/1.1" 301 294 "-" "Mozilla/5.0 AppleWebKit/537.36 (KHTML, like Gecko; compatible; ClaudeBot/1.0; +claudebot@anthropic.com)"
216.73.216.55 - - [04/Jul/2026:19:15:33 +0000] "GET /items/L3794257933 HTTP/1.1" 404 - "https://tinasharma.co.in/items/L3794257933" "Mozilla/5.0 AppleWebKit/537.36 (KHTML, like Gecko; compatible; ClaudeBot/1.0; +claudebot@anthropic.com)"
216.73.216.55 - - [04/Jul/2026:19:15:36 +0000] "GET /items/L1071009022 HTTP/1.1" 301 294 "-" "Mozilla/5.0 AppleWebKit/537.36 (KHTML, like Gecko; compatible; ClaudeBot/1.0; +claudebot@anthropic.com)"
216.73.216.55 - - [04/Jul/2026:19:15:36 +0000] "GET /items/L1071009022 HTTP/1.1" 404 - "https://tinasharma.co.in/items/L1071009022" "Mozilla/5.0 AppleWebKit/537.36 (KHTML, like Gecko; compatible; ClaudeBot/1.0; +claudebot@anthropic.com)"
216.73.216.55 - - [04/Jul/2026:19:15:39 +0000] "GET /items/L2218759066 HTTP/1.1" 301 294 "-" "Mozilla/5.0 AppleWebKit/537.36 (KHTML, like Gecko; compatible; ClaudeBot/1.0; +claudebot@anthropic.com)"
216.73.216.55 - - [04/Jul/2026:19:15:39 +0000] "GET /items/L2218759066 HTTP/1.1" 404 - "https://tinasharma.co.in/items/L2218759066" "Mozilla/5.0 AppleWebKit/537.36 (KHTML, like Gecko; compatible; ClaudeBot/1.0; +claudebot@anthropic.com)"
216.73.216.55 - - [04/Jul/2026:19:15:42 +0000] "GET /items/L1238030035 HTTP/1.1" 301 294 "-" "Mozilla/5.0 AppleWebKit/537.36 (KHTML, like Gecko; compatible; ClaudeBot/1.0; +claudebot@anthropic.com)"
216.73.216.55 - - [04/Jul/2026:19:15:42 +0000] "GET /items/L1238030035 HTTP/1.1" 404 - "https://tinasharma.co.in/items/L1238030035" "Mozilla/5.0 AppleWebKit/537.36 (KHTML, like Gecko; compatible; ClaudeBot/1.0; +claudebot@anthropic.com)"
216.73.216.55 - - [04/Jul/2026:19:15:45 +0000] "GET /items/L1730139702 HTTP/1.1" 301 294 "-" "Mozilla/5.0 AppleWebKit/537.36 (KHTML, like Gecko; compatible; ClaudeBot/1.0; +claudebot@anthropic.com)"
216.73.216.55 - - [04/Jul/2026:19:15:45 +0000] "GET /items/L1730139702 HTTP/1.1" 404 - "https://tinasharma.co.in/items/L1730139702" "Mozilla/5.0 AppleWebKit/537.36 (KHTML, like Gecko; compatible; ClaudeBot/1.0; +claudebot@anthropic.com)"
216.73.216.55 - - [04/Jul/2026:19:15:48 +0000] "GET /items/L1195238534 HTTP/1.1" 301 294 "-" "Mozilla/5.0 AppleWebKit/537.36 (KHTML, like Gecko; compatible; ClaudeBot/1.0; +claudebot@anthropic.com)"
216.73.216.55 - - [04/Jul/2026:19:15:48 +0000] "GET /items/L1195238534 HTTP/1.1" 404 - "https://tinasharma.co.in/items/L1195238534" "Mozilla/5.0 AppleWebKit/537.36 (KHTML, like Gecko; compatible; ClaudeBot/1.0; +claudebot@anthropic.com)"
216.73.216.55 - - [04/Jul/2026:19:15:51 +0000] "GET /items/L933807554 HTTP/1.1" 301 293 "-" "Mozilla/5.0 AppleWebKit/537.36 (KHTML, like Gecko; compatible; ClaudeBot/1.0; +claudebot@anthropic.com)"
216.73.216.55 - - [04/Jul/2026:19:15:51 +0000] "GET /items/L933807554 HTTP/1.1" 404 - "https://tinasharma.co.in/items/L933807554" "Mozilla/5.0 AppleWebKit/537.36 (KHTML, like Gecko; compatible; ClaudeBot/1.0; +claudebot@anthropic.com)"
216.73.216.55 - - [04/Jul/2026:19:15:54 +0000] "GET /items/L3737858032 HTTP/1.1" 301 294 "-" "Mozilla/5.0 AppleWebKit/537.36 (KHTML, like Gecko; compatible; ClaudeBot/1.0; +claudebot@anthropic.com)"
216.73.216.55 - - [04/Jul/2026:19:15:54 +0000] "GET /items/L3737858032 HTTP/1.1" 404 - "https://tinasharma.co.in/items/L3737858032" "Mozilla/5.0 AppleWebKit/537.36 (KHTML, like Gecko; compatible; ClaudeBot/1.0; +claudebot@anthropic.com)"
216.73.216.55 - - [04/Jul/2026:19:15:57 +0000] "GET /items/L2701645749 HTTP/1.1" 301 294 "-" "Mozilla/5.0 AppleWebKit/537.36 (KHTML, like Gecko; compatible; ClaudeBot/1.0; +claudebot@anthropic.com)"
216.73.216.55 - - [04/Jul/2026:19:15:57 +0000] "GET /items/L2701645749 HTTP/1.1" 404 - "https://tinasharma.co.in/items/L2701645749" "Mozilla/5.0 AppleWebKit/537.36 (KHTML, like Gecko; compatible; ClaudeBot/1.0; +claudebot@anthropic.com)"
216.73.216.55 - - [04/Jul/2026:19:16:00 +0000] "GET /items/L1639529555 HTTP/1.1" 301 294 "-" "Mozilla/5.0 AppleWebKit/537.36 (KHTML, like Gecko; compatible; ClaudeBot/1.0; +claudebot@anthropic.com)"
216.73.216.55 - - [04/Jul/2026:19:16:00 +0000] "GET /items/L1639529555 HTTP/1.1" 404 - "https://tinasharma.co.in/items/L1639529555" "Mozilla/5.0 AppleWebKit/537.36 (KHTML, like Gecko; compatible; ClaudeBot/1.0; +claudebot@anthropic.com)"
216.73.216.55 - - [04/Jul/2026:19:16:03 +0000] "GET /items/L3718338372 HTTP/1.1" 301 294 "-" "Mozilla/5.0 AppleWebKit/537.36 (KHTML, like Gecko; compatible; ClaudeBot/1.0; +claudebot@anthropic.com)"
216.73.216.55 - - [04/Jul/2026:19:16:03 +0000] "GET /items/L3718338372 HTTP/1.1" 404 - "https://tinasharma.co.in/items/L3718338372" "Mozilla/5.0 AppleWebKit/537.36 (KHTML, like Gecko; compatible; ClaudeBot/1.0; +claudebot@anthropic.com)"
216.73.216.55 - - [04/Jul/2026:19:16:06 +0000] "GET /items/L3770938453 HTTP/1.1" 301 294 "-" "Mozilla/5.0 AppleWebKit/537.36 (KHTML, like Gecko; compatible; ClaudeBot/1.0; +claudebot@anthropic.com)"
216.73.216.55 - - [04/Jul/2026:19:16:06 +0000] "GET /items/L3770938453 HTTP/1.1" 404 - "https://tinasharma.co.in/items/L3770938453" "Mozilla/5.0 AppleWebKit/537.36 (KHTML, like Gecko; compatible; ClaudeBot/1.0; +claudebot@anthropic.com)"
216.73.216.55 - - [04/Jul/2026:19:16:09 +0000] "GET /items/L3117445137 HTTP/1.1" 301 294 "-" "Mozilla/5.0 AppleWebKit/537.36 (KHTML, like Gecko; compatible; ClaudeBot/1.0; +claudebot@anthropic.com)"
216.73.216.55 - - [04/Jul/2026:19:16:09 +0000] "GET /items/L3117445137 HTTP/1.1" 404 - "https://tinasharma.co.in/items/L3117445137" "Mozilla/5.0 AppleWebKit/537.36 (KHTML, like Gecko; compatible; ClaudeBot/1.0; +claudebot@anthropic.com)"
216.73.216.55 - - [04/Jul/2026:19:16:12 +0000] "GET /items/L1113758356 HTTP/1.1" 301 294 "-" "Mozilla/5.0 AppleWebKit/537.36 (KHTML, like Gecko; compatible; ClaudeBot/1.0; +claudebot@anthropic.com)"
216.73.216.55 - - [04/Jul/2026:19:16:12 +0000] "GET /items/L1113758356 HTTP/1.1" 404 - "https://tinasharma.co.in/items/L1113758356" "Mozilla/5.0 AppleWebKit/537.36 (KHTML, like Gecko; compatible; ClaudeBot/1.0; +claudebot@anthropic.com)"
216.73.216.55 - - [04/Jul/2026:19:16:15 +0000] "GET /items/L3480202985 HTTP/1.1" 301 294 "-" "Mozilla/5.0 AppleWebKit/537.36 (KHTML, like Gecko; compatible; ClaudeBot/1.0; +claudebot@anthropic.com)"
216.73.216.55 - - [04/Jul/2026:19:16:15 +0000] "GET /items/L3480202985 HTTP/1.1" 404 - "https://tinasharma.co.in/items/L3480202985" "Mozilla/5.0 AppleWebKit/537.36 (KHTML, like Gecko; compatible; ClaudeBot/1.0; +claudebot@anthropic.com)"
216.73.216.55 - - [04/Jul/2026:19:16:18 +0000] "GET /items/L3173772864 HTTP/1.1" 301 294 "-" "Mozilla/5.0 AppleWebKit/537.36 (KHTML, like Gecko; compatible; ClaudeBot/1.0; +claudebot@anthropic.com)"
104.244.78.33 - - [04/Jul/2026:19:16:18 +0000] "GET / HTTP/1.1" 401 53 "-" "CCBot/2.0 (https://commoncrawl.org/faq/)"
216.73.216.55 - - [04/Jul/2026:19:16:18 +0000] "GET /items/L3173772864 HTTP/1.1" 404 - "https://tinasharma.co.in/items/L3173772864" "Mozilla/5.0 AppleWebKit/537.36 (KHTML, like Gecko; compatible; ClaudeBot/1.0; +claudebot@anthropic.com)"
216.73.216.55 - - [04/Jul/2026:19:16:21 +0000] "GET /items/L4210220828 HTTP/1.1" 301 294 "-" "Mozilla/5.0 AppleWebKit/537.36 (KHTML, like Gecko; compatible; ClaudeBot/1.0; +claudebot@anthropic.com)"
216.73.216.55 - - [04/Jul/2026:19:16:21 +0000] "GET /items/L4210220828 HTTP/1.1" 404 - "https://tinasharma.co.in/items/L4210220828" "Mozilla/5.0 AppleWebKit/537.36 (KHTML, like Gecko; compatible; ClaudeBot/1.0; +claudebot@anthropic.com)"
216.73.216.55 - - [04/Jul/2026:19:16:24 +0000] "GET /items/L620943168 HTTP/1.1" 301 293 "-" "Mozilla/5.0 AppleWebKit/537.36 (KHTML, like Gecko; compatible; ClaudeBot/1.0; +claudebot@anthropic.com)"
216.73.216.55 - - [04/Jul/2026:19:16:24 +0000] "GET /items/L620943168 HTTP/1.1" 404 - "https://tinasharma.co.in/items/L620943168" "Mozilla/5.0 AppleWebKit/537.36 (KHTML, like Gecko; compatible; ClaudeBot/1.0; +claudebot@anthropic.com)"
216.73.216.55 - - [04/Jul/2026:19:16:27 +0000] "GET /items/L2685670874 HTTP/1.1" 301 294 "-" "Mozilla/5.0 AppleWebKit/537.36 (KHTML, like Gecko; compatible; ClaudeBot/1.0; +claudebot@anthropic.com)"
216.73.216.55 - - [04/Jul/2026:19:16:27 +0000] "GET /items/L2685670874 HTTP/1.1" 404 - "https://tinasharma.co.in/items/L2685670874" "Mozilla/5.0 AppleWebKit/537.36 (KHTML, like Gecko; compatible; ClaudeBot/1.0; +claudebot@anthropic.com)"
216.73.216.55 - - [04/Jul/2026:19:16:30 +0000] "GET /items/L4183832705 HTTP/1.1" 301 294 "-" "Mozilla/5.0 AppleWebKit/537.36 (KHTML, like Gecko; compatible; ClaudeBot/1.0; +claudebot@anthropic.com)"
216.73.216.55 - - [04/Jul/2026:19:16:30 +0000] "GET /items/L4183832705 HTTP/1.1" 404 - "https://tinasharma.co.in/items/L4183832705" "Mozilla/5.0 AppleWebKit/537.36 (KHTML, like Gecko; compatible; ClaudeBot/1.0; +claudebot@anthropic.com)"
216.73.216.55 - - [04/Jul/2026:19:16:33 +0000] "GET /items/L3593162640 HTTP/1.1" 301 294 "-" "Mozilla/5.0 AppleWebKit/537.36 (KHTML, like Gecko; compatible; ClaudeBot/1.0; +claudebot@anthropic.com)"
216.73.216.55 - - [04/Jul/2026:19:16:33 +0000] "GET /items/L3593162640 HTTP/1.1" 404 - "https://tinasharma.co.in/items/L3593162640" "Mozilla/5.0 AppleWebKit/537.36 (KHTML, like Gecko; compatible; ClaudeBot/1.0; +claudebot@anthropic.com)"
216.73.216.55 - - [04/Jul/2026:19:16:36 +0000] "GET /items/L1604024920 HTTP/1.1" 301 294 "-" "Mozilla/5.0 AppleWebKit/537.36 (KHTML, like Gecko; compatible; ClaudeBot/1.0; +claudebot@anthropic.com)"
216.73.216.55 - - [04/Jul/2026:19:16:36 +0000] "GET /items/L1604024920 HTTP/1.1" 404 - "https://tinasharma.co.in/items/L1604024920" "Mozilla/5.0 AppleWebKit/537.36 (KHTML, like Gecko; compatible; ClaudeBot/1.0; +claudebot@anthropic.com)"
216.73.216.55 - - [04/Jul/2026:19:16:39 +0000] "GET /items/L1077327284 HTTP/1.1" 301 294 "-" "Mozilla/5.0 AppleWebKit/537.36 (KHTML, like Gecko; compatible; ClaudeBot/1.0; +claudebot@anthropic.com)"
216.73.216.55 - - [04/Jul/2026:19:16:39 +0000] "GET /items/L1077327284 HTTP/1.1" 404 - "https://tinasharma.co.in/items/L1077327284" "Mozilla/5.0 AppleWebKit/537.36 (KHTML, like Gecko; compatible; ClaudeBot/1.0; +claudebot@anthropic.com)"
216.73.216.55 - - [04/Jul/2026:19:16:42 +0000] "GET /items/L2143678415 HTTP/1.1" 301 294 "-" "Mozilla/5.0 AppleWebKit/537.36 (KHTML, like Gecko; compatible; ClaudeBot/1.0; +claudebot@anthropic.com)"
216.73.216.55 - - [04/Jul/2026:19:16:42 +0000] "GET /items/L2143678415 HTTP/1.1" 404 - "https://tinasharma.co.in/items/L2143678415" "Mozilla/5.0 AppleWebKit/537.36 (KHTML, like Gecko; compatible; ClaudeBot/1.0; +claudebot@anthropic.com)"
216.73.216.55 - - [04/Jul/2026:19:16:45 +0000] "GET /items/L317262685 HTTP/1.1" 301 293 "-" "Mozilla/5.0 AppleWebKit/537.36 (KHTML, like Gecko; compatible; ClaudeBot/1.0; +claudebot@anthropic.com)"
216.73.216.55 - - [04/Jul/2026:19:16:45 +0000] "GET /items/L317262685 HTTP/1.1" 404 - "https://tinasharma.co.in/items/L317262685" "Mozilla/5.0 AppleWebKit/537.36 (KHTML, like Gecko; compatible; ClaudeBot/1.0; +claudebot@anthropic.com)"
216.73.216.55 - - [04/Jul/2026:19:16:48 +0000] "GET /items/L536107854 HTTP/1.1" 301 293 "-" "Mozilla/5.0 AppleWebKit/537.36 (KHTML, like Gecko; compatible; ClaudeBot/1.0; +claudebot@anthropic.com)"
216.73.216.55 - - [04/Jul/2026:19:16:48 +0000] "GET /items/L536107854 HTTP/1.1" 404 - "https://tinasharma.co.in/items/L536107854" "Mozilla/5.0 AppleWebKit/537.36 (KHTML, like Gecko; compatible; ClaudeBot/1.0; +claudebot@anthropic.com)"
216.73.216.55 - - [04/Jul/2026:19:16:51 +0000] "GET /items/L4017691890 HTTP/1.1" 301 294 "-" "Mozilla/5.0 AppleWebKit/537.36 (KHTML, like Gecko; compatible; ClaudeBot/1.0; +claudebot@anthropic.com)"
216.73.216.55 - - [04/Jul/2026:19:16:51 +0000] "GET /items/L4017691890 HTTP/1.1" 404 - "https://tinasharma.co.in/items/L4017691890" "Mozilla/5.0 AppleWebKit/537.36 (KHTML, like Gecko; compatible; ClaudeBot/1.0; +claudebot@anthropic.com)"
216.73.216.55 - - [04/Jul/2026:19:16:54 +0000] "GET /items/L1147205688 HTTP/1.1" 301 294 "-" "Mozilla/5.0 AppleWebKit/537.36 (KHTML, like Gecko; compatible; ClaudeBot/1.0; +claudebot@anthropic.com)"
216.73.216.55 - - [04/Jul/2026:19:16:54 +0000] "GET /items/L1147205688 HTTP/1.1" 404 - "https://tinasharma.co.in/items/L1147205688" "Mozilla/5.0 AppleWebKit/537.36 (KHTML, like Gecko; compatible; ClaudeBot/1.0; +claudebot@anthropic.com)"
216.73.216.55 - - [04/Jul/2026:19:17:00 +0000] "GET /items/L3423300609 HTTP/1.1" 301 294 "-" "Mozilla/5.0 AppleWebKit/537.36 (KHTML, like Gecko; compatible; ClaudeBot/1.0; +claudebot@anthropic.com)"
216.73.216.55 - - [04/Jul/2026:19:17:01 +0000] "GET /items/L3423300609 HTTP/1.1" 404 - "https://tinasharma.co.in/items/L3423300609" "Mozilla/5.0 AppleWebKit/537.36 (KHTML, like Gecko; compatible; ClaudeBot/1.0; +claudebot@anthropic.com)"
216.73.216.55 - - [04/Jul/2026:19:17:02 +0000] "GET /items/L1622781666 HTTP/1.1" 301 294 "-" "Mozilla/5.0 AppleWebKit/537.36 (KHTML, like Gecko; compatible; ClaudeBot/1.0; +claudebot@anthropic.com)"
216.73.216.55 - - [04/Jul/2026:19:17:02 +0000] "GET /items/L1622781666 HTTP/1.1" 404 - "https://tinasharma.co.in/items/L1622781666" "Mozilla/5.0 AppleWebKit/537.36 (KHTML, like Gecko; compatible; ClaudeBot/1.0; +claudebot@anthropic.com)"
216.73.216.55 - - [04/Jul/2026:19:17:05 +0000] "GET /items/L3546949042 HTTP/1.1" 301 294 "-" "Mozilla/5.0 AppleWebKit/537.36 (KHTML, like Gecko; compatible; ClaudeBot/1.0; +claudebot@anthropic.com)"
216.73.216.55 - - [04/Jul/2026:19:17:05 +0000] "GET /items/L3546949042 HTTP/1.1" 404 - "https://tinasharma.co.in/items/L3546949042" "Mozilla/5.0 AppleWebKit/537.36 (KHTML, like Gecko; compatible; ClaudeBot/1.0; +claudebot@anthropic.com)"
216.73.216.55 - - [04/Jul/2026:19:17:08 +0000] "GET /items/L1709879512 HTTP/1.1" 301 294 "-" "Mozilla/5.0 AppleWebKit/537.36 (KHTML, like Gecko; compatible; ClaudeBot/1.0; +claudebot@anthropic.com)"
216.73.216.55 - - [04/Jul/2026:19:17:08 +0000] "GET /items/L1709879512 HTTP/1.1" 404 - "https://tinasharma.co.in/items/L1709879512" "Mozilla/5.0 AppleWebKit/537.36 (KHTML, like Gecko; compatible; ClaudeBot/1.0; +claudebot@anthropic.com)"
216.73.216.55 - - [04/Jul/2026:19:17:11 +0000] "GET /items/L3322058644 HTTP/1.1" 301 294 "-" "Mozilla/5.0 AppleWebKit/537.36 (KHTML, like Gecko; compatible; ClaudeBot/1.0; +claudebot@anthropic.com)"
216.73.216.55 - - [04/Jul/2026:19:17:11 +0000] "GET /items/L3322058644 HTTP/1.1" 404 - "https://tinasharma.co.in/items/L3322058644" "Mozilla/5.0 AppleWebKit/537.36 (KHTML, like Gecko; compatible; ClaudeBot/1.0; +claudebot@anthropic.com)"
216.73.216.55 - - [04/Jul/2026:19:17:14 +0000] "GET /items/L3773362667 HTTP/1.1" 301 294 "-" "Mozilla/5.0 AppleWebKit/537.36 (KHTML, like Gecko; compatible; ClaudeBot/1.0; +claudebot@anthropic.com)"
216.73.216.55 - - [04/Jul/2026:19:17:14 +0000] "GET /items/L3773362667 HTTP/1.1" 404 - "https://tinasharma.co.in/items/L3773362667" "Mozilla/5.0 AppleWebKit/537.36 (KHTML, like Gecko; compatible; ClaudeBot/1.0; +claudebot@anthropic.com)"
216.73.216.55 - - [04/Jul/2026:19:17:17 +0000] "GET /items/L3020217311 HTTP/1.1" 301 294 "-" "Mozilla/5.0 AppleWebKit/537.36 (KHTML, like Gecko; compatible; ClaudeBot/1.0; +claudebot@anthropic.com)"
216.73.216.55 - - [04/Jul/2026:19:17:17 +0000] "GET /items/L3020217311 HTTP/1.1" 404 - "https://tinasharma.co.in/items/L3020217311" "Mozilla/5.0 AppleWebKit/537.36 (KHTML, like Gecko; compatible; ClaudeBot/1.0; +claudebot@anthropic.com)"
216.73.216.55 - - [04/Jul/2026:19:17:20 +0000] "GET /items/L3591950541 HTTP/1.1" 301 294 "-" "Mozilla/5.0 AppleWebKit/537.36 (KHTML, like Gecko; compatible; ClaudeBot/1.0; +claudebot@anthropic.com)"
216.73.216.55 - - [04/Jul/2026:19:17:20 +0000] "GET /items/L3591950541 HTTP/1.1" 404 - "https://tinasharma.co.in/items/L3591950541" "Mozilla/5.0 AppleWebKit/537.36 (KHTML, like Gecko; compatible; ClaudeBot/1.0; +claudebot@anthropic.com)"
216.73.216.55 - - [04/Jul/2026:19:17:23 +0000] "GET /items/L1244162541 HTTP/1.1" 301 294 "-" "Mozilla/5.0 AppleWebKit/537.36 (KHTML, like Gecko; compatible; ClaudeBot/1.0; +claudebot@anthropic.com)"
216.73.216.55 - - [04/Jul/2026:19:17:23 +0000] "GET /items/L1244162541 HTTP/1.1" 404 - "https://tinasharma.co.in/items/L1244162541" "Mozilla/5.0 AppleWebKit/537.36 (KHTML, like Gecko; compatible; ClaudeBot/1.0; +claudebot@anthropic.com)"
216.73.216.55 - - [04/Jul/2026:19:17:26 +0000] "GET /items/L1556601597 HTTP/1.1" 301 294 "-" "Mozilla/5.0 AppleWebKit/537.36 (KHTML, like Gecko; compatible; ClaudeBot/1.0; +claudebot@anthropic.com)"
216.73.216.55 - - [04/Jul/2026:19:17:26 +0000] "GET /items/L1556601597 HTTP/1.1" 404 - "https://tinasharma.co.in/items/L1556601597" "Mozilla/5.0 AppleWebKit/537.36 (KHTML, like Gecko; compatible; ClaudeBot/1.0; +claudebot@anthropic.com)"
216.73.216.55 - - [04/Jul/2026:19:17:29 +0000] "GET /items/L3252044644 HTTP/1.1" 301 294 "-" "Mozilla/5.0 AppleWebKit/537.36 (KHTML, like Gecko; compatible; ClaudeBot/1.0; +claudebot@anthropic.com)"
216.73.216.55 - - [04/Jul/2026:19:17:29 +0000] "GET /items/L3252044644 HTTP/1.1" 404 - "https://tinasharma.co.in/items/L3252044644" "Mozilla/5.0 AppleWebKit/537.36 (KHTML, like Gecko; compatible; ClaudeBot/1.0; +claudebot@anthropic.com)"
216.73.216.55 - - [04/Jul/2026:19:17:32 +0000] "GET /items/L3395182595 HTTP/1.1" 301 294 "-" "Mozilla/5.0 AppleWebKit/537.36 (KHTML, like Gecko; compatible; ClaudeBot/1.0; +claudebot@anthropic.com)"
216.73.216.55 - - [04/Jul/2026:19:17:32 +0000] "GET /items/L3395182595 HTTP/1.1" 404 - "https://tinasharma.co.in/items/L3395182595" "Mozilla/5.0 AppleWebKit/537.36 (KHTML, like Gecko; compatible; ClaudeBot/1.0; +claudebot@anthropic.com)"
216.73.216.55 - - [04/Jul/2026:19:17:35 +0000] "GET /items/L3689951381 HTTP/1.1" 301 294 "-" "Mozilla/5.0 AppleWebKit/537.36 (KHTML, like Gecko; compatible; ClaudeBot/1.0; +claudebot@anthropic.com)"
216.73.216.55 - - [04/Jul/2026:19:17:35 +0000] "GET /items/L3689951381 HTTP/1.1" 404 - "https://tinasharma.co.in/items/L3689951381" "Mozilla/5.0 AppleWebKit/537.36 (KHTML, like Gecko; compatible; ClaudeBot/1.0; +claudebot@anthropic.com)"
216.73.216.55 - - [04/Jul/2026:19:17:38 +0000] "GET /items/L2312684572 HTTP/1.1" 301 294 "-" "Mozilla/5.0 AppleWebKit/537.36 (KHTML, like Gecko; compatible; ClaudeBot/1.0; +claudebot@anthropic.com)"
216.73.216.55 - - [04/Jul/2026:19:17:38 +0000] "GET /items/L2312684572 HTTP/1.1" 404 - "https://tinasharma.co.in/items/L2312684572" "Mozilla/5.0 AppleWebKit/537.36 (KHTML, like Gecko; compatible; ClaudeBot/1.0; +claudebot@anthropic.com)"
216.73.216.55 - - [04/Jul/2026:19:17:41 +0000] "GET /items/L3897192903 HTTP/1.1" 301 294 "-" "Mozilla/5.0 AppleWebKit/537.36 (KHTML, like Gecko; compatible; ClaudeBot/1.0; +claudebot@anthropic.com)"
216.73.216.55 - - [04/Jul/2026:19:17:41 +0000] "GET /items/L3897192903 HTTP/1.1" 404 - "https://tinasharma.co.in/items/L3897192903" "Mozilla/5.0 AppleWebKit/537.36 (KHTML, like Gecko; compatible; ClaudeBot/1.0; +claudebot@anthropic.com)"
216.73.216.55 - - [04/Jul/2026:19:17:44 +0000] "GET /items/L3741398228 HTTP/1.1" 301 294 "-" "Mozilla/5.0 AppleWebKit/537.36 (KHTML, like Gecko; compatible; ClaudeBot/1.0; +claudebot@anthropic.com)"
216.73.216.55 - - [04/Jul/2026:19:17:44 +0000] "GET /items/L3741398228 HTTP/1.1" 404 - "https://tinasharma.co.in/items/L3741398228" "Mozilla/5.0 AppleWebKit/537.36 (KHTML, like Gecko; compatible; ClaudeBot/1.0; +claudebot@anthropic.com)"
216.73.216.55 - - [04/Jul/2026:19:17:47 +0000] "GET /items/L934580568 HTTP/1.1" 301 293 "-" "Mozilla/5.0 AppleWebKit/537.36 (KHTML, like Gecko; compatible; ClaudeBot/1.0; +claudebot@anthropic.com)"
216.73.216.55 - - [04/Jul/2026:19:17:47 +0000] "GET /items/L934580568 HTTP/1.1" 404 - "https://tinasharma.co.in/items/L934580568" "Mozilla/5.0 AppleWebKit/537.36 (KHTML, like Gecko; compatible; ClaudeBot/1.0; +claudebot@anthropic.com)"
216.73.216.55 - - [04/Jul/2026:19:17:50 +0000] "GET /items/L4113873482 HTTP/1.1" 301 294 "-" "Mozilla/5.0 AppleWebKit/537.36 (KHTML, like Gecko; compatible; ClaudeBot/1.0; +claudebot@anthropic.com)"
216.73.216.55 - - [04/Jul/2026:19:17:50 +0000] "GET /items/L4113873482 HTTP/1.1" 404 - "https://tinasharma.co.in/items/L4113873482" "Mozilla/5.0 AppleWebKit/537.36 (KHTML, like Gecko; compatible; ClaudeBot/1.0; +claudebot@anthropic.com)"
216.73.216.55 - - [04/Jul/2026:19:17:53 +0000] "GET /items/L1074903102 HTTP/1.1" 301 294 "-" "Mozilla/5.0 AppleWebKit/537.36 (KHTML, like Gecko; compatible; ClaudeBot/1.0; +claudebot@anthropic.com)"
216.73.216.55 - - [04/Jul/2026:19:17:53 +0000] "GET /items/L1074903102 HTTP/1.1" 404 - "https://tinasharma.co.in/items/L1074903102" "Mozilla/5.0 AppleWebKit/537.36 (KHTML, like Gecko; compatible; ClaudeBot/1.0; +claudebot@anthropic.com)"
216.73.216.55 - - [04/Jul/2026:19:17:56 +0000] "GET /items/L3064263945 HTTP/1.1" 301 294 "-" "Mozilla/5.0 AppleWebKit/537.36 (KHTML, like Gecko; compatible; ClaudeBot/1.0; +claudebot@anthropic.com)"
216.73.216.55 - - [04/Jul/2026:19:17:56 +0000] "GET /items/L3064263945 HTTP/1.1" 404 - "https://tinasharma.co.in/items/L3064263945" "Mozilla/5.0 AppleWebKit/537.36 (KHTML, like Gecko; compatible; ClaudeBot/1.0; +claudebot@anthropic.com)"
216.73.216.55 - - [04/Jul/2026:19:18:00 +0000] "GET /items/L4282873329 HTTP/1.1" 301 294 "-" "Mozilla/5.0 AppleWebKit/537.36 (KHTML, like Gecko; compatible; ClaudeBot/1.0; +claudebot@anthropic.com)"
216.73.216.55 - - [04/Jul/2026:19:18:00 +0000] "GET /items/L4282873329 HTTP/1.1" 404 - "https://tinasharma.co.in/items/L4282873329" "Mozilla/5.0 AppleWebKit/537.36 (KHTML, like Gecko; compatible; ClaudeBot/1.0; +claudebot@anthropic.com)"
216.73.216.55 - - [04/Jul/2026:19:18:02 +0000] "GET /items/L3622929810 HTTP/1.1" 301 294 "-" "Mozilla/5.0 AppleWebKit/537.36 (KHTML, like Gecko; compatible; ClaudeBot/1.0; +claudebot@anthropic.com)"
216.73.216.55 - - [04/Jul/2026:19:18:02 +0000] "GET /items/L3622929810 HTTP/1.1" 404 - "https://tinasharma.co.in/items/L3622929810" "Mozilla/5.0 AppleWebKit/537.36 (KHTML, like Gecko; compatible; ClaudeBot/1.0; +claudebot@anthropic.com)"
216.73.216.55 - - [04/Jul/2026:19:18:05 +0000] "GET /items/L625092871 HTTP/1.1" 301 293 "-" "Mozilla/5.0 AppleWebKit/537.36 (KHTML, like Gecko; compatible; ClaudeBot/1.0; +claudebot@anthropic.com)"
216.73.216.55 - - [04/Jul/2026:19:18:05 +0000] "GET /items/L625092871 HTTP/1.1" 404 - "https://tinasharma.co.in/items/L625092871" "Mozilla/5.0 AppleWebKit/537.36 (KHTML, like Gecko; compatible; ClaudeBot/1.0; +claudebot@anthropic.com)"
216.73.216.55 - - [04/Jul/2026:19:18:08 +0000] "GET /items/L1643679274 HTTP/1.1" 301 294 "-" "Mozilla/5.0 AppleWebKit/537.36 (KHTML, like Gecko; compatible; ClaudeBot/1.0; +claudebot@anthropic.com)"
216.73.216.55 - - [04/Jul/2026:19:18:08 +0000] "GET /items/L1643679274 HTTP/1.1" 404 - "https://tinasharma.co.in/items/L1643679274" "Mozilla/5.0 AppleWebKit/537.36 (KHTML, like Gecko; compatible; ClaudeBot/1.0; +claudebot@anthropic.com)"
216.73.216.55 - - [04/Jul/2026:19:18:11 +0000] "GET /items/L2330642202 HTTP/1.1" 301 294 "-" "Mozilla/5.0 AppleWebKit/537.36 (KHTML, like Gecko; compatible; ClaudeBot/1.0; +claudebot@anthropic.com)"
216.73.216.55 - - [04/Jul/2026:19:18:11 +0000] "GET /items/L2330642202 HTTP/1.1" 404 - "https://tinasharma.co.in/items/L2330642202" "Mozilla/5.0 AppleWebKit/537.36 (KHTML, like Gecko; compatible; ClaudeBot/1.0; +claudebot@anthropic.com)"
216.73.216.55 - - [04/Jul/2026:19:18:14 +0000] "GET /items/L4010515365 HTTP/1.1" 301 294 "-" "Mozilla/5.0 AppleWebKit/537.36 (KHTML, like Gecko; compatible; ClaudeBot/1.0; +claudebot@anthropic.com)"
216.73.216.55 - - [04/Jul/2026:19:18:14 +0000] "GET /items/L4010515365 HTTP/1.1" 404 - "https://tinasharma.co.in/items/L4010515365" "Mozilla/5.0 AppleWebKit/537.36 (KHTML, like Gecko; compatible; ClaudeBot/1.0; +claudebot@anthropic.com)"
216.73.216.55 - - [04/Jul/2026:19:18:17 +0000] "GET /items/L1693872153 HTTP/1.1" 301 294 "-" "Mozilla/5.0 AppleWebKit/537.36 (KHTML, like Gecko; compatible; ClaudeBot/1.0; +claudebot@anthropic.com)"
216.73.216.55 - - [04/Jul/2026:19:18:17 +0000] "GET /items/L1693872153 HTTP/1.1" 404 - "https://tinasharma.co.in/items/L1693872153" "Mozilla/5.0 AppleWebKit/537.36 (KHTML, like Gecko; compatible; ClaudeBot/1.0; +claudebot@anthropic.com)"
216.73.216.55 - - [04/Jul/2026:19:18:20 +0000] "GET /items/L2831440427 HTTP/1.1" 301 294 "-" "Mozilla/5.0 AppleWebKit/537.36 (KHTML, like Gecko; compatible; ClaudeBot/1.0; +claudebot@anthropic.com)"
216.73.216.55 - - [04/Jul/2026:19:18:20 +0000] "GET /items/L2831440427 HTTP/1.1" 404 - "https://tinasharma.co.in/items/L2831440427" "Mozilla/5.0 AppleWebKit/537.36 (KHTML, like Gecko; compatible; ClaudeBot/1.0; +claudebot@anthropic.com)"
216.73.216.55 - - [04/Jul/2026:19:18:23 +0000] "GET /items/L3651836673 HTTP/1.1" 301 294 "-" "Mozilla/5.0 AppleWebKit/537.36 (KHTML, like Gecko; compatible; ClaudeBot/1.0; +claudebot@anthropic.com)"
216.73.216.55 - - [04/Jul/2026:19:18:23 +0000] "GET /items/L3651836673 HTTP/1.1" 404 - "https://tinasharma.co.in/items/L3651836673" "Mozilla/5.0 AppleWebKit/537.36 (KHTML, like Gecko; compatible; ClaudeBot/1.0; +claudebot@anthropic.com)"
216.73.216.55 - - [04/Jul/2026:19:18:26 +0000] "GET /items/L524814110 HTTP/1.1" 301 293 "-" "Mozilla/5.0 AppleWebKit/537.36 (KHTML, like Gecko; compatible; ClaudeBot/1.0; +claudebot@anthropic.com)"
216.73.216.55 - - [04/Jul/2026:19:18:26 +0000] "GET /items/L524814110 HTTP/1.1" 404 - "https://tinasharma.co.in/items/L524814110" "Mozilla/5.0 AppleWebKit/537.36 (KHTML, like Gecko; compatible; ClaudeBot/1.0; +claudebot@anthropic.com)"
216.73.216.55 - - [04/Jul/2026:19:18:29 +0000] "GET /items/L3073605044 HTTP/1.1" 301 294 "-" "Mozilla/5.0 AppleWebKit/537.36 (KHTML, like Gecko; compatible; ClaudeBot/1.0; +claudebot@anthropic.com)"
216.73.216.55 - - [04/Jul/2026:19:18:30 +0000] "GET /items/L3073605044 HTTP/1.1" 404 - "https://tinasharma.co.in/items/L3073605044" "Mozilla/5.0 AppleWebKit/537.36 (KHTML, like Gecko; compatible; ClaudeBot/1.0; +claudebot@anthropic.com)"
216.73.216.55 - - [04/Jul/2026:19:18:32 +0000] "GET /items/L2121860784 HTTP/1.1" 301 294 "-" "Mozilla/5.0 AppleWebKit/537.36 (KHTML, like Gecko; compatible; ClaudeBot/1.0; +claudebot@anthropic.com)"
216.73.216.55 - - [04/Jul/2026:19:18:32 +0000] "GET /items/L2121860784 HTTP/1.1" 404 - "https://tinasharma.co.in/items/L2121860784" "Mozilla/5.0 AppleWebKit/537.36 (KHTML, like Gecko; compatible; ClaudeBot/1.0; +claudebot@anthropic.com)"
216.73.216.55 - - [04/Jul/2026:19:18:35 +0000] "GET /items/L1115922962 HTTP/1.1" 301 294 "-" "Mozilla/5.0 AppleWebKit/537.36 (KHTML, like Gecko; compatible; ClaudeBot/1.0; +claudebot@anthropic.com)"
216.73.216.55 - - [04/Jul/2026:19:18:35 +0000] "GET /items/L1115922962 HTTP/1.1" 404 - "https://tinasharma.co.in/items/L1115922962" "Mozilla/5.0 AppleWebKit/537.36 (KHTML, like Gecko; compatible; ClaudeBot/1.0; +claudebot@anthropic.com)"
17.241.219.186 - - [04/Jul/2026:19:18:38 +0000] "GET /css/slick.css HTTP/1.1" 200 559 "https://www.tinasharma.co.in/index.html" "Mozilla/5.0 (Macintosh; Intel Mac OS X 10_15_7) AppleWebKit/605.1.15 (KHTML, like Gecko) Version/17.4 Safari/605.1.15 (Applebot/0.1; +http://www.apple.com/go/applebot)"
216.73.216.55 - - [04/Jul/2026:19:18:38 +0000] "GET /items/L3103284937 HTTP/1.1" 301 294 "-" "Mozilla/5.0 AppleWebKit/537.36 (KHTML, like Gecko; compatible; ClaudeBot/1.0; +claudebot@anthropic.com)"
17.241.219.186 - - [04/Jul/2026:19:18:38 +0000] "GET /js/vendors/rs-plugin/css/settings.css HTTP/1.1" 200 10764 "https://www.tinasharma.co.in/index.html" "Mozilla/5.0 (Macintosh; Intel Mac OS X 10_15_7) AppleWebKit/605.1.15 (KHTML, like Gecko) Version/17.4 Safari/605.1.15 (Applebot/0.1; +http://www.apple.com/go/applebot)"
216.73.216.55 - - [04/Jul/2026:19:18:38 +0000] "GET /items/L3103284937 HTTP/1.1" 404 - "https://tinasharma.co.in/items/L3103284937" "Mozilla/5.0 AppleWebKit/537.36 (KHTML, like Gecko; compatible; ClaudeBot/1.0; +claudebot@anthropic.com)"
17.241.219.186 - - [04/Jul/2026:19:18:40 +0000] "GET /css/jquery.selectBoxIt.css HTTP/1.1" 200 1801 "https://www.tinasharma.co.in/index.html" "Mozilla/5.0 (Macintosh; Intel Mac OS X 10_15_7) AppleWebKit/605.1.15 (KHTML, like Gecko) Version/17.4 Safari/605.1.15 (Applebot/0.1; +http://www.apple.com/go/applebot)"
216.73.216.55 - - [04/Jul/2026:19:18:41 +0000] "GET /items/L4117885263 HTTP/1.1" 301 294 "-" "Mozilla/5.0 AppleWebKit/537.36 (KHTML, like Gecko; compatible; ClaudeBot/1.0; +claudebot@anthropic.com)"
17.241.219.186 - - [04/Jul/2026:19:18:41 +0000] "GET /css/bootstrap.min.css HTTP/1.1" 200 20163 "https://www.tinasharma.co.in/index.html" "Mozilla/5.0 (Macintosh; Intel Mac OS X 10_15_7) AppleWebKit/605.1.15 (KHTML, like Gecko) Version/17.4 Safari/605.1.15 (Applebot/0.1; +http://www.apple.com/go/applebot)"
216.73.216.55 - - [04/Jul/2026:19:18:41 +0000] "GET /items/L4117885263 HTTP/1.1" 404 - "https://tinasharma.co.in/items/L4117885263" "Mozilla/5.0 AppleWebKit/537.36 (KHTML, like Gecko; compatible; ClaudeBot/1.0; +claudebot@anthropic.com)"
17.241.219.186 - - [04/Jul/2026:19:18:43 +0000] "GET /css/font-awesome/css/font-awesome.css HTTP/1.1" 200 5756 "https://www.tinasharma.co.in/index.html" "Mozilla/5.0 (Macintosh; Intel Mac OS X 10_15_7) AppleWebKit/605.1.15 (KHTML, like Gecko) Version/17.4 Safari/605.1.15 (Applebot/0.1; +http://www.apple.com/go/applebot)"
216.73.216.55 - - [04/Jul/2026:19:18:44 +0000] "GET /items/L1004507307 HTTP/1.1" 301 294 "-" "Mozilla/5.0 AppleWebKit/537.36 (KHTML, like Gecko; compatible; ClaudeBot/1.0; +claudebot@anthropic.com)"
216.73.216.55 - - [04/Jul/2026:19:18:44 +0000] "GET /items/L1004507307 HTTP/1.1" 404 - "https://tinasharma.co.in/items/L1004507307" "Mozilla/5.0 AppleWebKit/537.36 (KHTML, like Gecko; compatible; ClaudeBot/1.0; +claudebot@anthropic.com)"
17.241.219.186 - - [04/Jul/2026:19:18:44 +0000] "GET /css/isotope.css HTTP/1.1" 200 468 "https://www.tinasharma.co.in/index.html" "Mozilla/5.0 (Macintosh; Intel Mac OS X 10_15_7) AppleWebKit/605.1.15 (KHTML, like Gecko) Version/17.4 Safari/605.1.15 (Applebot/0.1; +http://www.apple.com/go/applebot)"
17.241.219.186 - - [04/Jul/2026:19:18:46 +0000] "GET /css/subscribe-better.css HTTP/1.1" 200 1230 "https://www.tinasharma.co.in/index.html" "Mozilla/5.0 (Macintosh; Intel Mac OS X 10_15_7) AppleWebKit/605.1.15 (KHTML, like Gecko) Version/17.4 Safari/605.1.15 (Applebot/0.1; +http://www.apple.com/go/applebot)"
216.73.216.55 - - [04/Jul/2026:19:18:47 +0000] "GET /items/L1294796847 HTTP/1.1" 301 294 "-" "Mozilla/5.0 AppleWebKit/537.36 (KHTML, like Gecko; compatible; ClaudeBot/1.0; +claudebot@anthropic.com)"
17.241.219.186 - - [04/Jul/2026:19:18:47 +0000] "GET /css/jquery-ui.css HTTP/1.1" 200 4514 "https://www.tinasharma.co.in/index.html" "Mozilla/5.0 (Macintosh; Intel Mac OS X 10_15_7) AppleWebKit/605.1.15 (KHTML, like Gecko) Version/17.4 Safari/605.1.15 (Applebot/0.1; +http://www.apple.com/go/applebot)"
216.73.216.55 - - [04/Jul/2026:19:18:47 +0000] "GET /items/L1294796847 HTTP/1.1" 404 - "https://tinasharma.co.in/items/L1294796847" "Mozilla/5.0 AppleWebKit/537.36 (KHTML, like Gecko; compatible; ClaudeBot/1.0; +claudebot@anthropic.com)"
17.241.219.186 - - [04/Jul/2026:19:18:49 +0000] "GET /css/style.css HTTP/1.1" 200 18494 "https://www.tinasharma.co.in/index.html" "Mozilla/5.0 (Macintosh; Intel Mac OS X 10_15_7) AppleWebKit/605.1.15 (KHTML, like Gecko) Version/17.4 Safari/605.1.15 (Applebot/0.1; +http://www.apple.com/go/applebot)"
17.241.219.186 - - [04/Jul/2026:19:18:50 +0000] "GET /js/jquery.js HTTP/1.1" 200 95785 "https://www.tinasharma.co.in/index.html" "Mozilla/5.0 (Macintosh; Intel Mac OS X 10_15_7) AppleWebKit/605.1.15 (KHTML, like Gecko) Version/17.4 Safari/605.1.15 (Applebot/0.1; +http://www.apple.com/go/applebot)"
216.73.216.55 - - [04/Jul/2026:19:18:51 +0000] "GET /items/L2364724626 HTTP/1.1" 301 294 "-" "Mozilla/5.0 AppleWebKit/537.36 (KHTML, like Gecko; compatible; ClaudeBot/1.0; +claudebot@anthropic.com)"
216.73.216.55 - - [04/Jul/2026:19:18:52 +0000] "GET /items/L2364724626 HTTP/1.1" 404 - "https://tinasharma.co.in/items/L2364724626" "Mozilla/5.0 AppleWebKit/537.36 (KHTML, like Gecko; compatible; ClaudeBot/1.0; +claudebot@anthropic.com)"
17.241.219.186 - - [04/Jul/2026:19:18:52 +0000] "GET /js/bootstrap.min.js HTTP/1.1" 200 35951 "https://www.tinasharma.co.in/index.html" "Mozilla/5.0 (Macintosh; Intel Mac OS X 10_15_7) AppleWebKit/605.1.15 (KHTML, like Gecko) Version/17.4 Safari/605.1.15 (Applebot/0.1; +http://www.apple.com/go/applebot)"
17.241.219.186 - - [04/Jul/2026:19:18:53 +0000] "GET /js/bs-navbar.js HTTP/1.1" 200 838 "https://www.tinasharma.co.in/index.html" "Mozilla/5.0 (Macintosh; Intel Mac OS X 10_15_7) AppleWebKit/605.1.15 (KHTML, like Gecko) Version/17.4 Safari/605.1.15 (Applebot/0.1; +http://www.apple.com/go/applebot)"
216.73.216.55 - - [04/Jul/2026:19:18:54 +0000] "GET /items/L1051493935 HTTP/1.1" 301 294 "-" "Mozilla/5.0 AppleWebKit/537.36 (KHTML, like Gecko; compatible; ClaudeBot/1.0; +claudebot@anthropic.com)"
216.73.216.55 - - [04/Jul/2026:19:18:54 +0000] "GET /items/L1051493935 HTTP/1.1" 404 - "https://tinasharma.co.in/items/L1051493935" "Mozilla/5.0 AppleWebKit/537.36 (KHTML, like Gecko; compatible; ClaudeBot/1.0; +claudebot@anthropic.com)"
17.241.219.186 - - [04/Jul/2026:19:18:55 +0000] "GET /js/isotope.pkgd.js HTTP/1.1" 200 92364 "https://www.tinasharma.co.in/index.html" "Mozilla/5.0 (Macintosh; Intel Mac OS X 10_15_7) AppleWebKit/605.1.15 (KHTML, like Gecko) Version/17.4 Safari/605.1.15 (Applebot/0.1; +http://www.apple.com/go/applebot)"
17.241.219.186 - - [04/Jul/2026:19:18:56 +0000] "GET /js/slick.min.js HTTP/1.1" 200 36174 "https://www.tinasharma.co.in/index.html" "Mozilla/5.0 (Macintosh; Intel Mac OS X 10_15_7) AppleWebKit/605.1.15 (KHTML, like Gecko) Version/17.4 Safari/605.1.15 (Applebot/0.1; +http://www.apple.com/go/applebot)"
216.73.216.55 - - [04/Jul/2026:19:18:57 +0000] "GET /items/L118330268 HTTP/1.1" 301 293 "-" "Mozilla/5.0 AppleWebKit/537.36 (KHTML, like Gecko; compatible; ClaudeBot/1.0; +claudebot@anthropic.com)"
216.73.216.55 - - [04/Jul/2026:19:18:57 +0000] "GET /items/L118330268 HTTP/1.1" 404 - "https://tinasharma.co.in/items/L118330268" "Mozilla/5.0 AppleWebKit/537.36 (KHTML, like Gecko; compatible; ClaudeBot/1.0; +claudebot@anthropic.com)"
17.241.219.186 - - [04/Jul/2026:19:18:58 +0000] "GET /js/tweecool.min.js HTTP/1.1" 200 1682 "https://www.tinasharma.co.in/index.html" "Mozilla/5.0 (Macintosh; Intel Mac OS X 10_15_7) AppleWebKit/605.1.15 (KHTML, like Gecko) Version/17.4 Safari/605.1.15 (Applebot/0.1; +http://www.apple.com/go/applebot)"
17.241.219.186 - - [04/Jul/2026:19:18:59 +0000] "GET /js/vendors/rs-plugin/js/jquery.themepunch.revolution.min.js HTTP/1.1" 200 112808 "https://www.tinasharma.co.in/index.html" "Mozilla/5.0 (Macintosh; Intel Mac OS X 10_15_7) AppleWebKit/605.1.15 (KHTML, like Gecko) Version/17.4 Safari/605.1.15 (Applebot/0.1; +http://www.apple.com/go/applebot)"
216.73.216.55 - - [04/Jul/2026:19:19:00 +0000] "GET /items/L3698823285 HTTP/1.1" 301 294 "-" "Mozilla/5.0 AppleWebKit/537.36 (KHTML, like Gecko; compatible; ClaudeBot/1.0; +claudebot@anthropic.com)"
216.73.216.55 - - [04/Jul/2026:19:19:00 +0000] "GET /items/L3698823285 HTTP/1.1" 404 - "https://tinasharma.co.in/items/L3698823285" "Mozilla/5.0 AppleWebKit/537.36 (KHTML, like Gecko; compatible; ClaudeBot/1.0; +claudebot@anthropic.com)"
17.241.219.186 - - [04/Jul/2026:19:19:01 +0000] "GET /js/vendors/rs-plugin/js/jquery.themepunch.tools.min.js HTTP/1.1" 200 95879 "https://www.tinasharma.co.in/index.html" "Mozilla/5.0 (Macintosh; Intel Mac OS X 10_15_7) AppleWebKit/605.1.15 (KHTML, like Gecko) Version/17.4 Safari/605.1.15 (Applebot/0.1; +http://www.apple.com/go/applebot)"
17.241.219.186 - - [04/Jul/2026:19:19:02 +0000] "GET /js/jquery.sticky.js HTTP/1.1" 200 5247 "https://www.tinasharma.co.in/index.html" "Mozilla/5.0 (Macintosh; Intel Mac OS X 10_15_7) AppleWebKit/605.1.15 (KHTML, like Gecko) Version/17.4 Safari/605.1.15 (Applebot/0.1; +http://www.apple.com/go/applebot)"
216.73.216.55 - - [04/Jul/2026:19:19:03 +0000] "GET /items/L3626382729 HTTP/1.1" 301 294 "-" "Mozilla/5.0 AppleWebKit/537.36 (KHTML, like Gecko; compatible; ClaudeBot/1.0; +claudebot@anthropic.com)"
216.73.216.55 - - [04/Jul/2026:19:19:03 +0000] "GET /items/L3626382729 HTTP/1.1" 404 - "https://tinasharma.co.in/items/L3626382729" "Mozilla/5.0 AppleWebKit/537.36 (KHTML, like Gecko; compatible; ClaudeBot/1.0; +claudebot@anthropic.com)"
17.241.219.186 - - [04/Jul/2026:19:19:04 +0000] "GET /js/jquery.subscribe-better.js HTTP/1.1" 200 5148 "https://www.tinasharma.co.in/index.html" "Mozilla/5.0 (Macintosh; Intel Mac OS X 10_15_7) AppleWebKit/605.1.15 (KHTML, like Gecko) Version/17.4 Safari/605.1.15 (Applebot/0.1; +http://www.apple.com/go/applebot)"
17.241.219.186 - - [04/Jul/2026:19:19:05 +0000] "GET /js/jquery-ui.min.js HTTP/1.1" 200 239744 "https://www.tinasharma.co.in/index.html" "Mozilla/5.0 (Macintosh; Intel Mac OS X 10_15_7) AppleWebKit/605.1.15 (KHTML, like Gecko) Version/17.4 Safari/605.1.15 (Applebot/0.1; +http://www.apple.com/go/applebot)"
17.241.219.186 - - [04/Jul/2026:19:19:07 +0000] "GET /js/jquery.selectBoxIt.min.js HTTP/1.1" 200 25256 "https://www.tinasharma.co.in/index.html" "Mozilla/5.0 (Macintosh; Intel Mac OS X 10_15_7) AppleWebKit/605.1.15 (KHTML, like Gecko) Version/17.4 Safari/605.1.15 (Applebot/0.1; +http://www.apple.com/go/applebot)"
216.73.216.55 - - [04/Jul/2026:19:19:07 +0000] "GET /items/L3330283745 HTTP/1.1" 301 294 "-" "Mozilla/5.0 AppleWebKit/537.36 (KHTML, like Gecko; compatible; ClaudeBot/1.0; +claudebot@anthropic.com)"
216.73.216.55 - - [04/Jul/2026:19:19:08 +0000] "GET /items/L3330283745 HTTP/1.1" 404 - "https://tinasharma.co.in/items/L3330283745" "Mozilla/5.0 AppleWebKit/537.36 (KHTML, like Gecko; compatible; ClaudeBot/1.0; +claudebot@anthropic.com)"
17.241.219.186 - - [04/Jul/2026:19:19:08 +0000] "GET /js/main.js HTTP/1.1" 200 17124 "https://www.tinasharma.co.in/index.html" "Mozilla/5.0 (Macintosh; Intel Mac OS X 10_15_7) AppleWebKit/605.1.15 (KHTML, like Gecko) Version/17.4 Safari/605.1.15 (Applebot/0.1; +http://www.apple.com/go/applebot)"
17.241.219.186 - - [04/Jul/2026:19:19:10 +0000] "GET /css/settings-panel.html HTTP/1.1" 200 4017 "https://www.tinasharma.co.in/index.html" "Mozilla/5.0 (Macintosh; Intel Mac OS X 10_15_7) AppleWebKit/605.1.15 (KHTML, like Gecko) Version/17.4 Safari/605.1.15 (Applebot/0.1; +http://www.apple.com/go/applebot)"
216.73.216.55 - - [04/Jul/2026:19:19:10 +0000] "GET /items/L4234327045 HTTP/1.1" 301 294 "-" "Mozilla/5.0 AppleWebKit/537.36 (KHTML, like Gecko; compatible; ClaudeBot/1.0; +claudebot@anthropic.com)"
216.73.216.55 - - [04/Jul/2026:19:19:10 +0000] "GET /items/L4234327045 HTTP/1.1" 404 - "https://tinasharma.co.in/items/L4234327045" "Mozilla/5.0 AppleWebKit/537.36 (KHTML, like Gecko; compatible; ClaudeBot/1.0; +claudebot@anthropic.com)"
216.73.216.55 - - [04/Jul/2026:19:19:13 +0000] "GET /items/L3032421677 HTTP/1.1" 301 294 "-" "Mozilla/5.0 AppleWebKit/537.36 (KHTML, like Gecko; compatible; ClaudeBot/1.0; +claudebot@anthropic.com)"
216.73.216.55 - - [04/Jul/2026:19:19:13 +0000] "GET /items/L3032421677 HTTP/1.1" 404 - "https://tinasharma.co.in/items/L3032421677" "Mozilla/5.0 AppleWebKit/537.36 (KHTML, like Gecko; compatible; ClaudeBot/1.0; +claudebot@anthropic.com)"
216.73.216.55 - - [04/Jul/2026:19:19:16 +0000] "GET /items/L3018050363 HTTP/1.1" 301 294 "-" "Mozilla/5.0 AppleWebKit/537.36 (KHTML, like Gecko; compatible; ClaudeBot/1.0; +claudebot@anthropic.com)"
216.73.216.55 - - [04/Jul/2026:19:19:16 +0000] "GET /items/L3018050363 HTTP/1.1" 404 - "https://tinasharma.co.in/items/L3018050363" "Mozilla/5.0 AppleWebKit/537.36 (KHTML, like Gecko; compatible; ClaudeBot/1.0; +claudebot@anthropic.com)"
216.73.216.55 - - [04/Jul/2026:19:19:19 +0000] "GET /items/L1441339398 HTTP/1.1" 301 294 "-" "Mozilla/5.0 AppleWebKit/537.36 (KHTML, like Gecko; compatible; ClaudeBot/1.0; +claudebot@anthropic.com)"
216.73.216.55 - - [04/Jul/2026:19:19:19 +0000] "GET /items/L1441339398 HTTP/1.1" 404 - "https://tinasharma.co.in/items/L1441339398" "Mozilla/5.0 AppleWebKit/537.36 (KHTML, like Gecko; compatible; ClaudeBot/1.0; +claudebot@anthropic.com)"
216.73.216.55 - - [04/Jul/2026:19:19:22 +0000] "GET /items/L4117250187 HTTP/1.1" 301 294 "-" "Mozilla/5.0 AppleWebKit/537.36 (KHTML, like Gecko; compatible; ClaudeBot/1.0; +claudebot@anthropic.com)"
216.73.216.55 - - [04/Jul/2026:19:19:22 +0000] "GET /items/L4117250187 HTTP/1.1" 404 - "https://tinasharma.co.in/items/L4117250187" "Mozilla/5.0 AppleWebKit/537.36 (KHTML, like Gecko; compatible; ClaudeBot/1.0; +claudebot@anthropic.com)"
216.73.216.55 - - [04/Jul/2026:19:19:25 +0000] "GET /items/L2263319154 HTTP/1.1" 301 294 "-" "Mozilla/5.0 AppleWebKit/537.36 (KHTML, like Gecko; compatible; ClaudeBot/1.0; +claudebot@anthropic.com)"
216.73.216.55 - - [04/Jul/2026:19:19:25 +0000] "GET /items/L2263319154 HTTP/1.1" 404 - "https://tinasharma.co.in/items/L2263319154" "Mozilla/5.0 AppleWebKit/537.36 (KHTML, like Gecko; compatible; ClaudeBot/1.0; +claudebot@anthropic.com)"
216.73.216.55 - - [04/Jul/2026:19:19:28 +0000] "GET /items/L1933221854 HTTP/1.1" 301 294 "-" "Mozilla/5.0 AppleWebKit/537.36 (KHTML, like Gecko; compatible; ClaudeBot/1.0; +claudebot@anthropic.com)"
216.73.216.55 - - [04/Jul/2026:19:19:28 +0000] "GET /items/L1933221854 HTTP/1.1" 404 - "https://tinasharma.co.in/items/L1933221854" "Mozilla/5.0 AppleWebKit/537.36 (KHTML, like Gecko; compatible; ClaudeBot/1.0; +claudebot@anthropic.com)"
216.73.216.55 - - [04/Jul/2026:19:19:31 +0000] "GET /items/L664387210 HTTP/1.1" 301 293 "-" "Mozilla/5.0 AppleWebKit/537.36 (KHTML, like Gecko; compatible; ClaudeBot/1.0; +claudebot@anthropic.com)"
216.73.216.55 - - [04/Jul/2026:19:19:31 +0000] "GET /items/L664387210 HTTP/1.1" 404 - "https://tinasharma.co.in/items/L664387210" "Mozilla/5.0 AppleWebKit/537.36 (KHTML, like Gecko; compatible; ClaudeBot/1.0; +claudebot@anthropic.com)"
216.73.216.55 - - [04/Jul/2026:19:19:34 +0000] "GET /items/L1095027696 HTTP/1.1" 301 294 "-" "Mozilla/5.0 AppleWebKit/537.36 (KHTML, like Gecko; compatible; ClaudeBot/1.0; +claudebot@anthropic.com)"
216.73.216.55 - - [04/Jul/2026:19:19:34 +0000] "GET /items/L1095027696 HTTP/1.1" 404 - "https://tinasharma.co.in/items/L1095027696" "Mozilla/5.0 AppleWebKit/537.36 (KHTML, like Gecko; compatible; ClaudeBot/1.0; +claudebot@anthropic.com)"
216.73.216.55 - - [04/Jul/2026:19:19:37 +0000] "GET /items/L3275845046 HTTP/1.1" 301 294 "-" "Mozilla/5.0 AppleWebKit/537.36 (KHTML, like Gecko; compatible; ClaudeBot/1.0; +claudebot@anthropic.com)"
216.73.216.55 - - [04/Jul/2026:19:19:37 +0000] "GET /items/L3275845046 HTTP/1.1" 404 - "https://tinasharma.co.in/items/L3275845046" "Mozilla/5.0 AppleWebKit/537.36 (KHTML, like Gecko; compatible; ClaudeBot/1.0; +claudebot@anthropic.com)"
216.73.216.55 - - [04/Jul/2026:19:19:40 +0000] "GET /items/L1806967404 HTTP/1.1" 301 294 "-" "Mozilla/5.0 AppleWebKit/537.36 (KHTML, like Gecko; compatible; ClaudeBot/1.0; +claudebot@anthropic.com)"
216.73.216.55 - - [04/Jul/2026:19:19:40 +0000] "GET /items/L1806967404 HTTP/1.1" 404 - "https://tinasharma.co.in/items/L1806967404" "Mozilla/5.0 AppleWebKit/537.36 (KHTML, like Gecko; compatible; ClaudeBot/1.0; +claudebot@anthropic.com)"
216.73.216.55 - - [04/Jul/2026:19:19:43 +0000] "GET /items/L4016479791 HTTP/1.1" 301 294 "-" "Mozilla/5.0 AppleWebKit/537.36 (KHTML, like Gecko; compatible; ClaudeBot/1.0; +claudebot@anthropic.com)"
216.73.216.55 - - [04/Jul/2026:19:19:43 +0000] "GET /items/L4016479791 HTTP/1.1" 404 - "https://tinasharma.co.in/items/L4016479791" "Mozilla/5.0 AppleWebKit/537.36 (KHTML, like Gecko; compatible; ClaudeBot/1.0; +claudebot@anthropic.com)"
216.73.216.55 - - [04/Jul/2026:19:19:46 +0000] "GET /items/L4162024459 HTTP/1.1" 301 294 "-" "Mozilla/5.0 AppleWebKit/537.36 (KHTML, like Gecko; compatible; ClaudeBot/1.0; +claudebot@anthropic.com)"
216.73.216.55 - - [04/Jul/2026:19:19:46 +0000] "GET /items/L4162024459 HTTP/1.1" 404 - "https://tinasharma.co.in/items/L4162024459" "Mozilla/5.0 AppleWebKit/537.36 (KHTML, like Gecko; compatible; ClaudeBot/1.0; +claudebot@anthropic.com)"
216.73.216.55 - - [04/Jul/2026:19:19:49 +0000] "GET /items/L3480366524 HTTP/1.1" 301 294 "-" "Mozilla/5.0 AppleWebKit/537.36 (KHTML, like Gecko; compatible; ClaudeBot/1.0; +claudebot@anthropic.com)"
216.73.216.55 - - [04/Jul/2026:19:19:49 +0000] "GET /items/L3480366524 HTTP/1.1" 404 - "https://tinasharma.co.in/items/L3480366524" "Mozilla/5.0 AppleWebKit/537.36 (KHTML, like Gecko; compatible; ClaudeBot/1.0; +claudebot@anthropic.com)"
216.73.216.55 - - [04/Jul/2026:19:19:52 +0000] "GET /items/L1882283872 HTTP/1.1" 301 294 "-" "Mozilla/5.0 AppleWebKit/537.36 (KHTML, like Gecko; compatible; ClaudeBot/1.0; +claudebot@anthropic.com)"
216.73.216.55 - - [04/Jul/2026:19:19:52 +0000] "GET /items/L1882283872 HTTP/1.1" 404 - "https://tinasharma.co.in/items/L1882283872" "Mozilla/5.0 AppleWebKit/537.36 (KHTML, like Gecko; compatible; ClaudeBot/1.0; +claudebot@anthropic.com)"
216.73.216.55 - - [04/Jul/2026:19:19:57 +0000] "GET /items/L1366872222 HTTP/1.1" 301 294 "-" "Mozilla/5.0 AppleWebKit/537.36 (KHTML, like Gecko; compatible; ClaudeBot/1.0; +claudebot@anthropic.com)"
216.73.216.55 - - [04/Jul/2026:19:19:57 +0000] "GET /items/L1366872222 HTTP/1.1" 404 - "https://tinasharma.co.in/items/L1366872222" "Mozilla/5.0 AppleWebKit/537.36 (KHTML, like Gecko; compatible; ClaudeBot/1.0; +claudebot@anthropic.com)"
216.73.216.55 - - [04/Jul/2026:19:19:59 +0000] "GET /items/L1216693358 HTTP/1.1" 301 294 "-" "Mozilla/5.0 AppleWebKit/537.36 (KHTML, like Gecko; compatible; ClaudeBot/1.0; +claudebot@anthropic.com)"
216.73.216.55 - - [04/Jul/2026:19:19:59 +0000] "GET /items/L1216693358 HTTP/1.1" 404 - "https://tinasharma.co.in/items/L1216693358" "Mozilla/5.0 AppleWebKit/537.36 (KHTML, like Gecko; compatible; ClaudeBot/1.0; +claudebot@anthropic.com)"
216.73.216.55 - - [04/Jul/2026:19:20:02 +0000] "GET /items/L1226034441 HTTP/1.1" 301 294 "-" "Mozilla/5.0 AppleWebKit/537.36 (KHTML, like Gecko; compatible; ClaudeBot/1.0; +claudebot@anthropic.com)"
216.73.216.55 - - [04/Jul/2026:19:20:02 +0000] "GET /items/L1226034441 HTTP/1.1" 404 - "https://tinasharma.co.in/items/L1226034441" "Mozilla/5.0 AppleWebKit/537.36 (KHTML, like Gecko; compatible; ClaudeBot/1.0; +claudebot@anthropic.com)"
216.73.216.55 - - [04/Jul/2026:19:20:05 +0000] "GET /items/L745668088 HTTP/1.1" 301 293 "-" "Mozilla/5.0 AppleWebKit/537.36 (KHTML, like Gecko; compatible; ClaudeBot/1.0; +claudebot@anthropic.com)"
216.73.216.55 - - [04/Jul/2026:19:20:05 +0000] "GET /items/L745668088 HTTP/1.1" 404 - "https://tinasharma.co.in/items/L745668088" "Mozilla/5.0 AppleWebKit/537.36 (KHTML, like Gecko; compatible; ClaudeBot/1.0; +claudebot@anthropic.com)"
