62.60.130.182 - - [05/Jul/2026:03:55:09 +0000] "GET /wp-admin/upgrade.php?_wp_http_referer=%2Fwp-admin%2Findex.php HTTP/1.1" 404 32955 "https://alpanarai.in/wp-login.php" "Mozilla/5.0 (Macintosh; Intel Mac OS X 13_6_1; rv:121.0) Gecko/20100101 Firefox/121.0"
62.60.130.182 - - [05/Jul/2026:03:55:10 +0000] "GET /wp-admin/profile.php HTTP/1.1" 302 - "https://alpanarai.in/wp-login.php" "Mozilla/5.0 (Macintosh; Intel Mac OS X 13_6_1; rv:121.0) Gecko/20100101 Firefox/121.0"
20.78.154.180 - - [05/Jul/2026:03:55:11 +0000] "GET / HTTP/1.1" 200 66189 "-" "-"
62.60.130.182 - - [05/Jul/2026:03:55:12 +0000] "GET /wp-admin/upgrade.php?_wp_http_referer=%2Fwp-admin%2Fprofile.php HTTP/1.1" 404 32955 "https://alpanarai.in/wp-login.php" "Mozilla/5.0 (Macintosh; Intel Mac OS X 13_6_1; rv:121.0) Gecko/20100101 Firefox/121.0"
62.60.130.182 - - [05/Jul/2026:03:55:14 +0000] "GET /wp-admin/edit.php HTTP/1.1" 302 - "https://alpanarai.in/wp-login.php" "Mozilla/5.0 (Macintosh; Intel Mac OS X 13_6_1; rv:121.0) Gecko/20100101 Firefox/121.0"
20.78.154.180 - - [05/Jul/2026:03:55:15 +0000] "GET / HTTP/1.1" 200 66189 "-" "-"
62.60.130.182 - - [05/Jul/2026:03:55:15 +0000] "GET /wp-admin/upgrade.php?_wp_http_referer=%2Fwp-admin%2Fedit.php HTTP/1.1" 404 32955 "https://alpanarai.in/wp-login.php" "Mozilla/5.0 (Macintosh; Intel Mac OS X 13_6_1; rv:121.0) Gecko/20100101 Firefox/121.0"
62.60.130.182 - - [05/Jul/2026:03:55:17 +0000] "GET /wp-admin/plugins.php HTTP/1.1" 302 - "https://alpanarai.in/wp-login.php" "Mozilla/5.0 (Macintosh; Intel Mac OS X 13_6_1; rv:121.0) Gecko/20100101 Firefox/121.0"
20.78.154.180 - - [05/Jul/2026:03:55:18 +0000] "GET / HTTP/1.1" 200 66189 "-" "-"
62.60.130.182 - - [05/Jul/2026:03:55:18 +0000] "GET /wp-admin/upgrade.php?_wp_http_referer=%2Fwp-admin%2Fplugins.php HTTP/1.1" 404 32955 "https://alpanarai.in/wp-login.php" "Mozilla/5.0 (Macintosh; Intel Mac OS X 13_6_1; rv:121.0) Gecko/20100101 Firefox/121.0"
62.60.130.182 - - [05/Jul/2026:03:55:20 +0000] "POST /wp-login.php HTTP/1.1" 200 6256 "https://alpanarai.in/wp-login.php" "Mozilla/5.0 (X11; Linux x86_64) AppleWebKit/537.36 (KHTML, like Gecko) Chrome/120.0.0.0 Safari/537.36"
20.78.154.180 - - [05/Jul/2026:03:55:21 +0000] "GET / HTTP/1.1" 200 66189 "-" "-"
62.60.130.182 - - [05/Jul/2026:03:55:21 +0000] "GET /wp-admin/index.php HTTP/1.1" 302 - "https://alpanarai.in/wp-login.php" "Mozilla/5.0 (Macintosh; Intel Mac OS X 13_6_1; rv:121.0) Gecko/20100101 Firefox/121.0"
62.60.130.182 - - [05/Jul/2026:03:55:23 +0000] "GET /wp-admin/upgrade.php?_wp_http_referer=%2Fwp-admin%2Findex.php HTTP/1.1" 404 32955 "https://alpanarai.in/wp-login.php" "Mozilla/5.0 (Macintosh; Intel Mac OS X 13_6_1; rv:121.0) Gecko/20100101 Firefox/121.0"
62.60.130.182 - - [05/Jul/2026:03:55:23 +0000] "GET /wp-admin/profile.php HTTP/1.1" 302 - "https://alpanarai.in/wp-login.php" "Mozilla/5.0 (Macintosh; Intel Mac OS X 13_6_1; rv:121.0) Gecko/20100101 Firefox/121.0"
20.78.154.180 - - [05/Jul/2026:03:55:24 +0000] "GET / HTTP/1.1" 200 66189 "-" "-"
62.60.130.182 - - [05/Jul/2026:03:55:25 +0000] "GET /wp-admin/upgrade.php?_wp_http_referer=%2Fwp-admin%2Fprofile.php HTTP/1.1" 404 32955 "https://alpanarai.in/wp-login.php" "Mozilla/5.0 (Macintosh; Intel Mac OS X 13_6_1; rv:121.0) Gecko/20100101 Firefox/121.0"
62.60.130.182 - - [05/Jul/2026:03:55:26 +0000] "GET /wp-admin/edit.php HTTP/1.1" 302 - "https://alpanarai.in/wp-login.php" "Mozilla/5.0 (Macintosh; Intel Mac OS X 13_6_1; rv:121.0) Gecko/20100101 Firefox/121.0"
20.78.154.180 - - [05/Jul/2026:03:55:27 +0000] "GET /wp-admin/upgrade.php?_wp_http_referer=%2Fwp-admin%2Fuser%2Findex.php HTTP/1.1" 404 32955 "-" "-"
62.60.130.182 - - [05/Jul/2026:03:55:27 +0000] "GET /wp-admin/upgrade.php?_wp_http_referer=%2Fwp-admin%2Fedit.php HTTP/1.1" 404 32955 "https://alpanarai.in/wp-login.php" "Mozilla/5.0 (Macintosh; Intel Mac OS X 13_6_1; rv:121.0) Gecko/20100101 Firefox/121.0"
62.60.130.182 - - [05/Jul/2026:03:55:29 +0000] "GET /wp-admin/plugins.php HTTP/1.1" 302 - "https://alpanarai.in/wp-login.php" "Mozilla/5.0 (Macintosh; Intel Mac OS X 13_6_1; rv:121.0) Gecko/20100101 Firefox/121.0"
20.78.154.180 - - [05/Jul/2026:03:55:30 +0000] "GET / HTTP/1.1" 200 66189 "-" "-"
62.60.130.182 - - [05/Jul/2026:03:55:31 +0000] "GET /wp-admin/upgrade.php?_wp_http_referer=%2Fwp-admin%2Fplugins.php HTTP/1.1" 404 32955 "https://alpanarai.in/wp-login.php" "Mozilla/5.0 (Macintosh; Intel Mac OS X 13_6_1; rv:121.0) Gecko/20100101 Firefox/121.0"
62.60.130.182 - - [05/Jul/2026:03:55:33 +0000] "POST /wp-login.php HTTP/1.1" 200 6258 "https://alpanarai.in/wp-login.php" "Mozilla/5.0 (Windows NT 10.0; Win64; x64) AppleWebKit/537.36 (KHTML, like Gecko) Chrome/121.0.0.0 Safari/537.36"
62.60.130.182 - - [05/Jul/2026:03:55:35 +0000] "GET /wp-admin/index.php HTTP/1.1" 302 - "https://alpanarai.in/wp-login.php" "Mozilla/5.0 (Windows NT 11.0; Win64; x64) AppleWebKit/537.36 (KHTML, like Gecko) Chrome/121.0.0.0 Safari/537.36"
20.78.154.180 - - [05/Jul/2026:03:55:34 +0000] "GET / HTTP/1.1" 200 66189 "-" "-"
62.60.130.182 - - [05/Jul/2026:03:55:36 +0000] "GET /wp-admin/upgrade.php?_wp_http_referer=%2Fwp-admin%2Findex.php HTTP/1.1" 404 32955 "https://alpanarai.in/wp-login.php" "Mozilla/5.0 (Windows NT 11.0; Win64; x64) AppleWebKit/537.36 (KHTML, like Gecko) Chrome/121.0.0.0 Safari/537.36"
62.60.130.182 - - [05/Jul/2026:03:55:38 +0000] "GET /wp-admin/profile.php HTTP/1.1" 302 - "https://alpanarai.in/wp-login.php" "Mozilla/5.0 (Windows NT 11.0; Win64; x64) AppleWebKit/537.36 (KHTML, like Gecko) Chrome/121.0.0.0 Safari/537.36"
20.78.154.180 - - [05/Jul/2026:03:55:38 +0000] "GET / HTTP/1.1" 200 66189 "-" "-"
62.60.130.182 - - [05/Jul/2026:03:55:40 +0000] "GET /wp-admin/upgrade.php?_wp_http_referer=%2Fwp-admin%2Fprofile.php HTTP/1.1" 404 32955 "https://alpanarai.in/wp-login.php" "Mozilla/5.0 (Windows NT 11.0; Win64; x64) AppleWebKit/537.36 (KHTML, like Gecko) Chrome/121.0.0.0 Safari/537.36"
62.60.130.182 - - [05/Jul/2026:03:55:42 +0000] "GET /wp-admin/edit.php HTTP/1.1" 302 - "https://alpanarai.in/wp-login.php" "Mozilla/5.0 (Windows NT 11.0; Win64; x64) AppleWebKit/537.36 (KHTML, like Gecko) Chrome/121.0.0.0 Safari/537.36"
20.78.154.180 - - [05/Jul/2026:03:55:42 +0000] "GET / HTTP/1.1" 200 66189 "-" "-"
62.60.130.182 - - [05/Jul/2026:03:55:43 +0000] "GET /wp-admin/upgrade.php?_wp_http_referer=%2Fwp-admin%2Fedit.php HTTP/1.1" 404 32955 "https://alpanarai.in/wp-login.php" "Mozilla/5.0 (Windows NT 11.0; Win64; x64) AppleWebKit/537.36 (KHTML, like Gecko) Chrome/121.0.0.0 Safari/537.36"
62.60.130.182 - - [05/Jul/2026:03:55:45 +0000] "GET /wp-admin/plugins.php HTTP/1.1" 302 - "https://alpanarai.in/wp-login.php" "Mozilla/5.0 (Windows NT 11.0; Win64; x64) AppleWebKit/537.36 (KHTML, like Gecko) Chrome/121.0.0.0 Safari/537.36"
62.60.130.182 - - [05/Jul/2026:03:55:46 +0000] "GET /wp-admin/upgrade.php?_wp_http_referer=%2Fwp-admin%2Fplugins.php HTTP/1.1" 404 32955 "https://alpanarai.in/wp-login.php" "Mozilla/5.0 (Windows NT 11.0; Win64; x64) AppleWebKit/537.36 (KHTML, like Gecko) Chrome/121.0.0.0 Safari/537.36"
62.60.130.182 - - [05/Jul/2026:03:55:48 +0000] "POST /wp-login.php HTTP/1.1" 200 6253 "https://alpanarai.in/wp-login.php" "Mozilla/5.0 (Macintosh; Intel Mac OS X 10_15_7) AppleWebKit/605.1.15 (KHTML, like Gecko) Version/17.0 Safari/605.1.15"
62.60.130.182 - - [05/Jul/2026:03:55:48 +0000] "GET /wp-admin/index.php HTTP/1.1" 302 - "https://alpanarai.in/wp-login.php" "Mozilla/5.0 (Macintosh; Intel Mac OS X 13_6_1; rv:118.0) Gecko/20100101 Firefox/118.0"
62.60.130.182 - - [05/Jul/2026:03:55:49 +0000] "GET /wp-admin/upgrade.php?_wp_http_referer=%2Fwp-admin%2Findex.php HTTP/1.1" 404 32955 "https://alpanarai.in/wp-login.php" "Mozilla/5.0 (Macintosh; Intel Mac OS X 13_6_1; rv:118.0) Gecko/20100101 Firefox/118.0"
62.60.130.182 - - [05/Jul/2026:03:55:51 +0000] "GET /wp-admin/profile.php HTTP/1.1" 302 - "https://alpanarai.in/wp-login.php" "Mozilla/5.0 (Macintosh; Intel Mac OS X 13_6_1; rv:118.0) Gecko/20100101 Firefox/118.0"
62.60.130.182 - - [05/Jul/2026:03:55:52 +0000] "GET /wp-admin/upgrade.php?_wp_http_referer=%2Fwp-admin%2Fprofile.php HTTP/1.1" 404 32955 "https://alpanarai.in/wp-login.php" "Mozilla/5.0 (Macintosh; Intel Mac OS X 13_6_1; rv:118.0) Gecko/20100101 Firefox/118.0"
62.60.130.182 - - [05/Jul/2026:03:55:53 +0000] "GET /wp-admin/edit.php HTTP/1.1" 302 - "https://alpanarai.in/wp-login.php" "Mozilla/5.0 (Macintosh; Intel Mac OS X 13_6_1; rv:118.0) Gecko/20100101 Firefox/118.0"
62.60.130.182 - - [05/Jul/2026:03:55:54 +0000] "GET /wp-admin/upgrade.php?_wp_http_referer=%2Fwp-admin%2Fedit.php HTTP/1.1" 404 32955 "https://alpanarai.in/wp-login.php" "Mozilla/5.0 (Macintosh; Intel Mac OS X 13_6_1; rv:118.0) Gecko/20100101 Firefox/118.0"
62.60.130.182 - - [05/Jul/2026:03:55:56 +0000] "GET /wp-admin/plugins.php HTTP/1.1" 302 - "https://alpanarai.in/wp-login.php" "Mozilla/5.0 (Macintosh; Intel Mac OS X 13_6_1; rv:118.0) Gecko/20100101 Firefox/118.0"
62.60.130.182 - - [05/Jul/2026:03:55:57 +0000] "GET /wp-admin/upgrade.php?_wp_http_referer=%2Fwp-admin%2Fplugins.php HTTP/1.1" 404 32955 "https://alpanarai.in/wp-login.php" "Mozilla/5.0 (Macintosh; Intel Mac OS X 13_6_1; rv:118.0) Gecko/20100101 Firefox/118.0"
62.60.130.182 - - [05/Jul/2026:03:55:58 +0000] "POST /wp-login.php HTTP/1.1" 200 6254 "https://alpanarai.in/wp-login.php" "Mozilla/5.0 (X11; Linux x86_64) AppleWebKit/537.36 (KHTML, like Gecko) Chrome/118.0.0.0 Safari/537.36"
62.60.130.182 - - [05/Jul/2026:03:55:59 +0000] "GET /wp-admin/index.php HTTP/1.1" 302 - "https://alpanarai.in/wp-login.php" "Mozilla/5.0 (Macintosh; Intel Mac OS X 13_6_1) AppleWebKit/605.1.15 (KHTML, like Gecko) Version/16.6 Safari/605.1.15"
62.60.130.182 - - [05/Jul/2026:03:56:00 +0000] "GET /wp-admin/upgrade.php?_wp_http_referer=%2Fwp-admin%2Findex.php HTTP/1.1" 404 32955 "https://alpanarai.in/wp-login.php" "Mozilla/5.0 (Macintosh; Intel Mac OS X 13_6_1) AppleWebKit/605.1.15 (KHTML, like Gecko) Version/16.6 Safari/605.1.15"
62.60.130.182 - - [05/Jul/2026:03:56:02 +0000] "GET /wp-admin/profile.php HTTP/1.1" 302 - "https://alpanarai.in/wp-login.php" "Mozilla/5.0 (Macintosh; Intel Mac OS X 13_6_1) AppleWebKit/605.1.15 (KHTML, like Gecko) Version/16.6 Safari/605.1.15"
62.60.130.182 - - [05/Jul/2026:03:56:02 +0000] "GET /wp-admin/upgrade.php?_wp_http_referer=%2Fwp-admin%2Fprofile.php HTTP/1.1" 404 32955 "https://alpanarai.in/wp-login.php" "Mozilla/5.0 (Macintosh; Intel Mac OS X 13_6_1) AppleWebKit/605.1.15 (KHTML, like Gecko) Version/16.6 Safari/605.1.15"
62.60.130.182 - - [05/Jul/2026:03:56:05 +0000] "GET /wp-admin/edit.php HTTP/1.1" 302 - "https://alpanarai.in/wp-login.php" "Mozilla/5.0 (Macintosh; Intel Mac OS X 13_6_1) AppleWebKit/605.1.15 (KHTML, like Gecko) Version/16.6 Safari/605.1.15"
62.60.130.182 - - [05/Jul/2026:03:56:05 +0000] "GET /wp-admin/upgrade.php?_wp_http_referer=%2Fwp-admin%2Fedit.php HTTP/1.1" 404 32955 "https://alpanarai.in/wp-login.php" "Mozilla/5.0 (Macintosh; Intel Mac OS X 13_6_1) AppleWebKit/605.1.15 (KHTML, like Gecko) Version/16.6 Safari/605.1.15"
62.60.130.182 - - [05/Jul/2026:03:56:06 +0000] "GET /wp-admin/plugins.php HTTP/1.1" 302 - "https://alpanarai.in/wp-login.php" "Mozilla/5.0 (Macintosh; Intel Mac OS X 13_6_1) AppleWebKit/605.1.15 (KHTML, like Gecko) Version/16.6 Safari/605.1.15"
62.60.130.182 - - [05/Jul/2026:03:56:07 +0000] "GET /wp-admin/upgrade.php?_wp_http_referer=%2Fwp-admin%2Fplugins.php HTTP/1.1" 404 32955 "https://alpanarai.in/wp-login.php" "Mozilla/5.0 (Macintosh; Intel Mac OS X 13_6_1) AppleWebKit/605.1.15 (KHTML, like Gecko) Version/16.6 Safari/605.1.15"
62.60.130.182 - - [05/Jul/2026:03:56:08 +0000] "POST /wp-login.php HTTP/1.1" 200 6261 "https://alpanarai.in/wp-login.php" "Mozilla/5.0 (X11; Ubuntu; Linux x86_64) AppleWebKit/537.36 (KHTML, like Gecko) Chrome/118.0.0.0 Safari/537.36"
69.161.196.4 - - [05/Jul/2026:03:56:10 +0000] "POST /wp-cron.php?doing_wp_cron=1783223770.7686810493469238281250 HTTP/1.1" 200 - "-" "WordPress/7.0; https://www.alpanarai.in"
62.60.130.182 - - [05/Jul/2026:03:56:10 +0000] "GET /wp-admin/index.php HTTP/1.1" 302 - "https://alpanarai.in/wp-login.php" "Mozilla/5.0 (X11; Ubuntu; Linux x86_64) AppleWebKit/537.36 (KHTML, like Gecko) Chrome/118.0.0.0 Safari/537.36"
62.60.130.182 - - [05/Jul/2026:03:56:11 +0000] "GET /wp-admin/upgrade.php?_wp_http_referer=%2Fwp-admin%2Findex.php HTTP/1.1" 404 32955 "https://alpanarai.in/wp-login.php" "Mozilla/5.0 (X11; Ubuntu; Linux x86_64) AppleWebKit/537.36 (KHTML, like Gecko) Chrome/118.0.0.0 Safari/537.36"
62.60.130.182 - - [05/Jul/2026:03:56:13 +0000] "GET /wp-admin/profile.php HTTP/1.1" 302 - "https://alpanarai.in/wp-login.php" "Mozilla/5.0 (X11; Ubuntu; Linux x86_64) AppleWebKit/537.36 (KHTML, like Gecko) Chrome/118.0.0.0 Safari/537.36"
62.60.130.182 - - [05/Jul/2026:03:56:14 +0000] "GET /wp-admin/upgrade.php?_wp_http_referer=%2Fwp-admin%2Fprofile.php HTTP/1.1" 404 32955 "https://alpanarai.in/wp-login.php" "Mozilla/5.0 (X11; Ubuntu; Linux x86_64) AppleWebKit/537.36 (KHTML, like Gecko) Chrome/118.0.0.0 Safari/537.36"
62.60.130.182 - - [05/Jul/2026:03:56:16 +0000] "GET /wp-admin/edit.php HTTP/1.1" 302 - "https://alpanarai.in/wp-login.php" "Mozilla/5.0 (X11; Ubuntu; Linux x86_64) AppleWebKit/537.36 (KHTML, like Gecko) Chrome/118.0.0.0 Safari/537.36"
62.60.130.182 - - [05/Jul/2026:03:56:17 +0000] "GET /wp-admin/upgrade.php?_wp_http_referer=%2Fwp-admin%2Fedit.php HTTP/1.1" 404 32955 "https://alpanarai.in/wp-login.php" "Mozilla/5.0 (X11; Ubuntu; Linux x86_64) AppleWebKit/537.36 (KHTML, like Gecko) Chrome/118.0.0.0 Safari/537.36"
62.60.130.182 - - [05/Jul/2026:03:56:18 +0000] "GET /wp-admin/plugins.php HTTP/1.1" 302 - "https://alpanarai.in/wp-login.php" "Mozilla/5.0 (X11; Ubuntu; Linux x86_64) AppleWebKit/537.36 (KHTML, like Gecko) Chrome/118.0.0.0 Safari/537.36"
62.60.130.182 - - [05/Jul/2026:03:56:18 +0000] "GET /wp-admin/upgrade.php?_wp_http_referer=%2Fwp-admin%2Fplugins.php HTTP/1.1" 404 32955 "https://alpanarai.in/wp-login.php" "Mozilla/5.0 (X11; Ubuntu; Linux x86_64) AppleWebKit/537.36 (KHTML, like Gecko) Chrome/118.0.0.0 Safari/537.36"
62.60.130.182 - - [05/Jul/2026:03:56:19 +0000] "POST /wp-login.php HTTP/1.1" 200 6252 "https://alpanarai.in/wp-login.php" "Mozilla/5.0 (X11; Linux x86_64) AppleWebKit/537.36 (KHTML, like Gecko) Chrome/120.0.0.0 Safari/537.36"
62.60.130.182 - - [05/Jul/2026:03:56:20 +0000] "GET /wp-admin/index.php HTTP/1.1" 302 - "https://alpanarai.in/wp-login.php" "Mozilla/5.0 (X11; Linux x86_64) AppleWebKit/537.36 (KHTML, like Gecko) Chrome/119.0.0.0 Safari/537.36"
62.60.130.182 - - [05/Jul/2026:03:56:21 +0000] "GET /wp-admin/upgrade.php?_wp_http_referer=%2Fwp-admin%2Findex.php HTTP/1.1" 404 32955 "https://alpanarai.in/wp-login.php" "Mozilla/5.0 (X11; Linux x86_64) AppleWebKit/537.36 (KHTML, like Gecko) Chrome/119.0.0.0 Safari/537.36"
62.60.130.182 - - [05/Jul/2026:03:56:23 +0000] "GET /wp-admin/profile.php HTTP/1.1" 302 - "https://alpanarai.in/wp-login.php" "Mozilla/5.0 (X11; Linux x86_64) AppleWebKit/537.36 (KHTML, like Gecko) Chrome/119.0.0.0 Safari/537.36"
62.60.130.182 - - [05/Jul/2026:03:56:24 +0000] "GET /wp-admin/upgrade.php?_wp_http_referer=%2Fwp-admin%2Fprofile.php HTTP/1.1" 404 32955 "https://alpanarai.in/wp-login.php" "Mozilla/5.0 (X11; Linux x86_64) AppleWebKit/537.36 (KHTML, like Gecko) Chrome/119.0.0.0 Safari/537.36"
62.60.130.182 - - [05/Jul/2026:03:56:25 +0000] "GET /wp-admin/edit.php HTTP/1.1" 302 - "https://alpanarai.in/wp-login.php" "Mozilla/5.0 (X11; Linux x86_64) AppleWebKit/537.36 (KHTML, like Gecko) Chrome/119.0.0.0 Safari/537.36"
62.60.130.182 - - [05/Jul/2026:03:56:26 +0000] "GET /wp-admin/upgrade.php?_wp_http_referer=%2Fwp-admin%2Fedit.php HTTP/1.1" 404 32955 "https://alpanarai.in/wp-login.php" "Mozilla/5.0 (X11; Linux x86_64) AppleWebKit/537.36 (KHTML, like Gecko) Chrome/119.0.0.0 Safari/537.36"
62.60.130.182 - - [05/Jul/2026:03:56:27 +0000] "GET /wp-admin/plugins.php HTTP/1.1" 302 - "https://alpanarai.in/wp-login.php" "Mozilla/5.0 (X11; Linux x86_64) AppleWebKit/537.36 (KHTML, like Gecko) Chrome/119.0.0.0 Safari/537.36"
62.60.130.182 - - [05/Jul/2026:03:56:27 +0000] "GET /wp-admin/upgrade.php?_wp_http_referer=%2Fwp-admin%2Fplugins.php HTTP/1.1" 404 32955 "https://alpanarai.in/wp-login.php" "Mozilla/5.0 (X11; Linux x86_64) AppleWebKit/537.36 (KHTML, like Gecko) Chrome/119.0.0.0 Safari/537.36"
62.60.130.182 - - [05/Jul/2026:03:56:29 +0000] "POST /wp-login.php HTTP/1.1" 200 6136 "https://alpanarai.in/wp-login.php" "Mozilla/5.0 (Macintosh; Intel Mac OS X 10_15_7) AppleWebKit/605.1.15 (KHTML, like Gecko) Version/17.2 Safari/605.1.15"
62.60.130.182 - - [05/Jul/2026:03:56:30 +0000] "GET /wp-admin/index.php HTTP/1.1" 302 - "https://alpanarai.in/wp-login.php" "Mozilla/5.0 (Macintosh; Intel Mac OS X 13_6_1) AppleWebKit/605.1.15 (KHTML, like Gecko) Version/17.0 Safari/605.1.15"
62.60.130.182 - - [05/Jul/2026:03:56:31 +0000] "GET /wp-admin/upgrade.php?_wp_http_referer=%2Fwp-admin%2Findex.php HTTP/1.1" 404 32955 "https://alpanarai.in/wp-login.php" "Mozilla/5.0 (Macintosh; Intel Mac OS X 13_6_1) AppleWebKit/605.1.15 (KHTML, like Gecko) Version/17.0 Safari/605.1.15"
62.60.130.182 - - [05/Jul/2026:03:56:32 +0000] "GET /wp-admin/profile.php HTTP/1.1" 302 - "https://alpanarai.in/wp-login.php" "Mozilla/5.0 (Macintosh; Intel Mac OS X 13_6_1) AppleWebKit/605.1.15 (KHTML, like Gecko) Version/17.0 Safari/605.1.15"
62.60.130.182 - - [05/Jul/2026:03:56:35 +0000] "GET /wp-admin/upgrade.php?_wp_http_referer=%2Fwp-admin%2Fprofile.php HTTP/1.1" 404 32955 "https://alpanarai.in/wp-login.php" "Mozilla/5.0 (Macintosh; Intel Mac OS X 13_6_1) AppleWebKit/605.1.15 (KHTML, like Gecko) Version/17.0 Safari/605.1.15"
62.60.130.182 - - [05/Jul/2026:03:56:36 +0000] "GET /wp-admin/edit.php HTTP/1.1" 302 - "https://alpanarai.in/wp-login.php" "Mozilla/5.0 (Macintosh; Intel Mac OS X 13_6_1) AppleWebKit/605.1.15 (KHTML, like Gecko) Version/17.0 Safari/605.1.15"
62.60.130.182 - - [05/Jul/2026:03:56:37 +0000] "GET /wp-admin/upgrade.php?_wp_http_referer=%2Fwp-admin%2Fedit.php HTTP/1.1" 404 32955 "https://alpanarai.in/wp-login.php" "Mozilla/5.0 (Macintosh; Intel Mac OS X 13_6_1) AppleWebKit/605.1.15 (KHTML, like Gecko) Version/17.0 Safari/605.1.15"
62.60.130.182 - - [05/Jul/2026:03:56:38 +0000] "GET /wp-admin/plugins.php HTTP/1.1" 302 - "https://alpanarai.in/wp-login.php" "Mozilla/5.0 (Macintosh; Intel Mac OS X 13_6_1) AppleWebKit/605.1.15 (KHTML, like Gecko) Version/17.0 Safari/605.1.15"
62.60.130.182 - - [05/Jul/2026:03:56:39 +0000] "GET /wp-admin/upgrade.php?_wp_http_referer=%2Fwp-admin%2Fplugins.php HTTP/1.1" 404 32955 "https://alpanarai.in/wp-login.php" "Mozilla/5.0 (Macintosh; Intel Mac OS X 13_6_1) AppleWebKit/605.1.15 (KHTML, like Gecko) Version/17.0 Safari/605.1.15"
62.60.130.182 - - [05/Jul/2026:03:56:40 +0000] "POST /wp-login.php HTTP/1.1" 200 6257 "https://alpanarai.in/wp-login.php" "Mozilla/5.0 (Windows NT 10.0; Win64; x64; rv:118.0) Gecko/20100101 Firefox/118.0"
62.60.130.182 - - [05/Jul/2026:03:56:40 +0000] "GET /wp-admin/index.php HTTP/1.1" 302 - "https://alpanarai.in/wp-login.php" "Mozilla/5.0 (X11; Ubuntu; Linux x86_64) AppleWebKit/537.36 (KHTML, like Gecko) Chrome/118.0.0.0 Safari/537.36"
62.60.130.182 - - [05/Jul/2026:03:56:42 +0000] "GET /wp-admin/upgrade.php?_wp_http_referer=%2Fwp-admin%2Findex.php HTTP/1.1" 404 32955 "https://alpanarai.in/wp-login.php" "Mozilla/5.0 (X11; Ubuntu; Linux x86_64) AppleWebKit/537.36 (KHTML, like Gecko) Chrome/118.0.0.0 Safari/537.36"
62.60.130.182 - - [05/Jul/2026:03:56:43 +0000] "GET /wp-admin/profile.php HTTP/1.1" 302 - "https://alpanarai.in/wp-login.php" "Mozilla/5.0 (X11; Ubuntu; Linux x86_64) AppleWebKit/537.36 (KHTML, like Gecko) Chrome/118.0.0.0 Safari/537.36"
62.60.130.182 - - [05/Jul/2026:03:56:44 +0000] "GET /wp-admin/upgrade.php?_wp_http_referer=%2Fwp-admin%2Fprofile.php HTTP/1.1" 404 32955 "https://alpanarai.in/wp-login.php" "Mozilla/5.0 (X11; Ubuntu; Linux x86_64) AppleWebKit/537.36 (KHTML, like Gecko) Chrome/118.0.0.0 Safari/537.36"
62.60.130.182 - - [05/Jul/2026:03:56:45 +0000] "GET /wp-admin/edit.php HTTP/1.1" 302 - "https://alpanarai.in/wp-login.php" "Mozilla/5.0 (X11; Ubuntu; Linux x86_64) AppleWebKit/537.36 (KHTML, like Gecko) Chrome/118.0.0.0 Safari/537.36"
62.60.130.182 - - [05/Jul/2026:03:56:46 +0000] "GET /wp-admin/upgrade.php?_wp_http_referer=%2Fwp-admin%2Fedit.php HTTP/1.1" 404 32955 "https://alpanarai.in/wp-login.php" "Mozilla/5.0 (X11; Ubuntu; Linux x86_64) AppleWebKit/537.36 (KHTML, like Gecko) Chrome/118.0.0.0 Safari/537.36"
62.60.130.182 - - [05/Jul/2026:03:56:47 +0000] "GET /wp-admin/plugins.php HTTP/1.1" 302 - "https://alpanarai.in/wp-login.php" "Mozilla/5.0 (X11; Ubuntu; Linux x86_64) AppleWebKit/537.36 (KHTML, like Gecko) Chrome/118.0.0.0 Safari/537.36"
62.60.130.182 - - [05/Jul/2026:03:56:48 +0000] "GET /wp-admin/upgrade.php?_wp_http_referer=%2Fwp-admin%2Fplugins.php HTTP/1.1" 404 32955 "https://alpanarai.in/wp-login.php" "Mozilla/5.0 (X11; Ubuntu; Linux x86_64) AppleWebKit/537.36 (KHTML, like Gecko) Chrome/118.0.0.0 Safari/537.36"
62.60.130.182 - - [05/Jul/2026:03:56:49 +0000] "POST /wp-login.php HTTP/1.1" 200 6259 "https://alpanarai.in/wp-login.php" "Mozilla/5.0 (Macintosh; Intel Mac OS X 13_6_1) AppleWebKit/537.36 (KHTML, like Gecko) Chrome/120.0.0.0 Safari/537.36"
62.60.130.182 - - [05/Jul/2026:03:56:50 +0000] "GET /wp-admin/index.php HTTP/1.1" 302 - "https://alpanarai.in/wp-login.php" "Mozilla/5.0 (Windows NT 11.0; Win64; x64) AppleWebKit/537.36 (KHTML, like Gecko) Chrome/120.0.0.0 Safari/537.36"
62.60.130.182 - - [05/Jul/2026:03:56:50 +0000] "GET /wp-admin/upgrade.php?_wp_http_referer=%2Fwp-admin%2Findex.php HTTP/1.1" 404 32955 "https://alpanarai.in/wp-login.php" "Mozilla/5.0 (Windows NT 11.0; Win64; x64) AppleWebKit/537.36 (KHTML, like Gecko) Chrome/120.0.0.0 Safari/537.36"
62.60.130.182 - - [05/Jul/2026:03:56:52 +0000] "GET /wp-admin/profile.php HTTP/1.1" 302 - "https://alpanarai.in/wp-login.php" "Mozilla/5.0 (Windows NT 11.0; Win64; x64) AppleWebKit/537.36 (KHTML, like Gecko) Chrome/120.0.0.0 Safari/537.36"
62.60.130.182 - - [05/Jul/2026:03:56:53 +0000] "GET /wp-admin/upgrade.php?_wp_http_referer=%2Fwp-admin%2Fprofile.php HTTP/1.1" 404 32955 "https://alpanarai.in/wp-login.php" "Mozilla/5.0 (Windows NT 11.0; Win64; x64) AppleWebKit/537.36 (KHTML, like Gecko) Chrome/120.0.0.0 Safari/537.36"
62.60.130.182 - - [05/Jul/2026:03:56:54 +0000] "GET /wp-admin/edit.php HTTP/1.1" 302 - "https://alpanarai.in/wp-login.php" "Mozilla/5.0 (Windows NT 11.0; Win64; x64) AppleWebKit/537.36 (KHTML, like Gecko) Chrome/120.0.0.0 Safari/537.36"
62.60.130.182 - - [05/Jul/2026:03:56:56 +0000] "GET /wp-admin/upgrade.php?_wp_http_referer=%2Fwp-admin%2Fedit.php HTTP/1.1" 404 32955 "https://alpanarai.in/wp-login.php" "Mozilla/5.0 (Windows NT 11.0; Win64; x64) AppleWebKit/537.36 (KHTML, like Gecko) Chrome/120.0.0.0 Safari/537.36"
62.60.130.182 - - [05/Jul/2026:03:56:57 +0000] "GET /wp-admin/plugins.php HTTP/1.1" 302 - "https://alpanarai.in/wp-login.php" "Mozilla/5.0 (Windows NT 11.0; Win64; x64) AppleWebKit/537.36 (KHTML, like Gecko) Chrome/120.0.0.0 Safari/537.36"
62.60.130.182 - - [05/Jul/2026:03:56:59 +0000] "GET /wp-admin/upgrade.php?_wp_http_referer=%2Fwp-admin%2Fplugins.php HTTP/1.1" 404 32955 "https://alpanarai.in/wp-login.php" "Mozilla/5.0 (Windows NT 11.0; Win64; x64) AppleWebKit/537.36 (KHTML, like Gecko) Chrome/120.0.0.0 Safari/537.36"
62.60.130.182 - - [05/Jul/2026:03:57:01 +0000] "POST /wp-login.php HTTP/1.1" 200 6260 "https://alpanarai.in/wp-login.php" "Mozilla/5.0 (Windows NT 10.0; Win64; x64) AppleWebKit/537.36 (KHTML, like Gecko) Chrome/121.0.0.0 Safari/537.36"
62.60.130.182 - - [05/Jul/2026:03:57:02 +0000] "GET /wp-admin/index.php HTTP/1.1" 302 - "https://alpanarai.in/wp-login.php" "Mozilla/5.0 (X11; Ubuntu; Linux x86_64) AppleWebKit/537.36 (KHTML, like Gecko) Chrome/121.0.0.0 Safari/537.36"
62.60.130.182 - - [05/Jul/2026:03:57:04 +0000] "GET /wp-admin/upgrade.php?_wp_http_referer=%2Fwp-admin%2Findex.php HTTP/1.1" 404 32955 "https://alpanarai.in/wp-login.php" "Mozilla/5.0 (X11; Ubuntu; Linux x86_64) AppleWebKit/537.36 (KHTML, like Gecko) Chrome/121.0.0.0 Safari/537.36"
62.60.130.182 - - [05/Jul/2026:03:57:05 +0000] "GET /wp-admin/profile.php HTTP/1.1" 302 - "https://alpanarai.in/wp-login.php" "Mozilla/5.0 (X11; Ubuntu; Linux x86_64) AppleWebKit/537.36 (KHTML, like Gecko) Chrome/121.0.0.0 Safari/537.36"
20.78.154.180 - - [05/Jul/2026:03:57:05 +0000] "GET / HTTP/1.1" 200 66189 "-" "-"
69.161.196.4 - - [05/Jul/2026:03:57:10 +0000] "POST /wp-cron.php?doing_wp_cron=1783223830.1713380813598632812500 HTTP/1.1" 200 - "-" "WordPress/7.0; https://www.alpanarai.in"
62.60.130.182 - - [05/Jul/2026:03:57:07 +0000] "GET /wp-admin/upgrade.php?_wp_http_referer=%2Fwp-admin%2Fprofile.php HTTP/1.1" 404 32955 "https://alpanarai.in/wp-login.php" "Mozilla/5.0 (X11; Ubuntu; Linux x86_64) AppleWebKit/537.36 (KHTML, like Gecko) Chrome/121.0.0.0 Safari/537.36"
20.78.154.180 - - [05/Jul/2026:03:57:11 +0000] "GET / HTTP/1.1" 200 66189 "-" "-"
62.60.130.182 - - [05/Jul/2026:03:57:11 +0000] "GET /wp-admin/edit.php HTTP/1.1" 302 - "https://alpanarai.in/wp-login.php" "Mozilla/5.0 (X11; Ubuntu; Linux x86_64) AppleWebKit/537.36 (KHTML, like Gecko) Chrome/121.0.0.0 Safari/537.36"
62.60.130.182 - - [05/Jul/2026:03:57:13 +0000] "GET /wp-admin/upgrade.php?_wp_http_referer=%2Fwp-admin%2Fedit.php HTTP/1.1" 404 32955 "https://alpanarai.in/wp-login.php" "Mozilla/5.0 (X11; Ubuntu; Linux x86_64) AppleWebKit/537.36 (KHTML, like Gecko) Chrome/121.0.0.0 Safari/537.36"
62.60.130.182 - - [05/Jul/2026:03:57:16 +0000] "GET /wp-admin/plugins.php HTTP/1.1" 302 - "https://alpanarai.in/wp-login.php" "Mozilla/5.0 (X11; Ubuntu; Linux x86_64) AppleWebKit/537.36 (KHTML, like Gecko) Chrome/121.0.0.0 Safari/537.36"
62.60.130.182 - - [05/Jul/2026:03:57:18 +0000] "GET /wp-admin/upgrade.php?_wp_http_referer=%2Fwp-admin%2Fplugins.php HTTP/1.1" 404 32955 "https://alpanarai.in/wp-login.php" "Mozilla/5.0 (X11; Ubuntu; Linux x86_64) AppleWebKit/537.36 (KHTML, like Gecko) Chrome/121.0.0.0 Safari/537.36"
20.78.154.180 - - [05/Jul/2026:03:57:17 +0000] "GET / HTTP/1.1" 200 66189 "-" "-"
62.60.130.182 - - [05/Jul/2026:03:57:20 +0000] "POST /wp-login.php HTTP/1.1" 200 6259 "https://alpanarai.in/wp-login.php" "Mozilla/5.0 (Macintosh; Intel Mac OS X 13_6_1; rv:121.0) Gecko/20100101 Firefox/121.0"
62.60.130.182 - - [05/Jul/2026:03:57:21 +0000] "GET /wp-admin/index.php HTTP/1.1" 302 - "https://alpanarai.in/wp-login.php" "Mozilla/5.0 (X11; Ubuntu; Linux x86_64) AppleWebKit/537.36 (KHTML, like Gecko) Chrome/119.0.0.0 Safari/537.36"
62.60.130.182 - - [05/Jul/2026:03:57:24 +0000] "GET /wp-admin/upgrade.php?_wp_http_referer=%2Fwp-admin%2Findex.php HTTP/1.1" 404 32955 "https://alpanarai.in/wp-login.php" "Mozilla/5.0 (X11; Ubuntu; Linux x86_64) AppleWebKit/537.36 (KHTML, like Gecko) Chrome/119.0.0.0 Safari/537.36"
20.78.154.180 - - [05/Jul/2026:03:57:24 +0000] "GET / HTTP/1.1" 200 66189 "-" "-"
62.60.130.182 - - [05/Jul/2026:03:57:27 +0000] "GET /wp-admin/profile.php HTTP/1.1" 302 - "https://alpanarai.in/wp-login.php" "Mozilla/5.0 (X11; Ubuntu; Linux x86_64) AppleWebKit/537.36 (KHTML, like Gecko) Chrome/119.0.0.0 Safari/537.36"
62.60.130.182 - - [05/Jul/2026:03:57:30 +0000] "GET /wp-admin/upgrade.php?_wp_http_referer=%2Fwp-admin%2Fprofile.php HTTP/1.1" 404 32955 "https://alpanarai.in/wp-login.php" "Mozilla/5.0 (X11; Ubuntu; Linux x86_64) AppleWebKit/537.36 (KHTML, like Gecko) Chrome/119.0.0.0 Safari/537.36"
20.78.154.180 - - [05/Jul/2026:03:57:35 +0000] "GET / HTTP/1.1" 200 66189 "-" "-"
62.60.130.182 - - [05/Jul/2026:03:57:33 +0000] "GET /wp-admin/edit.php HTTP/1.1" 302 - "https://alpanarai.in/wp-login.php" "Mozilla/5.0 (X11; Ubuntu; Linux x86_64) AppleWebKit/537.36 (KHTML, like Gecko) Chrome/119.0.0.0 Safari/537.36"
62.60.130.182 - - [05/Jul/2026:03:57:39 +0000] "GET /wp-admin/upgrade.php?_wp_http_referer=%2Fwp-admin%2Fedit.php HTTP/1.1" 404 32955 "https://alpanarai.in/wp-login.php" "Mozilla/5.0 (X11; Ubuntu; Linux x86_64) AppleWebKit/537.36 (KHTML, like Gecko) Chrome/119.0.0.0 Safari/537.36"
62.60.130.182 - - [05/Jul/2026:03:57:44 +0000] "GET /wp-admin/plugins.php HTTP/1.1" 302 - "https://alpanarai.in/wp-login.php" "Mozilla/5.0 (X11; Ubuntu; Linux x86_64) AppleWebKit/537.36 (KHTML, like Gecko) Chrome/119.0.0.0 Safari/537.36"
20.78.154.180 - - [05/Jul/2026:03:57:44 +0000] "GET / HTTP/1.1" 200 66189 "-" "-"
62.60.130.182 - - [05/Jul/2026:03:57:47 +0000] "GET /wp-admin/upgrade.php?_wp_http_referer=%2Fwp-admin%2Fplugins.php HTTP/1.1" 404 32955 "https://alpanarai.in/wp-login.php" "Mozilla/5.0 (X11; Ubuntu; Linux x86_64) AppleWebKit/537.36 (KHTML, like Gecko) Chrome/119.0.0.0 Safari/537.36"
62.60.130.182 - - [05/Jul/2026:03:57:49 +0000] "POST /wp-login.php HTTP/1.1" 200 6255 "https://alpanarai.in/wp-login.php" "Mozilla/5.0 (Macintosh; Intel Mac OS X 13_6_1) AppleWebKit/537.36 (KHTML, like Gecko) Chrome/119.0.0.0 Safari/537.36"
62.60.130.182 - - [05/Jul/2026:03:57:51 +0000] "GET /wp-admin/index.php HTTP/1.1" 302 - "https://alpanarai.in/wp-login.php" "Mozilla/5.0 (Macintosh; Intel Mac OS X 10_15_7) AppleWebKit/537.36 (KHTML, like Gecko) Chrome/120.0.0.0 Safari/537.36"
20.78.154.180 - - [05/Jul/2026:03:57:52 +0000] "GET / HTTP/1.1" 200 66189 "-" "-"
192.227.176.16 - - [05/Jul/2026:03:57:56 +0000] "GET / HTTP/1.1" 200 12497 "-" "Mozilla/5.0 (Kubuntu; Linux x86_64) AppleWebKit/537.36 (KHTML, like Gecko) Chrome/129.0.0.0 Safari/537.36"
62.60.130.182 - - [05/Jul/2026:03:57:56 +0000] "GET /wp-admin/upgrade.php?_wp_http_referer=%2Fwp-admin%2Findex.php HTTP/1.1" 404 32955 "https://alpanarai.in/wp-login.php" "Mozilla/5.0 (Macintosh; Intel Mac OS X 10_15_7) AppleWebKit/537.36 (KHTML, like Gecko) Chrome/120.0.0.0 Safari/537.36"
62.60.130.182 - - [05/Jul/2026:03:57:59 +0000] "GET /wp-admin/profile.php HTTP/1.1" 302 - "https://alpanarai.in/wp-login.php" "Mozilla/5.0 (Macintosh; Intel Mac OS X 10_15_7) AppleWebKit/537.36 (KHTML, like Gecko) Chrome/120.0.0.0 Safari/537.36"
62.60.130.182 - - [05/Jul/2026:03:58:01 +0000] "GET /wp-admin/upgrade.php?_wp_http_referer=%2Fwp-admin%2Fprofile.php HTTP/1.1" 404 32955 "https://alpanarai.in/wp-login.php" "Mozilla/5.0 (Macintosh; Intel Mac OS X 10_15_7) AppleWebKit/537.36 (KHTML, like Gecko) Chrome/120.0.0.0 Safari/537.36"
62.60.130.182 - - [05/Jul/2026:03:58:05 +0000] "GET /wp-admin/edit.php HTTP/1.1" 302 - "https://alpanarai.in/wp-login.php" "Mozilla/5.0 (Macintosh; Intel Mac OS X 10_15_7) AppleWebKit/537.36 (KHTML, like Gecko) Chrome/120.0.0.0 Safari/537.36"
20.78.154.180 - - [05/Jul/2026:03:58:05 +0000] "GET / HTTP/1.1" 200 66189 "-" "-"
69.161.196.4 - - [05/Jul/2026:03:58:11 +0000] "POST /wp-cron.php?doing_wp_cron=1783223891.5958080291748046875000 HTTP/1.1" 200 - "-" "WordPress/7.0; https://www.alpanarai.in"
62.60.130.182 - - [05/Jul/2026:03:58:08 +0000] "GET /wp-admin/upgrade.php?_wp_http_referer=%2Fwp-admin%2Fedit.php HTTP/1.1" 404 32955 "https://alpanarai.in/wp-login.php" "Mozilla/5.0 (Macintosh; Intel Mac OS X 10_15_7) AppleWebKit/537.36 (KHTML, like Gecko) Chrome/120.0.0.0 Safari/537.36"
20.78.154.180 - - [05/Jul/2026:03:58:11 +0000] "GET /wp-admin/ HTTP/1.1" 302 - "-" "-"
62.60.130.182 - - [05/Jul/2026:03:58:12 +0000] "GET /wp-admin/plugins.php HTTP/1.1" 302 - "https://alpanarai.in/wp-login.php" "Mozilla/5.0 (Macintosh; Intel Mac OS X 10_15_7) AppleWebKit/537.36 (KHTML, like Gecko) Chrome/120.0.0.0 Safari/537.36"
20.78.154.180 - - [05/Jul/2026:03:58:14 +0000] "GET /wp-admin/upgrade.php?_wp_http_referer=%2Fwp-admin%2F HTTP/1.1" 404 32955 "-" "-"
62.60.130.182 - - [05/Jul/2026:03:58:15 +0000] "GET /wp-admin/upgrade.php?_wp_http_referer=%2Fwp-admin%2Fplugins.php HTTP/1.1" 404 32955 "https://alpanarai.in/wp-login.php" "Mozilla/5.0 (Macintosh; Intel Mac OS X 10_15_7) AppleWebKit/537.36 (KHTML, like Gecko) Chrome/120.0.0.0 Safari/537.36"
62.60.130.182 - - [05/Jul/2026:03:58:19 +0000] "POST /wp-login.php HTTP/1.1" 200 6255 "https://alpanarai.in/wp-login.php" "Mozilla/5.0 (Windows NT 10.0; Win64; x64) AppleWebKit/537.36 (KHTML, like Gecko) Chrome/120.0.0.0 Safari/537.36"
62.60.130.182 - - [05/Jul/2026:03:58:21 +0000] "GET /wp-admin/index.php HTTP/1.1" 302 - "https://alpanarai.in/wp-login.php" "Mozilla/5.0 (Macintosh; Intel Mac OS X 10_15_7; rv:121.0) Gecko/20100101 Firefox/121.0"
20.78.154.180 - - [05/Jul/2026:03:58:21 +0000] "GET / HTTP/1.1" 200 66189 "-" "-"
62.60.130.182 - - [05/Jul/2026:03:58:23 +0000] "GET /wp-admin/upgrade.php?_wp_http_referer=%2Fwp-admin%2Findex.php HTTP/1.1" 404 32955 "https://alpanarai.in/wp-login.php" "Mozilla/5.0 (Macintosh; Intel Mac OS X 10_15_7; rv:121.0) Gecko/20100101 Firefox/121.0"
20.78.154.180 - - [05/Jul/2026:03:58:27 +0000] "GET / HTTP/1.1" 200 66189 "-" "-"
62.60.130.182 - - [05/Jul/2026:03:58:27 +0000] "GET /wp-admin/profile.php HTTP/1.1" 302 - "https://alpanarai.in/wp-login.php" "Mozilla/5.0 (Macintosh; Intel Mac OS X 10_15_7; rv:121.0) Gecko/20100101 Firefox/121.0"
62.60.130.182 - - [05/Jul/2026:03:58:33 +0000] "GET /wp-admin/upgrade.php?_wp_http_referer=%2Fwp-admin%2Fprofile.php HTTP/1.1" 404 32955 "https://alpanarai.in/wp-login.php" "Mozilla/5.0 (Macintosh; Intel Mac OS X 10_15_7; rv:121.0) Gecko/20100101 Firefox/121.0"
20.78.154.180 - - [05/Jul/2026:03:58:35 +0000] "GET / HTTP/1.1" 200 66189 "-" "-"
62.60.130.182 - - [05/Jul/2026:03:58:39 +0000] "GET /wp-admin/edit.php HTTP/1.1" 302 - "https://alpanarai.in/wp-login.php" "Mozilla/5.0 (Macintosh; Intel Mac OS X 10_15_7; rv:121.0) Gecko/20100101 Firefox/121.0"
20.78.154.180 - - [05/Jul/2026:03:58:42 +0000] "GET / HTTP/1.1" 200 66189 "-" "-"
62.60.130.182 - - [05/Jul/2026:03:58:43 +0000] "GET /wp-admin/upgrade.php?_wp_http_referer=%2Fwp-admin%2Fedit.php HTTP/1.1" 404 32955 "https://alpanarai.in/wp-login.php" "Mozilla/5.0 (Macintosh; Intel Mac OS X 10_15_7; rv:121.0) Gecko/20100101 Firefox/121.0"
62.60.130.182 - - [05/Jul/2026:03:58:46 +0000] "GET /wp-admin/plugins.php HTTP/1.1" 302 - "https://alpanarai.in/wp-login.php" "Mozilla/5.0 (Macintosh; Intel Mac OS X 10_15_7; rv:121.0) Gecko/20100101 Firefox/121.0"
62.60.130.182 - - [05/Jul/2026:03:58:50 +0000] "GET /wp-admin/upgrade.php?_wp_http_referer=%2Fwp-admin%2Fplugins.php HTTP/1.1" 404 32955 "https://alpanarai.in/wp-login.php" "Mozilla/5.0 (Macintosh; Intel Mac OS X 10_15_7; rv:121.0) Gecko/20100101 Firefox/121.0"
20.78.154.180 - - [05/Jul/2026:03:58:49 +0000] "GET / HTTP/1.1" 200 66189 "-" "-"
62.60.130.182 - - [05/Jul/2026:03:58:53 +0000] "POST /wp-login.php HTTP/1.1" 200 6266 "https://alpanarai.in/wp-login.php" "Mozilla/5.0 (X11; Linux x86_64) AppleWebKit/537.36 (KHTML, like Gecko) Chrome/121.0.0.0 Safari/537.36"
62.60.130.182 - - [05/Jul/2026:03:58:58 +0000] "GET /wp-admin/index.php HTTP/1.1" 302 - "https://alpanarai.in/wp-login.php" "Mozilla/5.0 (X11; Linux x86_64) AppleWebKit/537.36 (KHTML, like Gecko) Chrome/121.0.0.0 Safari/537.36"
20.78.154.180 - - [05/Jul/2026:03:58:58 +0000] "GET / HTTP/1.1" 200 66189 "-" "-"
62.60.130.182 - - [05/Jul/2026:03:59:03 +0000] "GET /wp-admin/upgrade.php?_wp_http_referer=%2Fwp-admin%2Findex.php HTTP/1.1" 404 32955 "https://alpanarai.in/wp-login.php" "Mozilla/5.0 (X11; Linux x86_64) AppleWebKit/537.36 (KHTML, like Gecko) Chrome/121.0.0.0 Safari/537.36"
62.60.130.182 - - [05/Jul/2026:03:59:06 +0000] "GET /wp-admin/profile.php HTTP/1.1" 302 - "https://alpanarai.in/wp-login.php" "Mozilla/5.0 (X11; Linux x86_64) AppleWebKit/537.36 (KHTML, like Gecko) Chrome/121.0.0.0 Safari/537.36"
69.161.196.4 - - [05/Jul/2026:03:59:11 +0000] "POST /wp-cron.php?doing_wp_cron=1783223951.0915191173553466796875 HTTP/1.1" 200 - "-" "WordPress/7.0; https://www.alpanarai.in"
20.78.154.180 - - [05/Jul/2026:03:59:06 +0000] "GET / HTTP/1.1" 200 66189 "-" "-"
62.60.130.182 - - [05/Jul/2026:03:59:08 +0000] "GET /wp-admin/upgrade.php?_wp_http_referer=%2Fwp-admin%2Fprofile.php HTTP/1.1" 404 32955 "https://alpanarai.in/wp-login.php" "Mozilla/5.0 (X11; Linux x86_64) AppleWebKit/537.36 (KHTML, like Gecko) Chrome/121.0.0.0 Safari/537.36"
62.60.130.182 - - [05/Jul/2026:03:59:12 +0000] "GET /wp-admin/edit.php HTTP/1.1" 302 - "https://alpanarai.in/wp-login.php" "Mozilla/5.0 (X11; Linux x86_64) AppleWebKit/537.36 (KHTML, like Gecko) Chrome/121.0.0.0 Safari/537.36"
62.60.130.182 - - [05/Jul/2026:03:59:16 +0000] "GET /wp-admin/upgrade.php?_wp_http_referer=%2Fwp-admin%2Fedit.php HTTP/1.1" 404 32955 "https://alpanarai.in/wp-login.php" "Mozilla/5.0 (X11; Linux x86_64) AppleWebKit/537.36 (KHTML, like Gecko) Chrome/121.0.0.0 Safari/537.36"
62.60.130.182 - - [05/Jul/2026:03:59:20 +0000] "GET /wp-admin/plugins.php HTTP/1.1" 302 - "https://alpanarai.in/wp-login.php" "Mozilla/5.0 (X11; Linux x86_64) AppleWebKit/537.36 (KHTML, like Gecko) Chrome/121.0.0.0 Safari/537.36"
20.78.154.180 - - [05/Jul/2026:03:59:17 +0000] "GET / HTTP/1.1" 200 66189 "-" "-"
62.60.130.182 - - [05/Jul/2026:03:59:22 +0000] "GET /wp-admin/upgrade.php?_wp_http_referer=%2Fwp-admin%2Fplugins.php HTTP/1.1" 404 32955 "https://alpanarai.in/wp-login.php" "Mozilla/5.0 (X11; Linux x86_64) AppleWebKit/537.36 (KHTML, like Gecko) Chrome/121.0.0.0 Safari/537.36"
62.60.130.182 - - [05/Jul/2026:03:59:26 +0000] "POST /wp-login.php HTTP/1.1" 200 6260 "https://alpanarai.in/wp-login.php" "Mozilla/5.0 (X11; Ubuntu; Linux x86_64) AppleWebKit/537.36 (KHTML, like Gecko) Chrome/121.0.0.0 Safari/537.36"
62.60.130.182 - - [05/Jul/2026:03:59:28 +0000] "GET /wp-admin/index.php HTTP/1.1" 302 - "https://alpanarai.in/wp-login.php" "Mozilla/5.0 (Macintosh; Intel Mac OS X 13_6_1) AppleWebKit/605.1.15 (KHTML, like Gecko) Version/16.6 Safari/605.1.15"
20.78.154.180 - - [05/Jul/2026:03:59:29 +0000] "GET / HTTP/1.1" 200 66189 "-" "-"
62.60.130.182 - - [05/Jul/2026:03:59:33 +0000] "GET /wp-admin/upgrade.php?_wp_http_referer=%2Fwp-admin%2Findex.php HTTP/1.1" 404 32955 "https://alpanarai.in/wp-login.php" "Mozilla/5.0 (Macintosh; Intel Mac OS X 13_6_1) AppleWebKit/605.1.15 (KHTML, like Gecko) Version/16.6 Safari/605.1.15"
62.60.130.182 - - [05/Jul/2026:03:59:36 +0000] "GET /wp-admin/profile.php HTTP/1.1" 302 - "https://alpanarai.in/wp-login.php" "Mozilla/5.0 (Macintosh; Intel Mac OS X 13_6_1) AppleWebKit/605.1.15 (KHTML, like Gecko) Version/16.6 Safari/605.1.15"
20.78.154.180 - - [05/Jul/2026:03:59:36 +0000] "GET / HTTP/1.1" 200 66189 "-" "-"
62.60.130.182 - - [05/Jul/2026:03:59:38 +0000] "GET /wp-admin/upgrade.php?_wp_http_referer=%2Fwp-admin%2Fprofile.php HTTP/1.1" 404 32955 "https://alpanarai.in/wp-login.php" "Mozilla/5.0 (Macintosh; Intel Mac OS X 13_6_1) AppleWebKit/605.1.15 (KHTML, like Gecko) Version/16.6 Safari/605.1.15"
62.60.130.182 - - [05/Jul/2026:03:59:40 +0000] "GET /wp-admin/edit.php HTTP/1.1" 302 - "https://alpanarai.in/wp-login.php" "Mozilla/5.0 (Macintosh; Intel Mac OS X 13_6_1) AppleWebKit/605.1.15 (KHTML, like Gecko) Version/16.6 Safari/605.1.15"
62.60.130.182 - - [05/Jul/2026:03:59:42 +0000] "GET /wp-admin/upgrade.php?_wp_http_referer=%2Fwp-admin%2Fedit.php HTTP/1.1" 404 32955 "https://alpanarai.in/wp-login.php" "Mozilla/5.0 (Macintosh; Intel Mac OS X 13_6_1) AppleWebKit/605.1.15 (KHTML, like Gecko) Version/16.6 Safari/605.1.15"
62.60.130.182 - - [05/Jul/2026:03:59:46 +0000] "GET /wp-admin/plugins.php HTTP/1.1" 302 - "https://alpanarai.in/wp-login.php" "Mozilla/5.0 (Macintosh; Intel Mac OS X 13_6_1) AppleWebKit/605.1.15 (KHTML, like Gecko) Version/16.6 Safari/605.1.15"
62.60.130.182 - - [05/Jul/2026:03:59:47 +0000] "GET /wp-admin/upgrade.php?_wp_http_referer=%2Fwp-admin%2Fplugins.php HTTP/1.1" 404 32955 "https://alpanarai.in/wp-login.php" "Mozilla/5.0 (Macintosh; Intel Mac OS X 13_6_1) AppleWebKit/605.1.15 (KHTML, like Gecko) Version/16.6 Safari/605.1.15"
62.60.130.182 - - [05/Jul/2026:03:59:50 +0000] "POST /wp-login.php HTTP/1.1" 200 6261 "https://alpanarai.in/wp-login.php" "Mozilla/5.0 (Macintosh; Intel Mac OS X 13_6_1) AppleWebKit/537.36 (KHTML, like Gecko) Chrome/120.0.0.0 Safari/537.36"
62.60.130.182 - - [05/Jul/2026:03:59:51 +0000] "GET /wp-admin/index.php HTTP/1.1" 302 - "https://alpanarai.in/wp-login.php" "Mozilla/5.0 (Macintosh; Intel Mac OS X 10_15_7) AppleWebKit/537.36 (KHTML, like Gecko) Chrome/121.0.0.0 Safari/537.36"
20.78.154.180 - - [05/Jul/2026:03:59:52 +0000] "GET / HTTP/1.1" 200 66189 "-" "-"
62.60.130.182 - - [05/Jul/2026:03:59:53 +0000] "GET /wp-admin/upgrade.php?_wp_http_referer=%2Fwp-admin%2Findex.php HTTP/1.1" 404 32955 "https://alpanarai.in/wp-login.php" "Mozilla/5.0 (Macintosh; Intel Mac OS X 10_15_7) AppleWebKit/537.36 (KHTML, like Gecko) Chrome/121.0.0.0 Safari/537.36"
62.60.130.182 - - [05/Jul/2026:03:59:56 +0000] "GET /wp-admin/profile.php HTTP/1.1" 302 - "https://alpanarai.in/wp-login.php" "Mozilla/5.0 (Macintosh; Intel Mac OS X 10_15_7) AppleWebKit/537.36 (KHTML, like Gecko) Chrome/121.0.0.0 Safari/537.36"
62.60.130.182 - - [05/Jul/2026:03:59:57 +0000] "GET /wp-admin/upgrade.php?_wp_http_referer=%2Fwp-admin%2Fprofile.php HTTP/1.1" 404 32955 "https://alpanarai.in/wp-login.php" "Mozilla/5.0 (Macintosh; Intel Mac OS X 10_15_7) AppleWebKit/537.36 (KHTML, like Gecko) Chrome/121.0.0.0 Safari/537.36"
20.78.154.180 - - [05/Jul/2026:03:59:58 +0000] "GET / HTTP/1.1" 200 66189 "-" "-"
62.60.130.182 - - [05/Jul/2026:03:59:59 +0000] "GET /wp-admin/edit.php HTTP/1.1" 302 - "https://alpanarai.in/wp-login.php" "Mozilla/5.0 (Macintosh; Intel Mac OS X 10_15_7) AppleWebKit/537.36 (KHTML, like Gecko) Chrome/121.0.0.0 Safari/537.36"
62.60.130.182 - - [05/Jul/2026:04:00:00 +0000] "GET /wp-admin/upgrade.php?_wp_http_referer=%2Fwp-admin%2Fedit.php HTTP/1.1" 404 32955 "https://alpanarai.in/wp-login.php" "Mozilla/5.0 (Macintosh; Intel Mac OS X 10_15_7) AppleWebKit/537.36 (KHTML, like Gecko) Chrome/121.0.0.0 Safari/537.36"
62.60.130.182 - - [05/Jul/2026:04:00:03 +0000] "GET /wp-admin/plugins.php HTTP/1.1" 302 - "https://alpanarai.in/wp-login.php" "Mozilla/5.0 (Macintosh; Intel Mac OS X 10_15_7) AppleWebKit/537.36 (KHTML, like Gecko) Chrome/121.0.0.0 Safari/537.36"
20.78.154.180 - - [05/Jul/2026:04:00:03 +0000] "GET / HTTP/1.1" 200 66189 "-" "-"
62.60.130.182 - - [05/Jul/2026:04:00:06 +0000] "GET /wp-admin/upgrade.php?_wp_http_referer=%2Fwp-admin%2Fplugins.php HTTP/1.1" 404 32955 "https://alpanarai.in/wp-login.php" "Mozilla/5.0 (Macintosh; Intel Mac OS X 10_15_7) AppleWebKit/537.36 (KHTML, like Gecko) Chrome/121.0.0.0 Safari/537.36"
62.60.130.182 - - [05/Jul/2026:04:00:08 +0000] "POST /wp-login.php HTTP/1.1" 200 6257 "https://alpanarai.in/wp-login.php" "Mozilla/5.0 (Macintosh; Intel Mac OS X 10_15_7) AppleWebKit/537.36 (KHTML, like Gecko) Chrome/118.0.0.0 Safari/537.36"
69.161.196.4 - - [05/Jul/2026:04:00:12 +0000] "POST /wp-cron.php?doing_wp_cron=1783224012.5792789459228515625000 HTTP/1.1" 200 - "-" "WordPress/7.0; https://www.alpanarai.in"
20.78.154.180 - - [05/Jul/2026:04:00:09 +0000] "GET / HTTP/1.1" 200 66189 "-" "-"
62.60.130.182 - - [05/Jul/2026:04:00:10 +0000] "GET /wp-admin/index.php HTTP/1.1" 302 - "https://alpanarai.in/wp-login.php" "Mozilla/5.0 (Macintosh; Intel Mac OS X 10_15_7) AppleWebKit/605.1.15 (KHTML, like Gecko) Version/17.0 Safari/605.1.15"
62.60.130.182 - - [05/Jul/2026:04:00:13 +0000] "GET /wp-admin/profile.php HTTP/1.1" 302 - "https://alpanarai.in/wp-login.php" "Mozilla/5.0 (Macintosh; Intel Mac OS X 10_15_7) AppleWebKit/605.1.15 (KHTML, like Gecko) Version/17.0 Safari/605.1.15"
62.60.130.182 - - [05/Jul/2026:04:00:18 +0000] "GET /wp-admin/upgrade.php?_wp_http_referer=%2Fwp-admin%2Fprofile.php HTTP/1.1" 404 32955 "https://alpanarai.in/wp-login.php" "Mozilla/5.0 (Macintosh; Intel Mac OS X 10_15_7) AppleWebKit/605.1.15 (KHTML, like Gecko) Version/17.0 Safari/605.1.15"
20.78.154.180 - - [05/Jul/2026:04:00:18 +0000] "GET / HTTP/1.1" 200 66189 "-" "-"
62.60.130.182 - - [05/Jul/2026:04:00:20 +0000] "GET /wp-admin/edit.php HTTP/1.1" 302 - "https://alpanarai.in/wp-login.php" "Mozilla/5.0 (Macintosh; Intel Mac OS X 10_15_7) AppleWebKit/605.1.15 (KHTML, like Gecko) Version/17.0 Safari/605.1.15"
62.60.130.182 - - [05/Jul/2026:04:00:21 +0000] "GET /wp-admin/upgrade.php?_wp_http_referer=%2Fwp-admin%2Fedit.php HTTP/1.1" 404 32955 "https://alpanarai.in/wp-login.php" "Mozilla/5.0 (Macintosh; Intel Mac OS X 10_15_7) AppleWebKit/605.1.15 (KHTML, like Gecko) Version/17.0 Safari/605.1.15"
20.78.154.180 - - [05/Jul/2026:04:00:22 +0000] "GET / HTTP/1.1" 200 66189 "-" "-"
62.60.130.182 - - [05/Jul/2026:04:00:24 +0000] "GET /wp-admin/plugins.php HTTP/1.1" 302 - "https://alpanarai.in/wp-login.php" "Mozilla/5.0 (Macintosh; Intel Mac OS X 10_15_7) AppleWebKit/605.1.15 (KHTML, like Gecko) Version/17.0 Safari/605.1.15"
62.60.130.182 - - [05/Jul/2026:04:00:26 +0000] "GET /wp-admin/upgrade.php?_wp_http_referer=%2Fwp-admin%2Fplugins.php HTTP/1.1" 404 32955 "https://alpanarai.in/wp-login.php" "Mozilla/5.0 (Macintosh; Intel Mac OS X 10_15_7) AppleWebKit/605.1.15 (KHTML, like Gecko) Version/17.0 Safari/605.1.15"
20.78.154.180 - - [05/Jul/2026:04:00:27 +0000] "GET / HTTP/1.1" 200 66189 "-" "-"
62.60.130.182 - - [05/Jul/2026:04:00:28 +0000] "POST /wp-login.php HTTP/1.1" 200 6255 "https://alpanarai.in/wp-login.php" "Mozilla/5.0 (Macintosh; Intel Mac OS X 10_15_7; rv:119.0) Gecko/20100101 Firefox/119.0"
62.60.130.182 - - [05/Jul/2026:04:00:29 +0000] "GET /wp-admin/index.php HTTP/1.1" 302 - "https://alpanarai.in/wp-login.php" "Mozilla/5.0 (X11; Ubuntu; Linux x86_64) AppleWebKit/537.36 (KHTML, like Gecko) Chrome/118.0.0.0 Safari/537.36"
62.60.130.182 - - [05/Jul/2026:04:00:31 +0000] "GET /wp-admin/upgrade.php?_wp_http_referer=%2Fwp-admin%2Findex.php HTTP/1.1" 404 32955 "https://alpanarai.in/wp-login.php" "Mozilla/5.0 (X11; Ubuntu; Linux x86_64) AppleWebKit/537.36 (KHTML, like Gecko) Chrome/118.0.0.0 Safari/537.36"
20.78.154.180 - - [05/Jul/2026:04:00:34 +0000] "GET / HTTP/1.1" 200 66189 "-" "-"
62.60.130.182 - - [05/Jul/2026:04:00:34 +0000] "GET /wp-admin/profile.php HTTP/1.1" 302 - "https://alpanarai.in/wp-login.php" "Mozilla/5.0 (X11; Ubuntu; Linux x86_64) AppleWebKit/537.36 (KHTML, like Gecko) Chrome/118.0.0.0 Safari/537.36"
62.60.130.182 - - [05/Jul/2026:04:00:37 +0000] "GET /wp-admin/upgrade.php?_wp_http_referer=%2Fwp-admin%2Fprofile.php HTTP/1.1" 404 32955 "https://alpanarai.in/wp-login.php" "Mozilla/5.0 (X11; Ubuntu; Linux x86_64) AppleWebKit/537.36 (KHTML, like Gecko) Chrome/118.0.0.0 Safari/537.36"
62.60.130.182 - - [05/Jul/2026:04:00:39 +0000] "GET /wp-admin/edit.php HTTP/1.1" 302 - "https://alpanarai.in/wp-login.php" "Mozilla/5.0 (X11; Ubuntu; Linux x86_64) AppleWebKit/537.36 (KHTML, like Gecko) Chrome/118.0.0.0 Safari/537.36"
20.78.154.180 - - [05/Jul/2026:04:00:40 +0000] "GET / HTTP/1.1" 200 66189 "-" "-"
62.60.130.182 - - [05/Jul/2026:04:00:41 +0000] "GET /wp-admin/upgrade.php?_wp_http_referer=%2Fwp-admin%2Fedit.php HTTP/1.1" 404 32955 "https://alpanarai.in/wp-login.php" "Mozilla/5.0 (X11; Ubuntu; Linux x86_64) AppleWebKit/537.36 (KHTML, like Gecko) Chrome/118.0.0.0 Safari/537.36"
62.60.130.182 - - [05/Jul/2026:04:00:42 +0000] "GET /wp-admin/plugins.php HTTP/1.1" 302 - "https://alpanarai.in/wp-login.php" "Mozilla/5.0 (X11; Ubuntu; Linux x86_64) AppleWebKit/537.36 (KHTML, like Gecko) Chrome/118.0.0.0 Safari/537.36"
62.60.130.182 - - [05/Jul/2026:04:00:44 +0000] "GET /wp-admin/upgrade.php?_wp_http_referer=%2Fwp-admin%2Fplugins.php HTTP/1.1" 404 32955 "https://alpanarai.in/wp-login.php" "Mozilla/5.0 (X11; Ubuntu; Linux x86_64) AppleWebKit/537.36 (KHTML, like Gecko) Chrome/118.0.0.0 Safari/537.36"
20.78.154.180 - - [05/Jul/2026:04:00:45 +0000] "GET / HTTP/1.1" 200 66189 "-" "-"
62.60.130.182 - - [05/Jul/2026:04:00:47 +0000] "POST /wp-login.php HTTP/1.1" 200 6136 "https://alpanarai.in/wp-login.php" "Mozilla/5.0 (Macintosh; Intel Mac OS X 10_15_7) AppleWebKit/537.36 (KHTML, like Gecko) Chrome/119.0.0.0 Safari/537.36"
62.60.130.182 - - [05/Jul/2026:04:00:49 +0000] "GET /wp-admin/index.php HTTP/1.1" 302 - "https://alpanarai.in/wp-login.php" "Mozilla/5.0 (Macintosh; Intel Mac OS X 10_15_7) AppleWebKit/537.36 (KHTML, like Gecko) Chrome/118.0.0.0 Safari/537.36"
20.78.154.180 - - [05/Jul/2026:04:00:50 +0000] "GET / HTTP/1.1" 200 66189 "-" "-"
62.60.130.182 - - [05/Jul/2026:04:00:51 +0000] "GET /wp-admin/upgrade.php?_wp_http_referer=%2Fwp-admin%2Findex.php HTTP/1.1" 404 32955 "https://alpanarai.in/wp-login.php" "Mozilla/5.0 (Macintosh; Intel Mac OS X 10_15_7) AppleWebKit/537.36 (KHTML, like Gecko) Chrome/118.0.0.0 Safari/537.36"
62.60.130.182 - - [05/Jul/2026:04:00:54 +0000] "GET /wp-admin/profile.php HTTP/1.1" 302 - "https://alpanarai.in/wp-login.php" "Mozilla/5.0 (Macintosh; Intel Mac OS X 10_15_7) AppleWebKit/537.36 (KHTML, like Gecko) Chrome/118.0.0.0 Safari/537.36"
62.60.130.182 - - [05/Jul/2026:04:00:56 +0000] "GET /wp-admin/upgrade.php?_wp_http_referer=%2Fwp-admin%2Fprofile.php HTTP/1.1" 404 32955 "https://alpanarai.in/wp-login.php" "Mozilla/5.0 (Macintosh; Intel Mac OS X 10_15_7) AppleWebKit/537.36 (KHTML, like Gecko) Chrome/118.0.0.0 Safari/537.36"
20.78.154.180 - - [05/Jul/2026:04:00:56 +0000] "GET / HTTP/1.1" 200 66189 "-" "-"
62.60.130.182 - - [05/Jul/2026:04:01:00 +0000] "GET /wp-admin/edit.php HTTP/1.1" 302 - "https://alpanarai.in/wp-login.php" "Mozilla/5.0 (Macintosh; Intel Mac OS X 10_15_7) AppleWebKit/537.36 (KHTML, like Gecko) Chrome/118.0.0.0 Safari/537.36"
62.60.130.182 - - [05/Jul/2026:04:01:01 +0000] "GET /wp-admin/upgrade.php?_wp_http_referer=%2Fwp-admin%2Fedit.php HTTP/1.1" 404 32955 "https://alpanarai.in/wp-login.php" "Mozilla/5.0 (Macintosh; Intel Mac OS X 10_15_7) AppleWebKit/537.36 (KHTML, like Gecko) Chrome/118.0.0.0 Safari/537.36"
62.60.130.182 - - [05/Jul/2026:04:01:03 +0000] "GET /wp-admin/plugins.php HTTP/1.1" 302 - "https://alpanarai.in/wp-login.php" "Mozilla/5.0 (Macintosh; Intel Mac OS X 10_15_7) AppleWebKit/537.36 (KHTML, like Gecko) Chrome/118.0.0.0 Safari/537.36"
62.60.130.182 - - [05/Jul/2026:04:01:05 +0000] "GET /wp-admin/upgrade.php?_wp_http_referer=%2Fwp-admin%2Fplugins.php HTTP/1.1" 404 32955 "https://alpanarai.in/wp-login.php" "Mozilla/5.0 (Macintosh; Intel Mac OS X 10_15_7) AppleWebKit/537.36 (KHTML, like Gecko) Chrome/118.0.0.0 Safari/537.36"
62.60.130.182 - - [05/Jul/2026:04:01:08 +0000] "POST /wp-login.php HTTP/1.1" 200 6253 "https://alpanarai.in/wp-login.php" "Mozilla/5.0 (Macintosh; Intel Mac OS X 13_6_1) AppleWebKit/537.36 (KHTML, like Gecko) Chrome/118.0.0.0 Safari/537.36"
