139.59.96.121 - - [04/Jul/2026:16:56:57 +0000] "POST /wp-login.php HTTP/1.1" 508 288 "https://alpanarai.in/wp-login.php" "Mozilla/5.0 (X11; Linux x86_64) AppleWebKit/537.36 (KHTML, like Gecko) Chrome/120.0.0.0 Safari/537.36"
139.59.96.121 - - [04/Jul/2026:16:56:57 +0000] "POST /wp-login.php HTTP/1.1" 508 288 "https://alpanarai.in/wp-login.php" "Mozilla/5.0 (Windows NT 11.0; Win64; x64) AppleWebKit/537.36 (KHTML, like Gecko) Chrome/120.0.0.0 Safari/537.36"
139.59.96.121 - - [04/Jul/2026:16:56:57 +0000] "POST /wp-login.php HTTP/1.1" 508 288 "https://alpanarai.in/wp-login.php" "Mozilla/5.0 (X11; Linux x86_64) AppleWebKit/537.36 (KHTML, like Gecko) Chrome/123.0.0.0 Safari/537.36"
139.59.96.121 - - [04/Jul/2026:16:56:51 +0000] "POST /wp-login.php HTTP/1.1" 200 6255 "https://alpanarai.in/wp-login.php" "Mozilla/5.0 (X11; Linux x86_64) AppleWebKit/537.36 (KHTML, like Gecko) Chrome/120.0.0.0 Safari/537.36"
139.59.96.121 - - [04/Jul/2026:16:56:51 +0000] "POST /wp-login.php HTTP/1.1" 200 6136 "https://alpanarai.in/wp-login.php" "Mozilla/5.0 (Windows NT 11.0; Win64; x64) AppleWebKit/537.36 (KHTML, like Gecko) Chrome/121.0.0.0 Safari/537.36"
139.59.96.121 - - [04/Jul/2026:16:56:58 +0000] "POST /wp-login.php HTTP/1.1" 508 288 "https://alpanarai.in/wp-login.php" "Mozilla/5.0 (Windows NT 10.0; Win64; x64) AppleWebKit/537.36 (KHTML, like Gecko) Chrome/122.0.0.0 Safari/537.36"
139.59.96.121 - - [04/Jul/2026:16:56:58 +0000] "POST /wp-login.php HTTP/1.1" 508 288 "https://alpanarai.in/wp-login.php" "Mozilla/5.0 (Windows NT 10.0; Win64; x64) AppleWebKit/537.36 (KHTML, like Gecko) Chrome/121.0.0.0 Safari/537.36"
139.59.96.121 - - [04/Jul/2026:16:56:58 +0000] "POST /wp-login.php HTTP/1.1" 508 288 "https://alpanarai.in/wp-login.php" "Mozilla/5.0 (Windows NT 10.0; Win64; x64) AppleWebKit/537.36 (KHTML, like Gecko) Chrome/121.0.0.0 Safari/537.36"
139.59.96.121 - - [04/Jul/2026:16:56:58 +0000] "POST /wp-login.php HTTP/1.1" 508 288 "https://alpanarai.in/wp-login.php" "Mozilla/5.0 (Windows NT 10.0; Win64; x64) AppleWebKit/537.36 (KHTML, like Gecko) Chrome/123.0.0.0 Safari/537.36"
139.59.96.121 - - [04/Jul/2026:16:56:50 +0000] "POST /wp-login.php HTTP/1.1" 200 6251 "https://alpanarai.in/wp-login.php" "Mozilla/5.0 (Windows NT 10.0; Win64; x64) AppleWebKit/537.36 (KHTML, like Gecko) Chrome/120.0.0.0 Safari/537.36"
139.59.96.121 - - [04/Jul/2026:16:56:58 +0000] "POST /wp-login.php HTTP/1.1" 508 288 "https://alpanarai.in/wp-login.php" "Mozilla/5.0 (Windows NT 10.0; Win64; x64) AppleWebKit/537.36 (KHTML, like Gecko) Chrome/120.0.0.0 Safari/537.36"
139.59.96.121 - - [04/Jul/2026:16:56:59 +0000] "POST /wp-login.php HTTP/1.1" 508 288 "https://alpanarai.in/wp-login.php" "Mozilla/5.0 (X11; Linux x86_64) AppleWebKit/537.36 (KHTML, like Gecko) Chrome/122.0.0.0 Safari/537.36"
139.59.96.121 - - [04/Jul/2026:16:56:59 +0000] "POST /wp-login.php HTTP/1.1" 508 288 "https://alpanarai.in/wp-login.php" "Mozilla/5.0 (Windows NT 11.0; Win64; x64) AppleWebKit/537.36 (KHTML, like Gecko) Chrome/121.0.0.0 Safari/537.36"
139.59.96.121 - - [04/Jul/2026:16:56:59 +0000] "POST /wp-login.php HTTP/1.1" 508 288 "https://alpanarai.in/wp-login.php" "Mozilla/5.0 (X11; Linux x86_64) AppleWebKit/537.36 (KHTML, like Gecko) Chrome/122.0.0.0 Safari/537.36"
139.59.96.121 - - [04/Jul/2026:16:56:59 +0000] "POST /wp-login.php HTTP/1.1" 508 288 "https://alpanarai.in/wp-login.php" "Mozilla/5.0 (X11; Linux x86_64) AppleWebKit/537.36 (KHTML, like Gecko) Chrome/122.0.0.0 Safari/537.36"
139.59.96.121 - - [04/Jul/2026:16:56:59 +0000] "POST /wp-login.php HTTP/1.1" 508 288 "https://alpanarai.in/wp-login.php" "Mozilla/5.0 (Windows NT 11.0; Win64; x64) AppleWebKit/537.36 (KHTML, like Gecko) Chrome/122.0.0.0 Safari/537.36"
139.59.96.121 - - [04/Jul/2026:16:56:59 +0000] "POST /wp-login.php HTTP/1.1" 508 288 "https://alpanarai.in/wp-login.php" "Mozilla/5.0 (X11; Linux x86_64) AppleWebKit/537.36 (KHTML, like Gecko) Chrome/123.0.0.0 Safari/537.36"
139.59.96.121 - - [04/Jul/2026:16:56:59 +0000] "POST /wp-login.php HTTP/1.1" 508 288 "https://alpanarai.in/wp-login.php" "Mozilla/5.0 (Windows NT 11.0; Win64; x64) AppleWebKit/537.36 (KHTML, like Gecko) Chrome/121.0.0.0 Safari/537.36"
139.59.96.121 - - [04/Jul/2026:16:56:52 +0000] "POST /wp-login.php HTTP/1.1" 200 6254 "https://alpanarai.in/wp-login.php" "Mozilla/5.0 (X11; Linux x86_64) AppleWebKit/537.36 (KHTML, like Gecko) Chrome/120.0.0.0 Safari/537.36"
139.59.96.121 - - [04/Jul/2026:16:56:51 +0000] "POST /wp-login.php HTTP/1.1" 200 6253 "https://alpanarai.in/wp-login.php" "Mozilla/5.0 (Windows NT 11.0; Win64; x64) AppleWebKit/537.36 (KHTML, like Gecko) Chrome/121.0.0.0 Safari/537.36"
139.59.96.121 - - [04/Jul/2026:16:56:52 +0000] "POST /wp-login.php HTTP/1.1" 200 6258 "https://alpanarai.in/wp-login.php" "Mozilla/5.0 (Windows NT 10.0; Win64; x64) AppleWebKit/537.36 (KHTML, like Gecko) Chrome/122.0.0.0 Safari/537.36"
139.59.96.121 - - [04/Jul/2026:16:56:53 +0000] "POST /wp-login.php HTTP/1.1" 200 6255 "https://alpanarai.in/wp-login.php" "Mozilla/5.0 (Windows NT 10.0; Win64; x64) AppleWebKit/537.36 (KHTML, like Gecko) Chrome/122.0.0.0 Safari/537.36"
139.59.96.121 - - [04/Jul/2026:16:57:00 +0000] "POST /wp-login.php HTTP/1.1" 508 288 "https://alpanarai.in/wp-login.php" "Mozilla/5.0 (Windows NT 10.0; Win64; x64) AppleWebKit/537.36 (KHTML, like Gecko) Chrome/120.0.0.0 Safari/537.36"
139.59.96.121 - - [04/Jul/2026:16:57:00 +0000] "POST /wp-login.php HTTP/1.1" 508 288 "https://alpanarai.in/wp-login.php" "Mozilla/5.0 (X11; Linux x86_64) AppleWebKit/537.36 (KHTML, like Gecko) Chrome/120.0.0.0 Safari/537.36"
139.59.96.121 - - [04/Jul/2026:16:57:00 +0000] "POST /wp-login.php HTTP/1.1" 508 288 "https://alpanarai.in/wp-login.php" "Mozilla/5.0 (Windows NT 11.0; Win64; x64) AppleWebKit/537.36 (KHTML, like Gecko) Chrome/123.0.0.0 Safari/537.36"
139.59.96.121 - - [04/Jul/2026:16:57:00 +0000] "POST /wp-login.php HTTP/1.1" 508 288 "https://alpanarai.in/wp-login.php" "Mozilla/5.0 (Windows NT 10.0; Win64; x64) AppleWebKit/537.36 (KHTML, like Gecko) Chrome/121.0.0.0 Safari/537.36"
139.59.96.121 - - [04/Jul/2026:16:57:00 +0000] "POST /wp-login.php HTTP/1.1" 508 288 "https://alpanarai.in/wp-login.php" "Mozilla/5.0 (Windows NT 11.0; Win64; x64) AppleWebKit/537.36 (KHTML, like Gecko) Chrome/122.0.0.0 Safari/537.36"
139.59.96.121 - - [04/Jul/2026:16:57:00 +0000] "POST /wp-login.php HTTP/1.1" 508 288 "https://alpanarai.in/wp-login.php" "Mozilla/5.0 (Windows NT 10.0; Win64; x64) AppleWebKit/537.36 (KHTML, like Gecko) Chrome/123.0.0.0 Safari/537.36"
139.59.96.121 - - [04/Jul/2026:16:57:00 +0000] "POST /wp-login.php HTTP/1.1" 508 288 "https://alpanarai.in/wp-login.php" "Mozilla/5.0 (Windows NT 11.0; Win64; x64) AppleWebKit/537.36 (KHTML, like Gecko) Chrome/121.0.0.0 Safari/537.36"
139.59.96.121 - - [04/Jul/2026:16:57:00 +0000] "POST /wp-login.php HTTP/1.1" 508 288 "https://alpanarai.in/wp-login.php" "Mozilla/5.0 (Windows NT 10.0; Win64; x64) AppleWebKit/537.36 (KHTML, like Gecko) Chrome/122.0.0.0 Safari/537.36"
139.59.96.121 - - [04/Jul/2026:16:57:01 +0000] "POST /wp-login.php HTTP/1.1" 508 288 "https://alpanarai.in/wp-login.php" "Mozilla/5.0 (X11; Linux x86_64) AppleWebKit/537.36 (KHTML, like Gecko) Chrome/120.0.0.0 Safari/537.36"
139.59.96.121 - - [04/Jul/2026:16:57:01 +0000] "POST /wp-login.php HTTP/1.1" 508 288 "https://alpanarai.in/wp-login.php" "Mozilla/5.0 (X11; Linux x86_64) AppleWebKit/537.36 (KHTML, like Gecko) Chrome/122.0.0.0 Safari/537.36"
139.59.96.121 - - [04/Jul/2026:16:57:01 +0000] "POST /wp-login.php HTTP/1.1" 508 288 "https://alpanarai.in/wp-login.php" "Mozilla/5.0 (X11; Linux x86_64) AppleWebKit/537.36 (KHTML, like Gecko) Chrome/123.0.0.0 Safari/537.36"
139.59.96.121 - - [04/Jul/2026:16:57:01 +0000] "POST /wp-login.php HTTP/1.1" 508 288 "https://alpanarai.in/wp-login.php" "Mozilla/5.0 (Windows NT 10.0; Win64; x64) AppleWebKit/537.36 (KHTML, like Gecko) Chrome/123.0.0.0 Safari/537.36"
139.59.96.121 - - [04/Jul/2026:16:56:53 +0000] "POST /wp-login.php HTTP/1.1" 200 6252 "https://alpanarai.in/wp-login.php" "Mozilla/5.0 (Windows NT 11.0; Win64; x64) AppleWebKit/537.36 (KHTML, like Gecko) Chrome/123.0.0.0 Safari/537.36"
139.59.96.121 - - [04/Jul/2026:16:56:53 +0000] "POST /wp-login.php HTTP/1.1" 200 6254 "https://alpanarai.in/wp-login.php" "Mozilla/5.0 (Windows NT 10.0; Win64; x64) AppleWebKit/537.36 (KHTML, like Gecko) Chrome/121.0.0.0 Safari/537.36"
139.59.96.121 - - [04/Jul/2026:16:56:53 +0000] "POST /wp-login.php HTTP/1.1" 200 6255 "https://alpanarai.in/wp-login.php" "Mozilla/5.0 (X11; Linux x86_64) AppleWebKit/537.36 (KHTML, like Gecko) Chrome/120.0.0.0 Safari/537.36"
139.59.96.121 - - [04/Jul/2026:16:56:54 +0000] "POST /wp-login.php HTTP/1.1" 200 6254 "https://alpanarai.in/wp-login.php" "Mozilla/5.0 (Windows NT 11.0; Win64; x64) AppleWebKit/537.36 (KHTML, like Gecko) Chrome/121.0.0.0 Safari/537.36"
139.59.96.121 - - [04/Jul/2026:16:56:54 +0000] "POST /wp-login.php HTTP/1.1" 200 6264 "https://alpanarai.in/wp-login.php" "Mozilla/5.0 (Windows NT 11.0; Win64; x64) AppleWebKit/537.36 (KHTML, like Gecko) Chrome/120.0.0.0 Safari/537.36"
139.59.96.121 - - [04/Jul/2026:16:56:55 +0000] "POST /wp-login.php HTTP/1.1" 200 6257 "https://alpanarai.in/wp-login.php" "Mozilla/5.0 (X11; Linux x86_64) AppleWebKit/537.36 (KHTML, like Gecko) Chrome/121.0.0.0 Safari/537.36"
139.59.96.121 - - [04/Jul/2026:16:56:55 +0000] "POST /wp-login.php HTTP/1.1" 200 6259 "https://alpanarai.in/wp-login.php" "Mozilla/5.0 (Windows NT 10.0; Win64; x64) AppleWebKit/537.36 (KHTML, like Gecko) Chrome/122.0.0.0 Safari/537.36"
139.59.96.121 - - [04/Jul/2026:16:56:56 +0000] "POST /wp-login.php HTTP/1.1" 200 6256 "https://alpanarai.in/wp-login.php" "Mozilla/5.0 (Windows NT 10.0; Win64; x64) AppleWebKit/537.36 (KHTML, like Gecko) Chrome/121.0.0.0 Safari/537.36"
139.59.96.121 - - [04/Jul/2026:16:56:56 +0000] "POST /wp-login.php HTTP/1.1" 200 6257 "https://alpanarai.in/wp-login.php" "Mozilla/5.0 (Windows NT 11.0; Win64; x64) AppleWebKit/537.36 (KHTML, like Gecko) Chrome/120.0.0.0 Safari/537.36"
139.59.96.121 - - [04/Jul/2026:16:56:57 +0000] "POST /wp-login.php HTTP/1.1" 200 6262 "https://alpanarai.in/wp-login.php" "Mozilla/5.0 (X11; Linux x86_64) AppleWebKit/537.36 (KHTML, like Gecko) Chrome/121.0.0.0 Safari/537.36"
139.59.96.121 - - [04/Jul/2026:16:56:56 +0000] "POST /wp-login.php HTTP/1.1" 200 6256 "https://alpanarai.in/wp-login.php" "Mozilla/5.0 (X11; Linux x86_64) AppleWebKit/537.36 (KHTML, like Gecko) Chrome/121.0.0.0 Safari/537.36"
139.59.96.121 - - [04/Jul/2026:16:56:57 +0000] "POST /wp-login.php HTTP/1.1" 200 6252 "https://alpanarai.in/wp-login.php" "Mozilla/5.0 (Windows NT 10.0; Win64; x64) AppleWebKit/537.36 (KHTML, like Gecko) Chrome/121.0.0.0 Safari/537.36"
139.59.96.121 - - [04/Jul/2026:16:56:58 +0000] "POST /wp-login.php HTTP/1.1" 200 6252 "https://alpanarai.in/wp-login.php" "Mozilla/5.0 (Windows NT 11.0; Win64; x64) AppleWebKit/537.36 (KHTML, like Gecko) Chrome/122.0.0.0 Safari/537.36"
139.59.96.121 - - [04/Jul/2026:16:56:57 +0000] "POST /wp-login.php HTTP/1.1" 200 6257 "https://alpanarai.in/wp-login.php" "Mozilla/5.0 (Windows NT 11.0; Win64; x64) AppleWebKit/537.36 (KHTML, like Gecko) Chrome/122.0.0.0 Safari/537.36"
139.59.96.121 - - [04/Jul/2026:16:56:59 +0000] "POST /wp-login.php HTTP/1.1" 200 6136 "https://alpanarai.in/wp-login.php" "Mozilla/5.0 (X11; Linux x86_64) AppleWebKit/537.36 (KHTML, like Gecko) Chrome/123.0.0.0 Safari/537.36"
139.59.96.121 - - [04/Jul/2026:16:56:58 +0000] "POST /wp-login.php HTTP/1.1" 200 6257 "https://alpanarai.in/wp-login.php" "Mozilla/5.0 (Windows NT 10.0; Win64; x64) AppleWebKit/537.36 (KHTML, like Gecko) Chrome/121.0.0.0 Safari/537.36"
139.59.96.121 - - [04/Jul/2026:16:56:58 +0000] "POST /wp-login.php HTTP/1.1" 200 6136 "https://alpanarai.in/wp-login.php" "Mozilla/5.0 (Windows NT 10.0; Win64; x64) AppleWebKit/537.36 (KHTML, like Gecko) Chrome/122.0.0.0 Safari/537.36"
139.59.96.121 - - [04/Jul/2026:16:57:00 +0000] "POST /wp-login.php HTTP/1.1" 200 6136 "https://alpanarai.in/wp-login.php" "Mozilla/5.0 (Windows NT 11.0; Win64; x64) AppleWebKit/537.36 (KHTML, like Gecko) Chrome/123.0.0.0 Safari/537.36"
139.59.96.121 - - [04/Jul/2026:16:56:59 +0000] "POST /wp-login.php HTTP/1.1" 200 6257 "https://alpanarai.in/wp-login.php" "Mozilla/5.0 (Windows NT 10.0; Win64; x64) AppleWebKit/537.36 (KHTML, like Gecko) Chrome/121.0.0.0 Safari/537.36"
139.59.96.121 - - [04/Jul/2026:16:57:03 +0000] "POST /wp-login.php HTTP/1.1" 200 6253 "https://alpanarai.in/wp-login.php" "Mozilla/5.0 (X11; Linux x86_64) AppleWebKit/537.36 (KHTML, like Gecko) Chrome/123.0.0.0 Safari/537.36"
139.59.96.121 - - [04/Jul/2026:16:57:03 +0000] "POST /wp-login.php HTTP/1.1" 200 6251 "https://alpanarai.in/wp-login.php" "Mozilla/5.0 (Windows NT 10.0; Win64; x64) AppleWebKit/537.36 (KHTML, like Gecko) Chrome/123.0.0.0 Safari/537.36"
139.59.96.121 - - [04/Jul/2026:16:57:03 +0000] "POST /wp-login.php HTTP/1.1" 200 6252 "https://alpanarai.in/wp-login.php" "Mozilla/5.0 (X11; Linux x86_64) AppleWebKit/537.36 (KHTML, like Gecko) Chrome/122.0.0.0 Safari/537.36"
69.161.196.4 - - [04/Jul/2026:16:57:10 +0000] "POST /wp-cron.php?doing_wp_cron=1783184230.5502300262451171875000 HTTP/1.1" 200 - "-" "WordPress/7.0; https://www.alpanarai.in"
69.161.196.4 - - [04/Jul/2026:16:57:10 +0000] "POST /wp-cron.php?doing_wp_cron=1783184230.4331569671630859375000 HTTP/1.1" 200 - "-" "WordPress/7.0; https://www.alpanarai.in"
139.59.96.121 - - [04/Jul/2026:16:57:03 +0000] "POST /wp-login.php HTTP/1.1" 200 6136 "https://alpanarai.in/wp-login.php" "Mozilla/5.0 (Windows NT 10.0; Win64; x64) AppleWebKit/537.36 (KHTML, like Gecko) Chrome/120.0.0.0 Safari/537.36"
139.59.96.121 - - [04/Jul/2026:16:57:03 +0000] "POST /wp-login.php HTTP/1.1" 200 6252 "https://alpanarai.in/wp-login.php" "Mozilla/5.0 (Windows NT 11.0; Win64; x64) AppleWebKit/537.36 (KHTML, like Gecko) Chrome/121.0.0.0 Safari/537.36"
69.161.196.4 - - [04/Jul/2026:16:57:10 +0000] "POST /wp-cron.php?doing_wp_cron=1783184230.7336649894714355468750 HTTP/1.1" 200 - "-" "WordPress/7.0; https://www.alpanarai.in"
139.59.96.121 - - [04/Jul/2026:16:57:03 +0000] "POST /wp-login.php HTTP/1.1" 200 6257 "https://alpanarai.in/wp-login.php" "Mozilla/5.0 (X11; Linux x86_64) AppleWebKit/537.36 (KHTML, like Gecko) Chrome/123.0.0.0 Safari/537.36"
118.24.135.34 - - [04/Jul/2026:16:57:15 +0000] "GET / HTTP/1.1" 200 66189 "http://www.alpanarai.in" "Mozilla/5.0 (iPhone; CPU iPhone OS 13_2_3 like Mac OS X) AppleWebKit/605.1.15 (KHTML, like Gecko) Version/13.0.3 Mobile/15E148 Safari/604.1"
151.240.45.106 - - [04/Jul/2026:16:57:55 +0000] "POST /wp-login.php HTTP/1.1" 200 6257 "-" "Mozilla/5.0 (Windows NT 10.0; Win64; rv:143.0) Gecko/20100101 Firefox/143.0"
151.240.45.59 - - [04/Jul/2026:16:57:55 +0000] "POST /wp-login.php HTTP/1.1" 200 6306 "-" "Mozilla/5.0 (Windows NT 10.0; Win64; x64) AppleWebKit/537.36 Chrome/129.0.0.0 Safari/537.36"
69.161.196.4 - - [04/Jul/2026:16:58:19 +0000] "POST /wp-cron.php?doing_wp_cron=1783184299.6427869796752929687500 HTTP/1.1" 200 - "-" "WordPress/7.0; https://www.alpanarai.in"
103.151.75.33 - - [04/Jul/2026:16:58:19 +0000] "GET / HTTP/1.1" 301 - "-" "Python/3.12 aiohttp/3.13.5"
131.222.247.55 - - [04/Jul/2026:16:58:23 +0000] "GET / HTTP/1.1" 200 66189 "-" "Python/3.12 aiohttp/3.13.5"
69.161.196.4 - - [04/Jul/2026:17:01:44 +0000] "POST /wp-cron.php?doing_wp_cron=1783184504.1699769496917724609375 HTTP/1.1" 200 - "-" "WordPress/7.0; https://www.alpanarai.in"
49.51.233.46 - - [04/Jul/2026:17:01:43 +0000] "GET /saket-escorts.html HTTP/1.1" 200 53330 "-" "Mozilla/5.0 (iPhone; CPU iPhone OS 13_2_3 like Mac OS X) AppleWebKit/605.1.15 (KHTML, like Gecko) Version/13.0.3 Mobile/15E148 Safari/604.1"
151.240.45.98 - - [04/Jul/2026:17:08:28 +0000] "POST /wp-login.php HTTP/1.1" 200 6306 "-" "Mozilla/5.0 (Windows NT 10.0; Win64; x64) AppleWebKit/537.36 Chrome/129.0.0.0 Safari/537.36"
69.161.196.4 - - [04/Jul/2026:17:08:28 +0000] "POST /wp-cron.php?doing_wp_cron=1783184908.7237980365753173828125 HTTP/1.1" 200 - "-" "WordPress/7.0; https://www.alpanarai.in"
151.240.45.77 - - [04/Jul/2026:17:08:28 +0000] "POST /wp-login.php HTTP/1.1" 200 6257 "-" "Mozilla/5.0 (Windows NT 10.0; Win64; x64) AppleWebKit/537.36 Chrome/129.0.0.0 Safari/537.36"
69.161.196.4 - - [04/Jul/2026:17:10:23 +0000] "POST /wp-cron.php?doing_wp_cron=1783185023.4461100101470947265625 HTTP/1.1" 200 - "-" "WordPress/7.0; https://www.alpanarai.in"
43.156.37.91 - - [04/Jul/2026:17:10:22 +0000] "GET /paschim-vihar-escorts.html HTTP/1.1" 200 52490 "-" "Mozilla/5.0 (iPhone; CPU iPhone OS 13_2_3 like Mac OS X) AppleWebKit/605.1.15 (KHTML, like Gecko) Version/13.0.3 Mobile/15E148 Safari/604.1"
91.134.35.95 - - [04/Jul/2026:17:11:20 +0000] "GET / HTTP/1.1" 200 66189 "-" "Mozilla/5.0 (Windows NT 6.1; Win64; x64) AppleWebKit/537.36 (KHTML, like Gecko) Chrome/61.0.3163.100 Safari/537.36"
151.240.45.77 - - [04/Jul/2026:17:18:55 +0000] "POST /wp-login.php HTTP/1.1" 200 6306 "-" "Mozilla/5.0 (Windows NT 10.0; Win64; rv:143.0) Gecko/20100101 Firefox/143.0"
69.161.196.4 - - [04/Jul/2026:17:18:56 +0000] "POST /wp-cron.php?doing_wp_cron=1783185536.1206259727478027343750 HTTP/1.1" 200 - "-" "WordPress/7.0; https://www.alpanarai.in"
151.240.45.80 - - [04/Jul/2026:17:18:55 +0000] "POST /wp-login.php HTTP/1.1" 200 6257 "-" "Mozilla/5.0 (Windows NT 10.0; Win64; x64) AppleWebKit/537.36 Chrome/129.0.0.0 Safari/537.36"
69.161.196.4 - - [04/Jul/2026:17:21:12 +0000] "POST /wp-cron.php?doing_wp_cron=1783185672.4782760143280029296875 HTTP/1.1" 200 - "-" "WordPress/7.0; https://www.alpanarai.in"
216.73.216.172 - - [04/Jul/2026:17:21:10 +0000] "GET /robots.txt HTTP/1.1" 200 120 "-" "Mozilla/5.0 AppleWebKit/537.36 (KHTML, like Gecko; compatible; ClaudeBot/1.0; +claudebot@anthropic.com)"
216.73.216.172 - - [04/Jul/2026:17:21:12 +0000] "GET / HTTP/1.1" 200 66189 "-" "Mozilla/5.0 AppleWebKit/537.36 (KHTML, like Gecko; compatible; ClaudeBot/1.0; +claudebot@anthropic.com)"
43.130.72.40 - - [04/Jul/2026:17:21:55 +0000] "GET /vip-rajendra-place-escorts.html HTTP/1.1" 200 54403 "-" "Mozilla/5.0 (iPhone; CPU iPhone OS 13_2_3 like Mac OS X) AppleWebKit/605.1.15 (KHTML, like Gecko) Version/13.0.3 Mobile/15E148 Safari/604.1"
101.33.55.204 - - [04/Jul/2026:17:24:46 +0000] "GET / HTTP/1.1" 200 66189 "http://alpanarai.in" "Mozilla/5.0 (iPhone; CPU iPhone OS 13_2_3 like Mac OS X) AppleWebKit/605.1.15 (KHTML, like Gecko) Version/13.0.3 Mobile/15E148 Safari/604.1"
151.240.45.68 - - [04/Jul/2026:17:29:28 +0000] "POST /wp-login.php HTTP/1.1" 200 6257 "-" "Mozilla/5.0 (Macintosh; Intel Mac OS X 10_15_7) AppleWebKit/605.1.15 Version/17.0 Safari/605.1.15"
69.161.196.4 - - [04/Jul/2026:17:29:32 +0000] "POST /wp-cron.php?doing_wp_cron=1783186172.5396580696105957031250 HTTP/1.1" 200 - "-" "WordPress/7.0; https://www.alpanarai.in"
151.240.45.78 - - [04/Jul/2026:17:29:28 +0000] "POST /wp-login.php HTTP/1.1" 200 6306 "-" "Mozilla/5.0 (Macintosh; Intel Mac OS X 10_15_7) AppleWebKit/605.1.15 Version/17.0 Safari/605.1.15"
104.192.3.106 - - [04/Jul/2026:17:29:43 +0000] "GET /.git/config HTTP/1.1" 301 - "-" "Mozilla/5.0 (X11; Linux x86_64) AppleWebKit/537.36 (KHTML, like Gecko) Chrome/56.0.2924.76 Safari/537.36"
69.161.196.4 - - [04/Jul/2026:17:30:21 +0000] "POST /wp-cron.php?doing_wp_cron=1783186221.1716079711914062500000 HTTP/1.1" 200 - "-" "WordPress/7.0; https://www.alpanarai.in"
51.195.183.86 - - [04/Jul/2026:17:30:19 +0000] "GET /sitemap_index.xml HTTP/1.1" 200 661 "-" "Mozilla/5.0 (compatible; AhrefsBot/7.0; +http://ahrefs.com/robot/)"
51.89.129.119 - - [04/Jul/2026:17:30:22 +0000] "GET /post-sitemap.xml HTTP/1.1" 200 11267 "-" "Mozilla/5.0 (compatible; AhrefsBot/7.0; +http://ahrefs.com/robot/)"
198.244.226.30 - - [04/Jul/2026:17:30:26 +0000] "GET /page-sitemap.xml HTTP/1.1" 200 4185 "-" "Mozilla/5.0 (compatible; AhrefsBot/7.0; +http://ahrefs.com/robot/)"
54.38.147.59 - - [04/Jul/2026:17:30:29 +0000] "GET /category-sitemap.xml HTTP/1.1" 200 768 "-" "Mozilla/5.0 (compatible; AhrefsBot/7.0; +http://ahrefs.com/robot/)"
69.161.196.4 - - [04/Jul/2026:17:32:06 +0000] "POST /wp-cron.php?doing_wp_cron=1783186326.2358460426330566406250 HTTP/1.1" 200 - "-" "WordPress/7.0; https://www.alpanarai.in"
43.166.224.244 - - [04/Jul/2026:17:32:04 +0000] "GET /comments/feed HTTP/1.1" 200 739 "-" "Mozilla/5.0 (iPhone; CPU iPhone OS 13_2_3 like Mac OS X) AppleWebKit/605.1.15 (KHTML, like Gecko) Version/13.0.3 Mobile/15E148 Safari/604.1"
34.234.215.217 - - [04/Jul/2026:17:33:07 +0000] "GET / HTTP/1.1" 200 66189 "http://alpanarai.in/" "Go-http-client/1.1"
69.161.196.4 - - [04/Jul/2026:17:40:05 +0000] "POST /wp-cron.php?doing_wp_cron=1783186805.3452529907226562500000 HTTP/1.1" 200 - "-" "WordPress/7.0; https://www.alpanarai.in"
151.240.45.65 - - [04/Jul/2026:17:40:02 +0000] "POST /wp-login.php HTTP/1.1" 200 6257 "-" "Mozilla/5.0 (Windows NT 10.0; Win64; rv:143.0) Gecko/20100101 Firefox/143.0"
151.240.45.82 - - [04/Jul/2026:17:40:02 +0000] "POST /wp-login.php HTTP/1.1" 200 6306 "-" "Mozilla/5.0 (Windows NT 10.0; Win64; x64) AppleWebKit/537.36 Chrome/129.0.0.0 Safari/537.36"
69.161.196.4 - - [04/Jul/2026:17:41:33 +0000] "POST /wp-cron.php?doing_wp_cron=1783186893.4522669315338134765625 HTTP/1.1" 200 - "-" "WordPress/7.0; https://www.alpanarai.in"
43.156.36.169 - - [04/Jul/2026:17:41:29 +0000] "GET /vip-punjabi-bagh-escorts.html HTTP/1.1" 200 51814 "-" "Mozilla/5.0 (iPhone; CPU iPhone OS 13_2_3 like Mac OS X) AppleWebKit/605.1.15 (KHTML, like Gecko) Version/13.0.3 Mobile/15E148 Safari/604.1"
52.237.126.164 - - [04/Jul/2026:17:48:16 +0000] "GET /wp-content/plugins/hellopress/wp_filemanager.php HTTP/1.1" 404 5749 "-" "-"
52.237.126.164 - - [04/Jul/2026:17:48:17 +0000] "GET /this_is_a_new_hello_world.php HTTP/1.1" 404 5749 "-" "-"
52.237.126.164 - - [04/Jul/2026:17:48:17 +0000] "GET /002.php HTTP/1.1" 404 5749 "-" "-"
52.237.126.164 - - [04/Jul/2026:17:48:17 +0000] "GET /sbdfe.php HTTP/1.1" 404 5749 "-" "-"
52.237.126.164 - - [04/Jul/2026:17:48:18 +0000] "GET /flox.php HTTP/1.1" 404 5749 "-" "-"
52.237.126.164 - - [04/Jul/2026:17:48:18 +0000] "GET /wp-includes/assets/ HTTP/1.1" 404 5749 "-" "-"
52.237.126.164 - - [04/Jul/2026:17:48:19 +0000] "GET /file61.php HTTP/1.1" 404 5749 "-" "-"
52.237.126.164 - - [04/Jul/2026:17:48:19 +0000] "GET /ano.php HTTP/1.1" 404 5749 "-" "-"
52.237.126.164 - - [04/Jul/2026:17:48:19 +0000] "GET /f35.php HTTP/1.1" 404 5749 "-" "-"
52.237.126.164 - - [04/Jul/2026:17:48:20 +0000] "GET /wp-includes/sitemaps/ HTTP/1.1" 404 5749 "-" "-"
52.237.126.164 - - [04/Jul/2026:17:48:20 +0000] "GET /uploads/fungsi.php HTTP/1.1" 404 5749 "-" "-"
52.237.126.164 - - [04/Jul/2026:17:48:20 +0000] "GET /config.php HTTP/1.1" 404 5749 "-" "-"
52.237.126.164 - - [04/Jul/2026:17:48:21 +0000] "GET /min.php HTTP/1.1" 404 5749 "-" "-"
52.237.126.164 - - [04/Jul/2026:17:48:21 +0000] "GET /wp-blink.php HTTP/1.1" 404 5749 "-" "-"
52.237.126.164 - - [04/Jul/2026:17:48:21 +0000] "GET /ip.php HTTP/1.1" 404 5749 "-" "-"
52.237.126.164 - - [04/Jul/2026:17:48:22 +0000] "GET /d61.php HTTP/1.1" 404 5749 "-" "-"
52.237.126.164 - - [04/Jul/2026:17:48:22 +0000] "GET /wnihc.php HTTP/1.1" 404 5749 "-" "-"
52.237.126.164 - - [04/Jul/2026:17:48:23 +0000] "GET /w.php HTTP/1.1" 404 5749 "-" "-"
52.237.126.164 - - [04/Jul/2026:17:48:23 +0000] "GET /wp-asudo.php HTTP/1.1" 404 5749 "-" "-"
52.237.126.164 - - [04/Jul/2026:17:48:23 +0000] "GET /core.php HTTP/1.1" 404 5749 "-" "-"
52.237.126.164 - - [04/Jul/2026:17:48:24 +0000] "GET /like.php HTTP/1.1" 404 5749 "-" "-"
52.237.126.164 - - [04/Jul/2026:17:48:24 +0000] "GET /wp-admin/js/pe9rsn.php HTTP/1.1" 404 5749 "-" "-"
52.237.126.164 - - [04/Jul/2026:17:48:24 +0000] "GET /tes.php HTTP/1.1" 404 5749 "-" "-"
52.237.126.164 - - [04/Jul/2026:17:48:25 +0000] "GET /edit.php HTTP/1.1" 404 5749 "-" "-"
52.237.126.164 - - [04/Jul/2026:17:48:25 +0000] "GET /dex.php HTTP/1.1" 404 5749 "-" "-"
52.237.126.164 - - [04/Jul/2026:17:48:26 +0000] "GET /v55.php HTTP/1.1" 404 5749 "-" "-"
52.237.126.164 - - [04/Jul/2026:17:48:26 +0000] "GET /autoload_classmap/function.php HTTP/1.1" 404 5749 "-" "-"
52.237.126.164 - - [04/Jul/2026:17:48:26 +0000] "GET /urlar.php HTTP/1.1" 404 5749 "-" "-"
52.237.126.164 - - [04/Jul/2026:17:48:27 +0000] "GET /2026w.php HTTP/1.1" 404 5749 "-" "-"
52.237.126.164 - - [04/Jul/2026:17:48:27 +0000] "GET /keyyy.php HTTP/1.1" 404 5749 "-" "-"
52.237.126.164 - - [04/Jul/2026:17:48:27 +0000] "GET /dygckbez.php HTTP/1.1" 404 5749 "-" "-"
52.237.126.164 - - [04/Jul/2026:17:48:28 +0000] "GET /hypo.php HTTP/1.1" 404 5749 "-" "-"
52.237.126.164 - - [04/Jul/2026:17:48:28 +0000] "GET /wp-sync.php HTTP/1.1" 404 5749 "-" "-"
52.237.126.164 - - [04/Jul/2026:17:48:29 +0000] "GET /wp-e0miea13.php HTTP/1.1" 404 5749 "-" "-"
52.237.126.164 - - [04/Jul/2026:17:48:29 +0000] "GET /aa.php HTTP/1.1" 404 5749 "-" "-"
52.237.126.164 - - [04/Jul/2026:17:48:29 +0000] "GET /av.php HTTP/1.1" 404 5749 "-" "-"
52.237.126.164 - - [04/Jul/2026:17:48:30 +0000] "GET /products/about.php HTTP/1.1" 404 5749 "-" "-"
52.237.126.164 - - [04/Jul/2026:17:48:30 +0000] "GET /wp-file.php HTTP/1.1" 404 5749 "-" "-"
52.237.126.164 - - [04/Jul/2026:17:48:30 +0000] "GET /wp-includes/css/dist/ HTTP/1.1" 404 5749 "-" "-"
52.237.126.164 - - [04/Jul/2026:17:48:31 +0000] "GET /item.php HTTP/1.1" 404 5749 "-" "-"
52.237.126.164 - - [04/Jul/2026:17:48:31 +0000] "GET /wp-dengko.php HTTP/1.1" 404 5749 "-" "-"
52.237.126.164 - - [04/Jul/2026:17:48:31 +0000] "GET /wp-86.php HTTP/1.1" 404 5749 "-" "-"
52.237.126.164 - - [04/Jul/2026:17:48:32 +0000] "GET /wpxml.php HTTP/1.1" 404 5749 "-" "-"
52.237.126.164 - - [04/Jul/2026:17:48:32 +0000] "GET /file5.php HTTP/1.1" 404 5749 "-" "-"
52.237.126.164 - - [04/Jul/2026:17:48:32 +0000] "GET /wp-admin/js/widgets/ HTTP/1.1" 404 5749 "-" "-"
52.237.126.164 - - [04/Jul/2026:17:48:33 +0000] "GET /super.php HTTP/1.1" 404 5749 "-" "-"
52.237.126.164 - - [04/Jul/2026:17:48:33 +0000] "GET /ova.php HTTP/1.1" 404 5749 "-" "-"
52.237.126.164 - - [04/Jul/2026:17:48:34 +0000] "GET /sdm.php HTTP/1.1" 404 5749 "-" "-"
52.237.126.164 - - [04/Jul/2026:17:48:34 +0000] "GET /twinklingly.php HTTP/1.1" 404 5749 "-" "-"
52.237.126.164 - - [04/Jul/2026:17:48:34 +0000] "GET /wp-blog-header.php?p= HTTP/1.1" 404 5749 "-" "-"
52.237.126.164 - - [04/Jul/2026:17:48:35 +0000] "GET /gtd7.php HTTP/1.1" 404 5749 "-" "-"
52.237.126.164 - - [04/Jul/2026:17:48:35 +0000] "GET /rof.php HTTP/1.1" 404 5749 "-" "-"
52.237.126.164 - - [04/Jul/2026:17:48:35 +0000] "GET /h2h.php HTTP/1.1" 404 5749 "-" "-"
52.237.126.164 - - [04/Jul/2026:17:48:36 +0000] "GET /ffhma.php HTTP/1.1" 404 5749 "-" "-"
52.237.126.164 - - [04/Jul/2026:17:48:36 +0000] "GET /son.php HTTP/1.1" 404 5749 "-" "-"
52.237.126.164 - - [04/Jul/2026:17:48:36 +0000] "GET /firewall.php7 HTTP/1.1" 404 5749 "-" "-"
52.237.126.164 - - [04/Jul/2026:17:48:37 +0000] "GET /fm-cdjs.php HTTP/1.1" 404 5749 "-" "-"
52.237.126.164 - - [04/Jul/2026:17:48:37 +0000] "GET /wp-rrtx.php HTTP/1.1" 404 5749 "-" "-"
52.237.126.164 - - [04/Jul/2026:17:48:37 +0000] "GET /data.php HTTP/1.1" 404 5749 "-" "-"
52.237.126.164 - - [04/Jul/2026:17:48:38 +0000] "GET /wp-curl-file.php HTTP/1.1" 404 5749 "-" "-"
52.237.126.164 - - [04/Jul/2026:17:48:38 +0000] "GET /xenium4.php HTTP/1.1" 404 5749 "-" "-"
52.237.126.164 - - [04/Jul/2026:17:48:39 +0000] "GET /punah.php HTTP/1.1" 404 5749 "-" "-"
52.237.126.164 - - [04/Jul/2026:17:48:39 +0000] "GET /zsec.php HTTP/1.1" 404 5749 "-" "-"
52.237.126.164 - - [04/Jul/2026:17:48:39 +0000] "GET /wp-fileesx-449.php HTTP/1.1" 404 5749 "-" "-"
52.237.126.164 - - [04/Jul/2026:17:48:40 +0000] "GET /venom.php HTTP/1.1" 404 5749 "-" "-"
52.237.126.164 - - [04/Jul/2026:17:48:40 +0000] "GET /5shagu.php HTTP/1.1" 404 5749 "-" "-"
52.237.126.164 - - [04/Jul/2026:17:48:40 +0000] "GET /assets/css/dist/ HTTP/1.1" 404 5749 "-" "-"
52.237.126.164 - - [04/Jul/2026:17:48:41 +0000] "GET /bak.php HTTP/1.1" 404 5749 "-" "-"
52.237.126.164 - - [04/Jul/2026:17:48:41 +0000] "GET /miru1.php HTTP/1.1" 404 5749 "-" "-"
52.237.126.164 - - [04/Jul/2026:17:48:41 +0000] "GET /btx25.php HTTP/1.1" 404 5749 "-" "-"
52.237.126.164 - - [04/Jul/2026:17:48:42 +0000] "GET /vir-v2.php HTTP/1.1" 404 5749 "-" "-"
52.237.126.164 - - [04/Jul/2026:17:48:42 +0000] "GET /wp-includes/item.php HTTP/1.1" 404 5749 "-" "-"
52.237.126.164 - - [04/Jul/2026:17:48:43 +0000] "GET /shell.php HTTP/1.1" 404 5749 "-" "-"
52.237.126.164 - - [04/Jul/2026:17:48:43 +0000] "GET /special.php HTTP/1.1" 404 5749 "-" "-"
52.237.126.164 - - [04/Jul/2026:17:48:43 +0000] "GET /avcqlevnbk.php HTTP/1.1" 404 5749 "-" "-"
52.237.126.164 - - [04/Jul/2026:17:48:44 +0000] "GET /wp-content/admin.php HTTP/1.1" 404 5749 "-" "-"
52.237.126.164 - - [04/Jul/2026:17:48:44 +0000] "GET /yhdofb.php HTTP/1.1" 404 5749 "-" "-"
52.237.126.164 - - [04/Jul/2026:17:48:44 +0000] "GET /waktu.php HTTP/1.1" 404 5749 "-" "-"
52.237.126.164 - - [04/Jul/2026:17:48:45 +0000] "GET /wp-ws68.php HTTP/1.1" 404 5749 "-" "-"
52.237.126.164 - - [04/Jul/2026:17:48:45 +0000] "GET /awp-careers.php HTTP/1.1" 404 5749 "-" "-"
52.237.126.164 - - [04/Jul/2026:17:48:45 +0000] "GET /rum.php HTTP/1.1" 404 5749 "-" "-"
52.237.126.164 - - [04/Jul/2026:17:48:46 +0000] "GET /wp-admin/js/dist/ HTTP/1.1" 404 5749 "-" "-"
52.237.126.164 - - [04/Jul/2026:17:48:46 +0000] "GET /w1px.php HTTP/1.1" 404 5749 "-" "-"
52.237.126.164 - - [04/Jul/2026:17:48:47 +0000] "GET /jung.php HTTP/1.1" 404 5749 "-" "-"
52.237.126.164 - - [04/Jul/2026:17:48:47 +0000] "GET /wp-includes/js/jquery/ HTTP/1.1" 404 5749 "-" "-"
52.237.126.164 - - [04/Jul/2026:17:48:47 +0000] "GET /wso112233a.php HTTP/1.1" 404 5749 "-" "-"
52.237.126.164 - - [04/Jul/2026:17:48:48 +0000] "GET /d2.php HTTP/1.1" 404 5749 "-" "-"
52.237.126.164 - - [04/Jul/2026:17:48:48 +0000] "GET /xsox.php HTTP/1.1" 404 5749 "-" "-"
52.237.126.164 - - [04/Jul/2026:17:48:48 +0000] "GET /zxcs.php HTTP/1.1" 404 5749 "-" "-"
52.237.126.164 - - [04/Jul/2026:17:48:49 +0000] "GET /.wp/wso.php HTTP/1.1" 404 5749 "-" "-"
52.237.126.164 - - [04/Jul/2026:17:48:49 +0000] "GET /lglta.php HTTP/1.1" 404 5749 "-" "-"
52.237.126.164 - - [04/Jul/2026:17:48:49 +0000] "GET /edit-tags.php HTTP/1.1" 404 5749 "-" "-"
52.237.126.164 - - [04/Jul/2026:17:48:50 +0000] "GET /images/send.php HTTP/1.1" 404 5749 "-" "-"
52.237.126.164 - - [04/Jul/2026:17:48:50 +0000] "GET /1.php HTTP/1.1" 404 5749 "-" "-"
52.237.126.164 - - [04/Jul/2026:17:48:50 +0000] "GET /wp-includes/js/dist/ HTTP/1.1" 404 5749 "-" "-"
52.237.126.164 - - [04/Jul/2026:17:48:51 +0000] "GET /shp.php HTTP/1.1" 404 5749 "-" "-"
52.237.126.164 - - [04/Jul/2026:17:48:51 +0000] "GET /Ov-Simple1.php HTTP/1.1" 404 5749 "-" "-"
52.237.126.164 - - [04/Jul/2026:17:48:52 +0000] "GET /0xD.php HTTP/1.1" 404 5749 "-" "-"
52.237.126.164 - - [04/Jul/2026:17:48:52 +0000] "GET /G-In.php HTTP/1.1" 404 5749 "-" "-"
52.237.126.164 - - [04/Jul/2026:17:48:52 +0000] "GET /assets/css/admin.php HTTP/1.1" 404 5749 "-" "-"
52.237.126.164 - - [04/Jul/2026:17:48:53 +0000] "GET /mac.php HTTP/1.1" 404 5749 "-" "-"
52.237.126.164 - - [04/Jul/2026:17:48:53 +0000] "GET /arig.php HTTP/1.1" 404 5749 "-" "-"
52.237.126.164 - - [04/Jul/2026:17:48:54 +0000] "GET /fiu.php HTTP/1.1" 404 5749 "-" "-"
52.237.126.164 - - [04/Jul/2026:17:48:54 +0000] "GET /inc.php HTTP/1.1" 404 5749 "-" "-"
52.237.126.164 - - [04/Jul/2026:17:48:55 +0000] "GET /wincust.php HTTP/1.1" 404 5749 "-" "-"
52.237.126.164 - - [04/Jul/2026:17:48:55 +0000] "GET /kk.php HTTP/1.1" 404 5749 "-" "-"
52.237.126.164 - - [04/Jul/2026:17:48:55 +0000] "GET /asu.php HTTP/1.1" 404 5749 "-" "-"
52.237.126.164 - - [04/Jul/2026:17:48:56 +0000] "GET /wp-tkdc.php HTTP/1.1" 404 5749 "-" "-"
52.237.126.164 - - [04/Jul/2026:17:48:56 +0000] "GET /mmrp.php HTTP/1.1" 404 5749 "-" "-"
52.237.126.164 - - [04/Jul/2026:17:48:56 +0000] "GET /lock360.php HTTP/1.1" 404 5749 "-" "-"
52.237.126.164 - - [04/Jul/2026:17:48:57 +0000] "GET /hi.php HTTP/1.1" 404 5749 "-" "-"
52.237.126.164 - - [04/Jul/2026:17:48:57 +0000] "GET /wp-b0rk5oy.php HTTP/1.1" 404 5749 "-" "-"
52.237.126.164 - - [04/Jul/2026:17:48:57 +0000] "GET /wp-includes/l10n/ HTTP/1.1" 404 5749 "-" "-"
52.237.126.164 - - [04/Jul/2026:17:48:58 +0000] "GET /0d.php HTTP/1.1" 404 5749 "-" "-"
52.237.126.164 - - [04/Jul/2026:17:48:58 +0000] "GET /jimbo.php HTTP/1.1" 404 5749 "-" "-"
52.237.126.164 - - [04/Jul/2026:17:48:58 +0000] "GET /ezijy.php HTTP/1.1" 404 5749 "-" "-"
52.237.126.164 - - [04/Jul/2026:17:48:59 +0000] "GET /zezha.php HTTP/1.1" 404 5749 "-" "-"
52.237.126.164 - - [04/Jul/2026:17:48:59 +0000] "GET /contact/index.php HTTP/1.1" 404 5749 "-" "-"
52.237.126.164 - - [04/Jul/2026:17:48:59 +0000] "GET /templates/beez/index.php HTTP/1.1" 404 5749 "-" "-"
52.237.126.164 - - [04/Jul/2026:17:49:00 +0000] "GET /c4.php HTTP/1.1" 404 5749 "-" "-"
52.237.126.164 - - [04/Jul/2026:17:49:00 +0000] "GET /19.php HTTP/1.1" 404 5749 "-" "-"
52.237.126.164 - - [04/Jul/2026:17:49:00 +0000] "GET /bumxewlsll.php HTTP/1.1" 404 5749 "-" "-"
52.237.126.164 - - [04/Jul/2026:17:49:01 +0000] "GET /wp-content/plugins/erinyani/ HTTP/1.1" 404 5749 "-" "-"
52.237.126.164 - - [04/Jul/2026:17:49:01 +0000] "GET /thoms.php HTTP/1.1" 404 5749 "-" "-"
69.161.196.4 - - [04/Jul/2026:17:50:33 +0000] "POST /wp-cron.php?doing_wp_cron=1783187433.7552630901336669921875 HTTP/1.1" 200 - "-" "WordPress/7.0; https://www.alpanarai.in"
151.240.45.60 - - [04/Jul/2026:17:50:32 +0000] "POST /wp-login.php HTTP/1.1" 200 6257 "-" "Mozilla/5.0 (Macintosh; Intel Mac OS X 10_15_7) AppleWebKit/605.1.15 Version/17.0 Safari/605.1.15"
151.240.45.67 - - [04/Jul/2026:17:50:32 +0000] "POST /wp-login.php HTTP/1.1" 200 6306 "-" "Mozilla/5.0 (Windows NT 10.0; Win64; x64) AppleWebKit/537.36 Chrome/129.0.0.0 Safari/537.36"
43.156.37.91 - - [04/Jul/2026:17:50:37 +0000] "GET /nehru-place-escorts.html HTTP/1.1" 200 53885 "-" "Mozilla/5.0 (iPhone; CPU iPhone OS 13_2_3 like Mac OS X) AppleWebKit/605.1.15 (KHTML, like Gecko) Version/13.0.3 Mobile/15E148 Safari/604.1"
184.154.139.38 - - [04/Jul/2026:17:55:47 +0000] "GET / HTTP/1.1" 200 66189 "http://www.google.com/url?url=www.alpanarai.in&yahoo.com" "Mozilla/5.0 (compatible; MSIE 9.0; Windows NT 6.1; WOW64; Trident/6.0)"
184.154.139.38 - - [04/Jul/2026:17:55:51 +0000] "GET /th1s_1s_a_4o4.html HTTP/1.1" 301 - "-" "SiteLockSpider [en] (WinNT; I ;Nav)"
184.154.139.38 - - [04/Jul/2026:17:55:54 +0000] "GET / HTTP/1.1" 200 66189 "http://www.google.com/url?url=www.alpanarai.in&yahoo.com" "Mozilla/5.0 (compatible; MSIE 9.0; Windows NT 6.1; WOW64; Trident/6.0)"
184.154.139.38 - - [04/Jul/2026:17:55:59 +0000] "GET /?=%EF%80%82&s=1 HTTP/1.1" 200 49523 "-" "SiteLockSpider [en] (WinNT; I ;Nav)"
184.154.139.38 - - [04/Jul/2026:17:56:03 +0000] "GET /nehru-place-escorts.html HTTP/1.1" 200 53884 "-" "SiteLockSpider [en] (WinNT; I ;Nav)"
184.154.139.38 - - [04/Jul/2026:17:56:08 +0000] "GET //wp-content/plugins/litespeed-cache/readme.txt HTTP/1.1" 200 146344 "-" "SiteLockSpider [en] (WinNT; I ;Nav)"
151.240.45.54 - - [04/Jul/2026:18:01:11 +0000] "POST /wp-login.php HTTP/1.1" 200 6306 "-" "Mozilla/5.0 (Macintosh; Intel Mac OS X 10_15_7) AppleWebKit/605.1.15 Version/17.0 Safari/605.1.15"
69.161.196.4 - - [04/Jul/2026:18:01:13 +0000] "POST /wp-cron.php?doing_wp_cron=1783188072.5452480316162109375000 HTTP/1.1" 200 - "-" "WordPress/7.0; https://www.alpanarai.in"
151.240.45.87 - - [04/Jul/2026:18:01:11 +0000] "POST /wp-login.php HTTP/1.1" 200 6257 "-" "Mozilla/5.0 (Macintosh; Intel Mac OS X 10_15_7) AppleWebKit/605.1.15 Version/17.0 Safari/605.1.15"
43.135.172.89 - - [04/Jul/2026:18:01:41 +0000] "GET /vip-munirka-escorts.html HTTP/1.1" 200 53621 "-" "Mozilla/5.0 (iPhone; CPU iPhone OS 13_2_3 like Mac OS X) AppleWebKit/605.1.15 (KHTML, like Gecko) Version/13.0.3 Mobile/15E148 Safari/604.1"
69.161.196.4 - - [04/Jul/2026:18:11:51 +0000] "POST /wp-cron.php?doing_wp_cron=1783188711.7459800243377685546875 HTTP/1.1" 200 - "-" "WordPress/7.0; https://www.alpanarai.in"
151.240.45.58 - - [04/Jul/2026:18:11:49 +0000] "POST /wp-login.php HTTP/1.1" 200 6257 "-" "Mozilla/5.0 (Macintosh; Intel Mac OS X 10_15_7) AppleWebKit/605.1.15 Version/17.0 Safari/605.1.15"
151.240.45.93 - - [04/Jul/2026:18:11:49 +0000] "POST /wp-login.php HTTP/1.1" 200 6306 "-" "Mozilla/5.0 (Windows NT 10.0; Win64; rv:143.0) Gecko/20100101 Firefox/143.0"
69.161.196.4 - - [04/Jul/2026:18:12:58 +0000] "POST /wp-cron.php?doing_wp_cron=1783188778.4854440689086914062500 HTTP/1.1" 200 - "-" "WordPress/7.0; https://www.alpanarai.in"
162.62.231.139 - - [04/Jul/2026:18:12:55 +0000] "GET /vasant-kunj-escorts.html HTTP/1.1" 200 54864 "-" "Mozilla/5.0 (iPhone; CPU iPhone OS 13_2_3 like Mac OS X) AppleWebKit/605.1.15 (KHTML, like Gecko) Version/13.0.3 Mobile/15E148 Safari/604.1"
69.161.196.4 - - [04/Jul/2026:18:13:12 +0000] "POST /wp-cron.php?doing_wp_cron=1783188792.1022179126739501953125 HTTP/1.1" 200 - "-" "WordPress/7.0; https://www.alpanarai.in"
43.159.35.188 - - [04/Jul/2026:18:13:10 +0000] "GET / HTTP/1.1" 200 66189 "http://www.alpanarai.in" "Mozilla/5.0 (iPhone; CPU iPhone OS 13_2_3 like Mac OS X) AppleWebKit/605.1.15 (KHTML, like Gecko) Version/13.0.3 Mobile/15E148 Safari/604.1"
69.161.196.4 - - [04/Jul/2026:18:15:11 +0000] "POST /wp-cron.php?doing_wp_cron=1783188911.0429019927978515625000 HTTP/1.1" 200 - "-" "WordPress/7.0; https://www.alpanarai.in"
207.180.212.99 - - [04/Jul/2026:18:15:09 +0000] "GET /high-class-uttam-nagar-escorts.html HTTP/1.1" 200 54154 "-" "Mozilla/5.0 (compatible; Googlebot/2.1; +http://www.google.com/bot.html)"
69.161.196.4 - - [04/Jul/2026:18:21:37 +0000] "POST /wp-cron.php?doing_wp_cron=1783189297.4036390781402587890625 HTTP/1.1" 200 - "-" "WordPress/7.0; https://www.alpanarai.in"
49.51.132.100 - - [04/Jul/2026:18:21:35 +0000] "GET /author/raiaplacgnew HTTP/1.1" 200 60469 "-" "Mozilla/5.0 (iPhone; CPU iPhone OS 13_2_3 like Mac OS X) AppleWebKit/605.1.15 (KHTML, like Gecko) Version/13.0.3 Mobile/15E148 Safari/604.1"
69.161.196.4 - - [04/Jul/2026:18:23:07 +0000] "POST /wp-cron.php?doing_wp_cron=1783189386.9458999633789062500000 HTTP/1.1" 200 - "-" "WordPress/7.0; https://www.alpanarai.in"
74.7.242.56 - - [04/Jul/2026:18:23:05 +0000] "GET /sitemap_index.xml HTTP/1.1" 200 661 "-" "Mozilla/5.0 AppleWebKit/537.36 (KHTML, like Gecko; compatible; GPTBot/1.4; +https://openai.com/gptbot)"
74.7.241.159 - - [04/Jul/2026:18:23:06 +0000] "GET /robots.txt HTTP/1.1" 200 120 "-" "Mozilla/5.0 (Macintosh; Intel Mac OS X 10_15_7) AppleWebKit/537.36 (KHTML, like Gecko) Chrome/131.0.0.0 Safari/537.36; compatible; OAI-SearchBot/1.4; robots.txt; +https://openai.com/searchbot"
69.161.196.4 - - [04/Jul/2026:18:25:28 +0000] "POST /wp-cron.php?doing_wp_cron=1783189528.0592529773712158203125 HTTP/1.1" 200 - "-" "WordPress/7.0; https://www.alpanarai.in"
104.244.78.33 - - [04/Jul/2026:18:25:27 +0000] "GET / HTTP/1.1" 301 - "-" "Mozilla/5.0 (compatible; DuckDuckBot/1.1; +http://duckduckgo.com/duckduckbot.html)"
104.244.78.33 - - [04/Jul/2026:18:25:28 +0000] "GET / HTTP/1.1" 200 66189 "https://alpanarai.in/" "Mozilla/5.0 (compatible; DuckDuckBot/1.1; +http://duckduckgo.com/duckduckbot.html)"
104.244.78.33 - - [04/Jul/2026:18:33:54 +0000] "GET / HTTP/1.1" 400 52 "-" "Mozilla/5.0 AppleWebKit/537.36 (KHTML, like Gecko; compatible; ChatGPT-User/1.0; +https://openai.com/bot)"
69.161.196.4 - - [04/Jul/2026:18:34:59 +0000] "POST /wp-cron.php?doing_wp_cron=1783190099.3885068893432617187500 HTTP/1.1" 200 - "-" "WordPress/7.0; https://www.alpanarai.in"
43.153.96.79 - - [04/Jul/2026:18:34:55 +0000] "GET /high-profile-south-ex-escorts.html HTTP/1.1" 200 53656 "-" "Mozilla/5.0 (iPhone; CPU iPhone OS 13_2_3 like Mac OS X) AppleWebKit/605.1.15 (KHTML, like Gecko) Version/13.0.3 Mobile/15E148 Safari/604.1"
69.161.196.4 - - [04/Jul/2026:18:38:55 +0000] "POST /wp-cron.php?doing_wp_cron=1783190335.3471570014953613281250 HTTP/1.1" 200 - "-" "WordPress/7.0; https://www.alpanarai.in"
43.130.102.223 - - [04/Jul/2026:18:38:53 +0000] "GET /green-park-escorts.html HTTP/1.1" 200 53777 "-" "Mozilla/5.0 (iPhone; CPU iPhone OS 13_2_3 like Mac OS X) AppleWebKit/605.1.15 (KHTML, like Gecko) Version/13.0.3 Mobile/15E148 Safari/604.1"
69.161.196.4 - - [04/Jul/2026:18:52:03 +0000] "POST /wp-cron.php?doing_wp_cron=1783191122.9528830051422119140625 HTTP/1.1" 200 - "-" "WordPress/7.0; https://www.alpanarai.in"
43.155.129.131 - - [04/Jul/2026:18:52:00 +0000] "GET /wp-json/oembed/1.0/embed?url=https%3A%2F%2Fwww.alpanarai.in%2F HTTP/1.1" 200 2345 "-" "Mozilla/5.0 (iPhone; CPU iPhone OS 13_2_3 like Mac OS X) AppleWebKit/605.1.15 (KHTML, like Gecko) Version/13.0.3 Mobile/15E148 Safari/604.1"
104.244.78.33 - - [04/Jul/2026:19:00:53 +0000] "GET / HTTP/1.1" 401 53 "-" "Mozilla/5.0 (compatible; OAI-SearchBot/1.3; +https://openai.com/searchbot)"
69.161.196.4 - - [04/Jul/2026:19:01:57 +0000] "POST /wp-cron.php?doing_wp_cron=1783191717.0735299587249755859375 HTTP/1.1" 200 - "-" "WordPress/7.0; https://www.alpanarai.in"
170.106.65.93 - - [04/Jul/2026:19:01:55 +0000] "GET /new-friends-colony-escorts.html HTTP/1.1" 200 54262 "-" "Mozilla/5.0 (iPhone; CPU iPhone OS 13_2_3 like Mac OS X) AppleWebKit/605.1.15 (KHTML, like Gecko) Version/13.0.3 Mobile/15E148 Safari/604.1"
37.59.204.129 - - [04/Jul/2026:19:02:03 +0000] "GET /robots.txt HTTP/1.1" 200 120 "-" "Mozilla/5.0 (compatible; AhrefsBot/7.0; +http://ahrefs.com/robot/)"
176.31.139.3 - - [04/Jul/2026:19:02:05 +0000] "GET /sitemap_index.xml HTTP/1.1" 200 661 "-" "Mozilla/5.0 (compatible; AhrefsBot/7.0; +http://ahrefs.com/robot/)"
176.31.139.31 - - [04/Jul/2026:19:02:07 +0000] "GET /post-sitemap.xml HTTP/1.1" 200 11267 "-" "Mozilla/5.0 (compatible; AhrefsBot/7.0; +http://ahrefs.com/robot/)"
94.23.188.192 - - [04/Jul/2026:19:02:08 +0000] "GET /page-sitemap.xml HTTP/1.1" 200 4185 "-" "Mozilla/5.0 (compatible; AhrefsBot/7.0; +http://ahrefs.com/robot/)"
69.161.196.4 - - [04/Jul/2026:19:02:11 +0000] "POST /wp-cron.php?doing_wp_cron=1783191731.4001278877258300781250 HTTP/1.1" 200 - "-" "WordPress/7.0; https://www.alpanarai.in"
176.31.139.31 - - [04/Jul/2026:19:02:10 +0000] "GET /category-sitemap.xml HTTP/1.1" 200 768 "-" "Mozilla/5.0 (compatible; AhrefsBot/7.0; +http://ahrefs.com/robot/)"
69.161.196.4 - - [04/Jul/2026:19:12:14 +0000] "POST /wp-cron.php?doing_wp_cron=1783192333.9426970481872558593750 HTTP/1.1" 200 - "-" "WordPress/7.0; https://www.alpanarai.in"
43.159.62.129 - - [04/Jul/2026:19:12:13 +0000] "GET /?p=18 HTTP/1.1" 301 - "-" "Mozilla/5.0 (iPhone; CPU iPhone OS 13_2_3 like Mac OS X) AppleWebKit/605.1.15 (KHTML, like Gecko) Version/13.0.3 Mobile/15E148 Safari/604.1"
43.159.62.129 - - [04/Jul/2026:19:12:17 +0000] "GET /paschim-vihar-escorts.html HTTP/1.1" 200 52489 "https://www.alpanarai.in/?p=18" "Mozilla/5.0 (iPhone; CPU iPhone OS 13_2_3 like Mac OS X) AppleWebKit/605.1.15 (KHTML, like Gecko) Version/13.0.3 Mobile/15E148 Safari/604.1"
69.161.196.4 - - [04/Jul/2026:19:24:13 +0000] "POST /wp-cron.php?doing_wp_cron=1783193053.0541579723358154296875 HTTP/1.1" 200 - "-" "WordPress/7.0; https://www.alpanarai.in"
101.32.52.164 - - [04/Jul/2026:19:24:11 +0000] "GET /vip-rajendra-place-escorts.html/feed HTTP/1.1" 200 845 "-" "Mozilla/5.0 (iPhone; CPU iPhone OS 13_2_3 like Mac OS X) AppleWebKit/605.1.15 (KHTML, like Gecko) Version/13.0.3 Mobile/15E148 Safari/604.1"
69.161.196.4 - - [04/Jul/2026:19:33:52 +0000] "POST /wp-cron.php?doing_wp_cron=1783193632.1523370742797851562500 HTTP/1.1" 200 - "-" "WordPress/7.0; https://www.alpanarai.in"
43.130.91.95 - - [04/Jul/2026:19:33:51 +0000] "GET /vip-punjabi-bagh-escorts.html HTTP/1.1" 200 51814 "-" "Mozilla/5.0 (iPhone; CPU iPhone OS 13_2_3 like Mac OS X) AppleWebKit/605.1.15 (KHTML, like Gecko) Version/13.0.3 Mobile/15E148 Safari/604.1"
69.161.196.4 - - [04/Jul/2026:19:43:15 +0000] "POST /wp-cron.php?doing_wp_cron=1783194195.5796270370483398437500 HTTP/1.1" 200 - "-" "WordPress/7.0; https://www.alpanarai.in"
43.130.116.87 - - [04/Jul/2026:19:43:14 +0000] "GET /vip-punjabi-bagh-escorts.html/feed HTTP/1.1" 200 830 "-" "Mozilla/5.0 (iPhone; CPU iPhone OS 13_2_3 like Mac OS X) AppleWebKit/605.1.15 (KHTML, like Gecko) Version/13.0.3 Mobile/15E148 Safari/604.1"
69.161.196.4 - - [04/Jul/2026:19:49:29 +0000] "POST /wp-cron.php?doing_wp_cron=1783194569.7322630882263183593750 HTTP/1.1" 200 - "-" "WordPress/7.0; https://www.alpanarai.in"
103.108.58.177 - - [04/Jul/2026:19:49:28 +0000] "GET /favicon.ico HTTP/1.1" 302 - "-" "FaviconHash-API/1.0"
103.108.58.177 - - [04/Jul/2026:19:49:28 +0000] "GET / HTTP/1.1" 301 - "-" "FaviconHash-API/1.0"
103.108.58.177 - - [04/Jul/2026:19:49:31 +0000] "GET /wp-includes/images/w-logo-blue-white-bg.png HTTP/1.1" 200 4119 "-" "FaviconHash-API/1.0"
103.108.58.177 - - [04/Jul/2026:19:49:31 +0000] "GET / HTTP/1.1" 200 66189 "-" "FaviconHash-API/1.0"
69.161.196.4 - - [04/Jul/2026:19:52:10 +0000] "POST /wp-cron.php?doing_wp_cron=1783194730.7755680084228515625000 HTTP/1.1" 200 - "-" "WordPress/7.0; https://www.alpanarai.in"
49.51.252.146 - - [04/Jul/2026:19:52:09 +0000] "GET /nehru-place-escorts.html HTTP/1.1" 200 53885 "-" "Mozilla/5.0 (iPhone; CPU iPhone OS 13_2_3 like Mac OS X) AppleWebKit/605.1.15 (KHTML, like Gecko) Version/13.0.3 Mobile/15E148 Safari/604.1"
69.161.196.4 - - [04/Jul/2026:19:55:00 +0000] "POST /wp-cron.php?doing_wp_cron=1783194900.1786921024322509765625 HTTP/1.1" 200 - "-" "WordPress/7.0; https://www.alpanarai.in"
216.73.216.172 - - [04/Jul/2026:19:54:58 +0000] "GET /robots.txt HTTP/1.1" 200 120 "-" "Mozilla/5.0 AppleWebKit/537.36 (KHTML, like Gecko; compatible; ClaudeBot/1.0; +claudebot@anthropic.com)"
216.73.216.172 - - [04/Jul/2026:19:55:00 +0000] "GET /sitemap_index.xml HTTP/1.1" 200 661 "-" "Mozilla/5.0 AppleWebKit/537.36 (KHTML, like Gecko; compatible; ClaudeBot/1.0; +claudebot@anthropic.com)"
69.161.196.4 - - [04/Jul/2026:20:01:29 +0000] "POST /wp-cron.php?doing_wp_cron=1783195289.4754250049591064453125 HTTP/1.1" 200 - "-" "WordPress/7.0; https://www.alpanarai.in"
43.134.100.175 - - [04/Jul/2026:20:01:28 +0000] "GET /vip-munirka-escorts.html HTTP/1.1" 200 53621 "-" "Mozilla/5.0 (iPhone; CPU iPhone OS 13_2_3 like Mac OS X) AppleWebKit/605.1.15 (KHTML, like Gecko) Version/13.0.3 Mobile/15E148 Safari/604.1"
69.161.196.4 - - [04/Jul/2026:20:13:00 +0000] "POST /wp-cron.php?doing_wp_cron=1783195979.9465730190277099609375 HTTP/1.1" 200 - "-" "WordPress/7.0; https://www.alpanarai.in"
124.156.204.51 - - [04/Jul/2026:20:12:58 +0000] "GET /vasant-kunj-escorts.html HTTP/1.1" 200 54862 "-" "Mozilla/5.0 (iPhone; CPU iPhone OS 13_2_3 like Mac OS X) AppleWebKit/605.1.15 (KHTML, like Gecko) Version/13.0.3 Mobile/15E148 Safari/604.1"
69.161.196.4 - - [04/Jul/2026:20:18:05 +0000] "POST /wp-cron.php?doing_wp_cron=1783196285.1679658889770507812500 HTTP/1.1" 200 - "-" "WordPress/7.0; https://www.alpanarai.in"
104.244.78.33 - - [04/Jul/2026:20:18:04 +0000] "GET / HTTP/1.1" 301 - "-" "CCBot/2.0 (https://commoncrawl.org/faq/)"
104.244.78.33 - - [04/Jul/2026:20:18:05 +0000] "GET / HTTP/1.1" 200 66189 "https://mail.alpanarai.in/" "CCBot/2.0 (https://commoncrawl.org/faq/)"
69.161.196.4 - - [04/Jul/2026:20:21:02 +0000] "POST /wp-cron.php?doing_wp_cron=1783196462.4244379997253417968750 HTTP/1.1" 200 - "-" "WordPress/7.0; https://www.alpanarai.in"
43.157.149.188 - - [04/Jul/2026:20:21:01 +0000] "GET /author/raiaplacgnew/page/2 HTTP/1.1" 200 58074 "-" "Mozilla/5.0 (iPhone; CPU iPhone OS 13_2_3 like Mac OS X) AppleWebKit/605.1.15 (KHTML, like Gecko) Version/13.0.3 Mobile/15E148 Safari/604.1"
69.161.196.4 - - [04/Jul/2026:20:24:06 +0000] "POST /wp-cron.php?doing_wp_cron=1783196646.2060658931732177734375 HTTP/1.1" 200 - "-" "WordPress/7.0; https://www.alpanarai.in"
207.180.212.99 - - [04/Jul/2026:20:24:05 +0000] "GET /high-class-uttam-nagar-escorts.html HTTP/1.1" 200 54154 "-" "Mozilla/5.0 (compatible; Googlebot/2.1; +http://www.google.com/bot.html)"
69.161.196.4 - - [04/Jul/2026:20:32:15 +0000] "POST /wp-cron.php?doing_wp_cron=1783197135.7485249042510986328125 HTTP/1.1" 200 - "-" "WordPress/7.0; https://www.alpanarai.in"
43.133.60.94 - - [04/Jul/2026:20:32:12 +0000] "GET /gallery HTTP/1.1" 200 51375 "-" "Mozilla/5.0 (iPhone; CPU iPhone OS 13_2_3 like Mac OS X) AppleWebKit/605.1.15 (KHTML, like Gecko) Version/13.0.3 Mobile/15E148 Safari/604.1"
69.161.196.4 - - [04/Jul/2026:20:33:57 +0000] "POST /wp-cron.php?doing_wp_cron=1783197237.5316910743713378906250 HTTP/1.1" 200 - "-" "WordPress/7.0; https://www.alpanarai.in"
37.59.204.159 - - [04/Jul/2026:20:33:57 +0000] "GET /sitemap_index.xml HTTP/1.1" 200 661 "-" "Mozilla/5.0 (compatible; AhrefsBot/7.0; +http://ahrefs.com/robot/)"
176.31.139.28 - - [04/Jul/2026:20:33:58 +0000] "GET /post-sitemap.xml HTTP/1.1" 200 11267 "-" "Mozilla/5.0 (compatible; AhrefsBot/7.0; +http://ahrefs.com/robot/)"
92.222.108.106 - - [04/Jul/2026:20:34:00 +0000] "GET /page-sitemap.xml HTTP/1.1" 200 4185 "-" "Mozilla/5.0 (compatible; AhrefsBot/7.0; +http://ahrefs.com/robot/)"
92.222.108.113 - - [04/Jul/2026:20:34:02 +0000] "GET /category-sitemap.xml HTTP/1.1" 200 768 "-" "Mozilla/5.0 (compatible; AhrefsBot/7.0; +http://ahrefs.com/robot/)"
69.161.196.4 - - [04/Jul/2026:20:35:05 +0000] "POST /wp-cron.php?doing_wp_cron=1783197305.0406310558319091796875 HTTP/1.1" 200 - "-" "WordPress/7.0; https://www.alpanarai.in"
40.77.167.219 - - [04/Jul/2026:20:35:04 +0000] "GET /robots.txt HTTP/1.1" 200 120 "-" "Mozilla/5.0 AppleWebKit/537.36 (KHTML, like Gecko; compatible; bingbot/2.0; +http://www.bing.com/bingbot.htm) Chrome/116.0.1938.76 Safari/537.36"
69.161.196.4 - - [04/Jul/2026:20:35:16 +0000] "POST /wp-cron.php?doing_wp_cron=1783197316.7478659152984619140625 HTTP/1.1" 200 - "-" "WordPress/7.0; https://www.alpanarai.in"
52.167.144.197 - - [04/Jul/2026:20:35:15 +0000] "GET /sitemaps.xml HTTP/1.1" 301 - "-" "Mozilla/5.0 AppleWebKit/537.36 (KHTML, like Gecko; compatible; bingbot/2.0; +http://www.bing.com/bingbot.htm) Chrome/116.0.1938.76 Safari/537.36"
52.167.144.197 - - [04/Jul/2026:20:35:17 +0000] "GET / HTTP/1.1" 200 66189 "-" "Mozilla/5.0 AppleWebKit/537.36 (KHTML, like Gecko; compatible; bingbot/2.0; +http://www.bing.com/bingbot.htm) Chrome/116.0.1938.76 Safari/537.36"
69.161.196.4 - - [04/Jul/2026:20:42:59 +0000] "POST /wp-cron.php?doing_wp_cron=1783197779.1646509170532226562500 HTTP/1.1" 200 - "-" "WordPress/7.0; https://www.alpanarai.in"
