103.189.201.165 - - [04/Jul/2026:14:21:49 +0000] "POST /xmlrpc.php HTTP/1.1" 301 293 "-" "WordPress.com; https://wordpress.com"
52.243.62.144 - - [04/Jul/2026:14:21:49 +0000] "GET /autodiscover/autodiscover.xml HTTP/1.1" 400 52 "-" "-"
182.77.62.24 - - [04/Jul/2026:14:21:47 +0000] "POST /wp-login.php HTTP/1.1" 200 2109 "https://www.girlsescortsindelhi.in/wp-login.php" "Mozilla/5.0 (Windows NT 10.0; Win64; x64) AppleWebKit/537.36 (KHTML, like Gecko) Chrome/120.0.0.0 Safari/537.36"
4.193.171.159 - - [04/Jul/2026:14:21:48 +0000] "GET /wp.php HTTP/1.1" 301 - "-" "-"
52.243.62.144 - - [04/Jul/2026:14:21:52 +0000] "GET /autodiscover/autodiscover.xml HTTP/1.1" 400 52 "-" "-"
103.189.201.165 - - [04/Jul/2026:14:21:50 +0000] "GET /xmlrpc.php HTTP/1.1" 405 42 "-" "WordPress.com; https://wordpress.com"
52.243.62.144 - - [04/Jul/2026:14:21:54 +0000] "GET /autodiscover/autodiscover.xml HTTP/1.1" 400 52 "-" "-"
4.193.171.159 - - [04/Jul/2026:14:21:50 +0000] "GET / HTTP/1.1" 200 63771 "-" "-"
52.243.62.144 - - [04/Jul/2026:14:21:56 +0000] "GET /autodiscover/autodiscover.xml HTTP/1.1" 400 52 "-" "-"
4.193.171.159 - - [04/Jul/2026:14:21:54 +0000] "GET /wp-content/uploads/index.php HTTP/1.1" 301 - "-" "-"
52.243.62.144 - - [04/Jul/2026:14:21:57 +0000] "GET /autodiscover/autodiscover.xml HTTP/1.1" 400 52 "-" "-"
4.193.171.159 - - [04/Jul/2026:14:21:56 +0000] "GET / HTTP/1.1" 200 63771 "-" "-"
4.193.171.159 - - [04/Jul/2026:14:21:59 +0000] "GET /wp-config-sample.php HTTP/1.1" 500 2482 "-" "-"
103.189.201.165 - - [04/Jul/2026:14:21:59 +0000] "POST /xmlrpc.php HTTP/1.1" 301 293 "-" "WordPress.com; https://wordpress.com"
52.243.62.144 - - [04/Jul/2026:14:22:00 +0000] "GET /autodiscover/autodiscover.xml HTTP/1.1" 400 52 "-" "-"
52.243.62.144 - - [04/Jul/2026:14:22:02 +0000] "GET /autodiscover/autodiscover.xml HTTP/1.1" 400 52 "-" "-"
52.243.62.144 - - [04/Jul/2026:14:22:03 +0000] "GET /autodiscover/autodiscover.xml HTTP/1.1" 400 52 "-" "-"
4.193.171.159 - - [04/Jul/2026:14:22:00 +0000] "GET /wp-content/themes/x/bypass.php HTTP/1.1" 301 - "-" "-"
52.243.62.144 - - [04/Jul/2026:14:22:05 +0000] "GET /autodiscover/autodiscover.xml HTTP/1.1" 400 52 "-" "-"
103.189.201.165 - - [04/Jul/2026:14:22:00 +0000] "GET /xmlrpc.php HTTP/1.1" 405 42 "-" "WordPress.com; https://wordpress.com"
4.193.171.159 - - [04/Jul/2026:14:22:04 +0000] "GET / HTTP/1.1" 200 63771 "-" "-"
52.243.62.144 - - [04/Jul/2026:14:22:06 +0000] "GET /autodiscover/autodiscover.xml HTTP/1.1" 400 52 "-" "-"
52.243.62.144 - - [04/Jul/2026:14:22:08 +0000] "GET /autodiscover/autodiscover.xml HTTP/1.1" 400 52 "-" "-"
4.193.171.159 - - [04/Jul/2026:14:22:07 +0000] "GET /666.php HTTP/1.1" 301 - "-" "-"
52.243.62.144 - - [04/Jul/2026:14:22:09 +0000] "GET /autodiscover/autodiscover.xml HTTP/1.1" 400 52 "-" "-"
103.189.201.165 - - [04/Jul/2026:14:22:10 +0000] "POST /xmlrpc.php HTTP/1.1" 301 293 "-" "Jetpack/12.1; WordPress/6.3; http://site21593871.com"
4.193.171.159 - - [04/Jul/2026:14:22:09 +0000] "GET / HTTP/1.1" 200 63771 "-" "-"
52.243.62.144 - - [04/Jul/2026:14:22:11 +0000] "GET /autodiscover/autodiscover.xml HTTP/1.1" 400 52 "-" "-"
52.243.62.144 - - [04/Jul/2026:14:22:13 +0000] "GET /autodiscover/autodiscover.xml HTTP/1.1" 400 52 "-" "-"
103.189.201.165 - - [04/Jul/2026:14:22:11 +0000] "GET /xmlrpc.php HTTP/1.1" 405 42 "-" "Jetpack/12.1; WordPress/6.3; http://site21593871.com"
4.193.171.159 - - [04/Jul/2026:14:22:11 +0000] "GET /bgymj.php HTTP/1.1" 301 - "-" "-"
52.243.62.144 - - [04/Jul/2026:14:22:15 +0000] "GET /autodiscover/autodiscover.xml HTTP/1.1" 400 52 "-" "-"
4.193.171.159 - - [04/Jul/2026:14:22:14 +0000] "GET / HTTP/1.1" 200 63771 "-" "-"
52.243.62.144 - - [04/Jul/2026:14:22:17 +0000] "GET /autodiscover/autodiscover.xml HTTP/1.1" 400 52 "-" "-"
52.243.62.144 - - [04/Jul/2026:14:22:19 +0000] "GET /autodiscover/autodiscover.xml HTTP/1.1" 400 52 "-" "-"
4.193.171.159 - - [04/Jul/2026:14:22:17 +0000] "GET /control.php HTTP/1.1" 301 - "-" "-"
103.189.201.165 - - [04/Jul/2026:14:22:20 +0000] "POST /xmlrpc.php HTTP/1.1" 301 293 "-" "WordPress.com; https://wordpress.com"
52.243.62.144 - - [04/Jul/2026:14:22:21 +0000] "GET /autodiscover/autodiscover.xml HTTP/1.1" 400 52 "-" "-"
52.243.62.144 - - [04/Jul/2026:14:22:23 +0000] "GET /autodiscover/autodiscover.xml HTTP/1.1" 400 52 "-" "-"
4.193.171.159 - - [04/Jul/2026:14:22:20 +0000] "GET / HTTP/1.1" 200 63771 "-" "-"
103.189.201.165 - - [04/Jul/2026:14:22:21 +0000] "GET /xmlrpc.php HTTP/1.1" 405 42 "-" "WordPress.com; https://wordpress.com"
52.243.62.144 - - [04/Jul/2026:14:22:25 +0000] "GET /autodiscover/autodiscover.xml HTTP/1.1" 400 52 "-" "-"
4.193.171.159 - - [04/Jul/2026:14:22:24 +0000] "GET /randkeyword.PhP7 HTTP/1.1" 301 - "-" "-"
4.193.171.159 - - [04/Jul/2026:14:22:27 +0000] "GET / HTTP/1.1" 200 63771 "-" "-"
103.189.201.165 - - [04/Jul/2026:14:22:31 +0000] "POST /xmlrpc.php HTTP/1.1" 301 293 "-" "Jetpack by WordPress.com (Jetpack 13.0; WordPress 6.4)"
52.243.62.144 - - [04/Jul/2026:14:22:32 +0000] "GET /autodiscover/autodiscover.xml HTTP/1.1" 400 52 "-" "-"
4.193.171.159 - - [04/Jul/2026:14:22:32 +0000] "GET /wp-content/plugins/core-plugin/include.php HTTP/1.1" 301 - "-" "-"
103.189.201.165 - - [04/Jul/2026:14:22:32 +0000] "GET /xmlrpc.php HTTP/1.1" 405 42 "-" "Jetpack by WordPress.com (Jetpack 13.0; WordPress 6.4)"
4.193.171.159 - - [04/Jul/2026:14:22:35 +0000] "GET / HTTP/1.1" 200 63771 "-" "-"
52.243.62.144 - - [04/Jul/2026:14:22:37 +0000] "GET /autodiscover/autodiscover.xml HTTP/1.1" 400 52 "-" "-"
52.243.62.144 - - [04/Jul/2026:14:22:39 +0000] "GET /autodiscover/autodiscover.xml HTTP/1.1" 400 52 "-" "-"
4.193.171.159 - - [04/Jul/2026:14:22:38 +0000] "GET /wp-includes/assets/ty.php HTTP/1.1" 301 - "-" "-"
52.243.62.144 - - [04/Jul/2026:14:22:41 +0000] "GET /autodiscover/autodiscover.xml HTTP/1.1" 400 52 "-" "-"
103.189.201.165 - - [04/Jul/2026:14:22:41 +0000] "POST /xmlrpc.php HTTP/1.1" 301 293 "-" "Jetpack by WordPress.com (Jetpack 12.0; WordPress 6.1)"
52.243.62.144 - - [04/Jul/2026:14:22:42 +0000] "GET /autodiscover/autodiscover.xml HTTP/1.1" 400 52 "-" "-"
4.193.171.159 - - [04/Jul/2026:14:22:40 +0000] "GET / HTTP/1.1" 200 63771 "-" "-"
52.243.62.144 - - [04/Jul/2026:14:22:44 +0000] "GET /autodiscover/autodiscover.xml HTTP/1.1" 400 52 "-" "-"
103.189.201.165 - - [04/Jul/2026:14:22:42 +0000] "GET /xmlrpc.php HTTP/1.1" 405 42 "-" "Jetpack by WordPress.com (Jetpack 12.0; WordPress 6.1)"
4.193.171.159 - - [04/Jul/2026:14:22:44 +0000] "GET /file61.php HTTP/1.1" 301 - "-" "-"
52.243.62.144 - - [04/Jul/2026:14:22:46 +0000] "GET /autodiscover/autodiscover.xml HTTP/1.1" 400 52 "-" "-"
4.193.171.159 - - [04/Jul/2026:14:22:45 +0000] "GET / HTTP/1.1" 200 63771 "-" "-"
52.243.62.144 - - [04/Jul/2026:14:22:50 +0000] "GET /autodiscover/autodiscover.xml HTTP/1.1" 400 52 "-" "-"
4.193.171.159 - - [04/Jul/2026:14:22:48 +0000] "GET /p.php HTTP/1.1" 301 - "-" "-"
52.243.62.144 - - [04/Jul/2026:14:22:51 +0000] "GET /autodiscover/autodiscover.xml HTTP/1.1" 400 52 "-" "-"
103.189.201.165 - - [04/Jul/2026:14:22:52 +0000] "POST /xmlrpc.php HTTP/1.1" 301 293 "-" "WordPress.com; https://wordpress.com"
4.193.171.159 - - [04/Jul/2026:14:22:50 +0000] "GET / HTTP/1.1" 200 63771 "-" "-"
52.243.62.144 - - [04/Jul/2026:14:22:54 +0000] "GET /autodiscover/autodiscover.xml HTTP/1.1" 400 52 "-" "-"
103.189.201.165 - - [04/Jul/2026:14:22:53 +0000] "GET /xmlrpc.php HTTP/1.1" 405 42 "-" "WordPress.com; https://wordpress.com"
4.193.171.159 - - [04/Jul/2026:14:22:54 +0000] "GET /ms-edit.php HTTP/1.1" 301 - "-" "-"
52.243.62.144 - - [04/Jul/2026:14:22:57 +0000] "GET /autodiscover/autodiscover.xml HTTP/1.1" 400 52 "-" "-"
4.193.171.159 - - [04/Jul/2026:14:22:56 +0000] "GET / HTTP/1.1" 200 63771 "-" "-"
52.243.62.144 - - [04/Jul/2026:14:23:00 +0000] "GET /autodiscover/autodiscover.xml HTTP/1.1" 400 52 "-" "-"
4.193.171.159 - - [04/Jul/2026:14:23:00 +0000] "GET /alfanew.PHP7 HTTP/1.1" 301 - "-" "-"
103.189.201.165 - - [04/Jul/2026:14:23:03 +0000] "POST /xmlrpc.php HTTP/1.1" 301 293 "-" "Jetpack/12.1; WordPress/6.4; http://site71585591.com"
52.243.62.144 - - [04/Jul/2026:14:23:03 +0000] "GET /autodiscover/autodiscover.xml HTTP/1.1" 400 52 "-" "-"
4.193.171.159 - - [04/Jul/2026:14:23:03 +0000] "GET / HTTP/1.1" 200 63771 "-" "-"
52.243.62.144 - - [04/Jul/2026:14:23:05 +0000] "GET /autodiscover/autodiscover.xml HTTP/1.1" 400 52 "-" "-"
103.189.201.165 - - [04/Jul/2026:14:23:03 +0000] "GET /xmlrpc.php HTTP/1.1" 405 42 "-" "Jetpack/12.1; WordPress/6.4; http://site71585591.com"
4.193.171.159 - - [04/Jul/2026:14:23:06 +0000] "GET /cgi-bin HTTP/1.1" 301 291 "-" "-"
52.243.62.144 - - [04/Jul/2026:14:23:08 +0000] "GET /autodiscover/autodiscover.xml HTTP/1.1" 400 52 "-" "-"
4.193.171.159 - - [04/Jul/2026:14:23:06 +0000] "GET /cgi-bin/ HTTP/1.1" 301 - "-" "-"
4.193.171.159 - - [04/Jul/2026:14:23:09 +0000] "GET / HTTP/1.1" 200 63771 "-" "-"
52.243.62.144 - - [04/Jul/2026:14:23:11 +0000] "GET /autodiscover/autodiscover.xml HTTP/1.1" 400 52 "-" "-"
103.189.201.165 - - [04/Jul/2026:14:23:13 +0000] "POST /xmlrpc.php HTTP/1.1" 301 293 "-" "WordPress.com; https://wordpress.com"
52.243.62.144 - - [04/Jul/2026:14:23:14 +0000] "GET /autodiscover/autodiscover.xml HTTP/1.1" 400 52 "-" "-"
4.193.171.159 - - [04/Jul/2026:14:23:11 +0000] "GET /dx.php HTTP/1.1" 301 - "-" "-"
52.243.62.144 - - [04/Jul/2026:14:23:15 +0000] "GET /autodiscover/autodiscover.xml HTTP/1.1" 400 52 "-" "-"
4.193.171.159 - - [04/Jul/2026:14:23:14 +0000] "GET / HTTP/1.1" 200 63771 "-" "-"
103.189.201.165 - - [04/Jul/2026:14:23:14 +0000] "GET /xmlrpc.php HTTP/1.1" 405 42 "-" "WordPress.com; https://wordpress.com"
52.243.62.144 - - [04/Jul/2026:14:23:17 +0000] "GET /autodiscover/autodiscover.xml HTTP/1.1" 400 52 "-" "-"
4.193.171.159 - - [04/Jul/2026:14:23:16 +0000] "GET /index.php HTTP/1.1" 301 - "-" "-"
52.243.62.144 - - [04/Jul/2026:14:23:19 +0000] "GET /autodiscover/autodiscover.xml HTTP/1.1" 400 52 "-" "-"
4.193.171.159 - - [04/Jul/2026:14:23:19 +0000] "GET / HTTP/1.1" 200 63771 "-" "-"
4.193.171.159 - - [04/Jul/2026:14:23:20 +0000] "GET /.well-known/pki-validation HTTP/1.1" 301 310 "-" "-"
52.243.62.144 - - [04/Jul/2026:14:23:21 +0000] "GET /autodiscover/autodiscover.xml HTTP/1.1" 400 52 "-" "-"
4.193.171.159 - - [04/Jul/2026:14:23:20 +0000] "GET /.well-known/pki-validation/ HTTP/1.1" 301 - "-" "-"
52.243.62.144 - - [04/Jul/2026:14:23:23 +0000] "GET /autodiscover/autodiscover.xml HTTP/1.1" 400 52 "-" "-"
103.189.201.165 - - [04/Jul/2026:14:23:24 +0000] "POST /xmlrpc.php HTTP/1.1" 301 293 "-" "WordPress.com; https://wordpress.com"
216.244.66.242 - - [04/Jul/2026:14:23:22 +0000] "GET /connaught-place-cp-model-escorts-service/ HTTP/1.1" 301 - "-" "Mozilla/5.0 (compatible; DotBot/1.2; +https://opensiteexplorer.org/dotbot; help@moz.com)"
4.193.171.159 - - [04/Jul/2026:14:23:22 +0000] "GET / HTTP/1.1" 200 63771 "-" "-"
103.189.201.165 - - [04/Jul/2026:14:23:24 +0000] "GET /xmlrpc.php HTTP/1.1" 405 42 "-" "WordPress.com; https://wordpress.com"
52.243.62.144 - - [04/Jul/2026:14:23:26 +0000] "GET /autodiscover/autodiscover.xml HTTP/1.1" 400 52 "-" "-"
52.243.62.144 - - [04/Jul/2026:14:23:28 +0000] "GET /autodiscover/autodiscover.xml HTTP/1.1" 400 52 "-" "-"
4.193.171.159 - - [04/Jul/2026:14:23:25 +0000] "GET /doc.php HTTP/1.1" 301 - "-" "-"
52.243.62.144 - - [04/Jul/2026:14:23:29 +0000] "GET /autodiscover/autodiscover.xml HTTP/1.1" 400 52 "-" "-"
4.193.171.159 - - [04/Jul/2026:14:23:28 +0000] "GET / HTTP/1.1" 200 63771 "-" "-"
52.243.62.144 - - [04/Jul/2026:14:23:31 +0000] "GET /autodiscover/autodiscover.xml HTTP/1.1" 400 52 "-" "-"
4.193.171.159 - - [04/Jul/2026:14:23:30 +0000] "GET /tool.php HTTP/1.1" 301 - "-" "-"
52.243.62.144 - - [04/Jul/2026:14:23:34 +0000] "GET /autodiscover/autodiscover.xml HTTP/1.1" 400 52 "-" "-"
103.189.201.165 - - [04/Jul/2026:14:23:34 +0000] "POST /xmlrpc.php HTTP/1.1" 301 293 "-" "Jetpack by WordPress.com"
4.193.171.159 - - [04/Jul/2026:14:23:33 +0000] "GET / HTTP/1.1" 200 63771 "-" "-"
216.244.66.242 - - [04/Jul/2026:14:23:33 +0000] "GET /escorts-in-shri-aurobindo/ HTTP/1.1" 301 - "-" "Mozilla/5.0 (compatible; DotBot/1.2; +https://opensiteexplorer.org/dotbot; help@moz.com)"
52.243.62.144 - - [04/Jul/2026:14:23:36 +0000] "GET /autodiscover/autodiscover.xml HTTP/1.1" 400 52 "-" "-"
103.189.201.165 - - [04/Jul/2026:14:23:35 +0000] "GET /xmlrpc.php HTTP/1.1" 405 42 "-" "Jetpack by WordPress.com"
4.193.171.159 - - [04/Jul/2026:14:23:36 +0000] "GET /xx.php HTTP/1.1" 301 - "-" "-"
4.193.171.159 - - [04/Jul/2026:14:23:38 +0000] "GET / HTTP/1.1" 200 63771 "-" "-"
52.243.62.144 - - [04/Jul/2026:14:23:40 +0000] "GET /autodiscover/autodiscover.xml HTTP/1.1" 400 52 "-" "-"
4.193.171.159 - - [04/Jul/2026:14:23:41 +0000] "GET /xxx.php HTTP/1.1" 301 - "-" "-"
52.243.62.144 - - [04/Jul/2026:14:23:44 +0000] "GET /autodiscover/autodiscover.xml HTTP/1.1" 400 52 "-" "-"
103.189.201.165 - - [04/Jul/2026:14:23:45 +0000] "POST /xmlrpc.php HTTP/1.1" 301 293 "-" "Jetpack/12.0; WordPress/6.1; http://site51017809.com"
216.244.66.242 - - [04/Jul/2026:14:23:43 +0000] "GET /female-escort-services-in-mahipalpur/ HTTP/1.1" 301 - "-" "Mozilla/5.0 (compatible; DotBot/1.2; +https://opensiteexplorer.org/dotbot; help@moz.com)"
4.193.171.159 - - [04/Jul/2026:14:23:43 +0000] "GET / HTTP/1.1" 200 63771 "-" "-"
52.243.62.144 - - [04/Jul/2026:14:23:45 +0000] "GET /autodiscover/autodiscover.xml HTTP/1.1" 400 52 "-" "-"
52.243.62.144 - - [04/Jul/2026:14:23:47 +0000] "GET /autodiscover/autodiscover.xml HTTP/1.1" 400 52 "-" "-"
103.189.201.165 - - [04/Jul/2026:14:23:46 +0000] "GET /xmlrpc.php HTTP/1.1" 405 42 "-" "Jetpack/12.0; WordPress/6.1; http://site51017809.com"
4.193.171.159 - - [04/Jul/2026:14:23:47 +0000] "GET /100.php HTTP/1.1" 301 - "-" "-"
52.243.62.144 - - [04/Jul/2026:14:23:49 +0000] "GET /autodiscover/autodiscover.xml HTTP/1.1" 400 52 "-" "-"
4.193.171.159 - - [04/Jul/2026:14:23:48 +0000] "GET / HTTP/1.1" 200 63771 "-" "-"
52.243.62.144 - - [04/Jul/2026:14:23:50 +0000] "GET /autodiscover/autodiscover.xml HTTP/1.1" 400 52 "-" "-"
4.193.171.159 - - [04/Jul/2026:14:23:50 +0000] "GET /403.shtml HTTP/1.1" 301 - "-" "-"
52.243.62.144 - - [04/Jul/2026:14:23:52 +0000] "GET /autodiscover/autodiscover.xml HTTP/1.1" 400 52 "-" "-"
4.193.171.159 - - [04/Jul/2026:14:23:51 +0000] "GET / HTTP/1.1" 200 63771 "-" "-"
52.243.62.144 - - [04/Jul/2026:14:23:54 +0000] "GET /autodiscover/autodiscover.xml HTTP/1.1" 400 52 "-" "-"
216.244.66.242 - - [04/Jul/2026:14:23:52 +0000] "GET /nand-nagri-a-block-escorts/ HTTP/1.1" 301 - "-" "Mozilla/5.0 (compatible; DotBot/1.2; +https://opensiteexplorer.org/dotbot; help@moz.com)"
103.189.201.165 - - [04/Jul/2026:14:23:55 +0000] "POST /xmlrpc.php HTTP/1.1" 301 293 "-" "Jetpack/12.0; WordPress/6.2; http://site14035803.com"
4.193.171.159 - - [04/Jul/2026:14:23:54 +0000] "GET /wp-blog.php HTTP/1.1" 301 - "-" "-"
52.243.62.144 - - [04/Jul/2026:14:23:56 +0000] "GET /autodiscover/autodiscover.xml HTTP/1.1" 400 52 "-" "-"
4.193.171.159 - - [04/Jul/2026:14:23:56 +0000] "GET / HTTP/1.1" 200 63771 "-" "-"
52.243.62.144 - - [04/Jul/2026:14:23:58 +0000] "GET /autodiscover/autodiscover.xml HTTP/1.1" 400 52 "-" "-"
4.193.171.159 - - [04/Jul/2026:14:23:59 +0000] "GET /wp-content/themes/index.php HTTP/1.1" 200 - "-" "-"
103.189.201.165 - - [04/Jul/2026:14:23:56 +0000] "GET /xmlrpc.php HTTP/1.1" 405 42 "-" "Jetpack/12.0; WordPress/6.2; http://site14035803.com"
4.193.171.159 - - [04/Jul/2026:14:23:59 +0000] "GET /wp-includes/images HTTP/1.1" 301 302 "-" "-"
52.243.62.144 - - [04/Jul/2026:14:24:00 +0000] "GET /autodiscover/autodiscover.xml HTTP/1.1" 400 52 "-" "-"
4.193.171.159 - - [04/Jul/2026:14:23:59 +0000] "GET /wp-includes/images/ HTTP/1.1" 301 - "-" "-"
52.243.62.144 - - [04/Jul/2026:14:24:02 +0000] "GET /autodiscover/autodiscover.xml HTTP/1.1" 400 52 "-" "-"
216.244.66.242 - - [04/Jul/2026:14:24:00 +0000] "GET /tag/female-escorts-in-delhi/ HTTP/1.1" 301 - "-" "Mozilla/5.0 (compatible; DotBot/1.2; +https://opensiteexplorer.org/dotbot; help@moz.com)"
4.193.171.159 - - [04/Jul/2026:14:24:01 +0000] "GET / HTTP/1.1" 200 63771 "-" "-"
52.243.62.144 - - [04/Jul/2026:14:24:03 +0000] "GET /autodiscover/autodiscover.xml HTTP/1.1" 400 52 "-" "-"
52.243.62.144 - - [04/Jul/2026:14:24:05 +0000] "GET /autodiscover/autodiscover.xml HTTP/1.1" 400 52 "-" "-"
103.189.201.165 - - [04/Jul/2026:14:24:06 +0000] "POST /xmlrpc.php HTTP/1.1" 301 293 "-" "Jetpack/12.0; WordPress/6.3; http://site50318873.com"
52.243.62.144 - - [04/Jul/2026:14:24:07 +0000] "GET /autodiscover/autodiscover.xml HTTP/1.1" 400 52 "-" "-"
4.193.171.159 - - [04/Jul/2026:14:24:05 +0000] "GET /data.php HTTP/1.1" 301 - "-" "-"
52.243.62.144 - - [04/Jul/2026:14:24:08 +0000] "GET /autodiscover/autodiscover.xml HTTP/1.1" 400 52 "-" "-"
52.243.62.144 - - [04/Jul/2026:14:24:10 +0000] "GET /autodiscover/autodiscover.xml HTTP/1.1" 400 52 "-" "-"
103.189.201.165 - - [04/Jul/2026:14:24:07 +0000] "GET /xmlrpc.php HTTP/1.1" 405 42 "-" "Jetpack/12.0; WordPress/6.3; http://site50318873.com"
4.193.171.159 - - [04/Jul/2026:14:24:08 +0000] "GET / HTTP/1.1" 200 63771 "-" "-"
52.243.62.144 - - [04/Jul/2026:14:24:12 +0000] "GET /autodiscover/autodiscover.xml HTTP/1.1" 400 52 "-" "-"
52.243.62.144 - - [04/Jul/2026:14:24:14 +0000] "GET /autodiscover/autodiscover.xml HTTP/1.1" 400 52 "-" "-"
4.193.171.159 - - [04/Jul/2026:14:24:13 +0000] "GET /ioxi-o.php HTTP/1.1" 301 - "-" "-"
103.189.201.165 - - [04/Jul/2026:14:24:16 +0000] "POST /xmlrpc.php HTTP/1.1" 301 293 "-" "Jetpack/12.5; WordPress/6.3; http://site74587837.com"
52.243.62.144 - - [04/Jul/2026:14:24:17 +0000] "GET /autodiscover/autodiscover.xml HTTP/1.1" 400 52 "-" "-"
216.244.66.242 - - [04/Jul/2026:14:24:13 +0000] "GET /escorts-in-gurgaon-dlf-phase-ii/ HTTP/1.1" 301 - "-" "Mozilla/5.0 (compatible; DotBot/1.2; +https://opensiteexplorer.org/dotbot; help@moz.com)"
4.193.171.159 - - [04/Jul/2026:14:24:17 +0000] "GET / HTTP/1.1" 200 63771 "-" "-"
103.189.201.165 - - [04/Jul/2026:14:24:17 +0000] "GET /xmlrpc.php HTTP/1.1" 405 42 "-" "Jetpack/12.5; WordPress/6.3; http://site74587837.com"
52.243.62.144 - - [04/Jul/2026:14:24:21 +0000] "GET /autodiscover/autodiscover.xml HTTP/1.1" 400 52 "-" "-"
4.193.171.159 - - [04/Jul/2026:14:24:21 +0000] "GET /as.php HTTP/1.1" 301 - "-" "-"
52.243.62.144 - - [04/Jul/2026:14:24:22 +0000] "GET /autodiscover/autodiscover.xml HTTP/1.1" 400 52 "-" "-"
52.243.62.144 - - [04/Jul/2026:14:24:24 +0000] "GET /autodiscover/autodiscover.xml HTTP/1.1" 400 52 "-" "-"
4.193.171.159 - - [04/Jul/2026:14:24:22 +0000] "GET / HTTP/1.1" 200 63771 "-" "-"
52.243.62.144 - - [04/Jul/2026:14:24:26 +0000] "GET /autodiscover/autodiscover.xml HTTP/1.1" 400 52 "-" "-"
103.189.201.165 - - [04/Jul/2026:14:24:27 +0000] "POST /xmlrpc.php HTTP/1.1" 301 293 "-" "WordPress.com; https://wordpress.com"
4.193.171.159 - - [04/Jul/2026:14:24:26 +0000] "GET /term.php HTTP/1.1" 301 - "-" "-"
52.243.62.144 - - [04/Jul/2026:14:24:28 +0000] "GET /autodiscover/autodiscover.xml HTTP/1.1" 400 52 "-" "-"
52.243.62.144 - - [04/Jul/2026:14:24:29 +0000] "GET /autodiscover/autodiscover.xml HTTP/1.1" 400 52 "-" "-"
216.244.66.242 - - [04/Jul/2026:14:24:28 +0000] "GET /hauz-khas-market-escorts-service/ HTTP/1.1" 301 - "-" "Mozilla/5.0 (compatible; DotBot/1.2; +https://opensiteexplorer.org/dotbot; help@moz.com)"
103.189.201.165 - - [04/Jul/2026:14:24:28 +0000] "GET /xmlrpc.php HTTP/1.1" 405 42 "-" "WordPress.com; https://wordpress.com"
52.243.62.144 - - [04/Jul/2026:14:24:32 +0000] "GET /autodiscover/autodiscover.xml HTTP/1.1" 400 52 "-" "-"
4.193.171.159 - - [04/Jul/2026:14:24:28 +0000] "GET / HTTP/1.1" 200 63771 "-" "-"
52.243.62.144 - - [04/Jul/2026:14:24:34 +0000] "GET /autodiscover/autodiscover.xml HTTP/1.1" 400 52 "-" "-"
4.193.171.159 - - [04/Jul/2026:14:24:33 +0000] "GET /vx.php HTTP/1.1" 301 - "-" "-"
4.193.171.159 - - [04/Jul/2026:14:24:35 +0000] "GET / HTTP/1.1" 200 63771 "-" "-"
103.189.201.165 - - [04/Jul/2026:14:24:37 +0000] "POST /xmlrpc.php HTTP/1.1" 301 293 "-" "Jetpack by WordPress.com"
4.193.171.159 - - [04/Jul/2026:14:24:38 +0000] "GET /wp-includes/PHPMailer HTTP/1.1" 301 305 "-" "-"
52.243.62.144 - - [04/Jul/2026:14:24:40 +0000] "GET /autodiscover/autodiscover.xml HTTP/1.1" 400 52 "-" "-"
4.193.171.159 - - [04/Jul/2026:14:24:38 +0000] "GET /wp-includes/PHPMailer/ HTTP/1.1" 301 - "-" "-"
103.189.201.165 - - [04/Jul/2026:14:24:38 +0000] "GET /xmlrpc.php HTTP/1.1" 405 42 "-" "Jetpack by WordPress.com"
216.244.66.242 - - [04/Jul/2026:14:24:41 +0000] "GET /janakpuri-block-c-4-escorts-service/ HTTP/1.1" 301 - "-" "Mozilla/5.0 (compatible; DotBot/1.2; +https://opensiteexplorer.org/dotbot; help@moz.com)"
4.193.171.159 - - [04/Jul/2026:14:24:40 +0000] "GET / HTTP/1.1" 200 63771 "-" "-"
4.193.171.159 - - [04/Jul/2026:14:24:45 +0000] "GET /a7.php HTTP/1.1" 301 - "-" "-"
103.189.201.165 - - [04/Jul/2026:14:24:48 +0000] "POST /xmlrpc.php HTTP/1.1" 301 293 "-" "Jetpack/12.0; WordPress/6.1; http://site78157972.com"
4.193.171.159 - - [04/Jul/2026:14:24:47 +0000] "GET / HTTP/1.1" 200 63771 "-" "-"
103.189.201.165 - - [04/Jul/2026:14:24:49 +0000] "GET /xmlrpc.php HTTP/1.1" 405 42 "-" "Jetpack/12.0; WordPress/6.1; http://site78157972.com"
52.243.62.144 - - [04/Jul/2026:14:24:53 +0000] "GET /autodiscover/autodiscover.xml HTTP/1.1" 400 52 "-" "-"
4.193.171.159 - - [04/Jul/2026:14:24:51 +0000] "GET /403.shtml HTTP/1.1" 301 - "-" "-"
4.193.171.159 - - [04/Jul/2026:14:24:54 +0000] "GET / HTTP/1.1" 200 63771 "-" "-"
4.193.171.159 - - [04/Jul/2026:14:24:57 +0000] "GET /wp-content/themes/seotheme/mar.php HTTP/1.1" 301 - "-" "-"
103.189.201.165 - - [04/Jul/2026:14:24:58 +0000] "POST /xmlrpc.php HTTP/1.1" 301 293 "-" "WordPress.com; https://wordpress.com"
4.193.171.159 - - [04/Jul/2026:14:24:58 +0000] "GET / HTTP/1.1" 200 63771 "-" "-"
103.189.201.165 - - [04/Jul/2026:14:24:59 +0000] "GET /xmlrpc.php HTTP/1.1" 405 42 "-" "WordPress.com; https://wordpress.com"
4.193.171.159 - - [04/Jul/2026:14:25:03 +0000] "GET /222.php HTTP/1.1" 301 - "-" "-"
52.243.62.144 - - [04/Jul/2026:14:25:07 +0000] "GET /autodiscover/autodiscover.xml HTTP/1.1" 400 52 "-" "-"
4.193.171.159 - - [04/Jul/2026:14:25:05 +0000] "GET / HTTP/1.1" 200 63771 "-" "-"
103.189.201.165 - - [04/Jul/2026:14:25:09 +0000] "POST /xmlrpc.php HTTP/1.1" 301 293 "-" "WordPress.com; https://wordpress.com"
4.193.171.159 - - [04/Jul/2026:14:25:08 +0000] "GET /7logs.php HTTP/1.1" 301 - "-" "-"
4.193.171.159 - - [04/Jul/2026:14:25:10 +0000] "GET / HTTP/1.1" 200 63771 "-" "-"
114.34.73.76 - - [04/Jul/2026:14:25:13 +0000] "GET /wp-login.php HTTP/1.1" 301 295 "-" "Mozilla/5.0 (Windows NT 10.0; Win64; x64) AppleWebKit/537.36 (KHTML, like Gecko) Chrome/133.0.0.0 Safari/537.36 Edg/133.0.0.0"
103.189.201.165 - - [04/Jul/2026:14:25:10 +0000] "GET /xmlrpc.php HTTP/1.1" 405 42 "-" "WordPress.com; https://wordpress.com"
4.193.171.159 - - [04/Jul/2026:14:25:13 +0000] "GET /a.php HTTP/1.1" 301 - "-" "-"
114.34.73.76 - - [04/Jul/2026:14:25:16 +0000] "GET /wp-login.php HTTP/1.1" 200 1972 "https://girlsescortsindelhi.in/wp-login.php" "Mozilla/5.0 (Windows NT 10.0; Win64; x64) AppleWebKit/537.36 (KHTML, like Gecko) Chrome/133.0.0.0 Safari/537.36 Edg/133.0.0.0"
103.189.201.165 - - [04/Jul/2026:14:25:20 +0000] "POST /xmlrpc.php HTTP/1.1" 301 293 "-" "WordPress.com; https://wordpress.com"
4.193.171.159 - - [04/Jul/2026:14:25:16 +0000] "GET / HTTP/1.1" 200 63771 "-" "-"
114.34.73.76 - - [04/Jul/2026:14:25:21 +0000] "POST /wp-login.php HTTP/1.1" 301 295 "https://girlsescortsindelhi.in/wp-login.php" "Mozilla/5.0 (Windows NT 10.0; Win64; x64) AppleWebKit/537.36 (KHTML, like Gecko) Chrome/133.0.0.0 Safari/537.36 Edg/133.0.0.0"
103.189.201.165 - - [04/Jul/2026:14:25:20 +0000] "GET /xmlrpc.php HTTP/1.1" 405 42 "-" "WordPress.com; https://wordpress.com"
4.193.171.159 - - [04/Jul/2026:14:25:21 +0000] "GET /abc.php HTTP/1.1" 301 - "-" "-"
114.34.73.76 - - [04/Jul/2026:14:25:22 +0000] "GET /wp-login.php HTTP/1.1" 200 1972 "https://girlsescortsindelhi.in/wp-login.php" "Mozilla/5.0 (Windows NT 10.0; Win64; x64) AppleWebKit/537.36 (KHTML, like Gecko) Chrome/133.0.0.0 Safari/537.36 Edg/133.0.0.0"
4.193.171.159 - - [04/Jul/2026:14:25:26 +0000] "GET / HTTP/1.1" 200 63771 "-" "-"
103.189.201.165 - - [04/Jul/2026:14:25:30 +0000] "POST /xmlrpc.php HTTP/1.1" 301 293 "-" "Jetpack by WordPress.com (Jetpack 13.0; WordPress 6.2)"
4.193.171.159 - - [04/Jul/2026:14:25:29 +0000] "GET /fone1.php HTTP/1.1" 301 - "-" "-"
52.243.62.144 - - [04/Jul/2026:14:25:33 +0000] "GET /autodiscover/autodiscover.xml HTTP/1.1" 400 52 "-" "-"
103.189.201.165 - - [04/Jul/2026:14:25:31 +0000] "GET /xmlrpc.php HTTP/1.1" 405 42 "-" "Jetpack by WordPress.com (Jetpack 13.0; WordPress 6.2)"
4.193.171.159 - - [04/Jul/2026:14:25:32 +0000] "GET / HTTP/1.1" 200 63771 "-" "-"
52.243.62.144 - - [04/Jul/2026:14:25:35 +0000] "GET /autodiscover/autodiscover.xml HTTP/1.1" 400 52 "-" "-"
4.193.171.159 - - [04/Jul/2026:14:25:35 +0000] "GET /lib.php HTTP/1.1" 301 - "-" "-"
52.243.62.144 - - [04/Jul/2026:14:25:37 +0000] "GET /autodiscover/autodiscover.xml HTTP/1.1" 400 52 "-" "-"
52.243.62.144 - - [04/Jul/2026:14:25:38 +0000] "GET /autodiscover/autodiscover.xml HTTP/1.1" 400 52 "-" "-"
4.193.171.159 - - [04/Jul/2026:14:25:37 +0000] "GET / HTTP/1.1" 200 63771 "-" "-"
52.243.62.144 - - [04/Jul/2026:14:25:40 +0000] "GET /autodiscover/autodiscover.xml HTTP/1.1" 400 52 "-" "-"
103.189.201.165 - - [04/Jul/2026:14:25:41 +0000] "POST /xmlrpc.php HTTP/1.1" 301 293 "-" "Jetpack/12.1; WordPress/6.3; http://site95682659.com"
52.243.62.144 - - [04/Jul/2026:14:25:41 +0000] "GET /autodiscover/autodiscover.xml HTTP/1.1" 400 52 "-" "-"
4.193.171.159 - - [04/Jul/2026:14:25:40 +0000] "GET /sadcut1.php HTTP/1.1" 301 - "-" "-"
52.243.62.144 - - [04/Jul/2026:14:25:42 +0000] "GET /autodiscover/autodiscover.xml HTTP/1.1" 400 52 "-" "-"
4.193.171.159 - - [04/Jul/2026:14:25:41 +0000] "GET / HTTP/1.1" 200 63771 "-" "-"
52.243.62.144 - - [04/Jul/2026:14:25:44 +0000] "GET /autodiscover/autodiscover.xml HTTP/1.1" 400 52 "-" "-"
103.189.201.165 - - [04/Jul/2026:14:25:41 +0000] "GET /xmlrpc.php HTTP/1.1" 405 42 "-" "Jetpack/12.1; WordPress/6.3; http://site95682659.com"
52.243.62.144 - - [04/Jul/2026:14:25:45 +0000] "GET /autodiscover/autodiscover.xml HTTP/1.1" 400 52 "-" "-"
4.193.171.159 - - [04/Jul/2026:14:25:44 +0000] "GET /wp-includes/interactivity-api/index.php HTTP/1.1" 301 - "-" "-"
52.243.62.144 - - [04/Jul/2026:14:25:46 +0000] "GET /autodiscover/autodiscover.xml HTTP/1.1" 400 52 "-" "-"
4.193.171.159 - - [04/Jul/2026:14:25:46 +0000] "GET / HTTP/1.1" 200 63771 "-" "-"
52.243.62.144 - - [04/Jul/2026:14:25:49 +0000] "GET /autodiscover/autodiscover.xml HTTP/1.1" 400 52 "-" "-"
52.243.62.144 - - [04/Jul/2026:14:25:51 +0000] "GET /autodiscover/autodiscover.xml HTTP/1.1" 400 52 "-" "-"
4.193.171.159 - - [04/Jul/2026:14:25:49 +0000] "GET /xmlrpc.php HTTP/1.1" 405 42 "-" "-"
103.189.201.165 - - [04/Jul/2026:14:25:51 +0000] "POST /xmlrpc.php HTTP/1.1" 301 293 "-" "Jetpack by WordPress.com"
52.243.62.144 - - [04/Jul/2026:14:25:52 +0000] "GET /autodiscover/autodiscover.xml HTTP/1.1" 400 52 "-" "-"
4.193.171.159 - - [04/Jul/2026:14:25:51 +0000] "GET /aa.php HTTP/1.1" 301 - "-" "-"
52.243.62.144 - - [04/Jul/2026:14:25:53 +0000] "GET /autodiscover/autodiscover.xml HTTP/1.1" 400 52 "-" "-"
103.189.201.165 - - [04/Jul/2026:14:25:52 +0000] "GET /xmlrpc.php HTTP/1.1" 405 42 "-" "Jetpack by WordPress.com"
52.243.62.144 - - [04/Jul/2026:14:25:55 +0000] "GET /autodiscover/autodiscover.xml HTTP/1.1" 400 52 "-" "-"
4.193.171.159 - - [04/Jul/2026:14:25:53 +0000] "GET / HTTP/1.1" 200 63771 "-" "-"
52.243.62.144 - - [04/Jul/2026:14:25:56 +0000] "GET /autodiscover/autodiscover.xml HTTP/1.1" 400 52 "-" "-"
52.243.62.144 - - [04/Jul/2026:14:25:58 +0000] "GET /autodiscover/autodiscover.xml HTTP/1.1" 400 52 "-" "-"
4.193.171.159 - - [04/Jul/2026:14:25:56 +0000] "GET /admin.php/wp-includes/certificates/about.php HTTP/1.1" 301 - "-" "-"
52.243.62.144 - - [04/Jul/2026:14:25:59 +0000] "GET /autodiscover/autodiscover.xml HTTP/1.1" 400 52 "-" "-"
52.243.62.144 - - [04/Jul/2026:14:26:00 +0000] "GET /autodiscover/autodiscover.xml HTTP/1.1" 400 52 "-" "-"
4.193.171.159 - - [04/Jul/2026:14:25:58 +0000] "GET / HTTP/1.1" 200 63771 "-" "-"
103.189.201.165 - - [04/Jul/2026:14:26:02 +0000] "POST /xmlrpc.php HTTP/1.1" 301 293 "-" "Jetpack by WordPress.com"
52.243.62.144 - - [04/Jul/2026:14:26:02 +0000] "GET /autodiscover/autodiscover.xml HTTP/1.1" 400 52 "-" "-"
4.193.171.159 - - [04/Jul/2026:14:26:01 +0000] "GET /amax.php HTTP/1.1" 301 - "-" "-"
52.243.62.144 - - [04/Jul/2026:14:26:04 +0000] "GET /autodiscover/autodiscover.xml HTTP/1.1" 400 52 "-" "-"
103.189.201.165 - - [04/Jul/2026:14:26:02 +0000] "GET /xmlrpc.php HTTP/1.1" 405 42 "-" "Jetpack by WordPress.com"
4.193.171.159 - - [04/Jul/2026:14:26:03 +0000] "GET / HTTP/1.1" 200 63771 "-" "-"
52.243.62.144 - - [04/Jul/2026:14:26:06 +0000] "GET /autodiscover/autodiscover.xml HTTP/1.1" 400 52 "-" "-"
4.193.171.159 - - [04/Jul/2026:14:26:06 +0000] "GET /av.php HTTP/1.1" 301 - "-" "-"
52.243.62.144 - - [04/Jul/2026:14:26:07 +0000] "GET /autodiscover/autodiscover.xml HTTP/1.1" 400 52 "-" "-"
4.193.171.159 - - [04/Jul/2026:14:26:07 +0000] "GET / HTTP/1.1" 200 63771 "-" "-"
52.243.62.144 - - [04/Jul/2026:14:26:09 +0000] "GET /autodiscover/autodiscover.xml HTTP/1.1" 400 52 "-" "-"
52.243.62.144 - - [04/Jul/2026:14:26:10 +0000] "GET /autodiscover/autodiscover.xml HTTP/1.1" 400 52 "-" "-"
52.243.62.144 - - [04/Jul/2026:14:26:12 +0000] "GET /autodiscover/autodiscover.xml HTTP/1.1" 400 52 "-" "-"
4.193.171.159 - - [04/Jul/2026:14:26:10 +0000] "GET /function/function.php HTTP/1.1" 301 - "-" "-"
103.189.201.165 - - [04/Jul/2026:14:26:12 +0000] "POST /xmlrpc.php HTTP/1.1" 301 293 "-" "Jetpack by WordPress.com (Jetpack 13.0; WordPress 6.1)"
52.243.62.144 - - [04/Jul/2026:14:26:13 +0000] "GET /autodiscover/autodiscover.xml HTTP/1.1" 400 52 "-" "-"
52.243.62.144 - - [04/Jul/2026:14:26:14 +0000] "GET /autodiscover/autodiscover.xml HTTP/1.1" 400 52 "-" "-"
52.243.62.144 - - [04/Jul/2026:14:26:16 +0000] "GET /autodiscover/autodiscover.xml HTTP/1.1" 400 52 "-" "-"
4.193.171.159 - - [04/Jul/2026:14:26:12 +0000] "GET / HTTP/1.1" 200 63771 "-" "-"
103.189.201.165 - - [04/Jul/2026:14:26:13 +0000] "GET /xmlrpc.php HTTP/1.1" 405 42 "-" "Jetpack by WordPress.com (Jetpack 13.0; WordPress 6.1)"
52.243.62.144 - - [04/Jul/2026:14:26:17 +0000] "GET /autodiscover/autodiscover.xml HTTP/1.1" 400 52 "-" "-"
52.243.62.144 - - [04/Jul/2026:14:26:19 +0000] "GET /autodiscover/autodiscover.xml HTTP/1.1" 400 52 "-" "-"
4.193.171.159 - - [04/Jul/2026:14:26:17 +0000] "GET /modules/mod_footer/tmpl/index.php HTTP/1.1" 301 - "-" "-"
52.243.62.144 - - [04/Jul/2026:14:26:22 +0000] "GET /autodiscover/autodiscover.xml HTTP/1.1" 400 52 "-" "-"
103.189.201.165 - - [04/Jul/2026:14:26:23 +0000] "POST /xmlrpc.php HTTP/1.1" 301 293 "-" "WordPress.com; https://wordpress.com"
4.193.171.159 - - [04/Jul/2026:14:26:20 +0000] "GET / HTTP/1.1" 200 63771 "-" "-"
52.243.62.144 - - [04/Jul/2026:14:26:24 +0000] "GET /autodiscover/autodiscover.xml HTTP/1.1" 400 52 "-" "-"
52.243.62.144 - - [04/Jul/2026:14:26:26 +0000] "GET /autodiscover/autodiscover.xml HTTP/1.1" 400 52 "-" "-"
4.193.171.159 - - [04/Jul/2026:14:26:24 +0000] "GET /index.php HTTP/1.1" 301 - "-" "-"
103.189.201.165 - - [04/Jul/2026:14:26:24 +0000] "GET /xmlrpc.php HTTP/1.1" 405 42 "-" "WordPress.com; https://wordpress.com"
52.243.62.144 - - [04/Jul/2026:14:26:28 +0000] "GET /autodiscover/autodiscover.xml HTTP/1.1" 400 52 "-" "-"
52.243.62.144 - - [04/Jul/2026:14:26:29 +0000] "GET /autodiscover/autodiscover.xml HTTP/1.1" 400 52 "-" "-"
4.193.171.159 - - [04/Jul/2026:14:26:27 +0000] "GET / HTTP/1.1" 200 63771 "-" "-"
52.243.62.144 - - [04/Jul/2026:14:26:30 +0000] "GET /autodiscover/autodiscover.xml HTTP/1.1" 400 52 "-" "-"
52.243.62.144 - - [04/Jul/2026:14:26:32 +0000] "GET /autodiscover/autodiscover.xml HTTP/1.1" 400 52 "-" "-"
4.193.171.159 - - [04/Jul/2026:14:26:31 +0000] "GET /wp-content/plugins/WordPressCore/include.php HTTP/1.1" 301 - "-" "-"
103.189.201.165 - - [04/Jul/2026:14:26:33 +0000] "POST /xmlrpc.php HTTP/1.1" 301 293 "-" "WordPress.com; https://wordpress.com"
52.243.62.144 - - [04/Jul/2026:14:26:34 +0000] "GET /autodiscover/autodiscover.xml HTTP/1.1" 400 52 "-" "-"
91.92.243.240 - - [04/Jul/2026:14:26:35 +0000] "POST /wp-login.php HTTP/1.1" 301 295 "-" "Mozilla/5.0"
4.193.171.159 - - [04/Jul/2026:14:26:33 +0000] "GET / HTTP/1.1" 200 63771 "-" "-"
52.243.62.144 - - [04/Jul/2026:14:26:36 +0000] "GET /autodiscover/autodiscover.xml HTTP/1.1" 400 52 "-" "-"
4.193.171.159 - - [04/Jul/2026:14:26:36 +0000] "GET /wp-content/plugins/index.php HTTP/1.1" 200 - "-" "-"
103.189.201.165 - - [04/Jul/2026:14:26:34 +0000] "GET /xmlrpc.php HTTP/1.1" 405 42 "-" "WordPress.com; https://wordpress.com"
4.193.171.159 - - [04/Jul/2026:14:26:37 +0000] "GET /wp-content/upgrade/index.php HTTP/1.1" 301 - "-" "-"
52.243.62.144 - - [04/Jul/2026:14:26:39 +0000] "GET /autodiscover/autodiscover.xml HTTP/1.1" 400 52 "-" "-"
4.193.171.159 - - [04/Jul/2026:14:26:38 +0000] "GET / HTTP/1.1" 200 63771 "-" "-"
52.243.62.144 - - [04/Jul/2026:14:26:42 +0000] "GET /autodiscover/autodiscover.xml HTTP/1.1" 400 52 "-" "-"
4.193.171.159 - - [04/Jul/2026:14:26:42 +0000] "GET /ahax.php HTTP/1.1" 301 - "-" "-"
103.189.201.165 - - [04/Jul/2026:14:26:44 +0000] "POST /xmlrpc.php HTTP/1.1" 301 293 "-" "Jetpack/12.5; WordPress/6.2; http://site97603013.com"
52.243.62.144 - - [04/Jul/2026:14:26:45 +0000] "GET /autodiscover/autodiscover.xml HTTP/1.1" 400 52 "-" "-"
4.193.171.159 - - [04/Jul/2026:14:26:44 +0000] "GET / HTTP/1.1" 200 63771 "-" "-"
103.189.201.165 - - [04/Jul/2026:14:26:45 +0000] "GET /xmlrpc.php HTTP/1.1" 405 42 "-" "Jetpack/12.5; WordPress/6.2; http://site97603013.com"
52.243.62.144 - - [04/Jul/2026:14:26:48 +0000] "GET /autodiscover/autodiscover.xml HTTP/1.1" 400 52 "-" "-"
4.193.171.159 - - [04/Jul/2026:14:26:46 +0000] "GET /alfa.php HTTP/1.1" 301 - "-" "-"
4.193.171.159 - - [04/Jul/2026:14:26:49 +0000] "GET / HTTP/1.1" 200 63771 "-" "-"
52.243.62.144 - - [04/Jul/2026:14:26:53 +0000] "GET /autodiscover/autodiscover.xml HTTP/1.1" 400 52 "-" "-"
4.193.171.159 - - [04/Jul/2026:14:26:52 +0000] "GET /bolt.php HTTP/1.1" 301 - "-" "-"
103.189.201.165 - - [04/Jul/2026:14:26:54 +0000] "POST /xmlrpc.php HTTP/1.1" 301 293 "-" "WordPress.com; https://wordpress.com"
4.193.171.159 - - [04/Jul/2026:14:26:54 +0000] "GET / HTTP/1.1" 200 63771 "-" "-"
52.243.62.144 - - [04/Jul/2026:14:26:56 +0000] "GET /autodiscover/autodiscover.xml HTTP/1.1" 400 52 "-" "-"
103.189.201.165 - - [04/Jul/2026:14:26:55 +0000] "GET /xmlrpc.php HTTP/1.1" 405 42 "-" "WordPress.com; https://wordpress.com"
52.243.62.144 - - [04/Jul/2026:14:26:58 +0000] "GET /autodiscover/autodiscover.xml HTTP/1.1" 400 52 "-" "-"
4.193.171.159 - - [04/Jul/2026:14:26:56 +0000] "GET /wp-content/themes/about.php HTTP/1.1" 301 - "-" "-"
52.243.62.144 - - [04/Jul/2026:14:27:00 +0000] "GET /autodiscover/autodiscover.xml HTTP/1.1" 400 52 "-" "-"
52.243.62.144 - - [04/Jul/2026:14:27:02 +0000] "GET /autodiscover/autodiscover.xml HTTP/1.1" 400 52 "-" "-"
4.193.171.159 - - [04/Jul/2026:14:27:00 +0000] "GET / HTTP/1.1" 200 63771 "-" "-"
52.243.62.144 - - [04/Jul/2026:14:27:04 +0000] "GET /autodiscover/autodiscover.xml HTTP/1.1" 400 52 "-" "-"
103.189.201.165 - - [04/Jul/2026:14:27:05 +0000] "POST /xmlrpc.php HTTP/1.1" 301 293 "-" "WordPress.com; https://wordpress.com"
52.243.62.144 - - [04/Jul/2026:14:27:05 +0000] "GET /autodiscover/autodiscover.xml HTTP/1.1" 400 52 "-" "-"
4.193.171.159 - - [04/Jul/2026:14:27:04 +0000] "GET /wp-includes/Text/index.php HTTP/1.1" 301 - "-" "-"
52.243.62.144 - - [04/Jul/2026:14:27:07 +0000] "GET /autodiscover/autodiscover.xml HTTP/1.1" 400 52 "-" "-"
103.189.201.165 - - [04/Jul/2026:14:27:06 +0000] "GET /xmlrpc.php HTTP/1.1" 405 42 "-" "WordPress.com; https://wordpress.com"
4.193.171.159 - - [04/Jul/2026:14:27:07 +0000] "GET / HTTP/1.1" 200 63771 "-" "-"
52.243.62.144 - - [04/Jul/2026:14:27:10 +0000] "GET /autodiscover/autodiscover.xml HTTP/1.1" 400 52 "-" "-"
52.243.62.144 - - [04/Jul/2026:14:27:11 +0000] "GET /autodiscover/autodiscover.xml HTTP/1.1" 400 52 "-" "-"
4.193.171.159 - - [04/Jul/2026:14:27:11 +0000] "GET /wp-signin.php HTTP/1.1" 301 - "-" "-"
52.243.62.144 - - [04/Jul/2026:14:27:14 +0000] "GET /autodiscover/autodiscover.xml HTTP/1.1" 400 52 "-" "-"
103.189.201.165 - - [04/Jul/2026:14:27:16 +0000] "POST /xmlrpc.php HTTP/1.1" 301 293 "-" "Jetpack by WordPress.com (Jetpack 12.0; WordPress 6.2)"
4.193.171.159 - - [04/Jul/2026:14:27:13 +0000] "GET / HTTP/1.1" 200 63771 "-" "-"
52.243.62.144 - - [04/Jul/2026:14:27:17 +0000] "GET /autodiscover/autodiscover.xml HTTP/1.1" 400 52 "-" "-"
103.189.201.165 - - [04/Jul/2026:14:27:17 +0000] "GET /xmlrpc.php HTTP/1.1" 405 42 "-" "Jetpack by WordPress.com (Jetpack 12.0; WordPress 6.2)"
52.243.62.144 - - [04/Jul/2026:14:27:19 +0000] "GET /autodiscover/autodiscover.xml HTTP/1.1" 400 52 "-" "-"
4.193.171.159 - - [04/Jul/2026:14:27:17 +0000] "GET /x.php HTTP/1.1" 301 - "-" "-"
52.243.62.144 - - [04/Jul/2026:14:27:21 +0000] "GET /autodiscover/autodiscover.xml HTTP/1.1" 400 52 "-" "-"
4.193.171.159 - - [04/Jul/2026:14:27:19 +0000] "GET / HTTP/1.1" 200 63771 "-" "-"
52.243.62.144 - - [04/Jul/2026:14:27:23 +0000] "GET /autodiscover/autodiscover.xml HTTP/1.1" 400 52 "-" "-"
4.193.171.159 - - [04/Jul/2026:14:27:23 +0000] "GET /about/function.php HTTP/1.1" 301 - "-" "-"
52.243.62.144 - - [04/Jul/2026:14:27:25 +0000] "GET /autodiscover/autodiscover.xml HTTP/1.1" 400 52 "-" "-"
4.193.171.159 - - [04/Jul/2026:14:27:25 +0000] "GET / HTTP/1.1" 200 63771 "-" "-"
52.243.62.144 - - [04/Jul/2026:14:27:28 +0000] "GET /autodiscover/autodiscover.xml HTTP/1.1" 400 52 "-" "-"
4.193.171.159 - - [04/Jul/2026:14:27:28 +0000] "GET /bless.php HTTP/1.1" 301 - "-" "-"
52.243.62.144 - - [04/Jul/2026:14:27:31 +0000] "GET /autodiscover/autodiscover.xml HTTP/1.1" 400 52 "-" "-"
4.193.171.159 - - [04/Jul/2026:14:27:30 +0000] "GET / HTTP/1.1" 200 63771 "-" "-"
52.243.62.144 - - [04/Jul/2026:14:27:32 +0000] "GET /autodiscover/autodiscover.xml HTTP/1.1" 400 52 "-" "-"
52.243.62.144 - - [04/Jul/2026:14:27:35 +0000] "GET /autodiscover/autodiscover.xml HTTP/1.1" 400 52 "-" "-"
4.193.171.159 - - [04/Jul/2026:14:27:33 +0000] "GET /content.php HTTP/1.1" 301 - "-" "-"
52.243.62.144 - - [04/Jul/2026:14:27:37 +0000] "GET /autodiscover/autodiscover.xml HTTP/1.1" 400 52 "-" "-"
52.243.62.144 - - [04/Jul/2026:14:27:38 +0000] "GET /autodiscover/autodiscover.xml HTTP/1.1" 400 52 "-" "-"
4.193.171.159 - - [04/Jul/2026:14:27:37 +0000] "GET / HTTP/1.1" 200 63771 "-" "-"
52.243.62.144 - - [04/Jul/2026:14:27:40 +0000] "GET /autodiscover/autodiscover.xml HTTP/1.1" 400 52 "-" "-"
52.243.62.144 - - [04/Jul/2026:14:27:42 +0000] "GET /autodiscover/autodiscover.xml HTTP/1.1" 400 52 "-" "-"
4.193.171.159 - - [04/Jul/2026:14:27:40 +0000] "GET /radio.php HTTP/1.1" 301 - "-" "-"
179.127.11.105 - - [04/Jul/2026:14:27:39 +0000] "GET /wp-login.php HTTP/1.1" 200 1972 "-" "Mozilla/5.0 (Windows NT 10.0) AppleWebKit/537.36 (KHTML, like Gecko) Chrome/133.0.0.0 Safari/537.36"
52.243.62.144 - - [04/Jul/2026:14:27:44 +0000] "GET /autodiscover/autodiscover.xml HTTP/1.1" 400 52 "-" "-"
4.193.171.159 - - [04/Jul/2026:14:27:42 +0000] "GET / HTTP/1.1" 200 63771 "-" "-"
157.66.47.83 - - [04/Jul/2026:14:27:43 +0000] "GET /wp-login.php HTTP/1.1" 200 1972 "-" "Mozilla/5.0 (X11; Ubuntu; Linux x86_64; rv:133.0) Gecko/20100101 Firefox/133.0"
52.243.62.144 - - [04/Jul/2026:14:27:46 +0000] "GET /autodiscover/autodiscover.xml HTTP/1.1" 400 52 "-" "-"
179.127.11.105 - - [04/Jul/2026:14:27:44 +0000] "POST /wp-login.php HTTP/1.1" 200 2109 "https://www.girlsescortsindelhi.in/wp-login.php" "Mozilla/5.0 (Windows NT 10.0) AppleWebKit/537.36 (KHTML, like Gecko) Chrome/133.0.0.0 Safari/537.36"
52.243.62.144 - - [04/Jul/2026:14:27:48 +0000] "GET /autodiscover/autodiscover.xml HTTP/1.1" 400 52 "-" "-"
4.193.171.159 - - [04/Jul/2026:14:27:47 +0000] "GET /wp-content/about.php HTTP/1.1" 301 - "-" "-"
52.243.62.144 - - [04/Jul/2026:14:27:50 +0000] "GET /autodiscover/autodiscover.xml HTTP/1.1" 400 52 "-" "-"
157.66.47.83 - - [04/Jul/2026:14:27:49 +0000] "POST /wp-login.php HTTP/1.1" 200 2109 "https://mail.girlsescortsindelhi.in/wp-login.php" "Mozilla/5.0 (X11; Ubuntu; Linux x86_64; rv:133.0) Gecko/20100101 Firefox/133.0"
52.243.62.144 - - [04/Jul/2026:14:27:52 +0000] "GET /autodiscover/autodiscover.xml HTTP/1.1" 400 52 "-" "-"
4.193.171.159 - - [04/Jul/2026:14:27:49 +0000] "GET / HTTP/1.1" 200 63771 "-" "-"
52.243.62.144 - - [04/Jul/2026:14:27:55 +0000] "GET /autodiscover/autodiscover.xml HTTP/1.1" 400 52 "-" "-"
4.193.171.159 - - [04/Jul/2026:14:27:54 +0000] "GET /wp-content/uploads/admin.php HTTP/1.1" 301 - "-" "-"
52.243.62.144 - - [04/Jul/2026:14:27:56 +0000] "GET /autodiscover/autodiscover.xml HTTP/1.1" 400 52 "-" "-"
52.243.62.144 - - [04/Jul/2026:14:27:58 +0000] "GET /autodiscover/autodiscover.xml HTTP/1.1" 400 52 "-" "-"
52.243.62.144 - - [04/Jul/2026:14:27:59 +0000] "GET /autodiscover/autodiscover.xml HTTP/1.1" 400 52 "-" "-"
4.193.171.159 - - [04/Jul/2026:14:27:56 +0000] "GET / HTTP/1.1" 200 63771 "-" "-"
4.193.171.159 - - [04/Jul/2026:14:28:00 +0000] "GET /wp-includes/pomo HTTP/1.1" 301 300 "-" "-"
52.243.62.144 - - [04/Jul/2026:14:28:01 +0000] "GET /autodiscover/autodiscover.xml HTTP/1.1" 400 52 "-" "-"
52.243.62.144 - - [04/Jul/2026:14:28:03 +0000] "GET /autodiscover/autodiscover.xml HTTP/1.1" 400 52 "-" "-"
4.193.171.159 - - [04/Jul/2026:14:28:00 +0000] "GET /wp-includes/pomo/ HTTP/1.1" 301 - "-" "-"
52.243.62.144 - - [04/Jul/2026:14:28:04 +0000] "GET /autodiscover/autodiscover.xml HTTP/1.1" 400 52 "-" "-"
52.243.62.144 - - [04/Jul/2026:14:28:06 +0000] "GET /autodiscover/autodiscover.xml HTTP/1.1" 400 52 "-" "-"
4.193.171.159 - - [04/Jul/2026:14:28:03 +0000] "GET / HTTP/1.1" 200 63771 "-" "-"
52.243.62.144 - - [04/Jul/2026:14:28:08 +0000] "GET /autodiscover/autodiscover.xml HTTP/1.1" 400 52 "-" "-"
52.243.62.144 - - [04/Jul/2026:14:28:10 +0000] "GET /autodiscover/autodiscover.xml HTTP/1.1" 400 52 "-" "-"
4.193.171.159 - - [04/Jul/2026:14:28:08 +0000] "GET /403.shtml HTTP/1.1" 301 - "-" "-"
52.243.62.144 - - [04/Jul/2026:14:28:12 +0000] "GET /autodiscover/autodiscover.xml HTTP/1.1" 400 52 "-" "-"
52.243.62.144 - - [04/Jul/2026:14:28:14 +0000] "GET /autodiscover/autodiscover.xml HTTP/1.1" 400 52 "-" "-"
4.193.171.159 - - [04/Jul/2026:14:28:11 +0000] "GET / HTTP/1.1" 200 63771 "-" "-"
4.193.171.159 - - [04/Jul/2026:14:28:15 +0000] "GET /aaa.php HTTP/1.1" 301 - "-" "-"
4.193.171.159 - - [04/Jul/2026:14:28:18 +0000] "GET / HTTP/1.1" 200 63771 "-" "-"
4.193.171.159 - - [04/Jul/2026:14:28:22 +0000] "GET /abcd.php HTTP/1.1" 301 - "-" "-"
4.193.171.159 - - [04/Jul/2026:14:28:24 +0000] "GET / HTTP/1.1" 200 63771 "-" "-"
4.193.171.159 - - [04/Jul/2026:14:28:30 +0000] "GET /admin/function.php HTTP/1.1" 301 - "-" "-"
4.193.171.159 - - [04/Jul/2026:14:28:32 +0000] "GET / HTTP/1.1" 200 63771 "-" "-"
4.193.171.159 - - [04/Jul/2026:14:28:35 +0000] "GET /inputs.php HTTP/1.1" 301 - "-" "-"
4.193.171.159 - - [04/Jul/2026:14:28:37 +0000] "GET / HTTP/1.1" 200 63771 "-" "-"
4.193.171.159 - - [04/Jul/2026:14:28:40 +0000] "GET /class-t.api.php HTTP/1.1" 301 - "-" "-"
4.193.171.159 - - [04/Jul/2026:14:28:41 +0000] "GET / HTTP/1.1" 200 63771 "-" "-"
4.193.171.159 - - [04/Jul/2026:14:28:43 +0000] "GET /plugins.php?p= HTTP/1.1" 301 - "-" "-"
4.193.171.159 - - [04/Jul/2026:14:28:45 +0000] "GET / HTTP/1.1" 200 63771 "-" "-"
4.193.171.159 - - [04/Jul/2026:14:28:48 +0000] "GET /jp.php HTTP/1.1" 301 - "-" "-"
4.193.171.159 - - [04/Jul/2026:14:28:49 +0000] "GET / HTTP/1.1" 200 63771 "-" "-"
4.193.171.159 - - [04/Jul/2026:14:28:52 +0000] "GET /storage/index.php HTTP/1.1" 301 - "-" "-"
4.193.171.159 - - [04/Jul/2026:14:28:54 +0000] "GET / HTTP/1.1" 200 63771 "-" "-"
4.193.171.159 - - [04/Jul/2026:14:28:56 +0000] "GET /wp-content/plugins/twenty/login.php HTTP/1.1" 301 - "-" "-"
4.193.171.159 - - [04/Jul/2026:14:28:58 +0000] "GET / HTTP/1.1" 200 63771 "-" "-"
4.193.171.159 - - [04/Jul/2026:14:29:00 +0000] "GET /file3.php HTTP/1.1" 301 - "-" "-"
4.193.171.159 - - [04/Jul/2026:14:29:02 +0000] "GET / HTTP/1.1" 200 63771 "-" "-"
4.193.171.159 - - [04/Jul/2026:14:29:04 +0000] "GET /011i.php HTTP/1.1" 301 - "-" "-"
4.193.171.159 - - [04/Jul/2026:14:29:05 +0000] "GET / HTTP/1.1" 200 63771 "-" "-"
4.193.171.159 - - [04/Jul/2026:14:29:06 +0000] "GET /edit.php HTTP/1.1" 301 - "-" "-"
4.193.171.159 - - [04/Jul/2026:14:29:07 +0000] "GET / HTTP/1.1" 200 63771 "-" "-"
4.193.171.159 - - [04/Jul/2026:14:29:08 +0000] "GET /sid3.php HTTP/1.1" 301 - "-" "-"
4.193.171.159 - - [04/Jul/2026:14:29:10 +0000] "GET / HTTP/1.1" 200 63771 "-" "-"
4.193.171.159 - - [04/Jul/2026:14:29:13 +0000] "GET /load.php HTTP/1.1" 301 - "-" "-"
4.193.171.159 - - [04/Jul/2026:14:29:14 +0000] "GET / HTTP/1.1" 200 63771 "-" "-"
4.193.171.159 - - [04/Jul/2026:14:29:16 +0000] "GET /166.php HTTP/1.1" 301 - "-" "-"
4.193.171.159 - - [04/Jul/2026:14:29:18 +0000] "GET / HTTP/1.1" 200 63771 "-" "-"
4.193.171.159 - - [04/Jul/2026:14:29:20 +0000] "GET /leaf.php HTTP/1.1" 301 - "-" "-"
4.193.171.159 - - [04/Jul/2026:14:29:21 +0000] "GET / HTTP/1.1" 200 63771 "-" "-"
4.193.171.159 - - [04/Jul/2026:14:29:23 +0000] "GET /grsiuk.php HTTP/1.1" 301 - "-" "-"
4.193.171.159 - - [04/Jul/2026:14:29:27 +0000] "GET / HTTP/1.1" 200 63771 "-" "-"
4.193.171.159 - - [04/Jul/2026:14:29:29 +0000] "GET /8.php HTTP/1.1" 301 - "-" "-"
4.193.171.159 - - [04/Jul/2026:14:29:31 +0000] "GET / HTTP/1.1" 200 63771 "-" "-"
4.193.171.159 - - [04/Jul/2026:14:29:32 +0000] "GET /fs.php HTTP/1.1" 301 - "-" "-"
4.193.171.159 - - [04/Jul/2026:14:29:34 +0000] "GET / HTTP/1.1" 200 63771 "-" "-"
4.193.171.159 - - [04/Jul/2026:14:29:36 +0000] "GET /ws38.php HTTP/1.1" 301 - "-" "-"
4.193.171.159 - - [04/Jul/2026:14:29:38 +0000] "GET / HTTP/1.1" 200 63771 "-" "-"
4.193.171.159 - - [04/Jul/2026:14:29:40 +0000] "GET /classsmtps.php HTTP/1.1" 301 - "-" "-"
4.193.171.159 - - [04/Jul/2026:14:29:42 +0000] "GET / HTTP/1.1" 200 63771 "-" "-"
4.193.171.159 - - [04/Jul/2026:14:29:45 +0000] "GET /CDX1.php HTTP/1.1" 301 - "-" "-"
4.193.171.159 - - [04/Jul/2026:14:29:46 +0000] "GET / HTTP/1.1" 200 63771 "-" "-"
4.193.171.159 - - [04/Jul/2026:14:29:49 +0000] "GET /rip.php HTTP/1.1" 301 - "-" "-"
4.193.171.159 - - [04/Jul/2026:14:29:51 +0000] "GET / HTTP/1.1" 200 63771 "-" "-"
4.193.171.159 - - [04/Jul/2026:14:29:53 +0000] "GET /wp-Blogs.php HTTP/1.1" 301 - "-" "-"
4.193.171.159 - - [04/Jul/2026:14:29:55 +0000] "GET / HTTP/1.1" 200 63771 "-" "-"
4.193.171.159 - - [04/Jul/2026:14:29:57 +0000] "GET /wp-content/plugins/beteng88/ws83.php HTTP/1.1" 301 - "-" "-"
4.193.171.159 - - [04/Jul/2026:14:29:59 +0000] "GET / HTTP/1.1" 200 63771 "-" "-"
4.193.171.159 - - [04/Jul/2026:14:30:03 +0000] "GET /ws83.php HTTP/1.1" 301 - "-" "-"
4.193.171.159 - - [04/Jul/2026:14:30:04 +0000] "GET / HTTP/1.1" 200 63771 "-" "-"
4.193.171.159 - - [04/Jul/2026:14:30:06 +0000] "GET /y.php HTTP/1.1" 301 - "-" "-"
4.193.171.159 - - [04/Jul/2026:14:30:08 +0000] "GET / HTTP/1.1" 200 63771 "-" "-"
4.193.171.159 - - [04/Jul/2026:14:30:10 +0000] "GET /akcc.php HTTP/1.1" 301 - "-" "-"
4.193.171.159 - - [04/Jul/2026:14:30:11 +0000] "GET / HTTP/1.1" 200 63771 "-" "-"
4.193.171.159 - - [04/Jul/2026:14:30:13 +0000] "GET /403.shtml HTTP/1.1" 301 - "-" "-"
4.193.171.159 - - [04/Jul/2026:14:30:15 +0000] "GET / HTTP/1.1" 200 63771 "-" "-"
4.193.171.159 - - [04/Jul/2026:14:30:17 +0000] "GET /log.php HTTP/1.1" 301 - "-" "-"
4.193.171.159 - - [04/Jul/2026:14:30:19 +0000] "GET / HTTP/1.1" 200 63771 "-" "-"
4.193.171.159 - - [04/Jul/2026:14:30:22 +0000] "GET /a5.php HTTP/1.1" 301 - "-" "-"
4.193.171.159 - - [04/Jul/2026:14:30:24 +0000] "GET / HTTP/1.1" 200 63771 "-" "-"
4.193.171.159 - - [04/Jul/2026:14:30:27 +0000] "GET /jga.php HTTP/1.1" 301 - "-" "-"
4.193.171.159 - - [04/Jul/2026:14:30:28 +0000] "GET / HTTP/1.1" 200 63771 "-" "-"
4.193.171.159 - - [04/Jul/2026:14:30:31 +0000] "GET /k.php HTTP/1.1" 301 - "-" "-"
4.193.171.159 - - [04/Jul/2026:14:30:32 +0000] "GET / HTTP/1.1" 200 63771 "-" "-"
4.193.171.159 - - [04/Jul/2026:14:30:35 +0000] "GET /ws77.php HTTP/1.1" 301 - "-" "-"
4.193.171.159 - - [04/Jul/2026:14:30:37 +0000] "GET / HTTP/1.1" 200 63771 "-" "-"
4.193.171.159 - - [04/Jul/2026:14:30:39 +0000] "GET /2.php HTTP/1.1" 301 - "-" "-"
4.193.171.159 - - [04/Jul/2026:14:30:42 +0000] "GET / HTTP/1.1" 200 63771 "-" "-"
4.193.171.159 - - [04/Jul/2026:14:30:45 +0000] "GET /asd.php HTTP/1.1" 301 - "-" "-"
4.193.171.159 - - [04/Jul/2026:14:30:47 +0000] "GET / HTTP/1.1" 200 63771 "-" "-"
4.193.171.159 - - [04/Jul/2026:14:30:49 +0000] "GET /default.php HTTP/1.1" 301 - "-" "-"
4.193.171.159 - - [04/Jul/2026:14:30:51 +0000] "GET / HTTP/1.1" 200 63771 "-" "-"
4.193.171.159 - - [04/Jul/2026:14:30:55 +0000] "GET /gettest.php HTTP/1.1" 301 - "-" "-"
4.193.171.159 - - [04/Jul/2026:14:30:57 +0000] "GET / HTTP/1.1" 200 63771 "-" "-"
4.193.171.159 - - [04/Jul/2026:14:31:00 +0000] "GET /install.php HTTP/1.1" 301 - "-" "-"
4.193.171.159 - - [04/Jul/2026:14:31:04 +0000] "GET / HTTP/1.1" 200 63771 "-" "-"
4.193.171.159 - - [04/Jul/2026:14:31:07 +0000] "GET /tfm.php HTTP/1.1" 301 - "-" "-"
4.193.171.159 - - [04/Jul/2026:14:31:10 +0000] "GET / HTTP/1.1" 200 63771 "-" "-"
4.193.171.159 - - [04/Jul/2026:14:31:12 +0000] "GET /ws81.php HTTP/1.1" 301 - "-" "-"
4.193.171.159 - - [04/Jul/2026:14:31:15 +0000] "GET / HTTP/1.1" 200 63771 "-" "-"
4.193.171.159 - - [04/Jul/2026:14:31:19 +0000] "GET /t.php HTTP/1.1" 301 - "-" "-"
4.193.171.159 - - [04/Jul/2026:14:31:23 +0000] "GET / HTTP/1.1" 200 63771 "-" "-"
4.193.171.159 - - [04/Jul/2026:14:31:29 +0000] "GET /6xBAm3vODE05BSzkJZRAws.php HTTP/1.1" 301 - "-" "-"
4.193.171.159 - - [04/Jul/2026:14:31:33 +0000] "GET / HTTP/1.1" 200 63771 "-" "-"
4.193.171.159 - - [04/Jul/2026:14:31:36 +0000] "GET /a1.php HTTP/1.1" 301 - "-" "-"
4.193.171.159 - - [04/Jul/2026:14:31:39 +0000] "GET / HTTP/1.1" 200 63771 "-" "-"
4.193.171.159 - - [04/Jul/2026:14:31:42 +0000] "GET /onclickfuns.php HTTP/1.1" 301 - "-" "-"
