122.168.7.86 - - [04/Jul/2026:14:09:20 +0000] "GET /wp-content/themes/elsie/assets/js/custom.min.js?ver=1.0.3 HTTP/1.1" 200 9121 "https://www.girlsescortsindelhi.in/" "Mozilla/5.0 (Windows NT 10.0; Win64; x64) AppleWebKit/537.36 (KHTML, like Gecko) Chrome/149.0.0.0 Safari/537.36"
122.168.7.86 - - [04/Jul/2026:14:09:20 +0000] "GET /wp-content/plugins/visual-footer-credit-remover/script.js?ver=7.0 HTTP/1.1" 200 140 "https://www.girlsescortsindelhi.in/" "Mozilla/5.0 (Windows NT 10.0; Win64; x64) AppleWebKit/537.36 (KHTML, like Gecko) Chrome/149.0.0.0 Safari/537.36"
122.168.7.86 - - [04/Jul/2026:14:09:20 +0000] "GET /wp-includes/js/jquery/jquery-migrate.min.js?ver=3.4.1 HTTP/1.1" 200 13577 "-" "Mozilla/5.0 (Windows NT 10.0; Win64; x64) AppleWebKit/537.36 (KHTML, like Gecko) Chrome/149.0.0.0 Safari/537.36"
122.168.7.86 - - [04/Jul/2026:14:09:20 +0000] "GET /wp-includes/js/wp-emoji-release.min.js?ver=7.0 HTTP/1.1" 200 22762 "https://www.girlsescortsindelhi.in/" "Mozilla/5.0 (Windows NT 10.0; Win64; x64) AppleWebKit/537.36 (KHTML, like Gecko) Chrome/149.0.0.0 Safari/537.36"
122.168.7.86 - - [04/Jul/2026:14:09:20 +0000] "GET /wp-content/uploads/2022/11/cropped-fonstola.ru_324424.png HTTP/1.1" 200 3349297 "https://www.girlsescortsindelhi.in/" "Mozilla/5.0 (Windows NT 10.0; Win64; x64) AppleWebKit/537.36 (KHTML, like Gecko) Chrome/149.0.0.0 Safari/537.36"
122.168.7.86 - - [04/Jul/2026:14:09:21 +0000] "GET /wp-includes/js/jquery/jquery.min.js?ver=3.7.1 HTTP/1.1" 200 87553 "-" "Mozilla/5.0 (Windows NT 10.0; Win64; x64) AppleWebKit/537.36 (KHTML, like Gecko) Chrome/149.0.0.0 Safari/537.36"
103.189.201.165 - - [04/Jul/2026:14:09:20 +0000] "POST /xmlrpc.php HTTP/1.1" 200 403 "-" "Jetpack by WordPress.com (Jetpack 12.5; WordPress 6.1)"
122.168.7.86 - - [04/Jul/2026:14:09:21 +0000] "GET /wp-content/themes/elsie/assets/js/custom.min.js?ver=1.0.3 HTTP/1.1" 200 9121 "-" "Mozilla/5.0 (Windows NT 10.0; Win64; x64) AppleWebKit/537.36 (KHTML, like Gecko) Chrome/149.0.0.0 Safari/537.36"
122.168.7.86 - - [04/Jul/2026:14:09:21 +0000] "GET /wp-content/plugins/visual-footer-credit-remover/script.js?ver=7.0 HTTP/1.1" 200 140 "-" "Mozilla/5.0 (Windows NT 10.0; Win64; x64) AppleWebKit/537.36 (KHTML, like Gecko) Chrome/149.0.0.0 Safari/537.36"
122.168.7.86 - - [04/Jul/2026:14:09:21 +0000] "GET /wp-includes/js/wp-emoji-release.min.js?ver=7.0 HTTP/1.1" 200 22762 "-" "Mozilla/5.0 (Windows NT 10.0; Win64; x64) AppleWebKit/537.36 (KHTML, like Gecko) Chrome/149.0.0.0 Safari/537.36"
122.168.7.86 - - [04/Jul/2026:14:09:21 +0000] "GET /wp-content/uploads/2022/11/cropped-820b215a24db9db119fc92c7de5d4dc3-32x32.jpg HTTP/1.1" 200 699 "https://www.girlsescortsindelhi.in/" "Mozilla/5.0 (Windows NT 10.0; Win64; x64) AppleWebKit/537.36 (KHTML, like Gecko) Chrome/149.0.0.0 Safari/537.36"
122.168.7.86 - - [04/Jul/2026:14:09:23 +0000] "GET /wp-content/uploads/2022/11/Delhi-Escorts-3.jpg HTTP/1.1" 200 58010 "https://www.girlsescortsindelhi.in/" "Mozilla/5.0 (Windows NT 10.0; Win64; x64) AppleWebKit/537.36 (KHTML, like Gecko) Chrome/149.0.0.0 Safari/537.36"
122.168.7.86 - - [04/Jul/2026:14:09:25 +0000] "GET /about-us.html HTTP/1.1" 200 51507 "https://www.girlsescortsindelhi.in/" "Mozilla/5.0 (Windows NT 10.0; Win64; x64) AppleWebKit/537.36 (KHTML, like Gecko) Chrome/149.0.0.0 Safari/537.36"
122.168.7.86 - - [04/Jul/2026:14:09:26 +0000] "GET /wp-includes/js/comment-reply.min.js?ver=7.0 HTTP/1.1" 200 3026 "https://www.girlsescortsindelhi.in/about-us.html" "Mozilla/5.0 (Windows NT 10.0; Win64; x64) AppleWebKit/537.36 (KHTML, like Gecko) Chrome/149.0.0.0 Safari/537.36"
122.168.7.86 - - [04/Jul/2026:14:09:26 +0000] "GET /wp-includes/js/comment-reply.min.js?ver=7.0 HTTP/1.1" 200 3026 "-" "Mozilla/5.0 (Windows NT 10.0; Win64; x64) AppleWebKit/537.36 (KHTML, like Gecko) Chrome/149.0.0.0 Safari/537.36"
103.189.201.165 - - [04/Jul/2026:14:09:31 +0000] "POST /xmlrpc.php HTTP/1.1" 200 403 "-" "Jetpack by WordPress.com"
103.189.201.165 - - [04/Jul/2026:14:09:41 +0000] "POST /xmlrpc.php HTTP/1.1" 200 403 "-" "Jetpack/12.0; WordPress/6.1; http://site51646929.com"
103.189.201.165 - - [04/Jul/2026:14:09:52 +0000] "POST /xmlrpc.php HTTP/1.1" 200 403 "-" "Jetpack by WordPress.com"
103.189.201.165 - - [04/Jul/2026:14:10:03 +0000] "POST /xmlrpc.php HTTP/1.1" 200 403 "-" "WordPress.com; https://wordpress.com"
103.189.201.165 - - [04/Jul/2026:14:10:13 +0000] "POST /xmlrpc.php HTTP/1.1" 200 403 "-" "Jetpack/13.0; WordPress/6.3; http://site45979153.com"
103.189.201.165 - - [04/Jul/2026:14:10:24 +0000] "POST /xmlrpc.php HTTP/1.1" 200 403 "-" "Jetpack/12.5; WordPress/6.2; http://site64590581.com"
103.189.201.165 - - [04/Jul/2026:14:10:34 +0000] "POST /xmlrpc.php HTTP/1.1" 200 403 "-" "Jetpack/12.1; WordPress/6.4; http://site79764538.com"
119.195.102.159 - - [04/Jul/2026:14:10:40 +0000] "GET /wp-login.php HTTP/1.1" 301 295 "-" "Mozilla/5.0 (Macintosh; Intel Mac OS X 11_7_10) AppleWebKit/537.36 (KHTML, like Gecko) Chrome/133.0.0.0 Safari/537.36"
103.189.201.165 - - [04/Jul/2026:14:10:45 +0000] "POST /xmlrpc.php HTTP/1.1" 301 293 "-" "Jetpack by WordPress.com (Jetpack 12.5; WordPress 6.3)"
69.161.196.4 - - [04/Jul/2026:14:10:47 +0000] "POST /wp-cron.php?doing_wp_cron=1783174247.2107739448547363281250 HTTP/1.1" 200 - "-" "WordPress/7.0; https://www.girlsescortsindelhi.in"
103.189.201.165 - - [04/Jul/2026:14:10:46 +0000] "GET /xmlrpc.php HTTP/1.1" 405 42 "-" "Jetpack by WordPress.com (Jetpack 12.5; WordPress 6.3)"
103.189.201.165 - - [04/Jul/2026:14:10:55 +0000] "POST /xmlrpc.php HTTP/1.1" 301 293 "-" "Jetpack by WordPress.com"
103.189.201.165 - - [04/Jul/2026:14:10:56 +0000] "GET /xmlrpc.php HTTP/1.1" 405 42 "-" "Jetpack by WordPress.com"
103.189.201.165 - - [04/Jul/2026:14:11:06 +0000] "POST /xmlrpc.php HTTP/1.1" 301 293 "-" "WordPress.com; https://wordpress.com"
103.189.201.165 - - [04/Jul/2026:14:11:07 +0000] "GET /xmlrpc.php HTTP/1.1" 405 42 "-" "WordPress.com; https://wordpress.com"
103.189.201.165 - - [04/Jul/2026:14:11:17 +0000] "POST /xmlrpc.php HTTP/1.1" 301 293 "-" "Jetpack/12.5; WordPress/6.2; http://site62280734.com"
103.189.201.165 - - [04/Jul/2026:14:11:17 +0000] "GET /xmlrpc.php HTTP/1.1" 405 42 "-" "Jetpack/12.5; WordPress/6.2; http://site62280734.com"
103.189.201.165 - - [04/Jul/2026:14:11:27 +0000] "POST /xmlrpc.php HTTP/1.1" 301 293 "-" "Jetpack/12.1; WordPress/6.4; http://site39158137.com"
103.189.201.165 - - [04/Jul/2026:14:11:28 +0000] "GET /xmlrpc.php HTTP/1.1" 405 42 "-" "Jetpack/12.1; WordPress/6.4; http://site39158137.com"
103.189.201.165 - - [04/Jul/2026:14:11:38 +0000] "POST /xmlrpc.php HTTP/1.1" 301 293 "-" "Jetpack by WordPress.com (Jetpack 13.0; WordPress 6.1)"
103.189.201.165 - - [04/Jul/2026:14:11:38 +0000] "GET /xmlrpc.php HTTP/1.1" 405 42 "-" "Jetpack by WordPress.com (Jetpack 13.0; WordPress 6.1)"
103.189.201.165 - - [04/Jul/2026:14:11:48 +0000] "POST /xmlrpc.php HTTP/1.1" 301 293 "-" "Jetpack by WordPress.com"
103.189.201.165 - - [04/Jul/2026:14:11:49 +0000] "GET /xmlrpc.php HTTP/1.1" 405 42 "-" "Jetpack by WordPress.com"
103.189.201.165 - - [04/Jul/2026:14:11:59 +0000] "POST /xmlrpc.php HTTP/1.1" 301 293 "-" "WordPress.com; https://wordpress.com"
103.189.201.165 - - [04/Jul/2026:14:12:00 +0000] "GET /xmlrpc.php HTTP/1.1" 405 42 "-" "WordPress.com; https://wordpress.com"
103.189.201.165 - - [04/Jul/2026:14:12:09 +0000] "POST /xmlrpc.php HTTP/1.1" 301 293 "-" "Jetpack by WordPress.com"
103.189.201.165 - - [04/Jul/2026:14:12:10 +0000] "GET /xmlrpc.php HTTP/1.1" 405 42 "-" "Jetpack by WordPress.com"
103.189.201.165 - - [04/Jul/2026:14:12:20 +0000] "POST /xmlrpc.php HTTP/1.1" 301 293 "-" "WordPress.com; https://wordpress.com"
103.189.201.165 - - [04/Jul/2026:14:12:21 +0000] "GET /xmlrpc.php HTTP/1.1" 405 42 "-" "WordPress.com; https://wordpress.com"
103.189.201.165 - - [04/Jul/2026:14:12:30 +0000] "POST /xmlrpc.php HTTP/1.1" 301 293 "-" "Jetpack by WordPress.com"
103.189.201.165 - - [04/Jul/2026:14:12:31 +0000] "GET /xmlrpc.php HTTP/1.1" 405 42 "-" "Jetpack by WordPress.com"
103.189.201.165 - - [04/Jul/2026:14:12:41 +0000] "POST /xmlrpc.php HTTP/1.1" 301 293 "-" "WordPress.com; https://wordpress.com"
103.189.201.165 - - [04/Jul/2026:14:12:42 +0000] "GET /xmlrpc.php HTTP/1.1" 405 42 "-" "WordPress.com; https://wordpress.com"
103.189.201.165 - - [04/Jul/2026:14:12:51 +0000] "POST /xmlrpc.php HTTP/1.1" 301 293 "-" "WordPress.com; https://wordpress.com"
103.189.201.165 - - [04/Jul/2026:14:12:52 +0000] "GET /xmlrpc.php HTTP/1.1" 405 42 "-" "WordPress.com; https://wordpress.com"
122.168.7.86 - - [04/Jul/2026:14:12:55 +0000] "GET / HTTP/1.1" 200 15038 "https://lon-nr-cp1.bigcloudy.com:2083/" "Mozilla/5.0 (Windows NT 10.0; Win64; x64) AppleWebKit/537.36 (KHTML, like Gecko) Chrome/149.0.0.0 Safari/537.36"
103.189.201.165 - - [04/Jul/2026:14:13:02 +0000] "POST /xmlrpc.php HTTP/1.1" 301 293 "-" "WordPress.com; https://wordpress.com"
103.189.201.165 - - [04/Jul/2026:14:13:03 +0000] "GET /xmlrpc.php HTTP/1.1" 405 42 "-" "WordPress.com; https://wordpress.com"
103.189.201.165 - - [04/Jul/2026:14:13:12 +0000] "POST /xmlrpc.php HTTP/1.1" 301 293 "-" "WordPress.com; https://wordpress.com"
103.189.201.165 - - [04/Jul/2026:14:13:13 +0000] "GET /xmlrpc.php HTTP/1.1" 405 42 "-" "WordPress.com; https://wordpress.com"
103.189.201.165 - - [04/Jul/2026:14:13:23 +0000] "POST /xmlrpc.php HTTP/1.1" 301 293 "-" "Jetpack by WordPress.com"
103.189.201.165 - - [04/Jul/2026:14:13:24 +0000] "GET /xmlrpc.php HTTP/1.1" 405 42 "-" "Jetpack by WordPress.com"
103.189.201.165 - - [04/Jul/2026:14:13:33 +0000] "POST /xmlrpc.php HTTP/1.1" 301 293 "-" "Jetpack by WordPress.com"
103.189.201.165 - - [04/Jul/2026:14:13:35 +0000] "GET /xmlrpc.php HTTP/1.1" 405 42 "-" "Jetpack by WordPress.com"
91.92.243.240 - - [04/Jul/2026:14:13:42 +0000] "POST /wp-login.php HTTP/1.1" 301 295 "-" "Mozilla/5.0"
103.189.201.165 - - [04/Jul/2026:14:13:44 +0000] "POST /xmlrpc.php HTTP/1.1" 301 293 "-" "WordPress.com; https://wordpress.com"
103.189.201.165 - - [04/Jul/2026:14:13:45 +0000] "GET /xmlrpc.php HTTP/1.1" 405 42 "-" "WordPress.com; https://wordpress.com"
103.189.201.165 - - [04/Jul/2026:14:13:55 +0000] "POST /xmlrpc.php HTTP/1.1" 301 293 "-" "WordPress.com; https://wordpress.com"
103.189.201.165 - - [04/Jul/2026:14:13:55 +0000] "GET /xmlrpc.php HTTP/1.1" 405 42 "-" "WordPress.com; https://wordpress.com"
103.189.201.165 - - [04/Jul/2026:14:14:05 +0000] "POST /xmlrpc.php HTTP/1.1" 301 293 "-" "Jetpack by WordPress.com (Jetpack 12.5; WordPress 6.4)"
103.189.201.165 - - [04/Jul/2026:14:14:06 +0000] "GET /xmlrpc.php HTTP/1.1" 405 42 "-" "Jetpack by WordPress.com (Jetpack 12.5; WordPress 6.4)"
103.189.201.165 - - [04/Jul/2026:14:14:17 +0000] "POST /xmlrpc.php HTTP/1.1" 301 293 "-" "Jetpack/12.1; WordPress/6.4; http://site34291729.com"
103.189.201.165 - - [04/Jul/2026:14:14:18 +0000] "GET /xmlrpc.php HTTP/1.1" 405 42 "-" "Jetpack/12.1; WordPress/6.4; http://site34291729.com"
103.189.201.165 - - [04/Jul/2026:14:14:26 +0000] "POST /xmlrpc.php HTTP/1.1" 301 293 "-" "Jetpack by WordPress.com (Jetpack 13.0; WordPress 6.1)"
103.189.201.165 - - [04/Jul/2026:14:14:27 +0000] "GET /xmlrpc.php HTTP/1.1" 405 42 "-" "Jetpack by WordPress.com (Jetpack 13.0; WordPress 6.1)"
103.189.201.165 - - [04/Jul/2026:14:14:37 +0000] "POST /xmlrpc.php HTTP/1.1" 301 293 "-" "WordPress.com; https://wordpress.com"
103.189.201.165 - - [04/Jul/2026:14:14:38 +0000] "GET /xmlrpc.php HTTP/1.1" 405 42 "-" "WordPress.com; https://wordpress.com"
103.189.201.165 - - [04/Jul/2026:14:14:47 +0000] "POST /xmlrpc.php HTTP/1.1" 301 293 "-" "Jetpack/13.0; WordPress/6.3; http://site95102966.com"
103.189.201.165 - - [04/Jul/2026:14:14:48 +0000] "GET /xmlrpc.php HTTP/1.1" 405 42 "-" "Jetpack/13.0; WordPress/6.3; http://site95102966.com"
103.189.201.165 - - [04/Jul/2026:14:14:58 +0000] "POST /xmlrpc.php HTTP/1.1" 301 293 "-" "Jetpack/12.1; WordPress/6.1; http://site51897833.com"
103.189.201.165 - - [04/Jul/2026:14:14:59 +0000] "GET /xmlrpc.php HTTP/1.1" 405 42 "-" "Jetpack/12.1; WordPress/6.1; http://site51897833.com"
103.189.201.165 - - [04/Jul/2026:14:15:08 +0000] "POST /xmlrpc.php HTTP/1.1" 301 293 "-" "Jetpack by WordPress.com"
103.189.201.165 - - [04/Jul/2026:14:15:09 +0000] "GET /xmlrpc.php HTTP/1.1" 405 42 "-" "Jetpack by WordPress.com"
103.189.201.165 - - [04/Jul/2026:14:15:19 +0000] "POST /xmlrpc.php HTTP/1.1" 301 293 "-" "Jetpack/12.1; WordPress/6.1; http://site11001483.com"
103.189.201.165 - - [04/Jul/2026:14:15:20 +0000] "GET /xmlrpc.php HTTP/1.1" 405 42 "-" "Jetpack/12.1; WordPress/6.1; http://site11001483.com"
103.189.201.165 - - [04/Jul/2026:14:15:30 +0000] "POST /xmlrpc.php HTTP/1.1" 301 293 "-" "Jetpack by WordPress.com (Jetpack 12.1; WordPress 6.1)"
103.189.201.165 - - [04/Jul/2026:14:15:31 +0000] "GET /xmlrpc.php HTTP/1.1" 405 42 "-" "Jetpack by WordPress.com (Jetpack 12.1; WordPress 6.1)"
103.189.201.165 - - [04/Jul/2026:14:15:40 +0000] "POST /xmlrpc.php HTTP/1.1" 301 293 "-" "Jetpack/13.0; WordPress/6.4; http://site69687373.com"
103.189.201.165 - - [04/Jul/2026:14:15:41 +0000] "GET /xmlrpc.php HTTP/1.1" 405 42 "-" "Jetpack/13.0; WordPress/6.4; http://site69687373.com"
103.189.201.165 - - [04/Jul/2026:14:15:51 +0000] "POST /xmlrpc.php HTTP/1.1" 301 293 "-" "WordPress.com; https://wordpress.com"
103.189.201.165 - - [04/Jul/2026:14:15:51 +0000] "GET /xmlrpc.php HTTP/1.1" 405 42 "-" "WordPress.com; https://wordpress.com"
20.151.225.63 - - [04/Jul/2026:14:16:00 +0000] "GET /wp-content/plugins/hellopress/wp_filemanager.php HTTP/1.1" 401 36 "-" "-"
20.151.225.63 - - [04/Jul/2026:14:16:00 +0000] "GET /this_is_a_new_hello_world.php HTTP/1.1" 401 36 "-" "-"
20.151.225.63 - - [04/Jul/2026:14:16:01 +0000] "GET /blurbs.php HTTP/1.1" 401 36 "-" "-"
103.189.201.165 - - [04/Jul/2026:14:16:01 +0000] "POST /xmlrpc.php HTTP/1.1" 301 293 "-" "WordPress.com; https://wordpress.com"
20.151.225.63 - - [04/Jul/2026:14:16:01 +0000] "GET /bajah.php HTTP/1.1" 401 36 "-" "-"
20.151.225.63 - - [04/Jul/2026:14:16:01 +0000] "GET /a.php HTTP/1.1" 401 36 "-" "-"
20.151.225.63 - - [04/Jul/2026:14:16:02 +0000] "GET /edit.php HTTP/1.1" 401 36 "-" "-"
20.151.225.63 - - [04/Jul/2026:14:16:02 +0000] "GET /hosty.php HTTP/1.1" 401 36 "-" "-"
20.151.225.63 - - [04/Jul/2026:14:16:02 +0000] "GET /k.php HTTP/1.1" 401 36 "-" "-"
20.151.225.63 - - [04/Jul/2026:14:16:03 +0000] "GET /mosty.php HTTP/1.1" 401 36 "-" "-"
20.151.225.63 - - [04/Jul/2026:14:16:03 +0000] "GET /aaa.php HTTP/1.1" 401 36 "-" "-"
20.151.225.63 - - [04/Jul/2026:14:16:03 +0000] "GET /file5.php HTTP/1.1" 401 36 "-" "-"
20.151.225.63 - - [04/Jul/2026:14:16:03 +0000] "GET /222.php HTTP/1.1" 401 36 "-" "-"
103.189.201.165 - - [04/Jul/2026:14:16:02 +0000] "GET /xmlrpc.php HTTP/1.1" 405 42 "-" "WordPress.com; https://wordpress.com"
20.151.225.63 - - [04/Jul/2026:14:16:04 +0000] "GET /test.php HTTP/1.1" 401 36 "-" "-"
20.151.225.63 - - [04/Jul/2026:14:16:04 +0000] "GET /aaa.php HTTP/1.1" 401 36 "-" "-"
20.151.225.63 - - [04/Jul/2026:14:16:04 +0000] "GET /11.php HTTP/1.1" 401 36 "-" "-"
20.151.225.63 - - [04/Jul/2026:14:16:05 +0000] "GET /mac.php HTTP/1.1" 401 36 "-" "-"
20.151.225.63 - - [04/Jul/2026:14:16:05 +0000] "GET /chosen.php HTTP/1.1" 401 36 "-" "-"
20.151.225.63 - - [04/Jul/2026:14:16:05 +0000] "GET /bthil.php HTTP/1.1" 401 36 "-" "-"
20.151.225.63 - - [04/Jul/2026:14:16:05 +0000] "GET /cream1.php HTTP/1.1" 401 36 "-" "-"
20.151.225.63 - - [04/Jul/2026:14:16:06 +0000] "GET /wp-content/uploads/ HTTP/1.1" 401 36 "-" "-"
20.151.225.63 - - [04/Jul/2026:14:16:06 +0000] "GET /wp-includes/Text/ HTTP/1.1" 401 36 "-" "-"
20.151.225.63 - - [04/Jul/2026:14:16:06 +0000] "GET /dr.php HTTP/1.1" 401 36 "-" "-"
20.151.225.63 - - [04/Jul/2026:14:16:07 +0000] "GET /x.php HTTP/1.1" 401 36 "-" "-"
20.151.225.63 - - [04/Jul/2026:14:16:07 +0000] "GET /155.php HTTP/1.1" 401 36 "-" "-"
20.151.225.63 - - [04/Jul/2026:14:16:07 +0000] "GET /ops.php HTTP/1.1" 401 36 "-" "-"
20.151.225.63 - - [04/Jul/2026:14:16:07 +0000] "GET /file31.php HTTP/1.1" 401 36 "-" "-"
20.151.225.63 - - [04/Jul/2026:14:16:08 +0000] "GET /file6.php HTTP/1.1" 401 36 "-" "-"
20.151.225.63 - - [04/Jul/2026:14:16:08 +0000] "GET /wp-includes/assets/ HTTP/1.1" 401 36 "-" "-"
20.151.225.63 - - [04/Jul/2026:14:16:08 +0000] "GET /adminfuns.php HTTP/1.1" 401 36 "-" "-"
20.151.225.63 - - [04/Jul/2026:14:16:08 +0000] "GET /goods.php HTTP/1.1" 401 36 "-" "-"
20.151.225.63 - - [04/Jul/2026:14:16:09 +0000] "GET /100.php HTTP/1.1" 401 36 "-" "-"
20.151.225.63 - - [04/Jul/2026:14:16:09 +0000] "GET /about.php HTTP/1.1" 401 36 "-" "-"
20.151.225.63 - - [04/Jul/2026:14:16:09 +0000] "GET /about.php HTTP/1.1" 401 36 "-" "-"
20.151.225.63 - - [04/Jul/2026:14:16:09 +0000] "GET /admin.php HTTP/1.1" 401 36 "-" "-"
20.151.225.63 - - [04/Jul/2026:14:16:10 +0000] "GET /admin.php HTTP/1.1" 401 36 "-" "-"
20.151.225.63 - - [04/Jul/2026:14:16:10 +0000] "GET /themes.php HTTP/1.1" 401 36 "-" "-"
20.151.225.63 - - [04/Jul/2026:14:16:10 +0000] "GET /wp-includes/blocks/details/ HTTP/1.1" 401 36 "-" "-"
20.151.225.63 - - [04/Jul/2026:14:16:11 +0000] "GET /wp-includes/blocks/audi HTTP/1.1" 401 36 "-" "-"
20.151.225.63 - - [04/Jul/2026:14:16:11 +0000] "GET /.well-known/about.php HTTP/1.1" 401 36 "-" "-"
20.151.225.63 - - [04/Jul/2026:14:16:11 +0000] "GET /wp-includes/ID3/about.php HTTP/1.1" 401 36 "-" "-"
20.151.225.63 - - [04/Jul/2026:14:16:11 +0000] "GET /wefile.php HTTP/1.1" 401 36 "-" "-"
103.189.201.165 - - [04/Jul/2026:14:16:12 +0000] "POST /xmlrpc.php HTTP/1.1" 301 293 "-" "Jetpack by WordPress.com (Jetpack 12.5; WordPress 6.4)"
20.151.225.63 - - [04/Jul/2026:14:16:12 +0000] "GET /modules/mod_simplefileuploadv1.3/elements/filemanager.php HTTP/1.1" 401 36 "-" "-"
20.151.225.63 - - [04/Jul/2026:14:16:12 +0000] "GET /wp-includes/blocks/post-comments-form/ HTTP/1.1" 401 36 "-" "-"
20.151.225.63 - - [04/Jul/2026:14:16:12 +0000] "GET /wp-admin/js/ HTTP/1.1" 401 36 "-" "-"
20.151.225.63 - - [04/Jul/2026:14:16:12 +0000] "GET /wp-admin/css/colour.php HTTP/1.1" 401 36 "-" "-"
20.151.225.63 - - [04/Jul/2026:14:16:13 +0000] "GET /8.php HTTP/1.1" 401 36 "-" "-"
20.151.225.63 - - [04/Jul/2026:14:16:13 +0000] "GET /wp-content/admin.php HTTP/1.1" 401 36 "-" "-"
20.151.225.63 - - [04/Jul/2026:14:16:13 +0000] "GET /f6.php HTTP/1.1" 401 36 "-" "-"
20.151.225.63 - - [04/Jul/2026:14:16:14 +0000] "GET /inputs.php HTTP/1.1" 401 36 "-" "-"
20.151.225.63 - - [04/Jul/2026:14:16:14 +0000] "GET /inputs.php HTTP/1.1" 401 36 "-" "-"
103.189.201.165 - - [04/Jul/2026:14:16:13 +0000] "GET /xmlrpc.php HTTP/1.1" 301 - "-" "Jetpack by WordPress.com (Jetpack 12.5; WordPress 6.4)"
20.151.225.63 - - [04/Jul/2026:14:16:14 +0000] "GET /classwithtostring.php HTTP/1.1" 401 36 "-" "-"
20.151.225.63 - - [04/Jul/2026:14:16:14 +0000] "GET /wp-content/themes/index.php HTTP/1.1" 401 36 "-" "-"
20.151.225.63 - - [04/Jul/2026:14:16:15 +0000] "GET /wp-blog.php HTTP/1.1" 401 36 "-" "-"
20.151.225.63 - - [04/Jul/2026:14:16:15 +0000] "GET /wp-includes/js/jquery/ HTTP/1.1" 401 36 "-" "-"
20.151.225.63 - - [04/Jul/2026:14:16:15 +0000] "GET /wp-content/admin.php HTTP/1.1" 401 36 "-" "-"
20.151.225.63 - - [04/Jul/2026:14:16:15 +0000] "GET /adminfuns.php HTTP/1.1" 401 36 "-" "-"
20.151.225.63 - - [04/Jul/2026:14:16:16 +0000] "GET /ms-edit.php HTTP/1.1" 401 36 "-" "-"
20.151.225.63 - - [04/Jul/2026:14:16:16 +0000] "GET /cgi-bin/index.php HTTP/1.1" 401 36 "-" "-"
103.189.201.165 - - [04/Jul/2026:14:16:15 +0000] "GET / HTTP/1.1" 200 63771 "-" "Jetpack by WordPress.com (Jetpack 12.5; WordPress 6.4)"
20.151.225.63 - - [04/Jul/2026:14:16:16 +0000] "GET /wp-includes/css/dist/ HTTP/1.1" 401 36 "-" "-"
20.151.225.63 - - [04/Jul/2026:14:16:17 +0000] "GET /BDKR28WP.php HTTP/1.1" 401 36 "-" "-"
20.151.225.63 - - [04/Jul/2026:14:16:17 +0000] "GET /wp-includes/l10n/ HTTP/1.1" 401 36 "-" "-"
20.151.225.63 - - [04/Jul/2026:14:16:17 +0000] "GET /wp-content/uploads/ HTTP/1.1" 401 36 "-" "-"
20.151.225.63 - - [04/Jul/2026:14:16:17 +0000] "GET /abcd.php HTTP/1.1" 401 36 "-" "-"
20.151.225.63 - - [04/Jul/2026:14:16:18 +0000] "GET /file15.php HTTP/1.1" 401 36 "-" "-"
20.151.225.63 - - [04/Jul/2026:14:16:18 +0000] "GET /jp.php HTTP/1.1" 401 36 "-" "-"
20.151.225.63 - - [04/Jul/2026:14:16:18 +0000] "GET /f35.php HTTP/1.1" 401 36 "-" "-"
20.151.225.63 - - [04/Jul/2026:14:16:18 +0000] "GET /wp-load.php HTTP/1.1" 401 36 "-" "-"
20.151.225.63 - - [04/Jul/2026:14:16:19 +0000] "GET /xyn.php HTTP/1.1" 401 36 "-" "-"
20.151.225.63 - - [04/Jul/2026:14:16:19 +0000] "GET /wp-includes/assets/ HTTP/1.1" 401 36 "-" "-"
20.151.225.63 - - [04/Jul/2026:14:16:19 +0000] "GET /wp-admin/css/colors/sunrise/ HTTP/1.1" 401 36 "-" "-"
20.151.225.63 - - [04/Jul/2026:14:16:19 +0000] "GET /ccc.php HTTP/1.1" 401 36 "-" "-"
20.151.225.63 - - [04/Jul/2026:14:16:20 +0000] "GET /w.php HTTP/1.1" 401 36 "-" "-"
20.151.225.63 - - [04/Jul/2026:14:16:20 +0000] "GET /4PJcpMFsD8B.php HTTP/1.1" 401 36 "-" "-"
20.151.225.63 - - [04/Jul/2026:14:16:20 +0000] "GET /set.php HTTP/1.1" 401 36 "-" "-"
20.151.225.63 - - [04/Jul/2026:14:16:20 +0000] "GET /FWAZ.php HTTP/1.1" 401 36 "-" "-"
20.151.225.63 - - [04/Jul/2026:14:16:21 +0000] "GET /miru1.php HTTP/1.1" 401 36 "-" "-"
20.151.225.63 - - [04/Jul/2026:14:16:21 +0000] "GET /aa.php HTTP/1.1" 401 36 "-" "-"
20.151.225.63 - - [04/Jul/2026:14:16:21 +0000] "GET /122.php HTTP/1.1" 401 36 "-" "-"
20.151.225.63 - - [04/Jul/2026:14:16:21 +0000] "GET /get.php HTTP/1.1" 401 36 "-" "-"
20.151.225.63 - - [04/Jul/2026:14:16:22 +0000] "GET /as.php HTTP/1.1" 401 36 "-" "-"
20.151.225.63 - - [04/Jul/2026:14:16:22 +0000] "GET /ccou.php HTTP/1.1" 401 36 "-" "-"
20.151.225.63 - - [04/Jul/2026:14:16:22 +0000] "GET /w3lls.php HTTP/1.1" 401 36 "-" "-"
20.151.225.63 - - [04/Jul/2026:14:16:22 +0000] "GET /test1.php HTTP/1.1" 401 36 "-" "-"
20.151.225.63 - - [04/Jul/2026:14:16:23 +0000] "GET /database.php HTTP/1.1" 401 36 "-" "-"
20.151.225.63 - - [04/Jul/2026:14:16:23 +0000] "GET /file.php HTTP/1.1" 401 36 "-" "-"
20.151.225.63 - - [04/Jul/2026:14:16:23 +0000] "GET /file.php HTTP/1.1" 401 36 "-" "-"
20.151.225.63 - - [04/Jul/2026:14:16:24 +0000] "GET /777.php HTTP/1.1" 401 36 "-" "-"
103.189.201.165 - - [04/Jul/2026:14:16:24 +0000] "POST /xmlrpc.php HTTP/1.1" 301 293 "-" "Jetpack by WordPress.com"
20.151.225.63 - - [04/Jul/2026:14:16:24 +0000] "GET /joomla.php HTTP/1.1" 401 36 "-" "-"
20.151.225.63 - - [04/Jul/2026:14:16:24 +0000] "GET /ssixta.php HTTP/1.1" 401 36 "-" "-"
20.151.225.63 - - [04/Jul/2026:14:16:24 +0000] "GET /1c.php HTTP/1.1" 401 36 "-" "-"
20.151.225.63 - - [04/Jul/2026:14:16:25 +0000] "GET /test2.php HTTP/1.1" 401 36 "-" "-"
20.151.225.63 - - [04/Jul/2026:14:16:25 +0000] "GET /buy.php HTTP/1.1" 401 36 "-" "-"
20.151.225.63 - - [04/Jul/2026:14:16:25 +0000] "GET /ssend.php HTTP/1.1" 401 36 "-" "-"
103.189.201.165 - - [04/Jul/2026:14:16:25 +0000] "GET /xmlrpc.php HTTP/1.1" 405 42 "-" "Jetpack by WordPress.com"
20.151.225.63 - - [04/Jul/2026:14:16:25 +0000] "GET /item.php HTTP/1.1" 401 36 "-" "-"
20.151.225.63 - - [04/Jul/2026:14:16:26 +0000] "GET /ss.php HTTP/1.1" 401 36 "-" "-"
20.151.225.63 - - [04/Jul/2026:14:16:26 +0000] "GET /hypo.php HTTP/1.1" 401 36 "-" "-"
20.151.225.63 - - [04/Jul/2026:14:16:26 +0000] "GET /bob.php HTTP/1.1" 401 36 "-" "-"
20.151.225.63 - - [04/Jul/2026:14:16:26 +0000] "GET /users.php HTTP/1.1" 401 36 "-" "-"
20.151.225.63 - - [04/Jul/2026:14:16:27 +0000] "GET /177.php HTTP/1.1" 401 36 "-" "-"
20.151.225.63 - - [04/Jul/2026:14:16:27 +0000] "GET /config.php HTTP/1.1" 401 36 "-" "-"
20.151.225.63 - - [04/Jul/2026:14:16:27 +0000] "GET /ayuvbvh.php HTTP/1.1" 401 36 "-" "-"
20.151.225.63 - - [04/Jul/2026:14:16:28 +0000] "GET /0d.php HTTP/1.1" 401 36 "-" "-"
20.151.225.63 - - [04/Jul/2026:14:16:28 +0000] "GET /gettest.php HTTP/1.1" 401 36 "-" "-"
20.151.225.63 - - [04/Jul/2026:14:16:28 +0000] "GET /min.php HTTP/1.1" 401 36 "-" "-"
20.151.225.63 - - [04/Jul/2026:14:16:29 +0000] "GET /edorxrr.php HTTP/1.1" 401 36 "-" "-"
20.151.225.63 - - [04/Jul/2026:14:16:29 +0000] "GET /hur.php HTTP/1.1" 401 36 "-" "-"
20.151.225.63 - - [04/Jul/2026:14:16:29 +0000] "GET /3PJcpMFsD8B.php HTTP/1.1" 401 36 "-" "-"
20.151.225.63 - - [04/Jul/2026:14:16:30 +0000] "GET /dvjul.php HTTP/1.1" 401 36 "-" "-"
20.151.225.63 - - [04/Jul/2026:14:16:30 +0000] "GET /biufile.php HTTP/1.1" 401 36 "-" "-"
20.151.225.63 - - [04/Jul/2026:14:16:30 +0000] "GET /av.php HTTP/1.1" 401 36 "-" "-"
20.151.225.63 - - [04/Jul/2026:14:16:30 +0000] "GET /zoro.php HTTP/1.1" 401 36 "-" "-"
20.151.225.63 - - [04/Jul/2026:14:16:31 +0000] "GET /coffexium.php HTTP/1.1" 401 36 "-" "-"
20.151.225.63 - - [04/Jul/2026:14:16:31 +0000] "GET /xenon1337.php HTTP/1.1" 401 36 "-" "-"
20.151.225.63 - - [04/Jul/2026:14:16:31 +0000] "GET /app.php HTTP/1.1" 401 36 "-" "-"
20.151.225.63 - - [04/Jul/2026:14:16:31 +0000] "GET /core.php HTTP/1.1" 401 36 "-" "-"
20.151.225.63 - - [04/Jul/2026:14:16:32 +0000] "GET /footer.php HTTP/1.1" 401 36 "-" "-"
20.151.225.63 - - [04/Jul/2026:14:16:32 +0000] "GET /header.php HTTP/1.1" 401 36 "-" "-"
20.151.225.63 - - [04/Jul/2026:14:16:32 +0000] "GET /functions.php HTTP/1.1" 401 36 "-" "-"
20.151.225.63 - - [04/Jul/2026:14:16:33 +0000] "GET /simple.php HTTP/1.1" 401 36 "-" "-"
103.189.201.165 - - [04/Jul/2026:14:16:33 +0000] "POST /xmlrpc.php HTTP/1.1" 301 293 "-" "Jetpack by WordPress.com (Jetpack 12.5; WordPress 6.3)"
20.151.225.63 - - [04/Jul/2026:14:16:33 +0000] "GET /init.php HTTP/1.1" 401 36 "-" "-"
20.151.225.63 - - [04/Jul/2026:14:16:33 +0000] "GET /fpwch.php HTTP/1.1" 401 36 "-" "-"
20.151.225.63 - - [04/Jul/2026:14:16:33 +0000] "GET /domvf.php HTTP/1.1" 401 36 "-" "-"
20.151.225.63 - - [04/Jul/2026:14:16:34 +0000] "GET /wp.php HTTP/1.1" 401 36 "-" "-"
20.151.225.63 - - [04/Jul/2026:14:16:34 +0000] "GET /class.php HTTP/1.1" 401 36 "-" "-"
20.151.225.63 - - [04/Jul/2026:14:16:34 +0000] "GET /echkm.php HTTP/1.1" 401 36 "-" "-"
103.189.201.165 - - [04/Jul/2026:14:16:34 +0000] "GET /xmlrpc.php HTTP/1.1" 405 42 "-" "Jetpack by WordPress.com (Jetpack 12.5; WordPress 6.3)"
20.151.225.63 - - [04/Jul/2026:14:16:34 +0000] "GET /lib.php HTTP/1.1" 401 36 "-" "-"
20.151.225.63 - - [04/Jul/2026:14:16:35 +0000] "GET /login.php HTTP/1.1" 401 36 "-" "-"
20.151.225.63 - - [04/Jul/2026:14:16:35 +0000] "GET /qyamb.php HTTP/1.1" 401 36 "-" "-"
20.151.225.63 - - [04/Jul/2026:14:16:35 +0000] "GET /sites.php HTTP/1.1" 401 36 "-" "-"
20.151.225.63 - - [04/Jul/2026:14:16:35 +0000] "GET /xwpg.php HTTP/1.1" 401 36 "-" "-"
20.151.225.63 - - [04/Jul/2026:14:16:36 +0000] "GET /a2.php HTTP/1.1" 401 36 "-" "-"
20.151.225.63 - - [04/Jul/2026:14:16:36 +0000] "GET /d61.php HTTP/1.1" 401 36 "-" "-"
20.151.225.63 - - [04/Jul/2026:14:16:36 +0000] "GET /alfa.php HTTP/1.1" 401 36 "-" "-"
20.151.225.63 - - [04/Jul/2026:14:16:37 +0000] "GET /info.php HTTP/1.1" 401 36 "-" "-"
20.151.225.63 - - [04/Jul/2026:14:16:37 +0000] "GET /gtd7.php HTTP/1.1" 401 36 "-" "-"
20.151.225.63 - - [04/Jul/2026:14:16:37 +0000] "GET /11.php HTTP/1.1" 401 36 "-" "-"
20.151.225.63 - - [04/Jul/2026:14:16:37 +0000] "GET /v2.php HTTP/1.1" 401 36 "-" "-"
20.151.225.63 - - [04/Jul/2026:14:16:38 +0000] "GET /Cap.php HTTP/1.1" 401 36 "-" "-"
20.151.225.63 - - [04/Jul/2026:14:16:38 +0000] "GET /panel.php HTTP/1.1" 401 36 "-" "-"
20.151.225.63 - - [04/Jul/2026:14:16:38 +0000] "GET /haxorsec.php HTTP/1.1" 401 36 "-" "-"
20.151.225.63 - - [04/Jul/2026:14:16:38 +0000] "GET /alpha.php HTTP/1.1" 401 36 "-" "-"
20.151.225.63 - - [04/Jul/2026:14:16:39 +0000] "GET /beyaz.php HTTP/1.1" 401 36 "-" "-"
20.151.225.63 - - [04/Jul/2026:14:16:39 +0000] "GET /shellbaru.php HTTP/1.1" 401 36 "-" "-"
20.151.225.63 - - [04/Jul/2026:14:16:39 +0000] "GET /cyiso.php HTTP/1.1" 401 36 "-" "-"
20.151.225.63 - - [04/Jul/2026:14:16:39 +0000] "GET /cfokd.php HTTP/1.1" 401 36 "-" "-"
20.151.225.63 - - [04/Jul/2026:14:16:40 +0000] "GET /ciluk.php HTTP/1.1" 401 36 "-" "-"
20.151.225.63 - - [04/Jul/2026:14:16:40 +0000] "GET /enyrj.php HTTP/1.1" 401 36 "-" "-"
20.151.225.63 - - [04/Jul/2026:14:16:40 +0000] "GET /2026w.php HTTP/1.1" 401 36 "-" "-"
20.151.225.63 - - [04/Jul/2026:14:16:40 +0000] "GET /dex.php HTTP/1.1" 401 36 "-" "-"
20.151.225.63 - - [04/Jul/2026:14:16:41 +0000] "GET /xsox.php HTTP/1.1" 401 36 "-" "-"
20.151.225.63 - - [04/Jul/2026:14:16:41 +0000] "GET /w1px.php HTTP/1.1" 401 36 "-" "-"
20.151.225.63 - - [04/Jul/2026:14:16:41 +0000] "GET /64907336e4ab9d.php HTTP/1.1" 401 36 "-" "-"
20.151.225.63 - - [04/Jul/2026:14:16:41 +0000] "GET /prekel.php HTTP/1.1" 401 36 "-" "-"
103.189.201.165 - - [04/Jul/2026:14:16:44 +0000] "POST /xmlrpc.php HTTP/1.1" 301 293 "-" "WordPress.com; https://wordpress.com"
103.189.201.165 - - [04/Jul/2026:14:16:46 +0000] "GET /xmlrpc.php HTTP/1.1" 405 42 "-" "WordPress.com; https://wordpress.com"
103.189.201.165 - - [04/Jul/2026:14:16:55 +0000] "POST /xmlrpc.php HTTP/1.1" 301 293 "-" "Jetpack by WordPress.com (Jetpack 12.0; WordPress 6.4)"
103.189.201.165 - - [04/Jul/2026:14:16:56 +0000] "GET /xmlrpc.php HTTP/1.1" 405 42 "-" "Jetpack by WordPress.com (Jetpack 12.0; WordPress 6.4)"
103.189.201.165 - - [04/Jul/2026:14:17:05 +0000] "POST /xmlrpc.php HTTP/1.1" 301 293 "-" "Jetpack/12.1; WordPress/6.4; http://site60342905.com"
103.189.201.165 - - [04/Jul/2026:14:17:06 +0000] "GET /xmlrpc.php HTTP/1.1" 405 42 "-" "Jetpack/12.1; WordPress/6.4; http://site60342905.com"
167.71.227.158 - - [04/Jul/2026:14:17:08 +0000] "GET /wp-login.php HTTP/1.1" 301 295 "-" "Mozilla/5.0 (Macintosh; Intel Mac OS X 10_15_7) AppleWebKit/537.36 (KHTML, like Gecko) Chrome/133.0.0.0 Safari/537.36"
167.71.227.158 - - [04/Jul/2026:14:17:09 +0000] "GET /wp-login.php HTTP/1.1" 200 1972 "https://girlsescortsindelhi.in/wp-login.php" "Mozilla/5.0 (Macintosh; Intel Mac OS X 10_15_7) AppleWebKit/537.36 (KHTML, like Gecko) Chrome/133.0.0.0 Safari/537.36"
167.71.227.158 - - [04/Jul/2026:14:17:10 +0000] "POST /wp-login.php HTTP/1.1" 301 295 "https://girlsescortsindelhi.in/wp-login.php" "Mozilla/5.0 (Macintosh; Intel Mac OS X 10_15_7) AppleWebKit/537.36 (KHTML, like Gecko) Chrome/133.0.0.0 Safari/537.36"
167.71.227.158 - - [04/Jul/2026:14:17:10 +0000] "GET /wp-login.php HTTP/1.1" 200 1972 "https://girlsescortsindelhi.in/wp-login.php" "Mozilla/5.0 (Macintosh; Intel Mac OS X 10_15_7) AppleWebKit/537.36 (KHTML, like Gecko) Chrome/133.0.0.0 Safari/537.36"
103.189.201.165 - - [04/Jul/2026:14:17:15 +0000] "POST /xmlrpc.php HTTP/1.1" 301 293 "-" "WordPress.com; https://wordpress.com"
103.189.201.165 - - [04/Jul/2026:14:17:16 +0000] "GET /xmlrpc.php HTTP/1.1" 405 42 "-" "WordPress.com; https://wordpress.com"
103.189.201.165 - - [04/Jul/2026:14:17:26 +0000] "POST /xmlrpc.php HTTP/1.1" 301 293 "-" "WordPress.com; https://wordpress.com"
103.189.201.165 - - [04/Jul/2026:14:17:26 +0000] "GET /xmlrpc.php HTTP/1.1" 405 42 "-" "WordPress.com; https://wordpress.com"
103.189.201.165 - - [04/Jul/2026:14:17:36 +0000] "POST /xmlrpc.php HTTP/1.1" 301 293 "-" "Jetpack/13.0; WordPress/6.1; http://site61649759.com"
103.189.201.165 - - [04/Jul/2026:14:17:37 +0000] "GET /xmlrpc.php HTTP/1.1" 405 42 "-" "Jetpack/13.0; WordPress/6.1; http://site61649759.com"
103.189.201.165 - - [04/Jul/2026:14:17:47 +0000] "POST /xmlrpc.php HTTP/1.1" 301 293 "-" "Jetpack by WordPress.com (Jetpack 12.5; WordPress 6.1)"
103.189.201.165 - - [04/Jul/2026:14:17:48 +0000] "GET /xmlrpc.php HTTP/1.1" 405 42 "-" "Jetpack by WordPress.com (Jetpack 12.5; WordPress 6.1)"
103.189.201.165 - - [04/Jul/2026:14:17:57 +0000] "POST /xmlrpc.php HTTP/1.1" 301 293 "-" "Jetpack by WordPress.com"
103.189.201.165 - - [04/Jul/2026:14:17:58 +0000] "GET /xmlrpc.php HTTP/1.1" 405 42 "-" "Jetpack by WordPress.com"
103.189.201.165 - - [04/Jul/2026:14:18:08 +0000] "POST /xmlrpc.php HTTP/1.1" 301 293 "-" "Jetpack by WordPress.com"
103.189.201.165 - - [04/Jul/2026:14:18:09 +0000] "GET /xmlrpc.php HTTP/1.1" 405 42 "-" "Jetpack by WordPress.com"
103.189.201.165 - - [04/Jul/2026:14:18:18 +0000] "POST /xmlrpc.php HTTP/1.1" 301 293 "-" "Jetpack by WordPress.com"
103.189.201.165 - - [04/Jul/2026:14:18:19 +0000] "GET /xmlrpc.php HTTP/1.1" 405 42 "-" "Jetpack by WordPress.com"
103.189.201.165 - - [04/Jul/2026:14:18:29 +0000] "POST /xmlrpc.php HTTP/1.1" 301 293 "-" "Jetpack by WordPress.com"
103.189.201.165 - - [04/Jul/2026:14:18:30 +0000] "GET /xmlrpc.php HTTP/1.1" 405 42 "-" "Jetpack by WordPress.com"
103.189.201.165 - - [04/Jul/2026:14:18:39 +0000] "POST /xmlrpc.php HTTP/1.1" 301 293 "-" "Jetpack/12.0; WordPress/6.4; http://site49617551.com"
103.189.201.165 - - [04/Jul/2026:14:18:40 +0000] "GET /xmlrpc.php HTTP/1.1" 405 42 "-" "Jetpack/12.0; WordPress/6.4; http://site49617551.com"
103.189.201.165 - - [04/Jul/2026:14:18:50 +0000] "POST /xmlrpc.php HTTP/1.1" 301 293 "-" "Jetpack by WordPress.com"
103.189.201.165 - - [04/Jul/2026:14:18:51 +0000] "GET /xmlrpc.php HTTP/1.1" 405 42 "-" "Jetpack by WordPress.com"
103.189.201.165 - - [04/Jul/2026:14:19:00 +0000] "POST /xmlrpc.php HTTP/1.1" 301 293 "-" "WordPress.com; https://wordpress.com"
103.189.201.165 - - [04/Jul/2026:14:19:01 +0000] "GET /xmlrpc.php HTTP/1.1" 405 42 "-" "WordPress.com; https://wordpress.com"
216.244.66.242 - - [04/Jul/2026:14:19:03 +0000] "GET /robots.txt HTTP/1.1" 200 184 "-" "Mozilla/5.0 (compatible; DotBot/1.2; +https://opensiteexplorer.org/dotbot; help@moz.com)"
103.189.201.165 - - [04/Jul/2026:14:19:11 +0000] "POST /xmlrpc.php HTTP/1.1" 301 293 "-" "WordPress.com; https://wordpress.com"
4.193.171.159 - - [04/Jul/2026:14:19:09 +0000] "GET /wp-content/plugins/hellopress/wp_filemanager.php HTTP/1.1" 301 - "-" "-"
4.193.171.159 - - [04/Jul/2026:14:19:11 +0000] "GET / HTTP/1.1" 200 63771 "-" "-"
103.189.201.165 - - [04/Jul/2026:14:19:12 +0000] "GET /xmlrpc.php HTTP/1.1" 405 42 "-" "WordPress.com; https://wordpress.com"
4.193.171.159 - - [04/Jul/2026:14:19:14 +0000] "GET /this_is_a_new_hello_world.php HTTP/1.1" 301 - "-" "-"
4.193.171.159 - - [04/Jul/2026:14:19:15 +0000] "GET / HTTP/1.1" 200 63771 "-" "-"
4.193.171.159 - - [04/Jul/2026:14:19:17 +0000] "GET /wp-content/plugins/admin.php HTTP/1.1" 301 - "-" "-"
4.193.171.159 - - [04/Jul/2026:14:19:18 +0000] "GET / HTTP/1.1" 200 63771 "-" "-"
4.193.171.159 - - [04/Jul/2026:14:19:19 +0000] "GET /admin.php HTTP/1.1" 301 - "-" "-"
103.189.201.165 - - [04/Jul/2026:14:19:21 +0000] "POST /xmlrpc.php HTTP/1.1" 301 293 "-" "Jetpack/12.5; WordPress/6.4; http://site80494037.com"
4.193.171.159 - - [04/Jul/2026:14:19:21 +0000] "GET / HTTP/1.1" 200 63771 "-" "-"
103.189.201.165 - - [04/Jul/2026:14:19:22 +0000] "GET /xmlrpc.php HTTP/1.1" 405 42 "-" "Jetpack/12.5; WordPress/6.4; http://site80494037.com"
4.193.171.159 - - [04/Jul/2026:14:19:23 +0000] "GET /wk/index.php HTTP/1.1" 301 - "-" "-"
4.193.171.159 - - [04/Jul/2026:14:19:25 +0000] "GET / HTTP/1.1" 200 63771 "-" "-"
4.193.171.159 - - [04/Jul/2026:14:19:27 +0000] "GET /supyffqkrnyxagxcjucnCdefault.php HTTP/1.1" 301 - "-" "-"
4.193.171.159 - - [04/Jul/2026:14:19:28 +0000] "GET / HTTP/1.1" 200 63771 "-" "-"
4.193.171.159 - - [04/Jul/2026:14:19:30 +0000] "GET /elp.php HTTP/1.1" 301 - "-" "-"
4.193.171.159 - - [04/Jul/2026:14:19:31 +0000] "GET / HTTP/1.1" 200 63771 "-" "-"
103.189.201.165 - - [04/Jul/2026:14:19:33 +0000] "POST /xmlrpc.php HTTP/1.1" 301 293 "-" "Jetpack by WordPress.com"
4.193.171.159 - - [04/Jul/2026:14:19:33 +0000] "GET /adminfuns.php HTTP/1.1" 301 - "-" "-"
4.193.171.159 - - [04/Jul/2026:14:19:34 +0000] "GET / HTTP/1.1" 200 63771 "-" "-"
103.189.201.165 - - [04/Jul/2026:14:19:35 +0000] "GET /xmlrpc.php HTTP/1.1" 405 42 "-" "Jetpack by WordPress.com"
4.193.171.159 - - [04/Jul/2026:14:19:37 +0000] "GET /403.shtml HTTP/1.1" 301 - "-" "-"
4.193.171.159 - - [04/Jul/2026:14:19:38 +0000] "GET / HTTP/1.1" 200 63771 "-" "-"
4.193.171.159 - - [04/Jul/2026:14:19:40 +0000] "GET /php8.php HTTP/1.1" 301 - "-" "-"
4.193.171.159 - - [04/Jul/2026:14:19:41 +0000] "GET / HTTP/1.1" 200 63771 "-" "-"
103.189.201.165 - - [04/Jul/2026:14:19:42 +0000] "POST /xmlrpc.php HTTP/1.1" 301 293 "-" "Jetpack by WordPress.com"
4.193.171.159 - - [04/Jul/2026:14:19:43 +0000] "GET /403.shtml HTTP/1.1" 301 - "-" "-"
103.189.201.165 - - [04/Jul/2026:14:19:43 +0000] "GET /xmlrpc.php HTTP/1.1" 405 42 "-" "Jetpack by WordPress.com"
4.193.171.159 - - [04/Jul/2026:14:19:44 +0000] "GET / HTTP/1.1" 200 63771 "-" "-"
52.243.62.144 - - [04/Jul/2026:14:19:47 +0000] "GET /autodiscover/autodiscover.xml HTTP/1.1" 400 52 "-" "-"
4.193.171.159 - - [04/Jul/2026:14:19:47 +0000] "GET /inputs.php HTTP/1.1" 301 - "-" "-"
4.193.171.159 - - [04/Jul/2026:14:19:47 +0000] "GET / HTTP/1.1" 200 63771 "-" "-"
52.243.62.144 - - [04/Jul/2026:14:19:48 +0000] "GET /autodiscover/autodiscover.xml HTTP/1.1" 400 52 "-" "-"
4.193.171.159 - - [04/Jul/2026:14:19:49 +0000] "GET /goods.php HTTP/1.1" 301 - "-" "-"
52.243.62.144 - - [04/Jul/2026:14:19:50 +0000] "GET /autodiscover/autodiscover.xml HTTP/1.1" 400 52 "-" "-"
4.193.171.159 - - [04/Jul/2026:14:19:49 +0000] "GET / HTTP/1.1" 200 63771 "-" "-"
52.243.62.144 - - [04/Jul/2026:14:19:52 +0000] "GET /autodiscover/autodiscover.xml HTTP/1.1" 400 52 "-" "-"
4.193.171.159 - - [04/Jul/2026:14:19:51 +0000] "GET /classwithtostring.php HTTP/1.1" 301 - "-" "-"
103.189.201.165 - - [04/Jul/2026:14:19:53 +0000] "POST /xmlrpc.php HTTP/1.1" 301 293 "-" "Jetpack by WordPress.com (Jetpack 12.5; WordPress 6.2)"
52.243.62.144 - - [04/Jul/2026:14:19:54 +0000] "GET /autodiscover/autodiscover.xml HTTP/1.1" 400 52 "-" "-"
52.243.62.144 - - [04/Jul/2026:14:19:55 +0000] "GET /autodiscover/autodiscover.xml HTTP/1.1" 400 52 "-" "-"
4.193.171.159 - - [04/Jul/2026:14:19:52 +0000] "GET / HTTP/1.1" 200 63771 "-" "-"
103.189.201.165 - - [04/Jul/2026:14:19:54 +0000] "GET /xmlrpc.php HTTP/1.1" 405 42 "-" "Jetpack by WordPress.com (Jetpack 12.5; WordPress 6.2)"
4.193.171.159 - - [04/Jul/2026:14:19:56 +0000] "GET /simple.php HTTP/1.1" 301 - "-" "-"
52.243.62.144 - - [04/Jul/2026:14:19:58 +0000] "GET /autodiscover/autodiscover.xml HTTP/1.1" 400 52 "-" "-"
4.193.171.159 - - [04/Jul/2026:14:19:57 +0000] "GET / HTTP/1.1" 200 63771 "-" "-"
52.243.62.144 - - [04/Jul/2026:14:20:00 +0000] "GET /autodiscover/autodiscover.xml HTTP/1.1" 400 52 "-" "-"
4.193.171.159 - - [04/Jul/2026:14:20:01 +0000] "GET /wp-mail.php HTTP/1.1" 403 2546 "-" "-"
103.189.201.165 - - [04/Jul/2026:14:20:04 +0000] "POST /xmlrpc.php HTTP/1.1" 301 293 "-" "Jetpack/12.0; WordPress/6.4; http://site47892528.com"
52.243.62.144 - - [04/Jul/2026:14:20:05 +0000] "GET /autodiscover/autodiscover.xml HTTP/1.1" 400 52 "-" "-"
4.193.171.159 - - [04/Jul/2026:14:20:03 +0000] "GET /about.php HTTP/1.1" 301 - "-" "-"
103.189.201.165 - - [04/Jul/2026:14:20:04 +0000] "GET /xmlrpc.php HTTP/1.1" 405 42 "-" "Jetpack/12.0; WordPress/6.4; http://site47892528.com"
4.193.171.159 - - [04/Jul/2026:14:20:06 +0000] "GET / HTTP/1.1" 200 63771 "-" "-"
91.92.243.240 - - [04/Jul/2026:14:20:08 +0000] "POST /wp-login.php HTTP/1.1" 301 295 "-" "Mozilla/5.0"
52.243.62.144 - - [04/Jul/2026:14:20:08 +0000] "GET /autodiscover/autodiscover.xml HTTP/1.1" 400 52 "-" "-"
4.193.171.159 - - [04/Jul/2026:14:20:08 +0000] "GET /1.php HTTP/1.1" 301 - "-" "-"
52.243.62.144 - - [04/Jul/2026:14:20:10 +0000] "GET /autodiscover/autodiscover.xml HTTP/1.1" 400 52 "-" "-"
4.193.171.159 - - [04/Jul/2026:14:20:10 +0000] "GET / HTTP/1.1" 200 63771 "-" "-"
4.193.171.159 - - [04/Jul/2026:14:20:12 +0000] "GET /file.php HTTP/1.1" 301 - "-" "-"
52.243.62.144 - - [04/Jul/2026:14:20:13 +0000] "GET /autodiscover/autodiscover.xml HTTP/1.1" 400 52 "-" "-"
103.189.201.165 - - [04/Jul/2026:14:20:14 +0000] "POST /xmlrpc.php HTTP/1.1" 301 293 "-" "WordPress.com; https://wordpress.com"
4.193.171.159 - - [04/Jul/2026:14:20:13 +0000] "GET / HTTP/1.1" 200 63771 "-" "-"
52.243.62.144 - - [04/Jul/2026:14:20:16 +0000] "GET /autodiscover/autodiscover.xml HTTP/1.1" 400 52 "-" "-"
103.189.201.165 - - [04/Jul/2026:14:20:15 +0000] "GET /xmlrpc.php HTTP/1.1" 405 42 "-" "WordPress.com; https://wordpress.com"
4.193.171.159 - - [04/Jul/2026:14:20:15 +0000] "GET /404.php HTTP/1.1" 301 - "-" "-"
52.243.62.144 - - [04/Jul/2026:14:20:18 +0000] "GET /autodiscover/autodiscover.xml HTTP/1.1" 400 52 "-" "-"
4.193.171.159 - - [04/Jul/2026:14:20:17 +0000] "GET / HTTP/1.1" 200 63771 "-" "-"
52.243.62.144 - - [04/Jul/2026:14:20:19 +0000] "GET /autodiscover/autodiscover.xml HTTP/1.1" 400 52 "-" "-"
4.193.171.159 - - [04/Jul/2026:14:20:20 +0000] "GET /wp-login.php HTTP/1.1" 200 5446 "-" "-"
52.243.62.144 - - [04/Jul/2026:14:20:21 +0000] "GET /autodiscover/autodiscover.xml HTTP/1.1" 400 52 "-" "-"
4.193.171.159 - - [04/Jul/2026:14:20:21 +0000] "GET /index.php/feed/atom HTTP/1.1" 301 - "-" "-"
52.243.62.144 - - [04/Jul/2026:14:20:23 +0000] "GET /autodiscover/autodiscover.xml HTTP/1.1" 400 52 "-" "-"
4.193.171.159 - - [04/Jul/2026:14:20:23 +0000] "GET /feed/atom HTTP/1.1" 200 18130 "-" "-"
103.189.201.165 - - [04/Jul/2026:14:20:25 +0000] "POST /xmlrpc.php HTTP/1.1" 301 293 "-" "WordPress.com; https://wordpress.com"
52.243.62.144 - - [04/Jul/2026:14:20:25 +0000] "GET /autodiscover/autodiscover.xml HTTP/1.1" 400 52 "-" "-"
4.193.171.159 - - [04/Jul/2026:14:20:24 +0000] "GET /php.php HTTP/1.1" 301 - "-" "-"
52.243.62.144 - - [04/Jul/2026:14:20:27 +0000] "GET /autodiscover/autodiscover.xml HTTP/1.1" 400 52 "-" "-"
103.189.201.165 - - [04/Jul/2026:14:20:25 +0000] "GET /xmlrpc.php HTTP/1.1" 405 42 "-" "WordPress.com; https://wordpress.com"
52.243.62.144 - - [04/Jul/2026:14:20:28 +0000] "GET /autodiscover/autodiscover.xml HTTP/1.1" 400 52 "-" "-"
4.193.171.159 - - [04/Jul/2026:14:20:26 +0000] "GET / HTTP/1.1" 200 63771 "-" "-"
52.243.62.144 - - [04/Jul/2026:14:20:30 +0000] "GET /autodiscover/autodiscover.xml HTTP/1.1" 400 52 "-" "-"
4.193.171.159 - - [04/Jul/2026:14:20:29 +0000] "GET /wp-includes/Text/Diff/Engine.php HTTP/1.1" 301 - "-" "-"
4.193.171.159 - - [04/Jul/2026:14:20:31 +0000] "GET / HTTP/1.1" 200 63771 "-" "-"
52.243.62.144 - - [04/Jul/2026:14:20:33 +0000] "GET /autodiscover/autodiscover.xml HTTP/1.1" 400 52 "-" "-"
52.243.62.144 - - [04/Jul/2026:14:20:35 +0000] "GET /autodiscover/autodiscover.xml HTTP/1.1" 400 52 "-" "-"
103.189.201.165 - - [04/Jul/2026:14:20:35 +0000] "POST /xmlrpc.php HTTP/1.1" 301 293 "-" "WordPress.com; https://wordpress.com"
4.193.171.159 - - [04/Jul/2026:14:20:33 +0000] "GET /wp-content/admin.php HTTP/1.1" 301 - "-" "-"
52.243.62.144 - - [04/Jul/2026:14:20:37 +0000] "GET /autodiscover/autodiscover.xml HTTP/1.1" 400 52 "-" "-"
103.189.201.165 - - [04/Jul/2026:14:20:36 +0000] "GET /xmlrpc.php HTTP/1.1" 405 42 "-" "WordPress.com; https://wordpress.com"
52.243.62.144 - - [04/Jul/2026:14:20:40 +0000] "GET /autodiscover/autodiscover.xml HTTP/1.1" 400 52 "-" "-"
4.193.171.159 - - [04/Jul/2026:14:20:35 +0000] "GET / HTTP/1.1" 200 63771 "-" "-"
52.243.62.144 - - [04/Jul/2026:14:20:42 +0000] "GET /autodiscover/autodiscover.xml HTTP/1.1" 400 52 "-" "-"
4.193.171.159 - - [04/Jul/2026:14:20:41 +0000] "GET /wp-content/themes/admin.php HTTP/1.1" 301 - "-" "-"
52.243.62.144 - - [04/Jul/2026:14:20:46 +0000] "GET /autodiscover/autodiscover.xml HTTP/1.1" 400 52 "-" "-"
103.189.201.165 - - [04/Jul/2026:14:20:46 +0000] "POST /xmlrpc.php HTTP/1.1" 301 293 "-" "Jetpack/12.1; WordPress/6.4; http://site70141310.com"
4.193.171.159 - - [04/Jul/2026:14:20:45 +0000] "GET / HTTP/1.1" 200 63771 "-" "-"
52.243.62.144 - - [04/Jul/2026:14:20:47 +0000] "GET /autodiscover/autodiscover.xml HTTP/1.1" 400 52 "-" "-"
103.189.201.165 - - [04/Jul/2026:14:20:46 +0000] "GET /xmlrpc.php HTTP/1.1" 405 42 "-" "Jetpack/12.1; WordPress/6.4; http://site70141310.com"
52.243.62.144 - - [04/Jul/2026:14:20:49 +0000] "GET /autodiscover/autodiscover.xml HTTP/1.1" 400 52 "-" "-"
4.193.171.159 - - [04/Jul/2026:14:20:47 +0000] "GET /7.php HTTP/1.1" 301 - "-" "-"
4.193.171.159 - - [04/Jul/2026:14:20:50 +0000] "GET / HTTP/1.1" 200 63771 "-" "-"
52.243.62.144 - - [04/Jul/2026:14:20:53 +0000] "GET /autodiscover/autodiscover.xml HTTP/1.1" 400 52 "-" "-"
4.193.171.159 - - [04/Jul/2026:14:20:53 +0000] "GET /wp-content/index.php HTTP/1.1" 200 - "-" "-"
69.161.196.4 - - [04/Jul/2026:14:20:55 +0000] "POST /wp-cron.php?doing_wp_cron=1783174855.5285410881042480468750 HTTP/1.1" 200 - "-" "WordPress/7.0; https://www.girlsescortsindelhi.in"
4.193.171.159 - - [04/Jul/2026:14:20:53 +0000] "GET /.well-known/acme-challenge/index.php HTTP/1.1" 301 - "-" "-"
103.189.201.165 - - [04/Jul/2026:14:20:56 +0000] "POST /xmlrpc.php HTTP/1.1" 301 293 "-" "Jetpack by WordPress.com (Jetpack 12.5; WordPress 6.2)"
52.243.62.144 - - [04/Jul/2026:14:20:56 +0000] "GET /autodiscover/autodiscover.xml HTTP/1.1" 400 52 "-" "-"
4.193.171.159 - - [04/Jul/2026:14:20:55 +0000] "GET / HTTP/1.1" 200 63771 "-" "-"
52.243.62.144 - - [04/Jul/2026:14:21:00 +0000] "GET /autodiscover/autodiscover.xml HTTP/1.1" 400 52 "-" "-"
103.189.201.165 - - [04/Jul/2026:14:20:57 +0000] "GET /xmlrpc.php HTTP/1.1" 405 42 "-" "Jetpack by WordPress.com (Jetpack 12.5; WordPress 6.2)"
4.193.171.159 - - [04/Jul/2026:14:20:59 +0000] "GET /atomlib.php HTTP/1.1" 301 - "-" "-"
52.243.62.144 - - [04/Jul/2026:14:21:03 +0000] "GET /autodiscover/autodiscover.xml HTTP/1.1" 400 52 "-" "-"
4.193.171.159 - - [04/Jul/2026:14:21:02 +0000] "GET / HTTP/1.1" 200 63771 "-" "-"
52.243.62.144 - - [04/Jul/2026:14:21:05 +0000] "GET /autodiscover/autodiscover.xml HTTP/1.1" 400 52 "-" "-"
103.189.201.165 - - [04/Jul/2026:14:21:07 +0000] "POST /xmlrpc.php HTTP/1.1" 301 293 "-" "Jetpack by WordPress.com"
4.193.171.159 - - [04/Jul/2026:14:21:06 +0000] "GET /chosen.php HTTP/1.1" 301 - "-" "-"
52.243.62.144 - - [04/Jul/2026:14:21:09 +0000] "GET /autodiscover/autodiscover.xml HTTP/1.1" 400 52 "-" "-"
103.189.201.165 - - [04/Jul/2026:14:21:08 +0000] "GET /xmlrpc.php HTTP/1.1" 405 42 "-" "Jetpack by WordPress.com"
4.193.171.159 - - [04/Jul/2026:14:21:08 +0000] "GET / HTTP/1.1" 200 63771 "-" "-"
52.243.62.144 - - [04/Jul/2026:14:21:11 +0000] "GET /autodiscover/autodiscover.xml HTTP/1.1" 400 52 "-" "-"
52.243.62.144 - - [04/Jul/2026:14:21:13 +0000] "GET /autodiscover/autodiscover.xml HTTP/1.1" 400 52 "-" "-"
52.243.62.144 - - [04/Jul/2026:14:21:14 +0000] "GET /autodiscover/autodiscover.xml HTTP/1.1" 400 52 "-" "-"
4.193.171.159 - - [04/Jul/2026:14:21:11 +0000] "GET /css.php HTTP/1.1" 301 - "-" "-"
52.243.62.144 - - [04/Jul/2026:14:21:16 +0000] "GET /autodiscover/autodiscover.xml HTTP/1.1" 400 52 "-" "-"
103.189.201.165 - - [04/Jul/2026:14:21:17 +0000] "POST /xmlrpc.php HTTP/1.1" 301 293 "-" "Jetpack by WordPress.com (Jetpack 13.0; WordPress 6.2)"
52.243.62.144 - - [04/Jul/2026:14:21:19 +0000] "GET /autodiscover/autodiscover.xml HTTP/1.1" 400 52 "-" "-"
4.193.171.159 - - [04/Jul/2026:14:21:15 +0000] "GET / HTTP/1.1" 200 63771 "-" "-"
103.189.201.165 - - [04/Jul/2026:14:21:18 +0000] "GET /xmlrpc.php HTTP/1.1" 405 42 "-" "Jetpack by WordPress.com (Jetpack 13.0; WordPress 6.2)"
52.243.62.144 - - [04/Jul/2026:14:21:21 +0000] "GET /autodiscover/autodiscover.xml HTTP/1.1" 400 52 "-" "-"
52.243.62.144 - - [04/Jul/2026:14:21:22 +0000] "GET /autodiscover/autodiscover.xml HTTP/1.1" 400 52 "-" "-"
4.193.171.159 - - [04/Jul/2026:14:21:20 +0000] "GET /files.php HTTP/1.1" 301 - "-" "-"
52.243.62.144 - - [04/Jul/2026:14:21:24 +0000] "GET /autodiscover/autodiscover.xml HTTP/1.1" 400 52 "-" "-"
52.243.62.144 - - [04/Jul/2026:14:21:27 +0000] "GET /autodiscover/autodiscover.xml HTTP/1.1" 400 52 "-" "-"
4.193.171.159 - - [04/Jul/2026:14:21:23 +0000] "GET / HTTP/1.1" 200 63771 "-" "-"
103.189.201.165 - - [04/Jul/2026:14:21:28 +0000] "POST /xmlrpc.php HTTP/1.1" 301 293 "-" "Jetpack/12.5; WordPress/6.3; http://site54228766.com"
52.243.62.144 - - [04/Jul/2026:14:21:28 +0000] "GET /autodiscover/autodiscover.xml HTTP/1.1" 400 52 "-" "-"
52.243.62.144 - - [04/Jul/2026:14:21:30 +0000] "GET /autodiscover/autodiscover.xml HTTP/1.1" 400 52 "-" "-"
4.193.171.159 - - [04/Jul/2026:14:21:29 +0000] "GET /index/function.php HTTP/1.1" 301 - "-" "-"
52.243.62.144 - - [04/Jul/2026:14:21:31 +0000] "GET /autodiscover/autodiscover.xml HTTP/1.1" 400 52 "-" "-"
103.189.201.165 - - [04/Jul/2026:14:21:29 +0000] "GET /xmlrpc.php HTTP/1.1" 405 42 "-" "Jetpack/12.5; WordPress/6.3; http://site54228766.com"
52.243.62.144 - - [04/Jul/2026:14:21:33 +0000] "GET /autodiscover/autodiscover.xml HTTP/1.1" 400 52 "-" "-"
4.193.171.159 - - [04/Jul/2026:14:21:32 +0000] "GET / HTTP/1.1" 200 63771 "-" "-"
52.243.62.144 - - [04/Jul/2026:14:21:34 +0000] "GET /autodiscover/autodiscover.xml HTTP/1.1" 400 52 "-" "-"
52.243.62.144 - - [04/Jul/2026:14:21:36 +0000] "GET /autodiscover/autodiscover.xml HTTP/1.1" 400 52 "-" "-"
182.77.62.24 - - [04/Jul/2026:14:21:36 +0000] "GET /wp-login.php HTTP/1.1" 301 295 "-" "Mozilla/5.0 (Windows NT 10.0; Win64; x64) AppleWebKit/537.36 (KHTML, like Gecko) Chrome/120.0.0.0 Safari/537.36"
52.243.62.144 - - [04/Jul/2026:14:21:38 +0000] "GET /autodiscover/autodiscover.xml HTTP/1.1" 400 52 "-" "-"
4.193.171.159 - - [04/Jul/2026:14:21:35 +0000] "GET /buy.php HTTP/1.1" 301 - "-" "-"
103.189.201.165 - - [04/Jul/2026:14:21:38 +0000] "POST /xmlrpc.php HTTP/1.1" 301 293 "-" "Jetpack by WordPress.com"
52.243.62.144 - - [04/Jul/2026:14:21:40 +0000] "GET /autodiscover/autodiscover.xml HTTP/1.1" 400 52 "-" "-"
4.193.171.159 - - [04/Jul/2026:14:21:38 +0000] "GET / HTTP/1.1" 200 63771 "-" "-"
182.77.62.24 - - [04/Jul/2026:14:21:38 +0000] "GET /wp-login.php HTTP/1.1" 200 1972 "https://girlsescortsindelhi.in/wp-login.php" "Mozilla/5.0 (Windows NT 10.0; Win64; x64) AppleWebKit/537.36 (KHTML, like Gecko) Chrome/120.0.0.0 Safari/537.36"
52.243.62.144 - - [04/Jul/2026:14:21:42 +0000] "GET /autodiscover/autodiscover.xml HTTP/1.1" 400 52 "-" "-"
103.189.201.165 - - [04/Jul/2026:14:21:39 +0000] "GET /xmlrpc.php HTTP/1.1" 405 42 "-" "Jetpack by WordPress.com"
4.193.171.159 - - [04/Jul/2026:14:21:41 +0000] "GET /info.php HTTP/1.1" 301 - "-" "-"
52.243.62.144 - - [04/Jul/2026:14:21:44 +0000] "GET /autodiscover/autodiscover.xml HTTP/1.1" 400 52 "-" "-"
52.243.62.144 - - [04/Jul/2026:14:21:46 +0000] "GET /autodiscover/autodiscover.xml HTTP/1.1" 400 52 "-" "-"
182.77.62.24 - - [04/Jul/2026:14:21:44 +0000] "GET /wp-login.php HTTP/1.1" 200 1972 "-" "Mozilla/5.0 (Windows NT 10.0; Win64; x64) AppleWebKit/537.36 (KHTML, like Gecko) Chrome/120.0.0.0 Safari/537.36"
4.193.171.159 - - [04/Jul/2026:14:21:44 +0000] "GET / HTTP/1.1" 200 63771 "-" "-"
