PATH:
usr
/
local
/
apache
/
domlogs
/
njujpgyl
216.73.216.104 - - [04/Jul/2026:12:00:34 +0000] "GET /items/L262469285/ HTTP/1.1" 500 2704 "-" "Mozilla/5.0 AppleWebKit/537.36 (KHTML, like Gecko; compatible; ClaudeBot/1.0; +claudebot@anthropic.com)"
216.73.216.104 - - [04/Jul/2026:12:00:39 +0000] "GET /items/L262372486/ HTTP/1.1" 500 2704 "-" "Mozilla/5.0 AppleWebKit/537.36 (KHTML, like Gecko; compatible; ClaudeBot/1.0; +claudebot@anthropic.com)"
216.73.216.104 - - [04/Jul/2026:12:00:44 +0000] "GET /items/L263709997/ HTTP/1.1" 500 2704 "-" "Mozilla/5.0 AppleWebKit/537.36 (KHTML, like Gecko; compatible; ClaudeBot/1.0; +claudebot@anthropic.com)"
216.73.216.104 - - [04/Jul/2026:12:00:50 +0000] "GET /items/L262497663/ HTTP/1.1" 500 2704 "-" "Mozilla/5.0 AppleWebKit/537.36 (KHTML, like Gecko; compatible; ClaudeBot/1.0; +claudebot@anthropic.com)"
216.73.216.104 - - [04/Jul/2026:12:00:55 +0000] "GET /items/L265236775/ HTTP/1.1" 500 2704 "-" "Mozilla/5.0 AppleWebKit/537.36 (KHTML, like Gecko; compatible; ClaudeBot/1.0; +claudebot@anthropic.com)"
216.73.216.104 - - [04/Jul/2026:12:00:59 +0000] "GET /items/L261545896/ HTTP/1.1" 500 2704 "-" "Mozilla/5.0 AppleWebKit/537.36 (KHTML, like Gecko; compatible; ClaudeBot/1.0; +claudebot@anthropic.com)"
69.161.196.4 - - [04/Jul/2026:12:01:05 +0000] "POST /wp-cron.php?doing_wp_cron=1783166465.1395568847656250000000 HTTP/1.1" 403 22 "-" "WordPress/7.0; https://www.dwarkacallgirls.in"
216.73.216.104 - - [04/Jul/2026:12:01:04 +0000] "GET /items/L264338628/ HTTP/1.1" 500 2704 "-" "Mozilla/5.0 AppleWebKit/537.36 (KHTML, like Gecko; compatible; ClaudeBot/1.0; +claudebot@anthropic.com)"
216.73.216.104 - - [04/Jul/2026:12:01:09 +0000] "GET /items/L264637775/ HTTP/1.1" 500 2704 "-" "Mozilla/5.0 AppleWebKit/537.36 (KHTML, like Gecko; compatible; ClaudeBot/1.0; +claudebot@anthropic.com)"
216.73.216.104 - - [04/Jul/2026:12:01:15 +0000] "GET /items/L264373274/ HTTP/1.1" 500 2704 "-" "Mozilla/5.0 AppleWebKit/537.36 (KHTML, like Gecko; compatible; ClaudeBot/1.0; +claudebot@anthropic.com)"
216.73.216.104 - - [04/Jul/2026:12:01:19 +0000] "GET /items/L262532047/ HTTP/1.1" 500 2704 "-" "Mozilla/5.0 AppleWebKit/537.36 (KHTML, like Gecko; compatible; ClaudeBot/1.0; +claudebot@anthropic.com)"
216.73.216.104 - - [04/Jul/2026:12:01:24 +0000] "GET /items/L264499238/ HTTP/1.1" 500 2704 "-" "Mozilla/5.0 AppleWebKit/537.36 (KHTML, like Gecko; compatible; ClaudeBot/1.0; +claudebot@anthropic.com)"
216.73.216.104 - - [04/Jul/2026:12:01:29 +0000] "GET /items/L264581733/ HTTP/1.1" 500 2704 "-" "Mozilla/5.0 AppleWebKit/537.36 (KHTML, like Gecko; compatible; ClaudeBot/1.0; +claudebot@anthropic.com)"
216.73.216.104 - - [04/Jul/2026:12:01:34 +0000] "GET /items/L261294088/ HTTP/1.1" 500 2704 "-" "Mozilla/5.0 AppleWebKit/537.36 (KHTML, like Gecko; compatible; ClaudeBot/1.0; +claudebot@anthropic.com)"
114.119.159.234 - - [04/Jul/2026:12:01:35 +0000] "GET /items/L264626362/ HTTP/1.1" 500 2704 "https://dwarkacallgirls.in/sitemap-9.xml" "Mozilla/5.0 (Linux; Android 7.0;) AppleWebKit/537.36 (HTML, like Gecko) Mobile Safari/537.36 (compatible; PetalBot;+https://webmaster.petalsearch.com/site/petalbot)"
216.73.216.104 - - [04/Jul/2026:12:01:40 +0000] "GET /items/L265734744/ HTTP/1.1" 500 2704 "-" "Mozilla/5.0 AppleWebKit/537.36 (KHTML, like Gecko; compatible; ClaudeBot/1.0; +claudebot@anthropic.com)"
216.73.216.104 - - [04/Jul/2026:12:01:47 +0000] "GET /items/L265199878/ HTTP/1.1" 500 2704 "-" "Mozilla/5.0 AppleWebKit/537.36 (KHTML, like Gecko; compatible; ClaudeBot/1.0; +claudebot@anthropic.com)"
216.73.216.104 - - [04/Jul/2026:12:01:49 +0000] "GET /items/L262409040/ HTTP/1.1" 500 2704 "-" "Mozilla/5.0 AppleWebKit/537.36 (KHTML, like Gecko; compatible; ClaudeBot/1.0; +claudebot@anthropic.com)"
216.73.216.104 - - [04/Jul/2026:12:01:54 +0000] "GET /items/L263300930/ HTTP/1.1" 500 2704 "-" "Mozilla/5.0 AppleWebKit/537.36 (KHTML, like Gecko; compatible; ClaudeBot/1.0; +claudebot@anthropic.com)"
216.73.216.104 - - [04/Jul/2026:12:01:59 +0000] "GET /items/L262913798/ HTTP/1.1" 500 2704 "-" "Mozilla/5.0 AppleWebKit/537.36 (KHTML, like Gecko; compatible; ClaudeBot/1.0; +claudebot@anthropic.com)"
69.161.196.4 - - [04/Jul/2026:12:02:05 +0000] "POST /wp-cron.php?doing_wp_cron=1783166525.8402600288391113281250 HTTP/1.1" 403 22 "-" "WordPress/7.0; https://www.dwarkacallgirls.in"
216.73.216.104 - - [04/Jul/2026:12:02:05 +0000] "GET /items/L263326501/ HTTP/1.1" 500 2704 "-" "Mozilla/5.0 AppleWebKit/537.36 (KHTML, like Gecko; compatible; ClaudeBot/1.0; +claudebot@anthropic.com)"
216.73.216.104 - - [04/Jul/2026:12:02:09 +0000] "GET /items/L264148285/ HTTP/1.1" 500 2704 "-" "Mozilla/5.0 AppleWebKit/537.36 (KHTML, like Gecko; compatible; ClaudeBot/1.0; +claudebot@anthropic.com)"
216.73.216.104 - - [04/Jul/2026:12:02:14 +0000] "GET /items/L262390778/ HTTP/1.1" 500 2704 "-" "Mozilla/5.0 AppleWebKit/537.36 (KHTML, like Gecko; compatible; ClaudeBot/1.0; +claudebot@anthropic.com)"
216.73.216.104 - - [04/Jul/2026:12:02:19 +0000] "GET /items/L264285382/ HTTP/1.1" 500 2704 "-" "Mozilla/5.0 AppleWebKit/537.36 (KHTML, like Gecko; compatible; ClaudeBot/1.0; +claudebot@anthropic.com)"
216.73.216.104 - - [04/Jul/2026:12:02:24 +0000] "GET /items/L262860195/ HTTP/1.1" 500 2704 "-" "Mozilla/5.0 AppleWebKit/537.36 (KHTML, like Gecko; compatible; ClaudeBot/1.0; +claudebot@anthropic.com)"
216.73.216.104 - - [04/Jul/2026:12:02:29 +0000] "GET /items/L265378825/ HTTP/1.1" 500 2704 "-" "Mozilla/5.0 AppleWebKit/537.36 (KHTML, like Gecko; compatible; ClaudeBot/1.0; +claudebot@anthropic.com)"
216.73.216.104 - - [04/Jul/2026:12:02:34 +0000] "GET /items/L261446949/ HTTP/1.1" 500 2704 "-" "Mozilla/5.0 AppleWebKit/537.36 (KHTML, like Gecko; compatible; ClaudeBot/1.0; +claudebot@anthropic.com)"
216.73.216.104 - - [04/Jul/2026:12:02:39 +0000] "GET /items/L265299503/ HTTP/1.1" 500 2704 "-" "Mozilla/5.0 AppleWebKit/537.36 (KHTML, like Gecko; compatible; ClaudeBot/1.0; +claudebot@anthropic.com)"
216.73.216.104 - - [04/Jul/2026:12:02:44 +0000] "GET /items/L264252593/ HTTP/1.1" 500 2704 "-" "Mozilla/5.0 AppleWebKit/537.36 (KHTML, like Gecko; compatible; ClaudeBot/1.0; +claudebot@anthropic.com)"
216.73.216.104 - - [04/Jul/2026:12:02:49 +0000] "GET /items/L264880179/ HTTP/1.1" 500 2704 "-" "Mozilla/5.0 AppleWebKit/537.36 (KHTML, like Gecko; compatible; ClaudeBot/1.0; +claudebot@anthropic.com)"
216.73.216.104 - - [04/Jul/2026:12:02:54 +0000] "GET /items/L264723482/ HTTP/1.1" 500 2704 "-" "Mozilla/5.0 AppleWebKit/537.36 (KHTML, like Gecko; compatible; ClaudeBot/1.0; +claudebot@anthropic.com)"
216.73.216.104 - - [04/Jul/2026:12:02:59 +0000] "GET /items/L263671996/ HTTP/1.1" 500 2704 "-" "Mozilla/5.0 AppleWebKit/537.36 (KHTML, like Gecko; compatible; ClaudeBot/1.0; +claudebot@anthropic.com)"
216.73.216.104 - - [04/Jul/2026:12:03:04 +0000] "GET /items/L263909752/ HTTP/1.1" 500 2704 "-" "Mozilla/5.0 AppleWebKit/537.36 (KHTML, like Gecko; compatible; ClaudeBot/1.0; +claudebot@anthropic.com)"
69.161.196.4 - - [04/Jul/2026:12:03:05 +0000] "POST /wp-cron.php?doing_wp_cron=1783166585.9363040924072265625000 HTTP/1.1" 403 22 "-" "WordPress/7.0; https://www.dwarkacallgirls.in"
114.119.159.234 - - [04/Jul/2026:12:03:05 +0000] "GET /items/L264626151/ HTTP/1.1" 500 2704 "https://dwarkacallgirls.in/sitemap-9.xml" "Mozilla/5.0 (Linux; Android 7.0;) AppleWebKit/537.36 (HTML, like Gecko) Mobile Safari/537.36 (compatible; PetalBot;+https://webmaster.petalsearch.com/site/petalbot)"
216.73.216.104 - - [04/Jul/2026:12:03:09 +0000] "GET /items/L262583965/ HTTP/1.1" 500 2704 "-" "Mozilla/5.0 AppleWebKit/537.36 (KHTML, like Gecko; compatible; ClaudeBot/1.0; +claudebot@anthropic.com)"
216.73.216.104 - - [04/Jul/2026:12:03:14 +0000] "GET /items/L261406950/ HTTP/1.1" 500 2704 "-" "Mozilla/5.0 AppleWebKit/537.36 (KHTML, like Gecko; compatible; ClaudeBot/1.0; +claudebot@anthropic.com)"
216.73.216.104 - - [04/Jul/2026:12:03:19 +0000] "GET /items/L264654196/ HTTP/1.1" 500 2704 "-" "Mozilla/5.0 AppleWebKit/537.36 (KHTML, like Gecko; compatible; ClaudeBot/1.0; +claudebot@anthropic.com)"
216.73.216.104 - - [04/Jul/2026:12:03:24 +0000] "GET /items/L264115378/ HTTP/1.1" 500 2704 "-" "Mozilla/5.0 AppleWebKit/537.36 (KHTML, like Gecko; compatible; ClaudeBot/1.0; +claudebot@anthropic.com)"
216.73.216.104 - - [04/Jul/2026:12:03:29 +0000] "GET /items/L264391850/ HTTP/1.1" 500 2704 "-" "Mozilla/5.0 AppleWebKit/537.36 (KHTML, like Gecko; compatible; ClaudeBot/1.0; +claudebot@anthropic.com)"
216.73.216.104 - - [04/Jul/2026:12:03:35 +0000] "GET /items/L264114263/ HTTP/1.1" 500 2704 "-" "Mozilla/5.0 AppleWebKit/537.36 (KHTML, like Gecko; compatible; ClaudeBot/1.0; +claudebot@anthropic.com)"
216.73.216.104 - - [04/Jul/2026:12:03:39 +0000] "GET /items/L264809204/ HTTP/1.1" 500 2704 "-" "Mozilla/5.0 AppleWebKit/537.36 (KHTML, like Gecko; compatible; ClaudeBot/1.0; +claudebot@anthropic.com)"
20.196.145.187 - - [04/Jul/2026:12:03:44 +0000] "GET /wp-login.php HTTP/1.1" 200 6304 "-" "Mozilla/5.0 (Windows NT 10.0; Win64; x64) AppleWebKit/537.36 (KHTML, like Gecko) Chrome/120.0.0.0 Safari/537.36"
216.73.216.104 - - [04/Jul/2026:12:03:44 +0000] "GET /items/L262159644/ HTTP/1.1" 500 2704 "-" "Mozilla/5.0 AppleWebKit/537.36 (KHTML, like Gecko; compatible; ClaudeBot/1.0; +claudebot@anthropic.com)"
20.196.145.187 - - [04/Jul/2026:12:03:46 +0000] "GET /wp-login.php HTTP/1.1" 200 6304 "-" "Mozilla/5.0 (Windows NT 10.0; Win64; x64) AppleWebKit/537.36 (KHTML, like Gecko) Chrome/120.0.0.0 Safari/537.36"
20.196.145.187 - - [04/Jul/2026:12:03:47 +0000] "POST /wp-login.php HTTP/1.1" 200 6739 "https://www.dwarkacallgirls.in/wp-login.php" "Mozilla/5.0 (Windows NT 10.0; Win64; x64) AppleWebKit/537.36 (KHTML, like Gecko) Chrome/120.0.0.0 Safari/537.36"
216.73.216.104 - - [04/Jul/2026:12:03:50 +0000] "GET /items/L262976813/ HTTP/1.1" 500 2704 "-" "Mozilla/5.0 AppleWebKit/537.36 (KHTML, like Gecko; compatible; ClaudeBot/1.0; +claudebot@anthropic.com)"
216.73.216.104 - - [04/Jul/2026:12:03:54 +0000] "GET /items/L263376264/ HTTP/1.1" 500 2704 "-" "Mozilla/5.0 AppleWebKit/537.36 (KHTML, like Gecko; compatible; ClaudeBot/1.0; +claudebot@anthropic.com)"
216.73.216.104 - - [04/Jul/2026:12:04:00 +0000] "GET /items/L262249089/ HTTP/1.1" 500 2704 "-" "Mozilla/5.0 AppleWebKit/537.36 (KHTML, like Gecko; compatible; ClaudeBot/1.0; +claudebot@anthropic.com)"
216.73.216.104 - - [04/Jul/2026:12:04:04 +0000] "GET /items/L262385489/ HTTP/1.1" 500 2704 "-" "Mozilla/5.0 AppleWebKit/537.36 (KHTML, like Gecko; compatible; ClaudeBot/1.0; +claudebot@anthropic.com)"
69.161.196.4 - - [04/Jul/2026:12:04:06 +0000] "POST /wp-cron.php?doing_wp_cron=1783166646.5666010379791259765625 HTTP/1.1" 403 22 "-" "WordPress/7.0; https://www.dwarkacallgirls.in"
121.200.217.58 - - [04/Jul/2026:12:04:06 +0000] "GET /wp-login.php HTTP/1.1" 200 6304 "-" "Mozilla/5.0 (Windows NT 10.0; Win64; x64) AppleWebKit/537.36 (KHTML, like Gecko) Chrome/120.0.0.0 Safari/537.36"
216.73.216.104 - - [04/Jul/2026:12:04:09 +0000] "GET /items/L265136180/ HTTP/1.1" 500 2704 "-" "Mozilla/5.0 AppleWebKit/537.36 (KHTML, like Gecko; compatible; ClaudeBot/1.0; +claudebot@anthropic.com)"
216.73.216.104 - - [04/Jul/2026:12:04:14 +0000] "GET /items/L264010635/ HTTP/1.1" 500 2704 "-" "Mozilla/5.0 AppleWebKit/537.36 (KHTML, like Gecko; compatible; ClaudeBot/1.0; +claudebot@anthropic.com)"
216.73.216.104 - - [04/Jul/2026:12:04:19 +0000] "GET /items/L262004114/ HTTP/1.1" 500 2704 "-" "Mozilla/5.0 AppleWebKit/537.36 (KHTML, like Gecko; compatible; ClaudeBot/1.0; +claudebot@anthropic.com)"
121.200.217.58 - - [04/Jul/2026:12:04:20 +0000] "GET /wp-login.php HTTP/1.1" 200 6304 "-" "Mozilla/5.0 (Windows NT 10.0; Win64; x64) AppleWebKit/537.36 (KHTML, like Gecko) Chrome/120.0.0.0 Safari/537.36"
121.200.217.58 - - [04/Jul/2026:12:04:22 +0000] "GET /wp-login.php HTTP/1.1" 200 6304 "-" "Mozilla/5.0 (Windows NT 10.0; Win64; x64) AppleWebKit/537.36 (KHTML, like Gecko) Chrome/120.0.0.0 Safari/537.36"
121.200.217.58 - - [04/Jul/2026:12:04:23 +0000] "POST /wp-login.php HTTP/1.1" 200 6739 "https://www.dwarkacallgirls.in/wp-login.php" "Mozilla/5.0 (Windows NT 10.0; Win64; x64) AppleWebKit/537.36 (KHTML, like Gecko) Chrome/120.0.0.0 Safari/537.36"
216.73.216.104 - - [04/Jul/2026:12:04:24 +0000] "GET /items/L264354065/ HTTP/1.1" 500 2704 "-" "Mozilla/5.0 AppleWebKit/537.36 (KHTML, like Gecko; compatible; ClaudeBot/1.0; +claudebot@anthropic.com)"
216.73.216.104 - - [04/Jul/2026:12:04:30 +0000] "GET /items/L263765643/ HTTP/1.1" 500 2704 "-" "Mozilla/5.0 AppleWebKit/537.36 (KHTML, like Gecko; compatible; ClaudeBot/1.0; +claudebot@anthropic.com)"
216.73.216.104 - - [04/Jul/2026:12:04:34 +0000] "GET /items/L261404366/ HTTP/1.1" 500 2704 "-" "Mozilla/5.0 AppleWebKit/537.36 (KHTML, like Gecko; compatible; ClaudeBot/1.0; +claudebot@anthropic.com)"
216.73.216.104 - - [04/Jul/2026:12:04:39 +0000] "GET /items/L264395136/ HTTP/1.1" 500 2704 "-" "Mozilla/5.0 AppleWebKit/537.36 (KHTML, like Gecko; compatible; ClaudeBot/1.0; +claudebot@anthropic.com)"
114.119.147.97 - - [04/Jul/2026:12:04:42 +0000] "GET /items/L264624880/ HTTP/1.1" 500 2704 "https://dwarkacallgirls.in/sitemap-9.xml" "Mozilla/5.0 (Linux; Android 7.0;) AppleWebKit/537.36 (HTML, like Gecko) Mobile Safari/537.36 (compatible; PetalBot;+https://webmaster.petalsearch.com/site/petalbot)"
216.73.216.104 - - [04/Jul/2026:12:04:44 +0000] "GET /items/L264817751/ HTTP/1.1" 500 2704 "-" "Mozilla/5.0 AppleWebKit/537.36 (KHTML, like Gecko; compatible; ClaudeBot/1.0; +claudebot@anthropic.com)"
216.73.216.104 - - [04/Jul/2026:12:04:49 +0000] "GET /items/L264999741/ HTTP/1.1" 500 2704 "-" "Mozilla/5.0 AppleWebKit/537.36 (KHTML, like Gecko; compatible; ClaudeBot/1.0; +claudebot@anthropic.com)"
216.73.216.104 - - [04/Jul/2026:12:04:54 +0000] "GET /items/L262240909/ HTTP/1.1" 500 2704 "-" "Mozilla/5.0 AppleWebKit/537.36 (KHTML, like Gecko; compatible; ClaudeBot/1.0; +claudebot@anthropic.com)"
216.73.216.104 - - [04/Jul/2026:12:04:59 +0000] "GET /items/L265687779/ HTTP/1.1" 500 2704 "-" "Mozilla/5.0 AppleWebKit/537.36 (KHTML, like Gecko; compatible; ClaudeBot/1.0; +claudebot@anthropic.com)"
216.73.216.104 - - [04/Jul/2026:12:05:04 +0000] "GET /items/L264889445/ HTTP/1.1" 500 2704 "-" "Mozilla/5.0 AppleWebKit/537.36 (KHTML, like Gecko; compatible; ClaudeBot/1.0; +claudebot@anthropic.com)"
69.161.196.4 - - [04/Jul/2026:12:05:10 +0000] "POST /wp-cron.php?doing_wp_cron=1783166710.5236420631408691406250 HTTP/1.1" 403 22 "-" "WordPress/7.0; https://www.dwarkacallgirls.in"
216.73.216.104 - - [04/Jul/2026:12:05:09 +0000] "GET /items/L262935739/ HTTP/1.1" 500 2704 "-" "Mozilla/5.0 AppleWebKit/537.36 (KHTML, like Gecko; compatible; ClaudeBot/1.0; +claudebot@anthropic.com)"
216.73.216.104 - - [04/Jul/2026:12:05:14 +0000] "GET /items/L261624852/ HTTP/1.1" 500 2704 "-" "Mozilla/5.0 AppleWebKit/537.36 (KHTML, like Gecko; compatible; ClaudeBot/1.0; +claudebot@anthropic.com)"
216.73.216.104 - - [04/Jul/2026:12:05:19 +0000] "GET /items/L264574014/ HTTP/1.1" 500 2704 "-" "Mozilla/5.0 AppleWebKit/537.36 (KHTML, like Gecko; compatible; ClaudeBot/1.0; +claudebot@anthropic.com)"
216.73.216.104 - - [04/Jul/2026:12:05:24 +0000] "GET /items/L264833652/ HTTP/1.1" 500 2704 "-" "Mozilla/5.0 AppleWebKit/537.36 (KHTML, like Gecko; compatible; ClaudeBot/1.0; +claudebot@anthropic.com)"
216.73.216.104 - - [04/Jul/2026:12:05:29 +0000] "GET /items/L265804669/ HTTP/1.1" 500 2704 "-" "Mozilla/5.0 AppleWebKit/537.36 (KHTML, like Gecko; compatible; ClaudeBot/1.0; +claudebot@anthropic.com)"
216.73.216.104 - - [04/Jul/2026:12:05:35 +0000] "GET /items/L265653345/ HTTP/1.1" 500 2704 "-" "Mozilla/5.0 AppleWebKit/537.36 (KHTML, like Gecko; compatible; ClaudeBot/1.0; +claudebot@anthropic.com)"
216.73.216.104 - - [04/Jul/2026:12:05:39 +0000] "GET /items/L263588331/ HTTP/1.1" 500 2704 "-" "Mozilla/5.0 AppleWebKit/537.36 (KHTML, like Gecko; compatible; ClaudeBot/1.0; +claudebot@anthropic.com)"
216.73.216.104 - - [04/Jul/2026:12:05:44 +0000] "GET /items/L264455307/ HTTP/1.1" 500 2704 "-" "Mozilla/5.0 AppleWebKit/537.36 (KHTML, like Gecko; compatible; ClaudeBot/1.0; +claudebot@anthropic.com)"
216.73.216.104 - - [04/Jul/2026:12:05:49 +0000] "GET /items/L264349413/ HTTP/1.1" 500 2704 "-" "Mozilla/5.0 AppleWebKit/537.36 (KHTML, like Gecko; compatible; ClaudeBot/1.0; +claudebot@anthropic.com)"
40.77.167.219 - - [04/Jul/2026:12:05:55 +0000] "GET /robots.txt HTTP/1.1" 200 960 "-" "Mozilla/5.0 AppleWebKit/537.36 (KHTML, like Gecko; compatible; bingbot/2.0; +http://www.bing.com/bingbot.htm) Chrome/116.0.1938.76 Safari/537.36"
216.73.216.104 - - [04/Jul/2026:12:05:55 +0000] "GET /items/L263427445/ HTTP/1.1" 500 2704 "-" "Mozilla/5.0 AppleWebKit/537.36 (KHTML, like Gecko; compatible; ClaudeBot/1.0; +claudebot@anthropic.com)"
216.73.216.104 - - [04/Jul/2026:12:05:59 +0000] "GET /items/L264707601/ HTTP/1.1" 500 2704 "-" "Mozilla/5.0 AppleWebKit/537.36 (KHTML, like Gecko; compatible; ClaudeBot/1.0; +claudebot@anthropic.com)"
40.77.167.78 - - [04/Jul/2026:12:06:04 +0000] "GET /call-girls-in-greater-kailash/ HTTP/1.1" 500 2704 "-" "Mozilla/5.0 AppleWebKit/537.36 (KHTML, like Gecko; compatible; bingbot/2.0; +http://www.bing.com/bingbot.htm) Chrome/116.0.1938.76 Safari/537.36"
216.73.216.104 - - [04/Jul/2026:12:06:04 +0000] "GET /items/L265180992/ HTTP/1.1" 500 2704 "-" "Mozilla/5.0 AppleWebKit/537.36 (KHTML, like Gecko; compatible; ClaudeBot/1.0; +claudebot@anthropic.com)"
216.73.216.104 - - [04/Jul/2026:12:06:09 +0000] "GET /items/L265029918/ HTTP/1.1" 500 2704 "-" "Mozilla/5.0 AppleWebKit/537.36 (KHTML, like Gecko; compatible; ClaudeBot/1.0; +claudebot@anthropic.com)"
69.161.196.4 - - [04/Jul/2026:12:06:11 +0000] "POST /wp-cron.php?doing_wp_cron=1783166771.0265080928802490234375 HTTP/1.1" 403 22 "-" "WordPress/7.0; https://www.dwarkacallgirls.in"
216.73.216.104 - - [04/Jul/2026:12:06:10 +0000] "GET /items/L263852444/ HTTP/1.1" 500 2704 "-" "Mozilla/5.0 AppleWebKit/537.36 (KHTML, like Gecko; compatible; ClaudeBot/1.0; +claudebot@anthropic.com)"
216.73.216.104 - - [04/Jul/2026:12:06:15 +0000] "GET /items/L261838469/ HTTP/1.1" 500 2704 "-" "Mozilla/5.0 AppleWebKit/537.36 (KHTML, like Gecko; compatible; ClaudeBot/1.0; +claudebot@anthropic.com)"
114.119.156.38 - - [04/Jul/2026:12:06:19 +0000] "GET /items/L264624551/ HTTP/1.1" 500 2704 "https://dwarkacallgirls.in/sitemap-9.xml" "Mozilla/5.0 (Linux; Android 7.0;) AppleWebKit/537.36 (HTML, like Gecko) Mobile Safari/537.36 (compatible; PetalBot;+https://webmaster.petalsearch.com/site/petalbot)"
216.73.216.104 - - [04/Jul/2026:12:06:20 +0000] "GET /items/L262903802/ HTTP/1.1" 500 2704 "-" "Mozilla/5.0 AppleWebKit/537.36 (KHTML, like Gecko; compatible; ClaudeBot/1.0; +claudebot@anthropic.com)"
216.73.216.104 - - [04/Jul/2026:12:06:25 +0000] "GET /items/L264134927/ HTTP/1.1" 500 2704 "-" "Mozilla/5.0 AppleWebKit/537.36 (KHTML, like Gecko; compatible; ClaudeBot/1.0; +claudebot@anthropic.com)"
216.73.216.104 - - [04/Jul/2026:12:06:30 +0000] "GET /items/L263360456/ HTTP/1.1" 500 2704 "-" "Mozilla/5.0 AppleWebKit/537.36 (KHTML, like Gecko; compatible; ClaudeBot/1.0; +claudebot@anthropic.com)"
216.73.216.104 - - [04/Jul/2026:12:06:35 +0000] "GET /items/L263908221/ HTTP/1.1" 500 2704 "-" "Mozilla/5.0 AppleWebKit/537.36 (KHTML, like Gecko; compatible; ClaudeBot/1.0; +claudebot@anthropic.com)"
216.73.216.104 - - [04/Jul/2026:12:06:40 +0000] "GET /items/L262052192/ HTTP/1.1" 500 2704 "-" "Mozilla/5.0 AppleWebKit/537.36 (KHTML, like Gecko; compatible; ClaudeBot/1.0; +claudebot@anthropic.com)"
216.73.216.104 - - [04/Jul/2026:12:06:45 +0000] "GET /items/L261856525/ HTTP/1.1" 500 2704 "-" "Mozilla/5.0 AppleWebKit/537.36 (KHTML, like Gecko; compatible; ClaudeBot/1.0; +claudebot@anthropic.com)"
216.73.216.104 - - [04/Jul/2026:12:06:50 +0000] "GET /items/L264831124/ HTTP/1.1" 500 2704 "-" "Mozilla/5.0 AppleWebKit/537.36 (KHTML, like Gecko; compatible; ClaudeBot/1.0; +claudebot@anthropic.com)"
216.73.216.104 - - [04/Jul/2026:12:06:56 +0000] "GET /items/L262970259/ HTTP/1.1" 500 2704 "-" "Mozilla/5.0 AppleWebKit/537.36 (KHTML, like Gecko; compatible; ClaudeBot/1.0; +claudebot@anthropic.com)"
216.73.216.104 - - [04/Jul/2026:12:07:01 +0000] "GET /items/L261501431/ HTTP/1.1" 500 2704 "-" "Mozilla/5.0 AppleWebKit/537.36 (KHTML, like Gecko; compatible; ClaudeBot/1.0; +claudebot@anthropic.com)"
216.73.216.104 - - [04/Jul/2026:12:07:05 +0000] "GET /items/L264543047/ HTTP/1.1" 500 2704 "-" "Mozilla/5.0 AppleWebKit/537.36 (KHTML, like Gecko; compatible; ClaudeBot/1.0; +claudebot@anthropic.com)"
69.161.196.4 - - [04/Jul/2026:12:07:11 +0000] "POST /wp-cron.php?doing_wp_cron=1783166831.6660790443420410156250 HTTP/1.1" 403 22 "-" "WordPress/7.0; https://www.dwarkacallgirls.in"
216.73.216.104 - - [04/Jul/2026:12:07:10 +0000] "GET /items/L261591199/ HTTP/1.1" 500 2704 "-" "Mozilla/5.0 AppleWebKit/537.36 (KHTML, like Gecko; compatible; ClaudeBot/1.0; +claudebot@anthropic.com)"
216.73.216.104 - - [04/Jul/2026:12:07:15 +0000] "GET /items/L263764845/ HTTP/1.1" 500 2704 "-" "Mozilla/5.0 AppleWebKit/537.36 (KHTML, like Gecko; compatible; ClaudeBot/1.0; +claudebot@anthropic.com)"
216.73.216.104 - - [04/Jul/2026:12:07:20 +0000] "GET /items/L264515679/ HTTP/1.1" 500 2704 "-" "Mozilla/5.0 AppleWebKit/537.36 (KHTML, like Gecko; compatible; ClaudeBot/1.0; +claudebot@anthropic.com)"
216.73.216.104 - - [04/Jul/2026:12:07:25 +0000] "GET /items/L265558632/ HTTP/1.1" 500 2704 "-" "Mozilla/5.0 AppleWebKit/537.36 (KHTML, like Gecko; compatible; ClaudeBot/1.0; +claudebot@anthropic.com)"
216.73.216.104 - - [04/Jul/2026:12:07:30 +0000] "GET /items/L264737762/ HTTP/1.1" 500 2704 "-" "Mozilla/5.0 AppleWebKit/537.36 (KHTML, like Gecko; compatible; ClaudeBot/1.0; +claudebot@anthropic.com)"
216.73.216.104 - - [04/Jul/2026:12:07:35 +0000] "GET /items/L261437243/ HTTP/1.1" 500 2704 "-" "Mozilla/5.0 AppleWebKit/537.36 (KHTML, like Gecko; compatible; ClaudeBot/1.0; +claudebot@anthropic.com)"
216.73.216.104 - - [04/Jul/2026:12:07:40 +0000] "GET /items/L261645706/ HTTP/1.1" 500 2704 "-" "Mozilla/5.0 AppleWebKit/537.36 (KHTML, like Gecko; compatible; ClaudeBot/1.0; +claudebot@anthropic.com)"
216.73.216.104 - - [04/Jul/2026:12:07:46 +0000] "GET /items/L264810144/ HTTP/1.1" 500 2704 "-" "Mozilla/5.0 AppleWebKit/537.36 (KHTML, like Gecko; compatible; ClaudeBot/1.0; +claudebot@anthropic.com)"
216.73.216.104 - - [04/Jul/2026:12:07:50 +0000] "GET /items/L262380401/ HTTP/1.1" 500 2704 "-" "Mozilla/5.0 AppleWebKit/537.36 (KHTML, like Gecko; compatible; ClaudeBot/1.0; +claudebot@anthropic.com)"
216.73.216.104 - - [04/Jul/2026:12:07:55 +0000] "GET /items/L265465161/ HTTP/1.1" 500 2704 "-" "Mozilla/5.0 AppleWebKit/537.36 (KHTML, like Gecko; compatible; ClaudeBot/1.0; +claudebot@anthropic.com)"
114.119.147.97 - - [04/Jul/2026:12:07:56 +0000] "GET /items/L264623987/ HTTP/1.1" 500 2704 "https://dwarkacallgirls.in/sitemap-9.xml" "Mozilla/5.0 (Linux; Android 7.0;) AppleWebKit/537.36 (HTML, like Gecko) Mobile Safari/537.36 (compatible; PetalBot;+https://webmaster.petalsearch.com/site/petalbot)"
216.73.216.104 - - [04/Jul/2026:12:08:01 +0000] "GET /items/L264694505/ HTTP/1.1" 500 2704 "-" "Mozilla/5.0 AppleWebKit/537.36 (KHTML, like Gecko; compatible; ClaudeBot/1.0; +claudebot@anthropic.com)"
216.73.216.104 - - [04/Jul/2026:12:08:05 +0000] "GET /items/L262241540/ HTTP/1.1" 500 2704 "-" "Mozilla/5.0 AppleWebKit/537.36 (KHTML, like Gecko; compatible; ClaudeBot/1.0; +claudebot@anthropic.com)"
5.133.192.160 - - [04/Jul/2026:12:08:06 +0000] "GET / HTTP/1.1" 500 2704 "-" "Mozilla/5.0 (Windows NT 10.0; Win64; x64) AppleWebKit/537.36 (KHTML, like Gecko) Chrome/105.0.0.0 Safari/537.36"
5.133.192.160 - - [04/Jul/2026:12:08:07 +0000] "GET /favicon.ico HTTP/1.1" 500 2704 "-" "Mozilla/5.0 (Windows NT 10.0; Win64; x64) AppleWebKit/537.36 (KHTML, like Gecko) Chrome/105.0.0.0 Safari/537.36"
69.161.196.4 - - [04/Jul/2026:12:08:12 +0000] "POST /wp-cron.php?doing_wp_cron=1783166892.3693211078643798828125 HTTP/1.1" 403 22 "-" "WordPress/7.0; https://www.dwarkacallgirls.in"
216.73.216.104 - - [04/Jul/2026:12:08:11 +0000] "GET /items/L264021973/ HTTP/1.1" 500 2704 "-" "Mozilla/5.0 AppleWebKit/537.36 (KHTML, like Gecko; compatible; ClaudeBot/1.0; +claudebot@anthropic.com)"
216.73.216.104 - - [04/Jul/2026:12:08:17 +0000] "GET /items/L262446537/ HTTP/1.1" 500 2704 "-" "Mozilla/5.0 AppleWebKit/537.36 (KHTML, like Gecko; compatible; ClaudeBot/1.0; +claudebot@anthropic.com)"
216.73.216.104 - - [04/Jul/2026:12:08:21 +0000] "GET /items/L263864098/ HTTP/1.1" 500 2704 "-" "Mozilla/5.0 AppleWebKit/537.36 (KHTML, like Gecko; compatible; ClaudeBot/1.0; +claudebot@anthropic.com)"
216.73.216.104 - - [04/Jul/2026:12:08:25 +0000] "GET /items/L264946534/ HTTP/1.1" 500 2704 "-" "Mozilla/5.0 AppleWebKit/537.36 (KHTML, like Gecko; compatible; ClaudeBot/1.0; +claudebot@anthropic.com)"
216.73.216.104 - - [04/Jul/2026:12:08:30 +0000] "GET /items/L262307315/ HTTP/1.1" 500 2704 "-" "Mozilla/5.0 AppleWebKit/537.36 (KHTML, like Gecko; compatible; ClaudeBot/1.0; +claudebot@anthropic.com)"
216.73.216.104 - - [04/Jul/2026:12:08:36 +0000] "GET /items/L262532084/ HTTP/1.1" 500 2704 "-" "Mozilla/5.0 AppleWebKit/537.36 (KHTML, like Gecko; compatible; ClaudeBot/1.0; +claudebot@anthropic.com)"
216.73.216.104 - - [04/Jul/2026:12:08:40 +0000] "GET /items/L265427072/ HTTP/1.1" 500 2704 "-" "Mozilla/5.0 AppleWebKit/537.36 (KHTML, like Gecko; compatible; ClaudeBot/1.0; +claudebot@anthropic.com)"
216.73.216.104 - - [04/Jul/2026:12:08:47 +0000] "GET /items/L262497742/ HTTP/1.1" 500 2704 "-" "Mozilla/5.0 AppleWebKit/537.36 (KHTML, like Gecko; compatible; ClaudeBot/1.0; +claudebot@anthropic.com)"
216.73.216.104 - - [04/Jul/2026:12:08:50 +0000] "GET /items/L261036308/ HTTP/1.1" 500 2704 "-" "Mozilla/5.0 AppleWebKit/537.36 (KHTML, like Gecko; compatible; ClaudeBot/1.0; +claudebot@anthropic.com)"
216.73.216.104 - - [04/Jul/2026:12:08:56 +0000] "GET /items/L265456411/ HTTP/1.1" 500 2704 "-" "Mozilla/5.0 AppleWebKit/537.36 (KHTML, like Gecko; compatible; ClaudeBot/1.0; +claudebot@anthropic.com)"
51.195.244.73 - - [04/Jul/2026:12:08:59 +0000] "GET /sitemap-14.xml HTTP/1.1" 500 2704 "-" "Mozilla/5.0 (compatible; AhrefsBot/7.0; +http://ahrefs.com/robot/)"
216.73.216.104 - - [04/Jul/2026:12:09:00 +0000] "GET /items/L264051885/ HTTP/1.1" 500 2704 "-" "Mozilla/5.0 AppleWebKit/537.36 (KHTML, like Gecko; compatible; ClaudeBot/1.0; +claudebot@anthropic.com)"
216.73.216.104 - - [04/Jul/2026:12:09:06 +0000] "GET /items/L262095041/ HTTP/1.1" 500 2704 "-" "Mozilla/5.0 AppleWebKit/537.36 (KHTML, like Gecko; compatible; ClaudeBot/1.0; +claudebot@anthropic.com)"
216.73.216.104 - - [04/Jul/2026:12:09:10 +0000] "GET /items/L263737531/ HTTP/1.1" 500 2704 "-" "Mozilla/5.0 AppleWebKit/537.36 (KHTML, like Gecko; compatible; ClaudeBot/1.0; +claudebot@anthropic.com)"
69.161.196.4 - - [04/Jul/2026:12:09:16 +0000] "POST /wp-cron.php?doing_wp_cron=1783166956.2278780937194824218750 HTTP/1.1" 403 22 "-" "WordPress/7.0; https://www.dwarkacallgirls.in"
216.73.216.104 - - [04/Jul/2026:12:09:15 +0000] "GET /items/L263462389/ HTTP/1.1" 500 2704 "-" "Mozilla/5.0 AppleWebKit/537.36 (KHTML, like Gecko; compatible; ClaudeBot/1.0; +claudebot@anthropic.com)"
185.231.155.169 - - [04/Jul/2026:12:09:18 +0000] "GET /jaipur-call-girls.html HTTP/1.0" 500 2704 "https://www.dwarkacallgirls.in/jaipur-call-girls.html" "Mozilla/5.0 (Windows NT 10.0; Win64; x64) AppleWebKit/537.36 (KHTML, like Gecko) Chrome/131.0.0.0 Safari/537.36"
185.231.155.169 - - [04/Jul/2026:12:09:19 +0000] "GET / HTTP/1.0" 500 2704 "https://www.dwarkacallgirls.in/" "Mozilla/5.0 (Windows NT 10.0; Win64; x64) AppleWebKit/537.36 (KHTML, like Gecko) Chrome/131.0.0.0 Safari/537.36"
216.73.216.104 - - [04/Jul/2026:12:09:21 +0000] "GET /items/L264040664/ HTTP/1.1" 500 2704 "-" "Mozilla/5.0 AppleWebKit/537.36 (KHTML, like Gecko; compatible; ClaudeBot/1.0; +claudebot@anthropic.com)"
216.73.216.104 - - [04/Jul/2026:12:09:25 +0000] "GET /items/L263908182/ HTTP/1.1" 500 2704 "-" "Mozilla/5.0 AppleWebKit/537.36 (KHTML, like Gecko; compatible; ClaudeBot/1.0; +claudebot@anthropic.com)"
216.73.216.104 - - [04/Jul/2026:12:09:30 +0000] "GET /items/L263924232/ HTTP/1.1" 500 2704 "-" "Mozilla/5.0 AppleWebKit/537.36 (KHTML, like Gecko; compatible; ClaudeBot/1.0; +claudebot@anthropic.com)"
216.73.216.104 - - [04/Jul/2026:12:09:35 +0000] "GET /items/L261637653/ HTTP/1.1" 500 2704 "-" "Mozilla/5.0 AppleWebKit/537.36 (KHTML, like Gecko; compatible; ClaudeBot/1.0; +claudebot@anthropic.com)"
216.73.216.104 - - [04/Jul/2026:12:09:40 +0000] "GET /items/L261976473/ HTTP/1.1" 500 2704 "-" "Mozilla/5.0 AppleWebKit/537.36 (KHTML, like Gecko; compatible; ClaudeBot/1.0; +claudebot@anthropic.com)"
114.119.132.38 - - [04/Jul/2026:12:09:42 +0000] "GET /items/L264620681/ HTTP/1.1" 500 2704 "https://dwarkacallgirls.in/sitemap-9.xml" "Mozilla/5.0 (Linux; Android 7.0;) AppleWebKit/537.36 (HTML, like Gecko) Mobile Safari/537.36 (compatible; PetalBot;+https://webmaster.petalsearch.com/site/petalbot)"
216.73.216.104 - - [04/Jul/2026:12:09:45 +0000] "GET /items/L265682296/ HTTP/1.1" 500 2704 "-" "Mozilla/5.0 AppleWebKit/537.36 (KHTML, like Gecko; compatible; ClaudeBot/1.0; +claudebot@anthropic.com)"
216.73.216.104 - - [04/Jul/2026:12:09:50 +0000] "GET /items/L263869933/ HTTP/1.1" 500 2704 "-" "Mozilla/5.0 AppleWebKit/537.36 (KHTML, like Gecko; compatible; ClaudeBot/1.0; +claudebot@anthropic.com)"
216.73.216.104 - - [04/Jul/2026:12:09:55 +0000] "GET /items/L262021209/ HTTP/1.1" 500 2704 "-" "Mozilla/5.0 AppleWebKit/537.36 (KHTML, like Gecko; compatible; ClaudeBot/1.0; +claudebot@anthropic.com)"
216.73.216.104 - - [04/Jul/2026:12:10:00 +0000] "GET /items/L262563318/ HTTP/1.1" 500 2704 "-" "Mozilla/5.0 AppleWebKit/537.36 (KHTML, like Gecko; compatible; ClaudeBot/1.0; +claudebot@anthropic.com)"
216.73.216.104 - - [04/Jul/2026:12:10:05 +0000] "GET /items/L265412290/ HTTP/1.1" 500 2704 "-" "Mozilla/5.0 AppleWebKit/537.36 (KHTML, like Gecko; compatible; ClaudeBot/1.0; +claudebot@anthropic.com)"
216.73.216.104 - - [04/Jul/2026:12:10:10 +0000] "GET /items/L262240383/ HTTP/1.1" 500 2704 "-" "Mozilla/5.0 AppleWebKit/537.36 (KHTML, like Gecko; compatible; ClaudeBot/1.0; +claudebot@anthropic.com)"
69.161.196.4 - - [04/Jul/2026:12:10:16 +0000] "POST /wp-cron.php?doing_wp_cron=1783167016.3278930187225341796875 HTTP/1.1" 403 22 "-" "WordPress/7.0; https://www.dwarkacallgirls.in"
216.73.216.104 - - [04/Jul/2026:12:10:15 +0000] "GET /items/L264315484/ HTTP/1.1" 500 2704 "-" "Mozilla/5.0 AppleWebKit/537.36 (KHTML, like Gecko; compatible; ClaudeBot/1.0; +claudebot@anthropic.com)"
216.73.216.104 - - [04/Jul/2026:12:10:23 +0000] "GET /items/L261026241/ HTTP/1.1" 500 2704 "-" "Mozilla/5.0 AppleWebKit/537.36 (KHTML, like Gecko; compatible; ClaudeBot/1.0; +claudebot@anthropic.com)"
216.73.216.104 - - [04/Jul/2026:12:10:25 +0000] "GET /items/L264243038/ HTTP/1.1" 500 2704 "-" "Mozilla/5.0 AppleWebKit/537.36 (KHTML, like Gecko; compatible; ClaudeBot/1.0; +claudebot@anthropic.com)"
216.73.216.104 - - [04/Jul/2026:12:10:30 +0000] "GET /items/L261994834/ HTTP/1.1" 500 2704 "-" "Mozilla/5.0 AppleWebKit/537.36 (KHTML, like Gecko; compatible; ClaudeBot/1.0; +claudebot@anthropic.com)"
216.73.216.104 - - [04/Jul/2026:12:10:38 +0000] "GET /items/L263697245/ HTTP/1.1" 500 2704 "-" "Mozilla/5.0 AppleWebKit/537.36 (KHTML, like Gecko; compatible; ClaudeBot/1.0; +claudebot@anthropic.com)"
216.73.216.104 - - [04/Jul/2026:12:10:40 +0000] "GET /items/L261828690/ HTTP/1.1" 500 2704 "-" "Mozilla/5.0 AppleWebKit/537.36 (KHTML, like Gecko; compatible; ClaudeBot/1.0; +claudebot@anthropic.com)"
216.73.216.104 - - [04/Jul/2026:12:10:45 +0000] "GET /items/L261678487/ HTTP/1.1" 500 2704 "-" "Mozilla/5.0 AppleWebKit/537.36 (KHTML, like Gecko; compatible; ClaudeBot/1.0; +claudebot@anthropic.com)"
216.73.216.104 - - [04/Jul/2026:12:10:50 +0000] "GET /items/L264548341/ HTTP/1.1" 500 2704 "-" "Mozilla/5.0 AppleWebKit/537.36 (KHTML, like Gecko; compatible; ClaudeBot/1.0; +claudebot@anthropic.com)"
216.73.216.104 - - [04/Jul/2026:12:10:55 +0000] "GET /items/L262499798/ HTTP/1.1" 500 2704 "-" "Mozilla/5.0 AppleWebKit/537.36 (KHTML, like Gecko; compatible; ClaudeBot/1.0; +claudebot@anthropic.com)"
216.73.216.104 - - [04/Jul/2026:12:11:00 +0000] "GET /items/L262106770/ HTTP/1.1" 500 2704 "-" "Mozilla/5.0 AppleWebKit/537.36 (KHTML, like Gecko; compatible; ClaudeBot/1.0; +claudebot@anthropic.com)"
216.73.216.104 - - [04/Jul/2026:12:11:06 +0000] "GET /items/L261374084/ HTTP/1.1" 500 2704 "-" "Mozilla/5.0 AppleWebKit/537.36 (KHTML, like Gecko; compatible; ClaudeBot/1.0; +claudebot@anthropic.com)"
216.73.216.104 - - [04/Jul/2026:12:11:11 +0000] "GET /items/L264263884/ HTTP/1.1" 500 2704 "-" "Mozilla/5.0 AppleWebKit/537.36 (KHTML, like Gecko; compatible; ClaudeBot/1.0; +claudebot@anthropic.com)"
114.119.132.38 - - [04/Jul/2026:12:11:11 +0000] "GET /items/L264617584/ HTTP/1.1" 500 2704 "https://dwarkacallgirls.in/sitemap-9.xml" "Mozilla/5.0 (Linux; Android 7.0;) AppleWebKit/537.36 (HTML, like Gecko) Mobile Safari/537.36 (compatible; PetalBot;+https://webmaster.petalsearch.com/site/petalbot)"
216.73.216.104 - - [04/Jul/2026:12:11:15 +0000] "GET /items/L263684722/ HTTP/1.1" 500 2704 "-" "Mozilla/5.0 AppleWebKit/537.36 (KHTML, like Gecko; compatible; ClaudeBot/1.0; +claudebot@anthropic.com)"
69.161.196.4 - - [04/Jul/2026:12:11:21 +0000] "POST /wp-cron.php?doing_wp_cron=1783167081.3187000751495361328125 HTTP/1.1" 403 22 "-" "WordPress/7.0; https://www.dwarkacallgirls.in"
216.73.216.104 - - [04/Jul/2026:12:11:20 +0000] "GET /items/L263102222/ HTTP/1.1" 500 2704 "-" "Mozilla/5.0 AppleWebKit/537.36 (KHTML, like Gecko; compatible; ClaudeBot/1.0; +claudebot@anthropic.com)"
216.73.216.104 - - [04/Jul/2026:12:11:26 +0000] "GET /items/L264124625/ HTTP/1.1" 500 2704 "-" "Mozilla/5.0 AppleWebKit/537.36 (KHTML, like Gecko; compatible; ClaudeBot/1.0; +claudebot@anthropic.com)"
216.73.216.104 - - [04/Jul/2026:12:11:30 +0000] "GET /items/L264610198/ HTTP/1.1" 500 2704 "-" "Mozilla/5.0 AppleWebKit/537.36 (KHTML, like Gecko; compatible; ClaudeBot/1.0; +claudebot@anthropic.com)"
216.73.216.104 - - [04/Jul/2026:12:11:36 +0000] "GET /items/L264860736/ HTTP/1.1" 500 2704 "-" "Mozilla/5.0 AppleWebKit/537.36 (KHTML, like Gecko; compatible; ClaudeBot/1.0; +claudebot@anthropic.com)"
216.73.216.104 - - [04/Jul/2026:12:11:41 +0000] "GET /items/L263755728/ HTTP/1.1" 500 2704 "-" "Mozilla/5.0 AppleWebKit/537.36 (KHTML, like Gecko; compatible; ClaudeBot/1.0; +claudebot@anthropic.com)"
216.73.216.104 - - [04/Jul/2026:12:11:46 +0000] "GET /items/L263977997/ HTTP/1.1" 500 2704 "-" "Mozilla/5.0 AppleWebKit/537.36 (KHTML, like Gecko; compatible; ClaudeBot/1.0; +claudebot@anthropic.com)"
216.73.216.104 - - [04/Jul/2026:12:11:54 +0000] "GET /items/L265183869/ HTTP/1.1" 500 - "-" "Mozilla/5.0 AppleWebKit/537.36 (KHTML, like Gecko; compatible; ClaudeBot/1.0; +claudebot@anthropic.com)"
216.73.216.104 - - [04/Jul/2026:12:11:56 +0000] "GET /items/L261751699/ HTTP/1.1" 500 - "-" "Mozilla/5.0 AppleWebKit/537.36 (KHTML, like Gecko; compatible; ClaudeBot/1.0; +claudebot@anthropic.com)"
216.73.216.104 - - [04/Jul/2026:12:12:01 +0000] "GET /items/L262941279/ HTTP/1.1" 500 - "-" "Mozilla/5.0 AppleWebKit/537.36 (KHTML, like Gecko; compatible; ClaudeBot/1.0; +claudebot@anthropic.com)"
216.73.216.104 - - [04/Jul/2026:12:12:06 +0000] "GET /items/L265629434/ HTTP/1.1" 500 - "-" "Mozilla/5.0 AppleWebKit/537.36 (KHTML, like Gecko; compatible; ClaudeBot/1.0; +claudebot@anthropic.com)"
216.73.216.104 - - [04/Jul/2026:12:12:11 +0000] "GET /items/L263453908/ HTTP/1.1" 200 2 "-" "Mozilla/5.0 AppleWebKit/537.36 (KHTML, like Gecko; compatible; ClaudeBot/1.0; +claudebot@anthropic.com)"
216.73.216.104 - - [04/Jul/2026:12:12:16 +0000] "GET /items/L263782073/ HTTP/1.1" 200 2 "-" "Mozilla/5.0 AppleWebKit/537.36 (KHTML, like Gecko; compatible; ClaudeBot/1.0; +claudebot@anthropic.com)"
216.73.216.104 - - [04/Jul/2026:12:12:21 +0000] "GET /items/L263396379/ HTTP/1.1" 200 2 "-" "Mozilla/5.0 AppleWebKit/537.36 (KHTML, like Gecko; compatible; ClaudeBot/1.0; +claudebot@anthropic.com)"
216.73.216.104 - - [04/Jul/2026:12:12:26 +0000] "GET /items/L262089478/ HTTP/1.1" 200 2 "-" "Mozilla/5.0 AppleWebKit/537.36 (KHTML, like Gecko; compatible; ClaudeBot/1.0; +claudebot@anthropic.com)"
216.73.216.104 - - [04/Jul/2026:12:12:31 +0000] "GET /items/L265081803/ HTTP/1.1" 200 2 "-" "Mozilla/5.0 AppleWebKit/537.36 (KHTML, like Gecko; compatible; ClaudeBot/1.0; +claudebot@anthropic.com)"
216.73.216.104 - - [04/Jul/2026:12:12:36 +0000] "GET /items/L264585812/ HTTP/1.1" 200 2 "-" "Mozilla/5.0 AppleWebKit/537.36 (KHTML, like Gecko; compatible; ClaudeBot/1.0; +claudebot@anthropic.com)"
216.73.216.104 - - [04/Jul/2026:12:12:46 +0000] "GET /items/L265213828/ HTTP/1.1" 200 2 "-" "Mozilla/5.0 AppleWebKit/537.36 (KHTML, like Gecko; compatible; ClaudeBot/1.0; +claudebot@anthropic.com)"
114.119.150.114 - - [04/Jul/2026:12:12:49 +0000] "GET /items/L264610925/ HTTP/1.1" 200 2 "https://dwarkacallgirls.in/sitemap-9.xml" "Mozilla/5.0 (Linux; Android 7.0;) AppleWebKit/537.36 (HTML, like Gecko) Mobile Safari/537.36 (compatible; PetalBot;+https://webmaster.petalsearch.com/site/petalbot)"
216.73.216.104 - - [04/Jul/2026:12:12:51 +0000] "GET /items/L264777843/ HTTP/1.1" 200 2 "-" "Mozilla/5.0 AppleWebKit/537.36 (KHTML, like Gecko; compatible; ClaudeBot/1.0; +claudebot@anthropic.com)"
216.73.216.104 - - [04/Jul/2026:12:12:56 +0000] "GET /items/L263595937/ HTTP/1.1" 200 2 "-" "Mozilla/5.0 AppleWebKit/537.36 (KHTML, like Gecko; compatible; ClaudeBot/1.0; +claudebot@anthropic.com)"
216.73.216.104 - - [04/Jul/2026:12:13:01 +0000] "GET /items/L261674148/ HTTP/1.1" 200 2 "-" "Mozilla/5.0 AppleWebKit/537.36 (KHTML, like Gecko; compatible; ClaudeBot/1.0; +claudebot@anthropic.com)"
216.73.216.104 - - [04/Jul/2026:12:13:06 +0000] "GET /items/L263706572/ HTTP/1.1" 200 2 "-" "Mozilla/5.0 AppleWebKit/537.36 (KHTML, like Gecko; compatible; ClaudeBot/1.0; +claudebot@anthropic.com)"
216.73.216.104 - - [04/Jul/2026:12:13:16 +0000] "GET /items/L262003763/ HTTP/1.1" 200 2 "-" "Mozilla/5.0 AppleWebKit/537.36 (KHTML, like Gecko; compatible; ClaudeBot/1.0; +claudebot@anthropic.com)"
216.73.216.104 - - [04/Jul/2026:12:13:21 +0000] "GET /items/L262639617/ HTTP/1.1" 200 2 "-" "Mozilla/5.0 AppleWebKit/537.36 (KHTML, like Gecko; compatible; ClaudeBot/1.0; +claudebot@anthropic.com)"
216.73.216.104 - - [04/Jul/2026:12:13:26 +0000] "GET /items/L265675595/ HTTP/1.1" 200 2 "-" "Mozilla/5.0 AppleWebKit/537.36 (KHTML, like Gecko; compatible; ClaudeBot/1.0; +claudebot@anthropic.com)"
216.73.216.104 - - [04/Jul/2026:12:13:31 +0000] "GET /items/L265046566/ HTTP/1.1" 200 2 "-" "Mozilla/5.0 AppleWebKit/537.36 (KHTML, like Gecko; compatible; ClaudeBot/1.0; +claudebot@anthropic.com)"
216.73.216.104 - - [04/Jul/2026:12:13:36 +0000] "GET /items/L265121364/ HTTP/1.1" 200 2 "-" "Mozilla/5.0 AppleWebKit/537.36 (KHTML, like Gecko; compatible; ClaudeBot/1.0; +claudebot@anthropic.com)"
216.73.216.104 - - [04/Jul/2026:12:13:41 +0000] "GET /items/L263537232/ HTTP/1.1" 200 2 "-" "Mozilla/5.0 AppleWebKit/537.36 (KHTML, like Gecko; compatible; ClaudeBot/1.0; +claudebot@anthropic.com)"
216.73.216.104 - - [04/Jul/2026:12:13:46 +0000] "GET /items/L263975864/ HTTP/1.1" 200 2 "-" "Mozilla/5.0 AppleWebKit/537.36 (KHTML, like Gecko; compatible; ClaudeBot/1.0; +claudebot@anthropic.com)"
216.73.216.104 - - [04/Jul/2026:12:13:51 +0000] "GET /items/L264342816/ HTTP/1.1" 200 2 "-" "Mozilla/5.0 AppleWebKit/537.36 (KHTML, like Gecko; compatible; ClaudeBot/1.0; +claudebot@anthropic.com)"
216.73.216.104 - - [04/Jul/2026:12:13:56 +0000] "GET /items/L264820485/ HTTP/1.1" 200 2 "-" "Mozilla/5.0 AppleWebKit/537.36 (KHTML, like Gecko; compatible; ClaudeBot/1.0; +claudebot@anthropic.com)"
216.73.216.104 - - [04/Jul/2026:12:14:01 +0000] "GET /items/L261862977/ HTTP/1.1" 200 2 "-" "Mozilla/5.0 AppleWebKit/537.36 (KHTML, like Gecko; compatible; ClaudeBot/1.0; +claudebot@anthropic.com)"
216.73.216.104 - - [04/Jul/2026:12:14:06 +0000] "GET /items/L262907086/ HTTP/1.1" 200 2 "-" "Mozilla/5.0 AppleWebKit/537.36 (KHTML, like Gecko; compatible; ClaudeBot/1.0; +claudebot@anthropic.com)"
216.73.216.104 - - [04/Jul/2026:12:14:11 +0000] "GET /items/L262099665/ HTTP/1.1" 200 2 "-" "Mozilla/5.0 AppleWebKit/537.36 (KHTML, like Gecko; compatible; ClaudeBot/1.0; +claudebot@anthropic.com)"
216.73.216.104 - - [04/Jul/2026:12:14:16 +0000] "GET /items/L264406298/ HTTP/1.1" 200 2 "-" "Mozilla/5.0 AppleWebKit/537.36 (KHTML, like Gecko; compatible; ClaudeBot/1.0; +claudebot@anthropic.com)"
216.73.216.104 - - [04/Jul/2026:12:14:21 +0000] "GET /items/L263757766/ HTTP/1.1" 200 2 "-" "Mozilla/5.0 AppleWebKit/537.36 (KHTML, like Gecko; compatible; ClaudeBot/1.0; +claudebot@anthropic.com)"
161.248.231.247 - - [04/Jul/2026:12:14:22 +0000] "GET / HTTP/1.1" 200 2 "https://urlopener.net/" "Mozilla/5.0 (Windows NT 10.0; Win64; x64) AppleWebKit/537.36 (KHTML, like Gecko) Chrome/149.0.0.0 Safari/537.36"
161.248.231.247 - - [04/Jul/2026:12:14:22 +0000] "GET /favicon.ico HTTP/1.1" 200 2 "https://www.dwarkacallgirls.in/" "Mozilla/5.0 (Windows NT 10.0; Win64; x64) AppleWebKit/537.36 (KHTML, like Gecko) Chrome/149.0.0.0 Safari/537.36"
114.119.132.38 - - [04/Jul/2026:12:14:26 +0000] "GET /items/L264610716/ HTTP/1.1" 200 2 "https://dwarkacallgirls.in/sitemap-9.xml" "Mozilla/5.0 (Linux; Android 7.0;) AppleWebKit/537.36 (HTML, like Gecko) Mobile Safari/537.36 (compatible; PetalBot;+https://webmaster.petalsearch.com/site/petalbot)"
216.73.216.104 - - [04/Jul/2026:12:14:27 +0000] "GET /items/L262472341/ HTTP/1.1" 200 2 "-" "Mozilla/5.0 AppleWebKit/537.36 (KHTML, like Gecko; compatible; ClaudeBot/1.0; +claudebot@anthropic.com)"
216.73.216.104 - - [04/Jul/2026:12:14:32 +0000] "GET /items/L264142433/ HTTP/1.1" 200 2 "-" "Mozilla/5.0 AppleWebKit/537.36 (KHTML, like Gecko; compatible; ClaudeBot/1.0; +claudebot@anthropic.com)"
69.161.196.4 - - [04/Jul/2026:12:14:32 +0000] "POST /wp-cron.php?doing_wp_cron=1783167272.2376229763031005859375 HTTP/1.1" 200 - "-" "WordPress/7.0; https://www.dwarkacallgirls.in"
64.70.199.114 - - [04/Jul/2026:12:14:31 +0000] "GET /wp-login.php HTTP/1.1" 200 6304 "-" "Mozilla/5.0 (Macintosh; Intel Mac OS X 11_7_10) AppleWebKit/537.36 (KHTML, like Gecko) Chrome/133.0.0.0 Safari/537.36"
64.70.199.114 - - [04/Jul/2026:12:14:32 +0000] "POST /wp-login.php HTTP/1.1" 200 6739 "https://mail.dwarkacallgirls.in/wp-login.php" "Mozilla/5.0 (Macintosh; Intel Mac OS X 11_7_10) AppleWebKit/537.36 (KHTML, like Gecko) Chrome/133.0.0.0 Safari/537.36"
216.73.216.104 - - [04/Jul/2026:12:14:37 +0000] "GET /items/L263048095/ HTTP/1.1" 200 2 "-" "Mozilla/5.0 AppleWebKit/537.36 (KHTML, like Gecko; compatible; ClaudeBot/1.0; +claudebot@anthropic.com)"
216.73.216.104 - - [04/Jul/2026:12:14:42 +0000] "GET /items/L265597544/ HTTP/1.1" 200 2 "-" "Mozilla/5.0 AppleWebKit/537.36 (KHTML, like Gecko; compatible; ClaudeBot/1.0; +claudebot@anthropic.com)"
216.73.216.104 - - [04/Jul/2026:12:14:47 +0000] "GET /items/L263815040/ HTTP/1.1" 200 2 "-" "Mozilla/5.0 AppleWebKit/537.36 (KHTML, like Gecko; compatible; ClaudeBot/1.0; +claudebot@anthropic.com)"
216.73.216.104 - - [04/Jul/2026:12:14:52 +0000] "GET /items/L265844995/ HTTP/1.1" 200 2 "-" "Mozilla/5.0 AppleWebKit/537.36 (KHTML, like Gecko; compatible; ClaudeBot/1.0; +claudebot@anthropic.com)"
216.73.216.104 - - [04/Jul/2026:12:15:00 +0000] "GET /items/L261134436/ HTTP/1.1" 404 - "-" "Mozilla/5.0 AppleWebKit/537.36 (KHTML, like Gecko; compatible; ClaudeBot/1.0; +claudebot@anthropic.com)"
216.73.216.104 - - [04/Jul/2026:12:15:02 +0000] "GET /items/L265046777/ HTTP/1.1" 404 - "-" "Mozilla/5.0 AppleWebKit/537.36 (KHTML, like Gecko; compatible; ClaudeBot/1.0; +claudebot@anthropic.com)"
216.73.216.104 - - [04/Jul/2026:12:15:07 +0000] "GET /items/L263015763/ HTTP/1.1" 404 - "-" "Mozilla/5.0 AppleWebKit/537.36 (KHTML, like Gecko; compatible; ClaudeBot/1.0; +claudebot@anthropic.com)"
216.73.216.104 - - [04/Jul/2026:12:15:12 +0000] "GET /items/L261628057/ HTTP/1.1" 404 - "-" "Mozilla/5.0 AppleWebKit/537.36 (KHTML, like Gecko; compatible; ClaudeBot/1.0; +claudebot@anthropic.com)"
216.73.216.104 - - [04/Jul/2026:12:15:17 +0000] "GET /items/L264049525/ HTTP/1.1" 404 - "-" "Mozilla/5.0 AppleWebKit/537.36 (KHTML, like Gecko; compatible; ClaudeBot/1.0; +claudebot@anthropic.com)"
216.73.216.104 - - [04/Jul/2026:12:15:22 +0000] "GET /items/L264031494/ HTTP/1.1" 404 - "-" "Mozilla/5.0 AppleWebKit/537.36 (KHTML, like Gecko; compatible; ClaudeBot/1.0; +claudebot@anthropic.com)"
216.73.216.104 - - [04/Jul/2026:12:15:32 +0000] "GET /items/L264243657/ HTTP/1.1" 404 - "-" "Mozilla/5.0 AppleWebKit/537.36 (KHTML, like Gecko; compatible; ClaudeBot/1.0; +claudebot@anthropic.com)"
216.73.216.104 - - [04/Jul/2026:12:15:37 +0000] "GET /items/L263412583/ HTTP/1.1" 404 - "-" "Mozilla/5.0 AppleWebKit/537.36 (KHTML, like Gecko; compatible; ClaudeBot/1.0; +claudebot@anthropic.com)"
104.234.53.37 - - [04/Jul/2026:12:15:43 +0000] "POST /wp-login.php HTTP/1.1" 404 16 "-" "Mozilla/5.0"
104.234.53.32 - - [04/Jul/2026:12:15:43 +0000] "POST /wp-login.php HTTP/1.1" 404 16 "-" "Mozilla/5.0"
104.234.53.46 - - [04/Jul/2026:12:15:43 +0000] "POST /wp-login.php HTTP/1.1" 404 16 "-" "Mozilla/5.0"
216.73.216.104 - - [04/Jul/2026:12:15:43 +0000] "GET /items/L262489923/ HTTP/1.1" 404 - "-" "Mozilla/5.0 AppleWebKit/537.36 (KHTML, like Gecko; compatible; ClaudeBot/1.0; +claudebot@anthropic.com)"
216.73.216.104 - - [04/Jul/2026:12:15:48 +0000] "GET /items/L262967946/ HTTP/1.1" 404 - "-" "Mozilla/5.0 AppleWebKit/537.36 (KHTML, like Gecko; compatible; ClaudeBot/1.0; +claudebot@anthropic.com)"
216.73.216.104 - - [04/Jul/2026:12:15:53 +0000] "GET /items/L265198776/ HTTP/1.1" 404 - "-" "Mozilla/5.0 AppleWebKit/537.36 (KHTML, like Gecko; compatible; ClaudeBot/1.0; +claudebot@anthropic.com)"
216.73.216.104 - - [04/Jul/2026:12:16:03 +0000] "GET /items/L262186908/ HTTP/1.1" 404 - "-" "Mozilla/5.0 AppleWebKit/537.36 (KHTML, like Gecko; compatible; ClaudeBot/1.0; +claudebot@anthropic.com)"
114.119.140.47 - - [04/Jul/2026:12:16:04 +0000] "GET /items/L264609871/ HTTP/1.1" 404 - "https://dwarkacallgirls.in/sitemap-9.xml" "Mozilla/5.0 (Linux; Android 7.0;) AppleWebKit/537.36 (HTML, like Gecko) Mobile Safari/537.36 (compatible; PetalBot;+https://webmaster.petalsearch.com/site/petalbot)"
216.73.216.104 - - [04/Jul/2026:12:16:08 +0000] "GET /items/L261102695/ HTTP/1.1" 404 - "-" "Mozilla/5.0 AppleWebKit/537.36 (KHTML, like Gecko; compatible; ClaudeBot/1.0; +claudebot@anthropic.com)"
216.73.216.104 - - [04/Jul/2026:12:16:13 +0000] "GET /items/L265245320/ HTTP/1.1" 404 - "-" "Mozilla/5.0 AppleWebKit/537.36 (KHTML, like Gecko; compatible; ClaudeBot/1.0; +claudebot@anthropic.com)"
216.73.216.104 - - [04/Jul/2026:12:16:18 +0000] "GET /items/L262403247/ HTTP/1.1" 404 - "-" "Mozilla/5.0 AppleWebKit/537.36 (KHTML, like Gecko; compatible; ClaudeBot/1.0; +claudebot@anthropic.com)"
216.73.216.104 - - [04/Jul/2026:12:16:23 +0000] "GET /items/L261013380/ HTTP/1.1" 404 - "-" "Mozilla/5.0 AppleWebKit/537.36 (KHTML, like Gecko; compatible; ClaudeBot/1.0; +claudebot@anthropic.com)"
216.73.216.104 - - [04/Jul/2026:12:16:28 +0000] "GET /items/L262471644/ HTTP/1.1" 404 - "-" "Mozilla/5.0 AppleWebKit/537.36 (KHTML, like Gecko; compatible; ClaudeBot/1.0; +claudebot@anthropic.com)"
216.73.216.104 - - [04/Jul/2026:12:16:33 +0000] "GET /items/L262837137/ HTTP/1.1" 404 - "-" "Mozilla/5.0 AppleWebKit/537.36 (KHTML, like Gecko; compatible; ClaudeBot/1.0; +claudebot@anthropic.com)"
216.73.216.104 - - [04/Jul/2026:12:16:39 +0000] "GET /items/L265200870/ HTTP/1.1" 404 - "-" "Mozilla/5.0 AppleWebKit/537.36 (KHTML, like Gecko; compatible; ClaudeBot/1.0; +claudebot@anthropic.com)"
216.73.216.104 - - [04/Jul/2026:12:16:43 +0000] "GET /items/L264142108/ HTTP/1.1" 404 - "-" "Mozilla/5.0 AppleWebKit/537.36 (KHTML, like Gecko; compatible; ClaudeBot/1.0; +claudebot@anthropic.com)"
216.73.216.104 - - [04/Jul/2026:12:16:48 +0000] "GET /items/L264596902/ HTTP/1.1" 404 - "-" "Mozilla/5.0 AppleWebKit/537.36 (KHTML, like Gecko; compatible; ClaudeBot/1.0; +claudebot@anthropic.com)"
216.73.216.104 - - [04/Jul/2026:12:16:53 +0000] "GET /items/L264684564/ HTTP/1.1" 404 - "-" "Mozilla/5.0 AppleWebKit/537.36 (KHTML, like Gecko; compatible; ClaudeBot/1.0; +claudebot@anthropic.com)"
216.73.216.104 - - [04/Jul/2026:12:16:58 +0000] "GET /items/L265378804/ HTTP/1.1" 404 - "-" "Mozilla/5.0 AppleWebKit/537.36 (KHTML, like Gecko; compatible; ClaudeBot/1.0; +claudebot@anthropic.com)"
216.73.216.104 - - [04/Jul/2026:12:17:08 +0000] "GET /items/L262010675/ HTTP/1.1" 404 - "-" "Mozilla/5.0 AppleWebKit/537.36 (KHTML, like Gecko; compatible; ClaudeBot/1.0; +claudebot@anthropic.com)"
216.73.216.104 - - [04/Jul/2026:12:17:13 +0000] "GET /items/L264290652/ HTTP/1.1" 404 - "-" "Mozilla/5.0 AppleWebKit/537.36 (KHTML, like Gecko; compatible; ClaudeBot/1.0; +claudebot@anthropic.com)"
216.73.216.104 - - [04/Jul/2026:12:17:18 +0000] "GET /items/L261048859/ HTTP/1.1" 404 - "-" "Mozilla/5.0 AppleWebKit/537.36 (KHTML, like Gecko; compatible; ClaudeBot/1.0; +claudebot@anthropic.com)"
114.119.150.114 - - [04/Jul/2026:12:17:41 +0000] "GET /items/L264609066/ HTTP/1.1" 404 - "https://dwarkacallgirls.in/sitemap-9.xml" "Mozilla/5.0 (Linux; Android 7.0;) AppleWebKit/537.36 (HTML, like Gecko) Mobile Safari/537.36 (compatible; PetalBot;+https://webmaster.petalsearch.com/site/petalbot)"
216.73.216.104 - - [04/Jul/2026:12:17:42 +0000] "GET /items/L264405572/ HTTP/1.1" 404 - "-" "Mozilla/5.0 AppleWebKit/537.36 (KHTML, like Gecko; compatible; ClaudeBot/1.0; +claudebot@anthropic.com)"
216.73.216.104 - - [04/Jul/2026:12:17:46 +0000] "GET /items/L265362045/ HTTP/1.1" 404 - "-" "Mozilla/5.0 AppleWebKit/537.36 (KHTML, like Gecko; compatible; ClaudeBot/1.0; +claudebot@anthropic.com)"
216.73.216.104 - - [04/Jul/2026:12:17:51 +0000] "GET /items/L264476585/ HTTP/1.1" 404 - "-" "Mozilla/5.0 AppleWebKit/537.36 (KHTML, like Gecko; compatible; ClaudeBot/1.0; +claudebot@anthropic.com)"
216.73.216.104 - - [04/Jul/2026:12:17:56 +0000] "GET /items/L264752979/ HTTP/1.1" 404 - "-" "Mozilla/5.0 AppleWebKit/537.36 (KHTML, like Gecko; compatible; ClaudeBot/1.0; +claudebot@anthropic.com)"
