20.204.42.226 - - [04/Jul/2026:12:22:40 +0000] "GET /autodiscover/autodiscover.xml HTTP/1.1" 400 52 "-" "-"
20.204.42.226 - - [04/Jul/2026:12:22:41 +0000] "GET /autodiscover/autodiscover.xml HTTP/1.1" 400 52 "-" "-"
20.204.42.226 - - [04/Jul/2026:12:22:44 +0000] "GET /autodiscover/autodiscover.xml HTTP/1.1" 400 52 "-" "-"
20.204.42.226 - - [04/Jul/2026:12:22:46 +0000] "GET /autodiscover/autodiscover.xml HTTP/1.1" 400 52 "-" "-"
47.15.117.83 - - [04/Jul/2026:12:22:36 +0000] "GET /images/dwarka-escorts.mp4 HTTP/1.1" 206 22014449 "https://www.dwarkaescort.com/" "Mozilla/5.0 (Linux; Android 10; K) AppleWebKit/537.36 (KHTML, like Gecko) Chrome/149.0.0.0 Mobile Safari/537.36"
20.204.42.226 - - [04/Jul/2026:12:22:49 +0000] "GET /autodiscover/autodiscover.xml HTTP/1.1" 400 52 "-" "-"
203.144.76.184 - - [04/Jul/2026:12:22:49 +0000] "GET /rajouri-garden-escorts.php HTTP/1.1" 200 24698 "-" "Mozilla/5.0 (Linux; Android 8.0; Pixel 2 Build/OPD3.170816.012) AppleWebKit/537.36 (KHTML, like Gecko) Chrome/47.0.9370.1327 Mobile Safari/537.36"
47.128.96.139 - - [04/Jul/2026:12:22:49 +0000] "GET /east-of-kailash-escorts.php HTTP/1.1" 200 25316 "-" "Mozilla/5.0 (Linux; Android 5.0) AppleWebKit/537.36 (KHTML, like Gecko) Mobile Safari/537.36 (compatible; TikTokSpider; ttspider-feedback@tiktok.com)"
47.128.96.139 - - [04/Jul/2026:12:22:50 +0000] "GET /images/east-of-kailash-2.jpg HTTP/1.1" 206 500 "https://www.dwarkaescort.com/east-of-kailash-escorts.php" "Mozilla/5.0 (Linux; Android 5.0) AppleWebKit/537.36 (KHTML, like Gecko) Mobile Safari/537.36 (compatible; TikTokSpider; ttspider-feedback@tiktok.com)"
47.128.96.139 - - [04/Jul/2026:12:22:50 +0000] "GET /images/east-of-kailash-1.jpg HTTP/1.1" 206 500 "https://www.dwarkaescort.com/east-of-kailash-escorts.php" "Mozilla/5.0 (Linux; Android 5.0) AppleWebKit/537.36 (KHTML, like Gecko) Mobile Safari/537.36 (compatible; TikTokSpider; ttspider-feedback@tiktok.com)"
47.128.96.139 - - [04/Jul/2026:12:22:50 +0000] "GET /images/east-of-kailash-1.jpg HTTP/1.1" 304 - "https://www.dwarkaescort.com/east-of-kailash-escorts.php" "Mozilla/5.0 (Linux; Android 5.0) AppleWebKit/537.36 (KHTML, like Gecko) Mobile Safari/537.36 (compatible; TikTokSpider; ttspider-feedback@tiktok.com)"
47.128.96.139 - - [04/Jul/2026:12:22:51 +0000] "GET /images/east-of-kailash-3.jpg HTTP/1.1" 206 500 "https://www.dwarkaescort.com/east-of-kailash-escorts.php" "Mozilla/5.0 (Linux; Android 5.0) AppleWebKit/537.36 (KHTML, like Gecko) Mobile Safari/537.36 (compatible; TikTokSpider; ttspider-feedback@tiktok.com)"
47.128.96.139 - - [04/Jul/2026:12:22:51 +0000] "GET /images/east-of-kailash-2.jpg HTTP/1.1" 304 - "https://www.dwarkaescort.com/east-of-kailash-escorts.php" "Mozilla/5.0 (Linux; Android 5.0) AppleWebKit/537.36 (KHTML, like Gecko) Mobile Safari/537.36 (compatible; TikTokSpider; ttspider-feedback@tiktok.com)"
47.128.96.139 - - [04/Jul/2026:12:22:51 +0000] "GET /images/east-of-kailash-1.jpg HTTP/1.1" 206 24307 "https://www.dwarkaescort.com/east-of-kailash-escorts.php" "Mozilla/5.0 (Linux; Android 5.0) AppleWebKit/537.36 (KHTML, like Gecko) Mobile Safari/537.36 (compatible; TikTokSpider; ttspider-feedback@tiktok.com)"
47.128.96.139 - - [04/Jul/2026:12:22:51 +0000] "GET /images/east-of-kailash-2.jpg HTTP/1.1" 206 34869 "https://www.dwarkaescort.com/east-of-kailash-escorts.php" "Mozilla/5.0 (Linux; Android 5.0) AppleWebKit/537.36 (KHTML, like Gecko) Mobile Safari/537.36 (compatible; TikTokSpider; ttspider-feedback@tiktok.com)"
47.128.96.139 - - [04/Jul/2026:12:22:51 +0000] "GET /images/east-of-kailash-3.jpg HTTP/1.1" 304 - "https://www.dwarkaescort.com/east-of-kailash-escorts.php" "Mozilla/5.0 (Linux; Android 5.0) AppleWebKit/537.36 (KHTML, like Gecko) Mobile Safari/537.36 (compatible; TikTokSpider; ttspider-feedback@tiktok.com)"
47.128.96.139 - - [04/Jul/2026:12:22:51 +0000] "GET /images/east-of-kailash-3.jpg HTTP/1.1" 206 30838 "https://www.dwarkaescort.com/east-of-kailash-escorts.php" "Mozilla/5.0 (Linux; Android 5.0) AppleWebKit/537.36 (KHTML, like Gecko) Mobile Safari/537.36 (compatible; TikTokSpider; ttspider-feedback@tiktok.com)"
20.204.42.226 - - [04/Jul/2026:12:22:51 +0000] "GET /autodiscover/autodiscover.xml HTTP/1.1" 400 52 "-" "-"
20.204.42.226 - - [04/Jul/2026:12:22:52 +0000] "GET /autodiscover/autodiscover.xml HTTP/1.1" 400 52 "-" "-"
20.204.42.226 - - [04/Jul/2026:12:22:54 +0000] "GET /autodiscover/autodiscover.xml HTTP/1.1" 400 52 "-" "-"
20.204.42.226 - - [04/Jul/2026:12:22:56 +0000] "GET /autodiscover/autodiscover.xml HTTP/1.1" 400 52 "-" "-"
103.110.162.39 - - [04/Jul/2026:12:22:57 +0000] "GET /images/rajouri.jpg HTTP/1.1" 206 500 "https://www.dwarkaescort.com/rajouri-garden-escorts.php" "Mozilla/5.0 (Linux; Android 8.0; Pixel 2 Build/OPD3.170816.012) AppleWebKit/537.36 (KHTML, like Gecko) Chrome/47.0.9370.1327 Mobile Safari/537.36"
152.163.16.178 - - [04/Jul/2026:12:22:57 +0000] "GET /cdn.jsdelivr.net/npm/bootstrap%405.0.2/dist/js/bootstrap.bundle.min.js HTTP/1.1" 404 - "https://www.dwarkaescort.com/rajouri-garden-escorts.php" "Mozilla/5.0 (Linux; Android 8.0; Pixel 2 Build/OPD3.170816.012) AppleWebKit/537.36 (KHTML, like Gecko) Chrome/47.0.9370.1327 Mobile Safari/537.36"
103.110.162.39 - - [04/Jul/2026:12:22:57 +0000] "GET /images/rajouri.jpg HTTP/1.1" 304 - "https://www.dwarkaescort.com/rajouri-garden-escorts.php" "Mozilla/5.0 (Linux; Android 8.0; Pixel 2 Build/OPD3.170816.012) AppleWebKit/537.36 (KHTML, like Gecko) Chrome/47.0.9370.1327 Mobile Safari/537.36"
152.163.16.178 - - [04/Jul/2026:12:22:58 +0000] "GET /images/rajouri.jpg HTTP/1.1" 206 34073 "https://www.dwarkaescort.com/rajouri-garden-escorts.php" "Mozilla/5.0 (Linux; Android 8.0; Pixel 2 Build/OPD3.170816.012) AppleWebKit/537.36 (KHTML, like Gecko) Chrome/47.0.9370.1327 Mobile Safari/537.36"
20.204.42.226 - - [04/Jul/2026:12:22:58 +0000] "GET /autodiscover/autodiscover.xml HTTP/1.1" 400 52 "-" "-"
20.204.42.226 - - [04/Jul/2026:12:22:59 +0000] "GET /autodiscover/autodiscover.xml HTTP/1.1" 400 52 "-" "-"
20.204.42.226 - - [04/Jul/2026:12:23:01 +0000] "GET /autodiscover/autodiscover.xml HTTP/1.1" 400 52 "-" "-"
20.204.42.226 - - [04/Jul/2026:12:23:02 +0000] "GET /autodiscover/autodiscover.xml HTTP/1.1" 400 52 "-" "-"
178.126.74.27 - - [04/Jul/2026:12:23:05 +0000] "GET /callgirlsdwarkagallery.php HTTP/1.1" 200 34449 "-" "Mozilla/5.0 (Linux; Android 6.0; Nexus 5 Build/MRA58N) AppleWebKit/537.36 (KHTML, like Gecko) Chrome/39.0.4360.1407 Mobile Safari/537.36"
20.204.42.226 - - [04/Jul/2026:12:23:06 +0000] "GET /autodiscover/autodiscover.xml HTTP/1.1" 400 52 "-" "-"
188.215.94.75 - - [04/Jul/2026:12:23:07 +0000] "GET /cdn.jsdelivr.net/npm/bootstrap%405.0.2/dist/js/bootstrap.bundle.min.js HTTP/1.1" 404 - "https://www.dwarkaescort.com/callgirlsdwarkagallery.php" "Mozilla/5.0 (Linux; Android 6.0; Nexus 5 Build/MRA58N) AppleWebKit/537.36 (KHTML, like Gecko) Chrome/39.0.4360.1407 Mobile Safari/537.36"
20.204.42.226 - - [04/Jul/2026:12:23:09 +0000] "GET /autodiscover/autodiscover.xml HTTP/1.1" 400 52 "-" "-"
47.128.96.2 - - [04/Jul/2026:12:23:14 +0000] "GET /rajouri-garden-escorts.php HTTP/1.1" 200 24698 "-" "Mozilla/5.0 (Linux; Android 5.0) AppleWebKit/537.36 (KHTML, like Gecko) Mobile Safari/537.36 (compatible; TikTokSpider; ttspider-feedback@tiktok.com)"
20.204.42.226 - - [04/Jul/2026:12:23:14 +0000] "GET /autodiscover/autodiscover.xml HTTP/1.1" 400 52 "-" "-"
47.128.96.2 - - [04/Jul/2026:12:23:15 +0000] "GET /images/rajouri.jpg HTTP/1.1" 206 500 "https://www.dwarkaescort.com/rajouri-garden-escorts.php" "Mozilla/5.0 (Linux; Android 5.0) AppleWebKit/537.36 (KHTML, like Gecko) Mobile Safari/537.36 (compatible; TikTokSpider; ttspider-feedback@tiktok.com)"
47.128.96.2 - - [04/Jul/2026:12:23:15 +0000] "GET /images/rajouri.jpg HTTP/1.1" 304 - "https://www.dwarkaescort.com/rajouri-garden-escorts.php" "Mozilla/5.0 (Linux; Android 5.0) AppleWebKit/537.36 (KHTML, like Gecko) Mobile Safari/537.36 (compatible; TikTokSpider; ttspider-feedback@tiktok.com)"
47.128.96.2 - - [04/Jul/2026:12:23:15 +0000] "GET /images/rajouri.jpg HTTP/1.1" 206 34073 "https://www.dwarkaescort.com/rajouri-garden-escorts.php" "Mozilla/5.0 (Linux; Android 5.0) AppleWebKit/537.36 (KHTML, like Gecko) Mobile Safari/537.36 (compatible; TikTokSpider; ttspider-feedback@tiktok.com)"
20.204.42.226 - - [04/Jul/2026:12:23:18 +0000] "GET /autodiscover/autodiscover.xml HTTP/1.1" 400 52 "-" "-"
20.204.42.226 - - [04/Jul/2026:12:23:21 +0000] "GET /autodiscover/autodiscover.xml HTTP/1.1" 400 52 "-" "-"
20.204.42.226 - - [04/Jul/2026:12:23:22 +0000] "GET /autodiscover/autodiscover.xml HTTP/1.1" 400 52 "-" "-"
20.204.42.226 - - [04/Jul/2026:12:23:23 +0000] "GET /autodiscover/autodiscover.xml HTTP/1.1" 400 52 "-" "-"
20.204.42.226 - - [04/Jul/2026:12:23:25 +0000] "GET /autodiscover/autodiscover.xml HTTP/1.1" 400 52 "-" "-"
20.204.42.226 - - [04/Jul/2026:12:23:28 +0000] "GET /autodiscover/autodiscover.xml HTTP/1.1" 400 52 "-" "-"
20.204.42.226 - - [04/Jul/2026:12:23:30 +0000] "GET /autodiscover/autodiscover.xml HTTP/1.1" 400 52 "-" "-"
20.204.42.226 - - [04/Jul/2026:12:23:31 +0000] "GET /autodiscover/autodiscover.xml HTTP/1.1" 400 52 "-" "-"
20.204.42.226 - - [04/Jul/2026:12:23:33 +0000] "GET /autodiscover/autodiscover.xml HTTP/1.1" 400 52 "-" "-"
152.58.153.56 - - [04/Jul/2026:12:23:33 +0000] "GET / HTTP/1.1" 200 46796 "https://www.modelescortsindelhi.com/" "Mozilla/5.0 (Linux; Android 10; K) AppleWebKit/537.36 (KHTML, like Gecko) Chrome/148.0.0.0 Mobile Safari/537.36"
152.58.153.56 - - [04/Jul/2026:12:23:34 +0000] "GET /css/style.css HTTP/1.1" 200 10757 "https://www.dwarkaescort.com/" "Mozilla/5.0 (Linux; Android 10; K) AppleWebKit/537.36 (KHTML, like Gecko) Chrome/148.0.0.0 Mobile Safari/537.36"
152.58.153.56 - - [04/Jul/2026:12:23:34 +0000] "GET /css/fontawesome.css HTTP/1.1" 200 1757 "https://www.dwarkaescort.com/" "Mozilla/5.0 (Linux; Android 10; K) AppleWebKit/537.36 (KHTML, like Gecko) Chrome/148.0.0.0 Mobile Safari/537.36"
152.58.153.56 - - [04/Jul/2026:12:23:34 +0000] "GET /js/lazysizes.min.js HTTP/1.1" 200 7889 "https://www.dwarkaescort.com/" "Mozilla/5.0 (Linux; Android 10; K) AppleWebKit/537.36 (KHTML, like Gecko) Chrome/148.0.0.0 Mobile Safari/537.36"
152.58.153.56 - - [04/Jul/2026:12:23:34 +0000] "GET /images/dwakra-escorts.jpg HTTP/1.1" 200 31912 "https://www.dwarkaescort.com/" "Mozilla/5.0 (Linux; Android 10; K) AppleWebKit/537.36 (KHTML, like Gecko) Chrome/148.0.0.0 Mobile Safari/537.36"
152.58.153.56 - - [04/Jul/2026:12:23:35 +0000] "GET /images/right.webp HTTP/1.1" 200 196 "https://www.dwarkaescort.com/css/style.css" "Mozilla/5.0 (Linux; Android 10; K) AppleWebKit/537.36 (KHTML, like Gecko) Chrome/148.0.0.0 Mobile Safari/537.36"
20.204.42.226 - - [04/Jul/2026:12:23:36 +0000] "GET /autodiscover/autodiscover.xml HTTP/1.1" 400 52 "-" "-"
37.65.63.236 - - [04/Jul/2026:12:23:37 +0000] "GET /contactcallgirlsindwarka.php HTTP/1.1" 200 20461 "-" "Mozilla/5.0 (Linux; Android 6.0; Nexus 5 Build/MRA58N) AppleWebKit/537.36 (KHTML, like Gecko) Chrome/59.0.4081.1145 Mobile Safari/537.36"
152.58.153.56 - - [04/Jul/2026:12:23:34 +0000] "GET /images/dwarka-escorts.mp4 HTTP/1.1" 206 22014449 "https://www.dwarkaescort.com/" "Mozilla/5.0 (Linux; Android 10; K) AppleWebKit/537.36 (KHTML, like Gecko) Chrome/148.0.0.0 Mobile Safari/537.36"
47.128.96.124 - - [04/Jul/2026:12:23:39 +0000] "GET /callgirlsdwarkagallery.php HTTP/1.1" 200 34449 "-" "Mozilla/5.0 (Linux; Android 5.0) AppleWebKit/537.36 (KHTML, like Gecko) Mobile Safari/537.36 (compatible; TikTokSpider; ttspider-feedback@tiktok.com)"
20.204.42.226 - - [04/Jul/2026:12:23:39 +0000] "GET /autodiscover/autodiscover.xml HTTP/1.1" 400 52 "-" "-"
20.204.42.226 - - [04/Jul/2026:12:23:42 +0000] "GET /autodiscover/autodiscover.xml HTTP/1.1" 400 52 "-" "-"
72.63.129.89 - - [04/Jul/2026:12:23:42 +0000] "GET /cdn.jsdelivr.net/npm/bootstrap%405.0.2/dist/js/bootstrap.bundle.min.js HTTP/1.1" 404 - "https://www.dwarkaescort.com/contactcallgirlsindwarka.php" "Mozilla/5.0 (Linux; Android 6.0; Nexus 5 Build/MRA58N) AppleWebKit/537.36 (KHTML, like Gecko) Chrome/59.0.4081.1145 Mobile Safari/537.36"
20.204.42.226 - - [04/Jul/2026:12:23:44 +0000] "GET /autodiscover/autodiscover.xml HTTP/1.1" 400 52 "-" "-"
20.204.42.226 - - [04/Jul/2026:12:23:46 +0000] "GET /autodiscover/autodiscover.xml HTTP/1.1" 400 52 "-" "-"
20.204.42.226 - - [04/Jul/2026:12:23:51 +0000] "GET /autodiscover/autodiscover.xml HTTP/1.1" 400 52 "-" "-"
20.204.42.226 - - [04/Jul/2026:12:23:54 +0000] "GET /autodiscover/autodiscover.xml HTTP/1.1" 400 52 "-" "-"
20.204.42.226 - - [04/Jul/2026:12:23:55 +0000] "GET /autodiscover/autodiscover.xml HTTP/1.1" 400 52 "-" "-"
20.204.42.226 - - [04/Jul/2026:12:23:57 +0000] "GET /autodiscover/autodiscover.xml HTTP/1.1" 400 52 "-" "-"
92.99.120.4 - - [04/Jul/2026:12:23:58 +0000] "GET /lajpat-nagar-escorts.php HTTP/1.1" 200 24329 "-" "Mozilla/5.0 (Linux; Android 6.0; Nexus 5 Build/MRA58N) AppleWebKit/537.36 (KHTML, like Gecko) Chrome/42.0.4788.1300 Mobile Safari/537.36"
20.204.42.226 - - [04/Jul/2026:12:23:58 +0000] "GET /autodiscover/autodiscover.xml HTTP/1.1" 400 52 "-" "-"
20.204.42.226 - - [04/Jul/2026:12:23:59 +0000] "GET /autodiscover/autodiscover.xml HTTP/1.1" 400 52 "-" "-"
103.211.86.131 - - [04/Jul/2026:12:24:00 +0000] "GET /cdn.jsdelivr.net/npm/bootstrap%405.0.2/dist/js/bootstrap.bundle.min.js HTTP/1.1" 404 - "https://www.dwarkaescort.com/lajpat-nagar-escorts.php" "Mozilla/5.0 (Linux; Android 6.0; Nexus 5 Build/MRA58N) AppleWebKit/537.36 (KHTML, like Gecko) Chrome/42.0.4788.1300 Mobile Safari/537.36"
103.211.86.131 - - [04/Jul/2026:12:24:00 +0000] "GET /images/lajpat-nagar-2.jpg HTTP/1.1" 206 500 "https://www.dwarkaescort.com/lajpat-nagar-escorts.php" "Mozilla/5.0 (Linux; Android 6.0; Nexus 5 Build/MRA58N) AppleWebKit/537.36 (KHTML, like Gecko) Chrome/42.0.4788.1300 Mobile Safari/537.36"
20.204.42.226 - - [04/Jul/2026:12:24:00 +0000] "GET /autodiscover/autodiscover.xml HTTP/1.1" 400 52 "-" "-"
103.211.86.131 - - [04/Jul/2026:12:24:01 +0000] "GET /images/lajpat-nagar-2.jpg HTTP/1.1" 304 - "https://www.dwarkaescort.com/lajpat-nagar-escorts.php" "Mozilla/5.0 (Linux; Android 6.0; Nexus 5 Build/MRA58N) AppleWebKit/537.36 (KHTML, like Gecko) Chrome/42.0.4788.1300 Mobile Safari/537.36"
103.211.86.131 - - [04/Jul/2026:12:24:01 +0000] "GET /images/lajpat-nagar-2.jpg HTTP/1.1" 206 30434 "https://www.dwarkaescort.com/lajpat-nagar-escorts.php" "Mozilla/5.0 (Linux; Android 6.0; Nexus 5 Build/MRA58N) AppleWebKit/537.36 (KHTML, like Gecko) Chrome/42.0.4788.1300 Mobile Safari/537.36"
20.204.42.226 - - [04/Jul/2026:12:24:01 +0000] "GET /autodiscover/autodiscover.xml HTTP/1.1" 400 52 "-" "-"
20.204.42.226 - - [04/Jul/2026:12:24:02 +0000] "GET /autodiscover/autodiscover.xml HTTP/1.1" 400 52 "-" "-"
47.128.96.187 - - [04/Jul/2026:12:24:03 +0000] "GET /contactcallgirlsindwarka.php HTTP/1.1" 200 20461 "-" "Mozilla/5.0 (Linux; Android 5.0) AppleWebKit/537.36 (KHTML, like Gecko) Mobile Safari/537.36 (compatible; TikTokSpider; ttspider-feedback@tiktok.com)"
20.204.42.226 - - [04/Jul/2026:12:24:03 +0000] "GET /autodiscover/autodiscover.xml HTTP/1.1" 400 52 "-" "-"
20.204.42.226 - - [04/Jul/2026:12:24:05 +0000] "GET /autodiscover/autodiscover.xml HTTP/1.1" 400 52 "-" "-"
20.204.42.226 - - [04/Jul/2026:12:24:06 +0000] "GET /autodiscover/autodiscover.xml HTTP/1.1" 400 52 "-" "-"
20.204.42.226 - - [04/Jul/2026:12:24:07 +0000] "GET /autodiscover/autodiscover.xml HTTP/1.1" 400 52 "-" "-"
20.204.42.226 - - [04/Jul/2026:12:24:09 +0000] "GET /autodiscover/autodiscover.xml HTTP/1.1" 400 52 "-" "-"
20.204.42.226 - - [04/Jul/2026:12:24:11 +0000] "GET /autodiscover/autodiscover.xml HTTP/1.1" 400 52 "-" "-"
20.204.42.226 - - [04/Jul/2026:12:24:15 +0000] "GET /autodiscover/autodiscover.xml HTTP/1.1" 400 52 "-" "-"
20.204.42.226 - - [04/Jul/2026:12:24:17 +0000] "GET /autodiscover/autodiscover.xml HTTP/1.1" 400 52 "-" "-"
20.204.42.226 - - [04/Jul/2026:12:24:18 +0000] "GET /autodiscover/autodiscover.xml HTTP/1.1" 400 52 "-" "-"
175.101.105.204 - - [04/Jul/2026:12:24:18 +0000] "GET /okhla-escorts.php HTTP/1.1" 200 24704 "-" "Mozilla/5.0 (Linux; Android 8.0; Pixel 2 Build/OPD3.170816.012) AppleWebKit/537.36 (KHTML, like Gecko) Chrome/51.0.4688.1413 Mobile Safari/537.36"
20.204.42.226 - - [04/Jul/2026:12:24:19 +0000] "GET /autodiscover/autodiscover.xml HTTP/1.1" 400 52 "-" "-"
84.37.154.33 - - [04/Jul/2026:12:24:20 +0000] "GET /cdn.jsdelivr.net/npm/bootstrap%405.0.2/dist/js/bootstrap.bundle.min.js HTTP/1.1" 404 - "https://www.dwarkaescort.com/okhla-escorts.php" "Mozilla/5.0 (Linux; Android 8.0; Pixel 2 Build/OPD3.170816.012) AppleWebKit/537.36 (KHTML, like Gecko) Chrome/51.0.4688.1413 Mobile Safari/537.36"
20.204.42.226 - - [04/Jul/2026:12:24:21 +0000] "GET /autodiscover/autodiscover.xml HTTP/1.1" 400 52 "-" "-"
20.204.42.226 - - [04/Jul/2026:12:24:22 +0000] "GET /autodiscover/autodiscover.xml HTTP/1.1" 400 52 "-" "-"
20.204.42.226 - - [04/Jul/2026:12:24:24 +0000] "GET /autodiscover/autodiscover.xml HTTP/1.1" 400 52 "-" "-"
20.204.42.226 - - [04/Jul/2026:12:24:26 +0000] "GET /autodiscover/autodiscover.xml HTTP/1.1" 400 52 "-" "-"
20.204.42.226 - - [04/Jul/2026:12:24:27 +0000] "GET /autodiscover/autodiscover.xml HTTP/1.1" 400 52 "-" "-"
20.204.42.226 - - [04/Jul/2026:12:24:28 +0000] "GET /autodiscover/autodiscover.xml HTTP/1.1" 400 52 "-" "-"
20.204.42.226 - - [04/Jul/2026:12:24:29 +0000] "GET /autodiscover/autodiscover.xml HTTP/1.1" 400 52 "-" "-"
47.128.96.138 - - [04/Jul/2026:12:24:29 +0000] "GET /lajpat-nagar-escorts.php HTTP/1.1" 200 24329 "-" "Mozilla/5.0 (Linux; Android 5.0) AppleWebKit/537.36 (KHTML, like Gecko) Mobile Safari/537.36 (compatible; TikTokSpider; ttspider-feedback@tiktok.com)"
47.128.96.138 - - [04/Jul/2026:12:24:30 +0000] "GET /images/lajpat-nagar-2.jpg HTTP/1.1" 206 500 "https://www.dwarkaescort.com/lajpat-nagar-escorts.php" "Mozilla/5.0 (Linux; Android 5.0) AppleWebKit/537.36 (KHTML, like Gecko) Mobile Safari/537.36 (compatible; TikTokSpider; ttspider-feedback@tiktok.com)"
47.128.96.138 - - [04/Jul/2026:12:24:30 +0000] "GET /images/lajpat-nagar-2.jpg HTTP/1.1" 304 - "https://www.dwarkaescort.com/lajpat-nagar-escorts.php" "Mozilla/5.0 (Linux; Android 5.0) AppleWebKit/537.36 (KHTML, like Gecko) Mobile Safari/537.36 (compatible; TikTokSpider; ttspider-feedback@tiktok.com)"
47.128.96.138 - - [04/Jul/2026:12:24:30 +0000] "GET /images/lajpat-nagar-2.jpg HTTP/1.1" 206 30434 "https://www.dwarkaescort.com/lajpat-nagar-escorts.php" "Mozilla/5.0 (Linux; Android 5.0) AppleWebKit/537.36 (KHTML, like Gecko) Mobile Safari/537.36 (compatible; TikTokSpider; ttspider-feedback@tiktok.com)"
20.204.42.226 - - [04/Jul/2026:12:24:31 +0000] "GET /autodiscover/autodiscover.xml HTTP/1.1" 400 52 "-" "-"
20.204.42.226 - - [04/Jul/2026:12:24:33 +0000] "GET /autodiscover/autodiscover.xml HTTP/1.1" 400 52 "-" "-"
152.59.12.84 - - [04/Jul/2026:12:24:36 +0000] "GET / HTTP/1.1" 508 288 "https://www.modelescortsindelhi.com/" "Mozilla/5.0 (Linux; U; Android 15; en-gb; CPH2617 Build/AP3A.240617.008) AppleWebKit/537.36 (KHTML, like Gecko) Chrome/115.0.5970.168 Mobile Safari/537.36 HeyTapBrowser/45.14.3.1"
152.59.12.84 - - [04/Jul/2026:12:24:37 +0000] "GET /favicon.ico HTTP/1.1" 404 - "https://www.dwarkaescort.com/" "Mozilla/5.0 (Linux; U; Android 15; en-gb; CPH2617 Build/AP3A.240617.008) AppleWebKit/537.36 (KHTML, like Gecko) Chrome/115.0.5970.168 Mobile Safari/537.36 HeyTapBrowser/45.14.3.1"
20.204.42.226 - - [04/Jul/2026:12:24:38 +0000] "GET /autodiscover/autodiscover.xml HTTP/1.1" 400 52 "-" "-"
47.9.120.243 - - [04/Jul/2026:12:24:40 +0000] "GET / HTTP/1.1" 508 288 "https://www.modelescortsindelhi.com/" "Mozilla/5.0 (Linux; Android 10; K) AppleWebKit/537.36 (KHTML, like Gecko) Chrome/149.0.0.0 Mobile Safari/537.36"
47.9.120.243 - - [04/Jul/2026:12:24:40 +0000] "GET /favicon.ico HTTP/1.1" 404 - "https://www.dwarkaescort.com/" "Mozilla/5.0 (Linux; Android 10; K) AppleWebKit/537.36 (KHTML, like Gecko) Chrome/149.0.0.0 Mobile Safari/537.36"
20.204.42.226 - - [04/Jul/2026:12:24:41 +0000] "GET /autodiscover/autodiscover.xml HTTP/1.1" 400 52 "-" "-"
152.58.184.61 - - [04/Jul/2026:12:24:42 +0000] "GET / HTTP/1.1" 508 288 "https://www.modelescortsindelhi.com/" "Mozilla/5.0 (Linux; Android 10; K) AppleWebKit/537.36 (KHTML, like Gecko) Chrome/149.0.0.0 Mobile Safari/537.36"
152.58.184.61 - - [04/Jul/2026:12:24:43 +0000] "GET /favicon.ico HTTP/1.1" 404 - "https://www.dwarkaescort.com/" "Mozilla/5.0 (Linux; Android 10; K) AppleWebKit/537.36 (KHTML, like Gecko) Chrome/149.0.0.0 Mobile Safari/537.36"
20.204.42.226 - - [04/Jul/2026:12:24:43 +0000] "GET /autodiscover/autodiscover.xml HTTP/1.1" 400 52 "-" "-"
152.58.184.61 - - [04/Jul/2026:12:24:44 +0000] "GET / HTTP/1.1" 508 288 "https://www.modelescortsindelhi.com/" "Mozilla/5.0 (Linux; Android 10; K) AppleWebKit/537.36 (KHTML, like Gecko) Chrome/149.0.0.0 Mobile Safari/537.36"
152.58.184.61 - - [04/Jul/2026:12:24:44 +0000] "GET /favicon.ico HTTP/1.1" 404 - "https://www.dwarkaescort.com/" "Mozilla/5.0 (Linux; Android 10; K) AppleWebKit/537.36 (KHTML, like Gecko) Chrome/149.0.0.0 Mobile Safari/537.36"
20.204.42.226 - - [04/Jul/2026:12:24:45 +0000] "GET /autodiscover/autodiscover.xml HTTP/1.1" 400 52 "-" "-"
20.204.42.226 - - [04/Jul/2026:12:24:46 +0000] "GET /autodiscover/autodiscover.xml HTTP/1.1" 400 52 "-" "-"
20.204.42.226 - - [04/Jul/2026:12:24:47 +0000] "GET /autodiscover/autodiscover.xml HTTP/1.1" 400 52 "-" "-"
87.5.233.2 - - [04/Jul/2026:12:24:48 +0000] "GET /safdarjung-escorts.php HTTP/1.1" 508 288 "-" "Mozilla/5.0 (Linux; Android 6.0; Nexus 5 Build/MRA58N) AppleWebKit/537.36 (KHTML, like Gecko) Chrome/42.0.3106.1169 Mobile Safari/537.36"
152.58.184.61 - - [04/Jul/2026:12:24:49 +0000] "GET / HTTP/1.1" 200 46796 "https://www.modelescortsindelhi.com/" "Mozilla/5.0 (Linux; Android 10; K) AppleWebKit/537.36 (KHTML, like Gecko) Chrome/149.0.0.0 Mobile Safari/537.36"
152.58.184.61 - - [04/Jul/2026:12:24:50 +0000] "GET /images/dwakra-escorts.jpg HTTP/1.1" 200 31912 "https://www.dwarkaescort.com/" "Mozilla/5.0 (Linux; Android 10; K) AppleWebKit/537.36 (KHTML, like Gecko) Chrome/149.0.0.0 Mobile Safari/537.36"
20.204.42.226 - - [04/Jul/2026:12:24:50 +0000] "GET /autodiscover/autodiscover.xml HTTP/1.1" 400 52 "-" "-"
152.58.184.61 - - [04/Jul/2026:12:24:51 +0000] "GET /images/right.webp HTTP/1.1" 200 196 "https://www.dwarkaescort.com/css/style.css" "Mozilla/5.0 (Linux; Android 10; K) AppleWebKit/537.36 (KHTML, like Gecko) Chrome/149.0.0.0 Mobile Safari/537.36"
152.58.184.61 - - [04/Jul/2026:12:24:51 +0000] "GET /images/favicon.webp HTTP/1.1" 200 2350 "https://www.dwarkaescort.com/" "Mozilla/5.0 (Linux; Android 10; K) AppleWebKit/537.36 (KHTML, like Gecko) Chrome/149.0.0.0 Mobile Safari/537.36"
152.58.184.61 - - [04/Jul/2026:12:24:50 +0000] "GET /images/dwarka-escorts.mp4 HTTP/1.1" 206 21994881 "https://www.dwarkaescort.com/" "Mozilla/5.0 (Linux; Android 10; K) AppleWebKit/537.36 (KHTML, like Gecko) Chrome/149.0.0.0 Mobile Safari/537.36"
20.204.42.226 - - [04/Jul/2026:12:24:54 +0000] "GET /autodiscover/autodiscover.xml HTTP/1.1" 400 52 "-" "-"
47.128.96.179 - - [04/Jul/2026:12:24:54 +0000] "GET /okhla-escorts.php HTTP/1.1" 200 24704 "-" "Mozilla/5.0 (Linux; Android 5.0) AppleWebKit/537.36 (KHTML, like Gecko) Mobile Safari/537.36 (compatible; TikTokSpider; ttspider-feedback@tiktok.com)"
20.204.42.226 - - [04/Jul/2026:12:24:56 +0000] "GET /autodiscover/autodiscover.xml HTTP/1.1" 400 52 "-" "-"
152.58.184.61 - - [04/Jul/2026:12:24:56 +0000] "GET / HTTP/1.1" 200 46796 "https://www.modelescortsindelhi.com/" "Mozilla/5.0 (Linux; Android 10; K) AppleWebKit/537.36 (KHTML, like Gecko) Chrome/149.0.0.0 Mobile Safari/537.36"
152.58.184.61 - - [04/Jul/2026:12:24:57 +0000] "GET /images/dwarka-escorts.mp4 HTTP/1.1" 206 18578995 "https://www.dwarkaescort.com/" "Mozilla/5.0 (Linux; Android 10; K) AppleWebKit/537.36 (KHTML, like Gecko) Chrome/149.0.0.0 Mobile Safari/537.36"
152.58.184.61 - - [04/Jul/2026:12:24:58 +0000] "GET / HTTP/1.1" 200 46796 "https://www.modelescortsindelhi.com/" "Mozilla/5.0 (Linux; Android 10; K) AppleWebKit/537.36 (KHTML, like Gecko) Chrome/149.0.0.0 Mobile Safari/537.36"
20.204.42.226 - - [04/Jul/2026:12:24:59 +0000] "GET /autodiscover/autodiscover.xml HTTP/1.1" 400 52 "-" "-"
20.204.42.226 - - [04/Jul/2026:12:25:01 +0000] "GET /autodiscover/autodiscover.xml HTTP/1.1" 400 52 "-" "-"
152.58.184.61 - - [04/Jul/2026:12:25:01 +0000] "GET / HTTP/1.1" 200 46796 "https://www.modelescortsindelhi.com/" "Mozilla/5.0 (Linux; Android 10; K) AppleWebKit/537.36 (KHTML, like Gecko) Chrome/149.0.0.0 Mobile Safari/537.36"
152.58.184.61 - - [04/Jul/2026:12:25:01 +0000] "GET /images/dwarka-escorts.mp4 HTTP/1.1" 206 18571111 "https://www.dwarkaescort.com/" "Mozilla/5.0 (Linux; Android 10; K) AppleWebKit/537.36 (KHTML, like Gecko) Chrome/149.0.0.0 Mobile Safari/537.36"
20.204.42.226 - - [04/Jul/2026:12:25:02 +0000] "GET /autodiscover/autodiscover.xml HTTP/1.1" 400 52 "-" "-"
152.58.184.61 - - [04/Jul/2026:12:25:03 +0000] "GET / HTTP/1.1" 200 46796 "https://www.modelescortsindelhi.com/" "Mozilla/5.0 (Linux; Android 10; K) AppleWebKit/537.36 (KHTML, like Gecko) Chrome/149.0.0.0 Mobile Safari/537.36"
20.204.42.226 - - [04/Jul/2026:12:25:03 +0000] "GET /autodiscover/autodiscover.xml HTTP/1.1" 400 52 "-" "-"
20.204.42.226 - - [04/Jul/2026:12:25:05 +0000] "GET /autodiscover/autodiscover.xml HTTP/1.1" 400 52 "-" "-"
20.204.42.226 - - [04/Jul/2026:12:25:07 +0000] "GET /autodiscover/autodiscover.xml HTTP/1.1" 400 52 "-" "-"
20.204.42.226 - - [04/Jul/2026:12:25:08 +0000] "GET /autodiscover/autodiscover.xml HTTP/1.1" 400 52 "-" "-"
152.58.184.61 - - [04/Jul/2026:12:25:09 +0000] "GET / HTTP/1.1" 200 46796 "https://www.modelescortsindelhi.com/" "Mozilla/5.0 (Linux; Android 10; K) AppleWebKit/537.36 (KHTML, like Gecko) Chrome/149.0.0.0 Mobile Safari/537.36"
152.58.184.61 - - [04/Jul/2026:12:25:09 +0000] "GET /images/dwarka-escorts.mp4 HTTP/1.1" 206 18563227 "https://www.dwarkaescort.com/" "Mozilla/5.0 (Linux; Android 10; K) AppleWebKit/537.36 (KHTML, like Gecko) Chrome/149.0.0.0 Mobile Safari/537.36"
20.204.42.226 - - [04/Jul/2026:12:25:09 +0000] "GET /autodiscover/autodiscover.xml HTTP/1.1" 400 52 "-" "-"
115.246.92.202 - - [04/Jul/2026:12:25:11 +0000] "GET /janakpuri-escorts.php HTTP/1.1" 200 24082 "-" "Mozilla/5.0 (Linux; Android 8.0; Pixel 2 Build/OPD3.170816.012) AppleWebKit/537.36 (KHTML, like Gecko) Chrome/55.0.7465.1216 Mobile Safari/537.36"
20.204.42.226 - - [04/Jul/2026:12:25:11 +0000] "GET /autodiscover/autodiscover.xml HTTP/1.1" 400 52 "-" "-"
152.58.184.61 - - [04/Jul/2026:12:25:11 +0000] "GET / HTTP/1.1" 200 46796 "https://www.modelescortsindelhi.com/" "Mozilla/5.0 (Linux; Android 10; K) AppleWebKit/537.36 (KHTML, like Gecko) Chrome/149.0.0.0 Mobile Safari/537.36"
20.204.42.226 - - [04/Jul/2026:12:25:12 +0000] "GET /autodiscover/autodiscover.xml HTTP/1.1" 400 52 "-" "-"
20.204.42.226 - - [04/Jul/2026:12:25:13 +0000] "GET /autodiscover/autodiscover.xml HTTP/1.1" 400 52 "-" "-"
45.38.215.98 - - [04/Jul/2026:12:25:14 +0000] "GET /cdn.jsdelivr.net/npm/bootstrap%405.0.2/dist/js/bootstrap.bundle.min.js HTTP/1.1" 404 - "https://www.dwarkaescort.com/janakpuri-escorts.php" "Mozilla/5.0 (Linux; Android 8.0; Pixel 2 Build/OPD3.170816.012) AppleWebKit/537.36 (KHTML, like Gecko) Chrome/55.0.7465.1216 Mobile Safari/537.36"
45.38.215.98 - - [04/Jul/2026:12:25:14 +0000] "GET /images/janakpuri-1.jpg HTTP/1.1" 206 500 "https://www.dwarkaescort.com/janakpuri-escorts.php" "Mozilla/5.0 (Linux; Android 8.0; Pixel 2 Build/OPD3.170816.012) AppleWebKit/537.36 (KHTML, like Gecko) Chrome/55.0.7465.1216 Mobile Safari/537.36"
45.38.215.98 - - [04/Jul/2026:12:25:15 +0000] "GET /images/janakpuri-2.jpg HTTP/1.1" 206 500 "https://www.dwarkaescort.com/janakpuri-escorts.php" "Mozilla/5.0 (Linux; Android 8.0; Pixel 2 Build/OPD3.170816.012) AppleWebKit/537.36 (KHTML, like Gecko) Chrome/55.0.7465.1216 Mobile Safari/537.36"
45.38.215.98 - - [04/Jul/2026:12:25:15 +0000] "GET /images/janakpuri-1.jpg HTTP/1.1" 304 - "https://www.dwarkaescort.com/janakpuri-escorts.php" "Mozilla/5.0 (Linux; Android 8.0; Pixel 2 Build/OPD3.170816.012) AppleWebKit/537.36 (KHTML, like Gecko) Chrome/55.0.7465.1216 Mobile Safari/537.36"
45.38.215.98 - - [04/Jul/2026:12:25:16 +0000] "GET /images/janakpuri-2.jpg HTTP/1.1" 304 - "https://www.dwarkaescort.com/janakpuri-escorts.php" "Mozilla/5.0 (Linux; Android 8.0; Pixel 2 Build/OPD3.170816.012) AppleWebKit/537.36 (KHTML, like Gecko) Chrome/55.0.7465.1216 Mobile Safari/537.36"
45.38.215.98 - - [04/Jul/2026:12:25:16 +0000] "GET /images/janakpuri-1.jpg HTTP/1.1" 206 34073 "https://www.dwarkaescort.com/janakpuri-escorts.php" "Mozilla/5.0 (Linux; Android 8.0; Pixel 2 Build/OPD3.170816.012) AppleWebKit/537.36 (KHTML, like Gecko) Chrome/55.0.7465.1216 Mobile Safari/537.36"
45.38.215.99 - - [04/Jul/2026:12:25:16 +0000] "GET /images/janakpuri-2.jpg HTTP/1.1" 206 32617 "https://www.dwarkaescort.com/janakpuri-escorts.php" "Mozilla/5.0 (Linux; Android 8.0; Pixel 2 Build/OPD3.170816.012) AppleWebKit/537.36 (KHTML, like Gecko) Chrome/55.0.7465.1216 Mobile Safari/537.36"
20.204.42.226 - - [04/Jul/2026:12:25:16 +0000] "GET /autodiscover/autodiscover.xml HTTP/1.1" 400 52 "-" "-"
152.58.184.61 - - [04/Jul/2026:12:25:17 +0000] "GET / HTTP/1.1" 200 46796 "https://www.modelescortsindelhi.com/" "Mozilla/5.0 (Linux; Android 10; K) AppleWebKit/537.36 (KHTML, like Gecko) Chrome/149.0.0.0 Mobile Safari/537.36"
152.58.184.61 - - [04/Jul/2026:12:25:17 +0000] "GET /images/dwarka-escorts.mp4 HTTP/1.1" 206 18555343 "https://www.dwarkaescort.com/" "Mozilla/5.0 (Linux; Android 10; K) AppleWebKit/537.36 (KHTML, like Gecko) Chrome/149.0.0.0 Mobile Safari/537.36"
20.204.42.226 - - [04/Jul/2026:12:25:18 +0000] "GET /autodiscover/autodiscover.xml HTTP/1.1" 400 52 "-" "-"
20.204.42.226 - - [04/Jul/2026:12:25:22 +0000] "GET /autodiscover/autodiscover.xml HTTP/1.1" 400 52 "-" "-"
20.204.42.226 - - [04/Jul/2026:12:25:24 +0000] "GET /autodiscover/autodiscover.xml HTTP/1.1" 400 52 "-" "-"
152.58.184.61 - - [04/Jul/2026:12:25:25 +0000] "GET / HTTP/1.1" 200 46796 "https://www.modelescortsindelhi.com/" "Mozilla/5.0 (Linux; Android 10; K) AppleWebKit/537.36 (KHTML, like Gecko) Chrome/149.0.0.0 Mobile Safari/537.36"
152.58.184.61 - - [04/Jul/2026:12:25:26 +0000] "GET /images/dwarka-escorts.mp4 HTTP/1.1" 206 18547459 "https://www.dwarkaescort.com/" "Mozilla/5.0 (Linux; Android 10; K) AppleWebKit/537.36 (KHTML, like Gecko) Chrome/149.0.0.0 Mobile Safari/537.36"
20.204.42.226 - - [04/Jul/2026:12:25:26 +0000] "GET /autodiscover/autodiscover.xml HTTP/1.1" 400 52 "-" "-"
20.204.42.226 - - [04/Jul/2026:12:25:27 +0000] "GET /autodiscover/autodiscover.xml HTTP/1.1" 400 52 "-" "-"
152.58.184.61 - - [04/Jul/2026:12:25:27 +0000] "GET / HTTP/1.1" 200 46796 "https://www.modelescortsindelhi.com/" "Mozilla/5.0 (Linux; Android 10; K) AppleWebKit/537.36 (KHTML, like Gecko) Chrome/149.0.0.0 Mobile Safari/537.36"
152.58.184.61 - - [04/Jul/2026:12:25:28 +0000] "GET / HTTP/1.1" 200 46796 "https://www.modelescortsindelhi.com/" "Mozilla/5.0 (Linux; Android 10; K) AppleWebKit/537.36 (KHTML, like Gecko) Chrome/149.0.0.0 Mobile Safari/537.36"
20.204.42.226 - - [04/Jul/2026:12:25:29 +0000] "GET /autodiscover/autodiscover.xml HTTP/1.1" 400 52 "-" "-"
152.58.184.61 - - [04/Jul/2026:12:25:29 +0000] "GET / HTTP/1.1" 200 46796 "https://www.modelescortsindelhi.com/" "Mozilla/5.0 (Linux; Android 10; K) AppleWebKit/537.36 (KHTML, like Gecko) Chrome/149.0.0.0 Mobile Safari/537.36"
152.58.184.61 - - [04/Jul/2026:12:25:30 +0000] "GET /images/dwarka-escorts.mp4 HTTP/1.1" 206 18547459 "https://www.dwarkaescort.com/" "Mozilla/5.0 (Linux; Android 10; K) AppleWebKit/537.36 (KHTML, like Gecko) Chrome/149.0.0.0 Mobile Safari/537.36"
20.204.42.226 - - [04/Jul/2026:12:25:31 +0000] "GET /autodiscover/autodiscover.xml HTTP/1.1" 400 52 "-" "-"
152.58.184.61 - - [04/Jul/2026:12:25:31 +0000] "GET / HTTP/1.1" 200 46796 "https://www.modelescortsindelhi.com/" "Mozilla/5.0 (Linux; Android 10; K) AppleWebKit/537.36 (KHTML, like Gecko) Chrome/149.0.0.0 Mobile Safari/537.36"
152.58.184.61 - - [04/Jul/2026:12:25:32 +0000] "GET /images/dwarka-escorts.mp4 HTTP/1.1" 206 18547459 "https://www.dwarkaescort.com/" "Mozilla/5.0 (Linux; Android 10; K) AppleWebKit/537.36 (KHTML, like Gecko) Chrome/149.0.0.0 Mobile Safari/537.36"
20.204.42.226 - - [04/Jul/2026:12:25:32 +0000] "GET /autodiscover/autodiscover.xml HTTP/1.1" 400 52 "-" "-"
152.58.156.21 - - [04/Jul/2026:12:25:33 +0000] "GET / HTTP/1.1" 200 46796 "https://www.modelescortsindelhi.com/" "Mozilla/5.0 (Linux; Android 10; K) AppleWebKit/537.36 (KHTML, like Gecko) Chrome/149.0.0.0 Mobile Safari/537.36"
152.58.184.61 - - [04/Jul/2026:12:25:34 +0000] "GET /images/dwarka-escorts.mp4 HTTP/1.1" 206 18547459 "https://www.dwarkaescort.com/" "Mozilla/5.0 (Linux; Android 10; K) AppleWebKit/537.36 (KHTML, like Gecko) Chrome/149.0.0.0 Mobile Safari/537.36"
20.204.42.226 - - [04/Jul/2026:12:25:34 +0000] "GET /autodiscover/autodiscover.xml HTTP/1.1" 400 52 "-" "-"
152.58.156.21 - - [04/Jul/2026:12:25:36 +0000] "GET / HTTP/1.1" 200 46796 "https://www.modelescortsindelhi.com/" "Mozilla/5.0 (Linux; Android 10; K) AppleWebKit/537.36 (KHTML, like Gecko) Chrome/149.0.0.0 Mobile Safari/537.36"
20.204.42.226 - - [04/Jul/2026:12:25:36 +0000] "GET /autodiscover/autodiscover.xml HTTP/1.1" 400 52 "-" "-"
152.58.184.61 - - [04/Jul/2026:12:25:36 +0000] "GET /images/dwarka-escorts.mp4 HTTP/1.1" 206 18539575 "https://www.dwarkaescort.com/" "Mozilla/5.0 (Linux; Android 10; K) AppleWebKit/537.36 (KHTML, like Gecko) Chrome/149.0.0.0 Mobile Safari/537.36"
201.114.109.87 - - [04/Jul/2026:12:25:36 +0000] "GET /moti-nagar-escorts.php HTTP/1.1" 200 25142 "-" "Mozilla/5.0 (iPhone; CPU iPhone OS 11_0 like Mac OS X) AppleWebKit/537.36 (KHTML, like Gecko) Chrome/54.0.1213.1037 Mobile Safari/537.36"
20.204.42.226 - - [04/Jul/2026:12:25:38 +0000] "GET /autodiscover/autodiscover.xml HTTP/1.1" 400 52 "-" "-"
192.144.90.51 - - [04/Jul/2026:12:25:38 +0000] "GET /cdn.jsdelivr.net/npm/bootstrap%405.0.2/dist/js/bootstrap.bundle.min.js HTTP/1.1" 404 - "https://www.dwarkaescort.com/moti-nagar-escorts.php" "Mozilla/5.0 (iPhone; CPU iPhone OS 11_0 like Mac OS X) AppleWebKit/537.36 (KHTML, like Gecko) Chrome/54.0.1213.1037 Mobile Safari/537.36"
84.37.154.39 - - [04/Jul/2026:12:25:38 +0000] "GET /images/moti-nagar-1.jpg HTTP/1.1" 206 500 "https://www.dwarkaescort.com/moti-nagar-escorts.php" "Mozilla/5.0 (iPhone; CPU iPhone OS 11_0 like Mac OS X) AppleWebKit/537.36 (KHTML, like Gecko) Chrome/54.0.1213.1037 Mobile Safari/537.36"
84.37.154.39 - - [04/Jul/2026:12:25:39 +0000] "GET /images/moti-nagar-1.jpg HTTP/1.1" 304 - "https://www.dwarkaescort.com/moti-nagar-escorts.php" "Mozilla/5.0 (iPhone; CPU iPhone OS 11_0 like Mac OS X) AppleWebKit/537.36 (KHTML, like Gecko) Chrome/54.0.1213.1037 Mobile Safari/537.36"
152.58.156.21 - - [04/Jul/2026:12:25:39 +0000] "GET / HTTP/1.1" 200 46796 "https://www.modelescortsindelhi.com/" "Mozilla/5.0 (Linux; Android 10; K) AppleWebKit/537.36 (KHTML, like Gecko) Chrome/149.0.0.0 Mobile Safari/537.36"
84.37.154.39 - - [04/Jul/2026:12:25:39 +0000] "GET /images/moti-nagar-1.jpg HTTP/1.1" 206 30605 "https://www.dwarkaescort.com/moti-nagar-escorts.php" "Mozilla/5.0 (iPhone; CPU iPhone OS 11_0 like Mac OS X) AppleWebKit/537.36 (KHTML, like Gecko) Chrome/54.0.1213.1037 Mobile Safari/537.36"
104.143.232.161 - - [04/Jul/2026:12:25:39 +0000] "GET /images/model-town-2.jpg HTTP/1.1" 206 500 "https://www.dwarkaescort.com/moti-nagar-escorts.php" "Mozilla/5.0 (iPhone; CPU iPhone OS 11_0 like Mac OS X) AppleWebKit/537.36 (KHTML, like Gecko) Chrome/54.0.1213.1037 Mobile Safari/537.36"
20.204.42.226 - - [04/Jul/2026:12:25:39 +0000] "GET /autodiscover/autodiscover.xml HTTP/1.1" 400 52 "-" "-"
152.58.184.61 - - [04/Jul/2026:12:25:39 +0000] "GET /images/dwarka-escorts.mp4 HTTP/1.1" 206 18539575 "https://www.dwarkaescort.com/" "Mozilla/5.0 (Linux; Android 10; K) AppleWebKit/537.36 (KHTML, like Gecko) Chrome/149.0.0.0 Mobile Safari/537.36"
104.143.232.161 - - [04/Jul/2026:12:25:40 +0000] "GET /images/model-town-2.jpg HTTP/1.1" 304 - "https://www.dwarkaescort.com/moti-nagar-escorts.php" "Mozilla/5.0 (iPhone; CPU iPhone OS 11_0 like Mac OS X) AppleWebKit/537.36 (KHTML, like Gecko) Chrome/54.0.1213.1037 Mobile Safari/537.36"
104.143.232.161 - - [04/Jul/2026:12:25:40 +0000] "GET /images/model-town-2.jpg HTTP/1.1" 206 76273 "https://www.dwarkaescort.com/moti-nagar-escorts.php" "Mozilla/5.0 (iPhone; CPU iPhone OS 11_0 like Mac OS X) AppleWebKit/537.36 (KHTML, like Gecko) Chrome/54.0.1213.1037 Mobile Safari/537.36"
20.204.42.226 - - [04/Jul/2026:12:25:41 +0000] "GET /autodiscover/autodiscover.xml HTTP/1.1" 400 52 "-" "-"
47.128.96.196 - - [04/Jul/2026:12:25:41 +0000] "GET /janakpuri-escorts.php HTTP/1.1" 200 24082 "-" "Mozilla/5.0 (Linux; Android 5.0) AppleWebKit/537.36 (KHTML, like Gecko) Mobile Safari/537.36 (compatible; TikTokSpider; ttspider-feedback@tiktok.com)"
47.128.96.196 - - [04/Jul/2026:12:25:42 +0000] "GET /images/janakpuri-1.jpg HTTP/1.1" 206 500 "https://www.dwarkaescort.com/janakpuri-escorts.php" "Mozilla/5.0 (Linux; Android 5.0) AppleWebKit/537.36 (KHTML, like Gecko) Mobile Safari/537.36 (compatible; TikTokSpider; ttspider-feedback@tiktok.com)"
47.128.96.196 - - [04/Jul/2026:12:25:42 +0000] "GET /images/janakpuri-2.jpg HTTP/1.1" 206 500 "https://www.dwarkaescort.com/janakpuri-escorts.php" "Mozilla/5.0 (Linux; Android 5.0) AppleWebKit/537.36 (KHTML, like Gecko) Mobile Safari/537.36 (compatible; TikTokSpider; ttspider-feedback@tiktok.com)"
47.128.96.196 - - [04/Jul/2026:12:25:42 +0000] "GET /images/janakpuri-1.jpg HTTP/1.1" 304 - "https://www.dwarkaescort.com/janakpuri-escorts.php" "Mozilla/5.0 (Linux; Android 5.0) AppleWebKit/537.36 (KHTML, like Gecko) Mobile Safari/537.36 (compatible; TikTokSpider; ttspider-feedback@tiktok.com)"
47.128.96.196 - - [04/Jul/2026:12:25:42 +0000] "GET /images/janakpuri-2.jpg HTTP/1.1" 304 - "https://www.dwarkaescort.com/janakpuri-escorts.php" "Mozilla/5.0 (Linux; Android 5.0) AppleWebKit/537.36 (KHTML, like Gecko) Mobile Safari/537.36 (compatible; TikTokSpider; ttspider-feedback@tiktok.com)"
47.128.96.196 - - [04/Jul/2026:12:25:42 +0000] "GET /images/janakpuri-1.jpg HTTP/1.1" 206 34073 "https://www.dwarkaescort.com/janakpuri-escorts.php" "Mozilla/5.0 (Linux; Android 5.0) AppleWebKit/537.36 (KHTML, like Gecko) Mobile Safari/537.36 (compatible; TikTokSpider; ttspider-feedback@tiktok.com)"
47.128.96.196 - - [04/Jul/2026:12:25:42 +0000] "GET /images/janakpuri-2.jpg HTTP/1.1" 206 32617 "https://www.dwarkaescort.com/janakpuri-escorts.php" "Mozilla/5.0 (Linux; Android 5.0) AppleWebKit/537.36 (KHTML, like Gecko) Mobile Safari/537.36 (compatible; TikTokSpider; ttspider-feedback@tiktok.com)"
20.204.42.226 - - [04/Jul/2026:12:25:42 +0000] "GET /autodiscover/autodiscover.xml HTTP/1.1" 400 52 "-" "-"
152.58.156.21 - - [04/Jul/2026:12:25:43 +0000] "GET / HTTP/1.1" 200 46796 "https://www.modelescortsindelhi.com/" "Mozilla/5.0 (Linux; Android 10; K) AppleWebKit/537.36 (KHTML, like Gecko) Chrome/149.0.0.0 Mobile Safari/537.36"
152.58.184.61 - - [04/Jul/2026:12:25:43 +0000] "GET /images/dwarka-escorts.mp4 HTTP/1.1" 206 18539575 "https://www.dwarkaescort.com/" "Mozilla/5.0 (Linux; Android 10; K) AppleWebKit/537.36 (KHTML, like Gecko) Chrome/149.0.0.0 Mobile Safari/537.36"
20.204.42.226 - - [04/Jul/2026:12:25:44 +0000] "GET /autodiscover/autodiscover.xml HTTP/1.1" 400 52 "-" "-"
152.58.156.21 - - [04/Jul/2026:12:25:46 +0000] "GET / HTTP/1.1" 200 46796 "https://www.modelescortsindelhi.com/" "Mozilla/5.0 (Linux; Android 10; K) AppleWebKit/537.36 (KHTML, like Gecko) Chrome/149.0.0.0 Mobile Safari/537.36"
20.204.42.226 - - [04/Jul/2026:12:25:46 +0000] "GET /autodiscover/autodiscover.xml HTTP/1.1" 400 52 "-" "-"
20.204.42.226 - - [04/Jul/2026:12:25:48 +0000] "GET /autodiscover/autodiscover.xml HTTP/1.1" 400 52 "-" "-"
152.58.184.61 - - [04/Jul/2026:12:25:46 +0000] "GET /images/dwarka-escorts.mp4 HTTP/1.1" 206 18531691 "https://www.dwarkaescort.com/" "Mozilla/5.0 (Linux; Android 10; K) AppleWebKit/537.36 (KHTML, like Gecko) Chrome/149.0.0.0 Mobile Safari/537.36"
152.58.156.21 - - [04/Jul/2026:12:25:49 +0000] "GET / HTTP/1.1" 200 46796 "https://www.modelescortsindelhi.com/" "Mozilla/5.0 (Linux; Android 10; K) AppleWebKit/537.36 (KHTML, like Gecko) Chrome/149.0.0.0 Mobile Safari/537.36"
152.58.184.61 - - [04/Jul/2026:12:25:50 +0000] "GET /images/dwarka-escorts.mp4 HTTP/1.1" 206 17851807 "https://www.dwarkaescort.com/" "Mozilla/5.0 (Linux; Android 10; K) AppleWebKit/537.36 (KHTML, like Gecko) Chrome/149.0.0.0 Mobile Safari/537.36"
20.204.42.226 - - [04/Jul/2026:12:25:51 +0000] "GET /autodiscover/autodiscover.xml HTTP/1.1" 400 52 "-" "-"
152.58.184.61 - - [04/Jul/2026:12:25:51 +0000] "GET / HTTP/1.1" 200 46796 "https://www.modelescortsindelhi.com/" "Mozilla/5.0 (Linux; Android 10; K) AppleWebKit/537.36 (KHTML, like Gecko) Chrome/149.0.0.0 Mobile Safari/537.36"
106.195.9.154 - - [04/Jul/2026:12:25:53 +0000] "GET / HTTP/1.1" 200 46796 "https://www.modelescortsindelhi.com/" "Mozilla/5.0 (Linux; Android 10; K) AppleWebKit/537.36 (KHTML, like Gecko) Chrome/149.0.0.0 Mobile Safari/537.36"
106.195.9.154 - - [04/Jul/2026:12:25:53 +0000] "GET /css/style.css HTTP/1.1" 200 10757 "https://www.dwarkaescort.com/" "Mozilla/5.0 (Linux; Android 10; K) AppleWebKit/537.36 (KHTML, like Gecko) Chrome/149.0.0.0 Mobile Safari/537.36"
106.195.9.154 - - [04/Jul/2026:12:25:54 +0000] "GET /css/fontawesome.css HTTP/1.1" 200 1757 "https://www.dwarkaescort.com/" "Mozilla/5.0 (Linux; Android 10; K) AppleWebKit/537.36 (KHTML, like Gecko) Chrome/149.0.0.0 Mobile Safari/537.36"
106.195.9.154 - - [04/Jul/2026:12:25:54 +0000] "GET /js/lazysizes.min.js HTTP/1.1" 200 7889 "https://www.dwarkaescort.com/" "Mozilla/5.0 (Linux; Android 10; K) AppleWebKit/537.36 (KHTML, like Gecko) Chrome/149.0.0.0 Mobile Safari/537.36"
106.195.9.154 - - [04/Jul/2026:12:25:54 +0000] "GET /images/dwakra-escorts.jpg HTTP/1.1" 200 31912 "https://www.dwarkaescort.com/" "Mozilla/5.0 (Linux; Android 10; K) AppleWebKit/537.36 (KHTML, like Gecko) Chrome/149.0.0.0 Mobile Safari/537.36"
106.195.9.154 - - [04/Jul/2026:12:25:54 +0000] "GET /images/right.webp HTTP/1.1" 200 196 "https://www.dwarkaescort.com/css/style.css" "Mozilla/5.0 (Linux; Android 10; K) AppleWebKit/537.36 (KHTML, like Gecko) Chrome/149.0.0.0 Mobile Safari/537.36"
106.195.9.154 - - [04/Jul/2026:12:25:54 +0000] "GET /images/dwarka-escorts.mp4 HTTP/1.1" 206 22014449 "https://www.dwarkaescort.com/" "Mozilla/5.0 (Linux; Android 10; K) AppleWebKit/537.36 (KHTML, like Gecko) Chrome/149.0.0.0 Mobile Safari/537.36"
179.162.110.232 - - [04/Jul/2026:12:26:00 +0000] "GET /model-town-escorts.php HTTP/1.1" 508 288 "-" "Mozilla/5.0 (Linux; Android 6.0; Nexus 5 Build/MRA58N) AppleWebKit/537.36 (KHTML, like Gecko) Chrome/44.0.5773.1960 Mobile Safari/537.36"
47.128.96.143 - - [04/Jul/2026:12:26:05 +0000] "GET /moti-nagar-escorts.php HTTP/1.1" 508 288 "-" "Mozilla/5.0 (Linux; Android 5.0) AppleWebKit/537.36 (KHTML, like Gecko) Mobile Safari/537.36 (compatible; TikTokSpider; ttspider-feedback@tiktok.com)"
182.68.9.39 - - [04/Jul/2026:12:26:26 +0000] "GET / HTTP/1.1" 200 46796 "https://www.modelescortsindelhi.com/" "Mozilla/5.0 (Windows NT 10.0; Win64; x64) AppleWebKit/537.36 (KHTML, like Gecko) Chrome/150.0.0.0 Safari/537.36"
182.68.9.39 - - [04/Jul/2026:12:26:26 +0000] "GET /css/style.css HTTP/1.1" 200 10757 "https://www.dwarkaescort.com/" "Mozilla/5.0 (Windows NT 10.0; Win64; x64) AppleWebKit/537.36 (KHTML, like Gecko) Chrome/150.0.0.0 Safari/537.36"
182.68.9.39 - - [04/Jul/2026:12:26:26 +0000] "GET /css/fontawesome.css HTTP/1.1" 200 1757 "https://www.dwarkaescort.com/" "Mozilla/5.0 (Windows NT 10.0; Win64; x64) AppleWebKit/537.36 (KHTML, like Gecko) Chrome/150.0.0.0 Safari/537.36"
182.68.9.39 - - [04/Jul/2026:12:26:26 +0000] "GET /js/lazysizes.min.js HTTP/1.1" 200 7889 "https://www.dwarkaescort.com/" "Mozilla/5.0 (Windows NT 10.0; Win64; x64) AppleWebKit/537.36 (KHTML, like Gecko) Chrome/150.0.0.0 Safari/537.36"
182.68.9.39 - - [04/Jul/2026:12:26:27 +0000] "GET /images/dwakra-escorts.jpg HTTP/1.1" 200 31912 "https://www.dwarkaescort.com/" "Mozilla/5.0 (Windows NT 10.0; Win64; x64) AppleWebKit/537.36 (KHTML, like Gecko) Chrome/150.0.0.0 Safari/537.36"
182.68.9.39 - - [04/Jul/2026:12:26:27 +0000] "GET /images/right.webp HTTP/1.1" 200 196 "https://www.dwarkaescort.com/css/style.css" "Mozilla/5.0 (Windows NT 10.0; Win64; x64) AppleWebKit/537.36 (KHTML, like Gecko) Chrome/150.0.0.0 Safari/537.36"
182.68.9.39 - - [04/Jul/2026:12:26:27 +0000] "GET /images/favicon.webp HTTP/1.1" 200 2350 "https://www.dwarkaescort.com/" "Mozilla/5.0 (Windows NT 10.0; Win64; x64) AppleWebKit/537.36 (KHTML, like Gecko) Chrome/150.0.0.0 Safari/537.36"
157.20.226.80 - - [04/Jul/2026:12:26:29 +0000] "GET /saket-escorts.php HTTP/1.1" 508 288 "-" "Mozilla/5.0 (Linux; Android 8.0; Pixel 2 Build/OPD3.170816.012) AppleWebKit/537.36 (KHTML, like Gecko) Chrome/60.0.4776.1195 Mobile Safari/537.36"
143.55.244.196 - - [04/Jul/2026:12:26:33 +0000] "GET /moti-nagar-escorts.php HTTP/1.1" 508 288 "http://www.baidu.com/" "Mozilla/5.0 (Linux; Android 6.0.1; Nexus 5X Build/MMB29P) AppleWebKit/537.36 (KHTML, like Gecko) Chrome/121.0.6167.85 Mobile Safari/537.36 (compatible; Google-InspectionTool/1.0)"
107.173.243.92 - - [04/Jul/2026:12:26:36 +0000] "GET /moti-nagar-escorts.php HTTP/1.1" 508 288 "http://www.baidu.com/" "Mozilla/5.0 (Linux; Android 9; SM-S901B) AppleWebKit/537.36 (KHTML, like Gecko) Chrome/112.0.0.0 Mobile Safari/537.36"
106.216.167.40 - - [04/Jul/2026:12:26:47 +0000] "GET / HTTP/1.1" 200 46796 "https://www.modelescortsindelhi.com/" "Mozilla/5.0 (Linux; Android 10; K) AppleWebKit/537.36 (KHTML, like Gecko) Chrome/143.0.0.0 Mobile Safari/537.36"
106.216.167.40 - - [04/Jul/2026:12:26:47 +0000] "GET /css/style.css HTTP/1.1" 200 10757 "https://www.dwarkaescort.com/" "Mozilla/5.0 (Linux; Android 10; K) AppleWebKit/537.36 (KHTML, like Gecko) Chrome/143.0.0.0 Mobile Safari/537.36"
106.216.167.40 - - [04/Jul/2026:12:26:47 +0000] "GET /css/fontawesome.css HTTP/1.1" 200 1757 "https://www.dwarkaescort.com/" "Mozilla/5.0 (Linux; Android 10; K) AppleWebKit/537.36 (KHTML, like Gecko) Chrome/143.0.0.0 Mobile Safari/537.36"
106.216.167.40 - - [04/Jul/2026:12:26:48 +0000] "GET /js/lazysizes.min.js HTTP/1.1" 200 7889 "https://www.dwarkaescort.com/" "Mozilla/5.0 (Linux; Android 10; K) AppleWebKit/537.36 (KHTML, like Gecko) Chrome/143.0.0.0 Mobile Safari/537.36"
106.216.167.40 - - [04/Jul/2026:12:26:48 +0000] "GET /images/dwakra-escorts.jpg HTTP/1.1" 200 31912 "https://www.dwarkaescort.com/" "Mozilla/5.0 (Linux; Android 10; K) AppleWebKit/537.36 (KHTML, like Gecko) Chrome/143.0.0.0 Mobile Safari/537.36"
106.216.167.40 - - [04/Jul/2026:12:26:50 +0000] "GET /images/right.webp HTTP/1.1" 200 196 "https://www.dwarkaescort.com/css/style.css" "Mozilla/5.0 (Linux; Android 10; K) AppleWebKit/537.36 (KHTML, like Gecko) Chrome/143.0.0.0 Mobile Safari/537.36"
106.216.167.40 - - [04/Jul/2026:12:26:50 +0000] "GET /images/favicon.webp HTTP/1.1" 200 2350 "https://www.dwarkaescort.com/" "Mozilla/5.0 (Linux; Android 10; K) AppleWebKit/537.36 (KHTML, like Gecko) Chrome/143.0.0.0 Mobile Safari/537.36"
161.248.231.247 - - [04/Jul/2026:12:26:54 +0000] "GET / HTTP/1.1" 200 46796 "-" "Mozilla/5.0 (Windows NT 10.0; Win64; x64; rv:152.0) Gecko/20100101 Firefox/152.0"
161.248.231.247 - - [04/Jul/2026:12:26:54 +0000] "GET /css/style.css HTTP/1.1" 200 10757 "https://www.dwarkaescort.com/" "Mozilla/5.0 (Windows NT 10.0; Win64; x64; rv:152.0) Gecko/20100101 Firefox/152.0"
161.248.231.247 - - [04/Jul/2026:12:26:54 +0000] "GET /css/fontawesome.css HTTP/1.1" 200 1757 "https://www.dwarkaescort.com/" "Mozilla/5.0 (Windows NT 10.0; Win64; x64; rv:152.0) Gecko/20100101 Firefox/152.0"
161.248.231.247 - - [04/Jul/2026:12:26:55 +0000] "GET /images/dwakra-escorts.jpg HTTP/1.1" 200 31912 "https://www.dwarkaescort.com/" "Mozilla/5.0 (Windows NT 10.0; Win64; x64; rv:152.0) Gecko/20100101 Firefox/152.0"
161.248.231.247 - - [04/Jul/2026:12:26:55 +0000] "GET /js/lazysizes.min.js HTTP/1.1" 200 7889 "https://www.dwarkaescort.com/" "Mozilla/5.0 (Windows NT 10.0; Win64; x64; rv:152.0) Gecko/20100101 Firefox/152.0"
161.248.231.247 - - [04/Jul/2026:12:26:55 +0000] "GET /images/right.webp HTTP/1.1" 200 196 "https://www.dwarkaescort.com/css/style.css" "Mozilla/5.0 (Windows NT 10.0; Win64; x64; rv:152.0) Gecko/20100101 Firefox/152.0"
161.248.231.247 - - [04/Jul/2026:12:26:55 +0000] "GET /images/favicon.webp HTTP/1.1" 200 2350 "https://www.dwarkaescort.com/" "Mozilla/5.0 (Windows NT 10.0; Win64; x64; rv:152.0) Gecko/20100101 Firefox/152.0"
179.109.1.6 - - [04/Jul/2026:12:26:55 +0000] "GET /uttam-nagar-escorts.php HTTP/1.1" 508 288 "-" "Mozilla/5.0 (Linux; Android 5.0; SM-G900P Build/LRX21T) AppleWebKit/537.36 (KHTML, like Gecko) Chrome/55.0.6284.1855 Mobile Safari/537.36"
161.248.231.247 - - [04/Jul/2026:12:26:55 +0000] "GET /images/dwarka-escorts.mp4 HTTP/1.1" 206 22014449 "https://www.dwarkaescort.com/" "Mozilla/5.0 (Windows NT 10.0; Win64; x64; rv:152.0) Gecko/20100101 Firefox/152.0"
195.86.42.79 - - [04/Jul/2026:12:27:02 +0000] "GET /images/dwarka-escorts.mp4 HTTP/1.1" 206 22014449 "https://www.dwarkaescort.com/" "Mozilla/5.0 (Linux; Android 10; K) AppleWebKit/537.36 (KHTML, like Gecko) Chrome/149.0.0.0 Mobile Safari/537.36"
142.147.236.35 - - [04/Jul/2026:12:27:09 +0000] "GET /moti-nagar-escorts.php HTTP/1.1" 508 288 "https://www.google.com/" "Mozilla/5.0 (Linux; Android 14; SM-A137F Build/UP1A.231005.007; ) AppleWebKit/537.36 (KHTML, like Gecko) Version/4.0 Chrome/140.0.7339.51 Mobile Safari/537.36 BingSapphire/32.3.430811005"
152.163.17.78 - - [04/Jul/2026:12:27:11 +0000] "GET / HTTP/1.1" 200 46796 "https://www.yahoo.com/" "Mozilla/5.0 (Linux; Android 8.0.0; SM-J330G) AppleWebKit/537.36 (KHTML, like Gecko) Chrome/114.0.0.0 Mobile Safari/537.36 EdgA/114.0.1823.74"
