152.163.17.78 - - [04/Jul/2026:12:27:13 +0000] "GET /moti-nagar-escorts.php HTTP/1.1" 508 288 "https://www.dwarkaescort.com/" "Mozilla/5.0 (Linux; Android 8.0.0; SM-J330G) AppleWebKit/537.36 (KHTML, like Gecko) Chrome/114.0.0.0 Mobile Safari/537.36 EdgA/114.0.1823.74"
181.46.160.101 - - [04/Jul/2026:12:27:15 +0000] "GET /paschim-vihar-escorts.php HTTP/1.1" 200 23242 "-" "Mozilla/5.0 (Linux; Android 8.0; Pixel 2 Build/OPD3.170816.012) AppleWebKit/537.36 (KHTML, like Gecko) Chrome/49.0.4176.1994 Mobile Safari/537.36"
192.161.59.192 - - [04/Jul/2026:12:27:17 +0000] "GET /cdn.jsdelivr.net/npm/bootstrap%405.0.2/dist/js/bootstrap.bundle.min.js HTTP/1.1" 404 - "https://www.dwarkaescort.com/paschim-vihar-escorts.php" "Mozilla/5.0 (Linux; Android 8.0; Pixel 2 Build/OPD3.170816.012) AppleWebKit/537.36 (KHTML, like Gecko) Chrome/49.0.4176.1994 Mobile Safari/537.36"
192.161.59.192 - - [04/Jul/2026:12:27:18 +0000] "GET /images/paschim-vihar-1.jpg HTTP/1.1" 206 500 "https://www.dwarkaescort.com/paschim-vihar-escorts.php" "Mozilla/5.0 (Linux; Android 8.0; Pixel 2 Build/OPD3.170816.012) AppleWebKit/537.36 (KHTML, like Gecko) Chrome/49.0.4176.1994 Mobile Safari/537.36"
155.94.166.237 - - [04/Jul/2026:12:27:18 +0000] "GET /images/paschim-vihar-2.jpg HTTP/1.1" 206 500 "https://www.dwarkaescort.com/paschim-vihar-escorts.php" "Mozilla/5.0 (Linux; Android 8.0; Pixel 2 Build/OPD3.170816.012) AppleWebKit/537.36 (KHTML, like Gecko) Chrome/49.0.4176.1994 Mobile Safari/537.36"
192.161.59.192 - - [04/Jul/2026:12:27:18 +0000] "GET /images/paschim-vihar-1.jpg HTTP/1.1" 304 - "https://www.dwarkaescort.com/paschim-vihar-escorts.php" "Mozilla/5.0 (Linux; Android 8.0; Pixel 2 Build/OPD3.170816.012) AppleWebKit/537.36 (KHTML, like Gecko) Chrome/49.0.4176.1994 Mobile Safari/537.36"
192.161.59.192 - - [04/Jul/2026:12:27:18 +0000] "GET /images/paschim-vihar-1.jpg HTTP/1.1" 206 29809 "https://www.dwarkaescort.com/paschim-vihar-escorts.php" "Mozilla/5.0 (Linux; Android 8.0; Pixel 2 Build/OPD3.170816.012) AppleWebKit/537.36 (KHTML, like Gecko) Chrome/49.0.4176.1994 Mobile Safari/537.36"
155.94.166.237 - - [04/Jul/2026:12:27:18 +0000] "GET /images/paschim-vihar-2.jpg HTTP/1.1" 304 - "https://www.dwarkaescort.com/paschim-vihar-escorts.php" "Mozilla/5.0 (Linux; Android 8.0; Pixel 2 Build/OPD3.170816.012) AppleWebKit/537.36 (KHTML, like Gecko) Chrome/49.0.4176.1994 Mobile Safari/537.36"
155.94.166.237 - - [04/Jul/2026:12:27:19 +0000] "GET /images/paschim-vihar-2.jpg HTTP/1.1" 206 35366 "https://www.dwarkaescort.com/paschim-vihar-escorts.php" "Mozilla/5.0 (Linux; Android 8.0; Pixel 2 Build/OPD3.170816.012) AppleWebKit/537.36 (KHTML, like Gecko) Chrome/49.0.4176.1994 Mobile Safari/537.36"
172.56.17.98 - - [04/Jul/2026:12:27:21 +0000] "GET /moti-nagar-escorts.php HTTP/1.1" 200 25142 "https://www.dwarkaescort.com/" "Mozilla/5.0 (Linux; Android 9; SM-S901B) AppleWebKit/537.36 (KHTML, like Gecko) Chrome/112.0.0.0 Mobile Safari/537.36"
91.232.138.29 - - [04/Jul/2026:12:27:23 +0000] "GET /images/model-town-2.jpg HTTP/1.1" 206 500 "https://www.dwarkaescort.com/moti-nagar-escorts.php" "Mozilla/5.0 (Macintosh; Intel Mac OS X 10_14_0) AppleWebKit/537.36 (KHTML, like Gecko) Chrome/59.0.9173.1003 Safari/537.36"
91.232.138.29 - - [04/Jul/2026:12:27:24 +0000] "GET /images/moti-nagar-1.jpg HTTP/1.1" 206 500 "https://www.dwarkaescort.com/moti-nagar-escorts.php" "Mozilla/5.0 (Macintosh; Intel Mac OS X 10_14_0) AppleWebKit/537.36 (KHTML, like Gecko) Chrome/59.0.9173.1003 Safari/537.36"
91.232.138.29 - - [04/Jul/2026:12:27:24 +0000] "GET /images/model-town-2.jpg HTTP/1.1" 304 - "https://www.dwarkaescort.com/moti-nagar-escorts.php" "Mozilla/5.0 (Macintosh; Intel Mac OS X 10_14_0) AppleWebKit/537.36 (KHTML, like Gecko) Chrome/59.0.9173.1003 Safari/537.36"
91.232.138.29 - - [04/Jul/2026:12:27:24 +0000] "GET /images/moti-nagar-1.jpg HTTP/1.1" 304 - "https://www.dwarkaescort.com/moti-nagar-escorts.php" "Mozilla/5.0 (Macintosh; Intel Mac OS X 10_14_0) AppleWebKit/537.36 (KHTML, like Gecko) Chrome/59.0.9173.1003 Safari/537.36"
91.232.138.29 - - [04/Jul/2026:12:27:24 +0000] "GET /images/model-town-2.jpg HTTP/1.1" 206 76273 "https://www.dwarkaescort.com/moti-nagar-escorts.php" "Mozilla/5.0 (Macintosh; Intel Mac OS X 10_14_0) AppleWebKit/537.36 (KHTML, like Gecko) Chrome/59.0.9173.1003 Safari/537.36"
27.126.181.247 - - [04/Jul/2026:12:27:25 +0000] "GET /images/moti-nagar-1.jpg HTTP/1.1" 206 30605 "https://www.dwarkaescort.com/moti-nagar-escorts.php" "Mozilla/5.0 (Macintosh; Intel Mac OS X 10_14_0) AppleWebKit/537.36 (KHTML, like Gecko) Chrome/59.0.9173.1003 Safari/537.36"
178.233.71.63 - - [04/Jul/2026:12:27:38 +0000] "GET /mehrauli-escorts.php HTTP/1.1" 200 23549 "-" "Mozilla/5.0 (iPhone; CPU iPhone OS 11_0 like Mac OS X) AppleWebKit/537.36 (KHTML, like Gecko) Chrome/47.0.9176.1145 Mobile Safari/537.36"
185.99.28.166 - - [04/Jul/2026:12:27:41 +0000] "GET /images/mehrauli-1.jpg HTTP/1.1" 206 500 "https://www.dwarkaescort.com/mehrauli-escorts.php" "Mozilla/5.0 (iPhone; CPU iPhone OS 11_0 like Mac OS X) AppleWebKit/537.36 (KHTML, like Gecko) Chrome/47.0.9176.1145 Mobile Safari/537.36"
185.99.29.115 - - [04/Jul/2026:12:27:41 +0000] "GET /cdn.jsdelivr.net/npm/bootstrap%405.0.2/dist/js/bootstrap.bundle.min.js HTTP/1.1" 404 - "https://www.dwarkaescort.com/mehrauli-escorts.php" "Mozilla/5.0 (iPhone; CPU iPhone OS 11_0 like Mac OS X) AppleWebKit/537.36 (KHTML, like Gecko) Chrome/47.0.9176.1145 Mobile Safari/537.36"
185.99.29.115 - - [04/Jul/2026:12:27:41 +0000] "GET /images/mehrauli-2.jpg HTTP/1.1" 206 500 "https://www.dwarkaescort.com/mehrauli-escorts.php" "Mozilla/5.0 (iPhone; CPU iPhone OS 11_0 like Mac OS X) AppleWebKit/537.36 (KHTML, like Gecko) Chrome/47.0.9176.1145 Mobile Safari/537.36"
185.99.28.166 - - [04/Jul/2026:12:27:41 +0000] "GET /images/mehrauli-1.jpg HTTP/1.1" 304 - "https://www.dwarkaescort.com/mehrauli-escorts.php" "Mozilla/5.0 (iPhone; CPU iPhone OS 11_0 like Mac OS X) AppleWebKit/537.36 (KHTML, like Gecko) Chrome/47.0.9176.1145 Mobile Safari/537.36"
185.99.29.115 - - [04/Jul/2026:12:27:41 +0000] "GET /images/mehrauli-2.jpg HTTP/1.1" 304 - "https://www.dwarkaescort.com/mehrauli-escorts.php" "Mozilla/5.0 (iPhone; CPU iPhone OS 11_0 like Mac OS X) AppleWebKit/537.36 (KHTML, like Gecko) Chrome/47.0.9176.1145 Mobile Safari/537.36"
185.99.28.166 - - [04/Jul/2026:12:27:42 +0000] "GET /images/mehrauli-1.jpg HTTP/1.1" 206 31689 "https://www.dwarkaescort.com/mehrauli-escorts.php" "Mozilla/5.0 (iPhone; CPU iPhone OS 11_0 like Mac OS X) AppleWebKit/537.36 (KHTML, like Gecko) Chrome/47.0.9176.1145 Mobile Safari/537.36"
185.99.29.115 - - [04/Jul/2026:12:27:42 +0000] "GET /images/mehrauli-2.jpg HTTP/1.1" 206 28304 "https://www.dwarkaescort.com/mehrauli-escorts.php" "Mozilla/5.0 (iPhone; CPU iPhone OS 11_0 like Mac OS X) AppleWebKit/537.36 (KHTML, like Gecko) Chrome/47.0.9176.1145 Mobile Safari/537.36"
47.128.96.167 - - [04/Jul/2026:12:27:44 +0000] "GET /paschim-vihar-escorts.php HTTP/1.1" 200 23242 "-" "Mozilla/5.0 (Linux; Android 5.0) AppleWebKit/537.36 (KHTML, like Gecko) Mobile Safari/537.36 (compatible; TikTokSpider; ttspider-feedback@tiktok.com)"
47.128.96.167 - - [04/Jul/2026:12:27:45 +0000] "GET /images/paschim-vihar-1.jpg HTTP/1.1" 206 500 "https://www.dwarkaescort.com/paschim-vihar-escorts.php" "Mozilla/5.0 (Linux; Android 5.0) AppleWebKit/537.36 (KHTML, like Gecko) Mobile Safari/537.36 (compatible; TikTokSpider; ttspider-feedback@tiktok.com)"
47.128.96.167 - - [04/Jul/2026:12:27:45 +0000] "GET /images/paschim-vihar-2.jpg HTTP/1.1" 206 500 "https://www.dwarkaescort.com/paschim-vihar-escorts.php" "Mozilla/5.0 (Linux; Android 5.0) AppleWebKit/537.36 (KHTML, like Gecko) Mobile Safari/537.36 (compatible; TikTokSpider; ttspider-feedback@tiktok.com)"
47.128.96.167 - - [04/Jul/2026:12:27:45 +0000] "GET /images/paschim-vihar-1.jpg HTTP/1.1" 304 - "https://www.dwarkaescort.com/paschim-vihar-escorts.php" "Mozilla/5.0 (Linux; Android 5.0) AppleWebKit/537.36 (KHTML, like Gecko) Mobile Safari/537.36 (compatible; TikTokSpider; ttspider-feedback@tiktok.com)"
47.128.96.167 - - [04/Jul/2026:12:27:45 +0000] "GET /images/paschim-vihar-1.jpg HTTP/1.1" 206 29809 "https://www.dwarkaescort.com/paschim-vihar-escorts.php" "Mozilla/5.0 (Linux; Android 5.0) AppleWebKit/537.36 (KHTML, like Gecko) Mobile Safari/537.36 (compatible; TikTokSpider; ttspider-feedback@tiktok.com)"
47.128.96.167 - - [04/Jul/2026:12:27:45 +0000] "GET /images/paschim-vihar-2.jpg HTTP/1.1" 304 - "https://www.dwarkaescort.com/paschim-vihar-escorts.php" "Mozilla/5.0 (Linux; Android 5.0) AppleWebKit/537.36 (KHTML, like Gecko) Mobile Safari/537.36 (compatible; TikTokSpider; ttspider-feedback@tiktok.com)"
47.128.96.167 - - [04/Jul/2026:12:27:45 +0000] "GET /images/paschim-vihar-2.jpg HTTP/1.1" 206 35366 "https://www.dwarkaescort.com/paschim-vihar-escorts.php" "Mozilla/5.0 (Linux; Android 5.0) AppleWebKit/537.36 (KHTML, like Gecko) Mobile Safari/537.36 (compatible; TikTokSpider; ttspider-feedback@tiktok.com)"
47.11.115.85 - - [04/Jul/2026:12:27:52 +0000] "GET / HTTP/1.1" 200 46796 "https://www.modelescortsindelhi.com/" "Mozilla/5.0 (Linux; Android 10; K) AppleWebKit/537.36 (KHTML, like Gecko) Chrome/149.0.0.0 Mobile Safari/537.36"
47.11.115.85 - - [04/Jul/2026:12:27:52 +0000] "GET /css/style.css HTTP/1.1" 200 10757 "https://www.dwarkaescort.com/" "Mozilla/5.0 (Linux; Android 10; K) AppleWebKit/537.36 (KHTML, like Gecko) Chrome/149.0.0.0 Mobile Safari/537.36"
47.11.115.85 - - [04/Jul/2026:12:27:52 +0000] "GET /css/fontawesome.css HTTP/1.1" 200 1757 "https://www.dwarkaescort.com/" "Mozilla/5.0 (Linux; Android 10; K) AppleWebKit/537.36 (KHTML, like Gecko) Chrome/149.0.0.0 Mobile Safari/537.36"
47.11.115.85 - - [04/Jul/2026:12:27:52 +0000] "GET /images/dwakra-escorts.jpg HTTP/1.1" 200 31912 "https://www.dwarkaescort.com/" "Mozilla/5.0 (Linux; Android 10; K) AppleWebKit/537.36 (KHTML, like Gecko) Chrome/149.0.0.0 Mobile Safari/537.36"
47.11.115.85 - - [04/Jul/2026:12:27:52 +0000] "GET /js/lazysizes.min.js HTTP/1.1" 200 7889 "https://www.dwarkaescort.com/" "Mozilla/5.0 (Linux; Android 10; K) AppleWebKit/537.36 (KHTML, like Gecko) Chrome/149.0.0.0 Mobile Safari/537.36"
47.11.115.85 - - [04/Jul/2026:12:27:53 +0000] "GET /images/right.webp HTTP/1.1" 200 196 "https://www.dwarkaescort.com/css/style.css" "Mozilla/5.0 (Linux; Android 10; K) AppleWebKit/537.36 (KHTML, like Gecko) Chrome/149.0.0.0 Mobile Safari/537.36"
47.11.115.85 - - [04/Jul/2026:12:27:53 +0000] "GET /images/favicon.webp HTTP/1.1" 200 2350 "https://www.dwarkaescort.com/" "Mozilla/5.0 (Linux; Android 10; K) AppleWebKit/537.36 (KHTML, like Gecko) Chrome/149.0.0.0 Mobile Safari/537.36"
49.37.73.222 - - [04/Jul/2026:12:27:59 +0000] "GET / HTTP/1.1" 200 46796 "https://www.modelescortsindelhi.com/" "Mozilla/5.0 (Linux; Android 10; K) AppleWebKit/537.36 (KHTML, like Gecko) Chrome/149.0.0.0 Mobile Safari/537.36"
49.37.73.222 - - [04/Jul/2026:12:27:59 +0000] "GET /css/style.css HTTP/1.1" 200 10757 "https://www.dwarkaescort.com/" "Mozilla/5.0 (Linux; Android 10; K) AppleWebKit/537.36 (KHTML, like Gecko) Chrome/149.0.0.0 Mobile Safari/537.36"
223.237.117.212 - - [04/Jul/2026:12:27:59 +0000] "GET / HTTP/1.1" 200 46796 "https://www.modelescortsindelhi.com/" "Mozilla/5.0 (Linux; Android 13; V2109 Build/TP1A.220624.014) AppleWebKit/537.36 (KHTML, like Gecko) Version/4.0 Chrome/149.0.7827.159 Mobile Safari/537.36 appname/HideX appverc/30517004 appname/HideX appverc/30517004"
49.37.73.222 - - [04/Jul/2026:12:27:59 +0000] "GET /css/fontawesome.css HTTP/1.1" 200 1757 "https://www.dwarkaescort.com/" "Mozilla/5.0 (Linux; Android 10; K) AppleWebKit/537.36 (KHTML, like Gecko) Chrome/149.0.0.0 Mobile Safari/537.36"
49.37.73.222 - - [04/Jul/2026:12:27:59 +0000] "GET /js/lazysizes.min.js HTTP/1.1" 200 7889 "https://www.dwarkaescort.com/" "Mozilla/5.0 (Linux; Android 10; K) AppleWebKit/537.36 (KHTML, like Gecko) Chrome/149.0.0.0 Mobile Safari/537.36"
223.237.117.212 - - [04/Jul/2026:12:28:00 +0000] "GET /css/style.css HTTP/1.1" 200 10757 "https://www.dwarkaescort.com/" "Mozilla/5.0 (Linux; Android 13; V2109 Build/TP1A.220624.014) AppleWebKit/537.36 (KHTML, like Gecko) Version/4.0 Chrome/149.0.7827.159 Mobile Safari/537.36 appname/HideX appverc/30517004 appname/HideX appverc/30517004"
49.37.73.222 - - [04/Jul/2026:12:27:59 +0000] "GET /images/dwarka-escorts.mp4 HTTP/1.1" 206 22014449 "https://www.dwarkaescort.com/" "Mozilla/5.0 (Linux; Android 10; K) AppleWebKit/537.36 (KHTML, like Gecko) Chrome/149.0.0.0 Mobile Safari/537.36"
223.237.117.212 - - [04/Jul/2026:12:28:00 +0000] "GET /css/fontawesome.css HTTP/1.1" 200 1757 "https://www.dwarkaescort.com/" "Mozilla/5.0 (Linux; Android 13; V2109 Build/TP1A.220624.014) AppleWebKit/537.36 (KHTML, like Gecko) Version/4.0 Chrome/149.0.7827.159 Mobile Safari/537.36 appname/HideX appverc/30517004 appname/HideX appverc/30517004"
223.237.117.212 - - [04/Jul/2026:12:28:00 +0000] "GET /js/lazysizes.min.js HTTP/1.1" 200 7889 "https://www.dwarkaescort.com/" "Mozilla/5.0 (Linux; Android 13; V2109 Build/TP1A.220624.014) AppleWebKit/537.36 (KHTML, like Gecko) Version/4.0 Chrome/149.0.7827.159 Mobile Safari/537.36 appname/HideX appverc/30517004 appname/HideX appverc/30517004"
223.237.117.212 - - [04/Jul/2026:12:28:00 +0000] "GET /images/dwakra-escorts.jpg HTTP/1.1" 200 31912 "https://www.dwarkaescort.com/" "Mozilla/5.0 (Linux; Android 13; V2109 Build/TP1A.220624.014) AppleWebKit/537.36 (KHTML, like Gecko) Version/4.0 Chrome/149.0.7827.159 Mobile Safari/537.36 appname/HideX appverc/30517004 appname/HideX appverc/30517004"
49.37.73.222 - - [04/Jul/2026:12:28:00 +0000] "GET / HTTP/1.1" 200 46796 "https://www.modelescortsindelhi.com/" "Mozilla/5.0 (Linux; Android 10; K) AppleWebKit/537.36 (KHTML, like Gecko) Chrome/149.0.0.0 Mobile Safari/537.36"
223.237.117.212 - - [04/Jul/2026:12:28:01 +0000] "GET /images/right.webp HTTP/1.1" 200 196 "https://www.dwarkaescort.com/css/style.css" "Mozilla/5.0 (Linux; Android 13; V2109 Build/TP1A.220624.014) AppleWebKit/537.36 (KHTML, like Gecko) Version/4.0 Chrome/149.0.7827.159 Mobile Safari/537.36 appname/HideX appverc/30517004 appname/HideX appverc/30517004"
49.37.73.222 - - [04/Jul/2026:12:28:01 +0000] "GET /js/lazysizes.min.js HTTP/1.1" 200 7889 "https://www.dwarkaescort.com/" "Mozilla/5.0 (Linux; Android 10; K) AppleWebKit/537.36 (KHTML, like Gecko) Chrome/149.0.0.0 Mobile Safari/537.36"
49.37.73.222 - - [04/Jul/2026:12:28:01 +0000] "GET /images/dwakra-escorts.jpg HTTP/1.1" 200 31912 "https://www.dwarkaescort.com/" "Mozilla/5.0 (Linux; Android 10; K) AppleWebKit/537.36 (KHTML, like Gecko) Chrome/149.0.0.0 Mobile Safari/537.36"
49.37.73.222 - - [04/Jul/2026:12:28:01 +0000] "GET /images/dwarka-escorts.mp4 HTTP/1.1" 206 22014449 "https://www.dwarkaescort.com/" "Mozilla/5.0 (Linux; Android 10; K) AppleWebKit/537.36 (KHTML, like Gecko) Chrome/149.0.0.0 Mobile Safari/537.36"
223.237.117.212 - - [04/Jul/2026:12:28:04 +0000] "GET /images/favicon.webp HTTP/1.1" 200 2350 "https://www.dwarkaescort.com/" "Mozilla/5.0 (Linux; Android 13; V2109 Build/TP1A.220624.014) AppleWebKit/537.36 (KHTML, like Gecko) Version/4.0 Chrome/149.0.7827.159 Mobile Safari/537.36 appname/HideX appverc/30517004 appname/HideX appverc/30517004"
47.11.115.85 - - [04/Jul/2026:12:28:06 +0000] "GET /images/zara.webp HTTP/1.1" 200 32630 "https://www.dwarkaescort.com/" "Mozilla/5.0 (Linux; Android 10; K) AppleWebKit/537.36 (KHTML, like Gecko) Chrome/149.0.0.0 Mobile Safari/537.36"
47.11.115.85 - - [04/Jul/2026:12:28:07 +0000] "GET /images/naina.webp HTTP/1.1" 200 29954 "https://www.dwarkaescort.com/" "Mozilla/5.0 (Linux; Android 10; K) AppleWebKit/537.36 (KHTML, like Gecko) Chrome/149.0.0.0 Mobile Safari/537.36"
47.11.115.85 - - [04/Jul/2026:12:28:07 +0000] "GET /images/anjali.webp HTTP/1.1" 200 47956 "https://www.dwarkaescort.com/" "Mozilla/5.0 (Linux; Android 10; K) AppleWebKit/537.36 (KHTML, like Gecko) Chrome/149.0.0.0 Mobile Safari/537.36"
47.11.115.85 - - [04/Jul/2026:12:28:07 +0000] "GET /images/neha.webp HTTP/1.1" 200 51686 "https://www.dwarkaescort.com/" "Mozilla/5.0 (Linux; Android 10; K) AppleWebKit/537.36 (KHTML, like Gecko) Chrome/149.0.0.0 Mobile Safari/537.36"
47.11.115.85 - - [04/Jul/2026:12:28:07 +0000] "GET /images/arushi.webp HTTP/1.1" 200 38410 "https://www.dwarkaescort.com/" "Mozilla/5.0 (Linux; Android 10; K) AppleWebKit/537.36 (KHTML, like Gecko) Chrome/149.0.0.0 Mobile Safari/537.36"
179.125.137.11 - - [04/Jul/2026:12:28:07 +0000] "GET /dwarka-hotels-escorts.php HTTP/1.1" 200 24243 "-" "Mozilla/5.0 (Linux; Android 5.0; SM-G900P Build/LRX21T) AppleWebKit/537.36 (KHTML, like Gecko) Chrome/55.0.5281.1571 Mobile Safari/537.36"
47.11.115.85 - - [04/Jul/2026:12:28:04 +0000] "GET /images/dwarka-escorts.mp4 HTTP/1.1" 206 22014449 "https://www.dwarkaescort.com/" "Mozilla/5.0 (Linux; Android 10; K) AppleWebKit/537.36 (KHTML, like Gecko) Chrome/149.0.0.0 Mobile Safari/537.36"
47.128.96.170 - - [04/Jul/2026:12:28:09 +0000] "GET /mehrauli-escorts.php HTTP/1.1" 200 23549 "-" "Mozilla/5.0 (Linux; Android 5.0) AppleWebKit/537.36 (KHTML, like Gecko) Mobile Safari/537.36 (compatible; TikTokSpider; ttspider-feedback@tiktok.com)"
47.128.96.170 - - [04/Jul/2026:12:28:09 +0000] "GET /images/mehrauli-1.jpg HTTP/1.1" 206 500 "https://www.dwarkaescort.com/mehrauli-escorts.php" "Mozilla/5.0 (Linux; Android 5.0) AppleWebKit/537.36 (KHTML, like Gecko) Mobile Safari/537.36 (compatible; TikTokSpider; ttspider-feedback@tiktok.com)"
47.128.96.170 - - [04/Jul/2026:12:28:09 +0000] "GET /images/mehrauli-2.jpg HTTP/1.1" 206 500 "https://www.dwarkaescort.com/mehrauli-escorts.php" "Mozilla/5.0 (Linux; Android 5.0) AppleWebKit/537.36 (KHTML, like Gecko) Mobile Safari/537.36 (compatible; TikTokSpider; ttspider-feedback@tiktok.com)"
47.128.96.170 - - [04/Jul/2026:12:28:10 +0000] "GET /images/mehrauli-1.jpg HTTP/1.1" 304 - "https://www.dwarkaescort.com/mehrauli-escorts.php" "Mozilla/5.0 (Linux; Android 5.0) AppleWebKit/537.36 (KHTML, like Gecko) Mobile Safari/537.36 (compatible; TikTokSpider; ttspider-feedback@tiktok.com)"
47.128.96.170 - - [04/Jul/2026:12:28:10 +0000] "GET /images/mehrauli-1.jpg HTTP/1.1" 206 31689 "https://www.dwarkaescort.com/mehrauli-escorts.php" "Mozilla/5.0 (Linux; Android 5.0) AppleWebKit/537.36 (KHTML, like Gecko) Mobile Safari/537.36 (compatible; TikTokSpider; ttspider-feedback@tiktok.com)"
47.128.96.170 - - [04/Jul/2026:12:28:10 +0000] "GET /images/mehrauli-2.jpg HTTP/1.1" 304 - "https://www.dwarkaescort.com/mehrauli-escorts.php" "Mozilla/5.0 (Linux; Android 5.0) AppleWebKit/537.36 (KHTML, like Gecko) Mobile Safari/537.36 (compatible; TikTokSpider; ttspider-feedback@tiktok.com)"
47.128.96.170 - - [04/Jul/2026:12:28:10 +0000] "GET /images/mehrauli-2.jpg HTTP/1.1" 206 28304 "https://www.dwarkaescort.com/mehrauli-escorts.php" "Mozilla/5.0 (Linux; Android 5.0) AppleWebKit/537.36 (KHTML, like Gecko) Mobile Safari/537.36 (compatible; TikTokSpider; ttspider-feedback@tiktok.com)"
86.105.107.132 - - [04/Jul/2026:12:28:11 +0000] "GET /cdn.jsdelivr.net/npm/bootstrap%405.0.2/dist/js/bootstrap.bundle.min.js HTTP/1.1" 404 - "https://www.dwarkaescort.com/dwarka-hotels-escorts.php" "Mozilla/5.0 (Linux; Android 5.0; SM-G900P Build/LRX21T) AppleWebKit/537.36 (KHTML, like Gecko) Chrome/55.0.5281.1571 Mobile Safari/537.36"
86.105.107.132 - - [04/Jul/2026:12:28:11 +0000] "GET /images/hotels.jpg HTTP/1.1" 206 500 "https://www.dwarkaescort.com/dwarka-hotels-escorts.php" "Mozilla/5.0 (Linux; Android 5.0; SM-G900P Build/LRX21T) AppleWebKit/537.36 (KHTML, like Gecko) Chrome/55.0.5281.1571 Mobile Safari/537.36"
104.223.37.212 - - [04/Jul/2026:12:28:11 +0000] "GET /images/hotels-2.jpg HTTP/1.1" 206 500 "https://www.dwarkaescort.com/dwarka-hotels-escorts.php" "Mozilla/5.0 (Linux; Android 5.0; SM-G900P Build/LRX21T) AppleWebKit/537.36 (KHTML, like Gecko) Chrome/55.0.5281.1571 Mobile Safari/537.36"
86.105.107.132 - - [04/Jul/2026:12:28:12 +0000] "GET /images/hotels-2.jpg HTTP/1.1" 304 - "https://www.dwarkaescort.com/dwarka-hotels-escorts.php" "Mozilla/5.0 (Linux; Android 5.0; SM-G900P Build/LRX21T) AppleWebKit/537.36 (KHTML, like Gecko) Chrome/55.0.5281.1571 Mobile Safari/537.36"
104.223.37.212 - - [04/Jul/2026:12:28:12 +0000] "GET /images/hotels.jpg HTTP/1.1" 304 - "https://www.dwarkaescort.com/dwarka-hotels-escorts.php" "Mozilla/5.0 (Linux; Android 5.0; SM-G900P Build/LRX21T) AppleWebKit/537.36 (KHTML, like Gecko) Chrome/55.0.5281.1571 Mobile Safari/537.36"
86.105.107.132 - - [04/Jul/2026:12:28:12 +0000] "GET /images/hotels-2.jpg HTTP/1.1" 206 37561 "https://www.dwarkaescort.com/dwarka-hotels-escorts.php" "Mozilla/5.0 (Linux; Android 5.0; SM-G900P Build/LRX21T) AppleWebKit/537.36 (KHTML, like Gecko) Chrome/55.0.5281.1571 Mobile Safari/537.36"
104.223.37.212 - - [04/Jul/2026:12:28:12 +0000] "GET /images/hotels.jpg HTTP/1.1" 206 25818 "https://www.dwarkaescort.com/dwarka-hotels-escorts.php" "Mozilla/5.0 (Linux; Android 5.0; SM-G900P Build/LRX21T) AppleWebKit/537.36 (KHTML, like Gecko) Chrome/55.0.5281.1571 Mobile Safari/537.36"
49.37.73.222 - - [04/Jul/2026:12:28:19 +0000] "GET / HTTP/1.1" 200 46796 "https://www.modelescortsindelhi.com/" "Mozilla/5.0 (Linux; Android 10; K) AppleWebKit/537.36 (KHTML, like Gecko) Chrome/149.0.0.0 Mobile Safari/537.36"
49.37.73.222 - - [04/Jul/2026:12:28:19 +0000] "GET /images/dwakra-escorts.jpg HTTP/1.1" 206 1 "https://www.dwarkaescort.com/" "Mozilla/5.0 (Linux; Android 10; K) AppleWebKit/537.36 (KHTML, like Gecko) Chrome/149.0.0.0 Mobile Safari/537.36"
49.37.73.222 - - [04/Jul/2026:12:28:19 +0000] "GET /images/right.webp HTTP/1.1" 200 196 "https://www.dwarkaescort.com/css/style.css" "Mozilla/5.0 (Linux; Android 10; K) AppleWebKit/537.36 (KHTML, like Gecko) Chrome/149.0.0.0 Mobile Safari/537.36"
49.37.73.222 - - [04/Jul/2026:12:28:19 +0000] "GET /images/dwakra-escorts.jpg HTTP/1.1" 206 23965 "https://www.dwarkaescort.com/" "Mozilla/5.0 (Linux; Android 10; K) AppleWebKit/537.36 (KHTML, like Gecko) Chrome/149.0.0.0 Mobile Safari/537.36"
49.37.73.222 - - [04/Jul/2026:12:28:19 +0000] "GET /images/dwarka-escorts.mp4 HTTP/1.1" 206 21974559 "https://www.dwarkaescort.com/" "Mozilla/5.0 (Linux; Android 10; K) AppleWebKit/537.36 (KHTML, like Gecko) Chrome/149.0.0.0 Mobile Safari/537.36"
223.237.117.212 - - [04/Jul/2026:12:28:00 +0000] "GET /images/dwarka-escorts.mp4 HTTP/1.1" 206 22014449 "https://www.dwarkaescort.com/" "Mozilla/5.0 (Linux; Android 13; V2109 Build/TP1A.220624.014) AppleWebKit/537.36 (KHTML, like Gecko) Version/4.0 Chrome/149.0.7827.159 Mobile Safari/537.36 appname/HideX appverc/30517004 appname/HideX appverc/30517004"
14.237.186.200 - - [04/Jul/2026:12:28:25 +0000] "GET /dhaula-kuan-escorts.php HTTP/1.1" 200 25435 "-" "Mozilla/5.0 (Linux; Android 8.0; Pixel 2 Build/OPD3.170816.012) AppleWebKit/537.36 (KHTML, like Gecko) Chrome/39.0.5531.1192 Mobile Safari/537.36"
106.49.59.36 - - [04/Jul/2026:12:28:26 +0000] "GET /cdn.jsdelivr.net/npm/bootstrap%405.0.2/dist/js/bootstrap.bundle.min.js HTTP/1.1" 404 - "https://www.dwarkaescort.com/dhaula-kuan-escorts.php" "Mozilla/5.0 (Linux; Android 8.0; Pixel 2 Build/OPD3.170816.012) AppleWebKit/537.36 (KHTML, like Gecko) Chrome/39.0.5531.1192 Mobile Safari/537.36"
106.49.59.36 - - [04/Jul/2026:12:28:27 +0000] "GET /images/dhaula-kuan-1.jpg HTTP/1.1" 206 500 "https://www.dwarkaescort.com/dhaula-kuan-escorts.php" "Mozilla/5.0 (Linux; Android 8.0; Pixel 2 Build/OPD3.170816.012) AppleWebKit/537.36 (KHTML, like Gecko) Chrome/39.0.5531.1192 Mobile Safari/537.36"
106.49.59.36 - - [04/Jul/2026:12:28:27 +0000] "GET /images/dhaula-kuan-2.jpg HTTP/1.1" 206 500 "https://www.dwarkaescort.com/dhaula-kuan-escorts.php" "Mozilla/5.0 (Linux; Android 8.0; Pixel 2 Build/OPD3.170816.012) AppleWebKit/537.36 (KHTML, like Gecko) Chrome/39.0.5531.1192 Mobile Safari/537.36"
106.49.59.36 - - [04/Jul/2026:12:28:28 +0000] "GET /images/dhaula-kuan-1.jpg HTTP/1.1" 304 - "https://www.dwarkaescort.com/dhaula-kuan-escorts.php" "Mozilla/5.0 (Linux; Android 8.0; Pixel 2 Build/OPD3.170816.012) AppleWebKit/537.36 (KHTML, like Gecko) Chrome/39.0.5531.1192 Mobile Safari/537.36"
106.49.59.36 - - [04/Jul/2026:12:28:28 +0000] "GET /images/dhaula-kuan-2.jpg HTTP/1.1" 304 - "https://www.dwarkaescort.com/dhaula-kuan-escorts.php" "Mozilla/5.0 (Linux; Android 8.0; Pixel 2 Build/OPD3.170816.012) AppleWebKit/537.36 (KHTML, like Gecko) Chrome/39.0.5531.1192 Mobile Safari/537.36"
160.224.146.236 - - [04/Jul/2026:12:28:28 +0000] "GET /images/dhaula-kuan-1.jpg HTTP/1.1" 206 27499 "https://www.dwarkaescort.com/dhaula-kuan-escorts.php" "Mozilla/5.0 (Linux; Android 8.0; Pixel 2 Build/OPD3.170816.012) AppleWebKit/537.36 (KHTML, like Gecko) Chrome/39.0.5531.1192 Mobile Safari/537.36"
106.49.59.36 - - [04/Jul/2026:12:28:29 +0000] "GET /images/dhaula-kuan-2.jpg HTTP/1.1" 206 33139 "https://www.dwarkaescort.com/dhaula-kuan-escorts.php" "Mozilla/5.0 (Linux; Android 8.0; Pixel 2 Build/OPD3.170816.012) AppleWebKit/537.36 (KHTML, like Gecko) Chrome/39.0.5531.1192 Mobile Safari/537.36"
47.128.96.14 - - [04/Jul/2026:12:28:33 +0000] "GET /dwarka-hotels-escorts.php HTTP/1.1" 200 24243 "-" "Mozilla/5.0 (Linux; Android 5.0) AppleWebKit/537.36 (KHTML, like Gecko) Mobile Safari/537.36 (compatible; TikTokSpider; ttspider-feedback@tiktok.com)"
117.214.212.77 - - [04/Jul/2026:12:28:33 +0000] "GET / HTTP/1.1" 200 46796 "https://www.modelescortsindelhi.com/" "Mozilla/5.0 (Linux; Android 10; K) AppleWebKit/537.36 (KHTML, like Gecko) Chrome/149.0.0.0 Mobile Safari/537.36"
47.128.96.14 - - [04/Jul/2026:12:28:34 +0000] "GET /images/hotels-2.jpg HTTP/1.1" 206 500 "https://www.dwarkaescort.com/dwarka-hotels-escorts.php" "Mozilla/5.0 (Linux; Android 5.0) AppleWebKit/537.36 (KHTML, like Gecko) Mobile Safari/537.36 (compatible; TikTokSpider; ttspider-feedback@tiktok.com)"
117.214.212.77 - - [04/Jul/2026:12:28:34 +0000] "GET /css/style.css HTTP/1.1" 200 10757 "https://www.dwarkaescort.com/" "Mozilla/5.0 (Linux; Android 10; K) AppleWebKit/537.36 (KHTML, like Gecko) Chrome/149.0.0.0 Mobile Safari/537.36"
47.128.96.14 - - [04/Jul/2026:12:28:34 +0000] "GET /images/hotels.jpg HTTP/1.1" 206 500 "https://www.dwarkaescort.com/dwarka-hotels-escorts.php" "Mozilla/5.0 (Linux; Android 5.0) AppleWebKit/537.36 (KHTML, like Gecko) Mobile Safari/537.36 (compatible; TikTokSpider; ttspider-feedback@tiktok.com)"
117.214.212.77 - - [04/Jul/2026:12:28:34 +0000] "GET /js/lazysizes.min.js HTTP/1.1" 200 7889 "https://www.dwarkaescort.com/" "Mozilla/5.0 (Linux; Android 10; K) AppleWebKit/537.36 (KHTML, like Gecko) Chrome/149.0.0.0 Mobile Safari/537.36"
117.214.212.77 - - [04/Jul/2026:12:28:34 +0000] "GET /css/fontawesome.css HTTP/1.1" 200 1757 "https://www.dwarkaescort.com/" "Mozilla/5.0 (Linux; Android 10; K) AppleWebKit/537.36 (KHTML, like Gecko) Chrome/149.0.0.0 Mobile Safari/537.36"
117.214.212.77 - - [04/Jul/2026:12:28:34 +0000] "GET /images/dwakra-escorts.jpg HTTP/1.1" 200 31912 "https://www.dwarkaescort.com/" "Mozilla/5.0 (Linux; Android 10; K) AppleWebKit/537.36 (KHTML, like Gecko) Chrome/149.0.0.0 Mobile Safari/537.36"
47.128.96.14 - - [04/Jul/2026:12:28:34 +0000] "GET /images/hotels-2.jpg HTTP/1.1" 304 - "https://www.dwarkaescort.com/dwarka-hotels-escorts.php" "Mozilla/5.0 (Linux; Android 5.0) AppleWebKit/537.36 (KHTML, like Gecko) Mobile Safari/537.36 (compatible; TikTokSpider; ttspider-feedback@tiktok.com)"
117.214.212.77 - - [04/Jul/2026:12:28:34 +0000] "GET /images/right.webp HTTP/1.1" 200 196 "https://www.dwarkaescort.com/css/style.css" "Mozilla/5.0 (Linux; Android 10; K) AppleWebKit/537.36 (KHTML, like Gecko) Chrome/149.0.0.0 Mobile Safari/537.36"
47.128.96.14 - - [04/Jul/2026:12:28:35 +0000] "GET /images/hotels-2.jpg HTTP/1.1" 206 37561 "https://www.dwarkaescort.com/dwarka-hotels-escorts.php" "Mozilla/5.0 (Linux; Android 5.0) AppleWebKit/537.36 (KHTML, like Gecko) Mobile Safari/537.36 (compatible; TikTokSpider; ttspider-feedback@tiktok.com)"
47.128.96.14 - - [04/Jul/2026:12:28:35 +0000] "GET /images/hotels.jpg HTTP/1.1" 304 - "https://www.dwarkaescort.com/dwarka-hotels-escorts.php" "Mozilla/5.0 (Linux; Android 5.0) AppleWebKit/537.36 (KHTML, like Gecko) Mobile Safari/537.36 (compatible; TikTokSpider; ttspider-feedback@tiktok.com)"
47.128.96.14 - - [04/Jul/2026:12:28:35 +0000] "GET /images/hotels.jpg HTTP/1.1" 206 25818 "https://www.dwarkaescort.com/dwarka-hotels-escorts.php" "Mozilla/5.0 (Linux; Android 5.0) AppleWebKit/537.36 (KHTML, like Gecko) Mobile Safari/537.36 (compatible; TikTokSpider; ttspider-feedback@tiktok.com)"
117.214.212.77 - - [04/Jul/2026:12:28:34 +0000] "GET /images/dwarka-escorts.mp4 HTTP/1.1" 206 22014449 "https://www.dwarkaescort.com/" "Mozilla/5.0 (Linux; Android 10; K) AppleWebKit/537.36 (KHTML, like Gecko) Chrome/149.0.0.0 Mobile Safari/537.36"
45.180.188.121 - - [04/Jul/2026:12:28:49 +0000] "GET /najafgarh-escorts.php HTTP/1.1" 200 22311 "-" "Mozilla/5.0 (Linux; Android 5.0; SM-G900P Build/LRX21T) AppleWebKit/537.36 (KHTML, like Gecko) Chrome/54.0.4064.1280 Mobile Safari/537.36"
151.240.232.106 - - [04/Jul/2026:12:28:51 +0000] "GET /cdn.jsdelivr.net/npm/bootstrap%405.0.2/dist/js/bootstrap.bundle.min.js HTTP/1.1" 404 - "https://www.dwarkaescort.com/najafgarh-escorts.php" "Mozilla/5.0 (Linux; Android 5.0; SM-G900P Build/LRX21T) AppleWebKit/537.36 (KHTML, like Gecko) Chrome/54.0.4064.1280 Mobile Safari/537.36"
95.134.66.109 - - [04/Jul/2026:12:28:51 +0000] "GET /images/najafgarh-2.jpg HTTP/1.1" 206 500 "https://www.dwarkaescort.com/najafgarh-escorts.php" "Mozilla/5.0 (Linux; Android 5.0; SM-G900P Build/LRX21T) AppleWebKit/537.36 (KHTML, like Gecko) Chrome/54.0.4064.1280 Mobile Safari/537.36"
95.134.66.109 - - [04/Jul/2026:12:28:51 +0000] "GET /images/najafgarh-2.jpg HTTP/1.1" 304 - "https://www.dwarkaescort.com/najafgarh-escorts.php" "Mozilla/5.0 (Linux; Android 5.0; SM-G900P Build/LRX21T) AppleWebKit/537.36 (KHTML, like Gecko) Chrome/54.0.4064.1280 Mobile Safari/537.36"
95.134.66.109 - - [04/Jul/2026:12:28:52 +0000] "GET /images/najafgarh-2.jpg HTTP/1.1" 206 34963 "https://www.dwarkaescort.com/najafgarh-escorts.php" "Mozilla/5.0 (Linux; Android 5.0; SM-G900P Build/LRX21T) AppleWebKit/537.36 (KHTML, like Gecko) Chrome/54.0.4064.1280 Mobile Safari/537.36"
47.128.96.149 - - [04/Jul/2026:12:28:58 +0000] "GET /dhaula-kuan-escorts.php HTTP/1.1" 200 25435 "-" "Mozilla/5.0 (Linux; Android 5.0) AppleWebKit/537.36 (KHTML, like Gecko) Mobile Safari/537.36 (compatible; TikTokSpider; ttspider-feedback@tiktok.com)"
47.128.96.149 - - [04/Jul/2026:12:28:58 +0000] "GET /images/dhaula-kuan-1.jpg HTTP/1.1" 206 500 "https://www.dwarkaescort.com/dhaula-kuan-escorts.php" "Mozilla/5.0 (Linux; Android 5.0) AppleWebKit/537.36 (KHTML, like Gecko) Mobile Safari/537.36 (compatible; TikTokSpider; ttspider-feedback@tiktok.com)"
47.128.96.149 - - [04/Jul/2026:12:28:58 +0000] "GET /images/dhaula-kuan-2.jpg HTTP/1.1" 206 500 "https://www.dwarkaescort.com/dhaula-kuan-escorts.php" "Mozilla/5.0 (Linux; Android 5.0) AppleWebKit/537.36 (KHTML, like Gecko) Mobile Safari/537.36 (compatible; TikTokSpider; ttspider-feedback@tiktok.com)"
47.128.96.149 - - [04/Jul/2026:12:28:58 +0000] "GET /images/dhaula-kuan-1.jpg HTTP/1.1" 304 - "https://www.dwarkaescort.com/dhaula-kuan-escorts.php" "Mozilla/5.0 (Linux; Android 5.0) AppleWebKit/537.36 (KHTML, like Gecko) Mobile Safari/537.36 (compatible; TikTokSpider; ttspider-feedback@tiktok.com)"
47.128.96.149 - - [04/Jul/2026:12:28:59 +0000] "GET /images/dhaula-kuan-2.jpg HTTP/1.1" 304 - "https://www.dwarkaescort.com/dhaula-kuan-escorts.php" "Mozilla/5.0 (Linux; Android 5.0) AppleWebKit/537.36 (KHTML, like Gecko) Mobile Safari/537.36 (compatible; TikTokSpider; ttspider-feedback@tiktok.com)"
47.128.96.149 - - [04/Jul/2026:12:28:59 +0000] "GET /images/dhaula-kuan-1.jpg HTTP/1.1" 206 27499 "https://www.dwarkaescort.com/dhaula-kuan-escorts.php" "Mozilla/5.0 (Linux; Android 5.0) AppleWebKit/537.36 (KHTML, like Gecko) Mobile Safari/537.36 (compatible; TikTokSpider; ttspider-feedback@tiktok.com)"
47.128.96.149 - - [04/Jul/2026:12:28:59 +0000] "GET /images/dhaula-kuan-2.jpg HTTP/1.1" 206 33139 "https://www.dwarkaescort.com/dhaula-kuan-escorts.php" "Mozilla/5.0 (Linux; Android 5.0) AppleWebKit/537.36 (KHTML, like Gecko) Mobile Safari/537.36 (compatible; TikTokSpider; ttspider-feedback@tiktok.com)"
152.58.121.212 - - [04/Jul/2026:12:29:22 +0000] "GET / HTTP/1.1" 200 46796 "https://www.modelescortsindelhi.com/" "Mozilla/5.0 (Linux; Android 10; K) AppleWebKit/537.36 (KHTML, like Gecko) Chrome/149.0.0.0 Mobile Safari/537.36"
45.229.156.210 - - [04/Jul/2026:12:29:22 +0000] "GET /dehradun-call-girls.php HTTP/1.1" 200 24261 "-" "Mozilla/5.0 (Linux; Android 5.0; SM-G900P Build/LRX21T) AppleWebKit/537.36 (KHTML, like Gecko) Chrome/58.0.9038.1319 Mobile Safari/537.36"
152.58.121.212 - - [04/Jul/2026:12:29:22 +0000] "GET /css/style.css HTTP/1.1" 200 10757 "https://www.dwarkaescort.com/" "Mozilla/5.0 (Linux; Android 10; K) AppleWebKit/537.36 (KHTML, like Gecko) Chrome/149.0.0.0 Mobile Safari/537.36"
152.58.121.212 - - [04/Jul/2026:12:29:22 +0000] "GET /css/fontawesome.css HTTP/1.1" 200 1757 "https://www.dwarkaescort.com/" "Mozilla/5.0 (Linux; Android 10; K) AppleWebKit/537.36 (KHTML, like Gecko) Chrome/149.0.0.0 Mobile Safari/537.36"
47.128.96.144 - - [04/Jul/2026:12:29:22 +0000] "GET /najafgarh-escorts.php HTTP/1.1" 200 22311 "-" "Mozilla/5.0 (Linux; Android 5.0) AppleWebKit/537.36 (KHTML, like Gecko) Mobile Safari/537.36 (compatible; TikTokSpider; ttspider-feedback@tiktok.com)"
152.58.121.212 - - [04/Jul/2026:12:29:23 +0000] "GET /js/lazysizes.min.js HTTP/1.1" 200 7889 "https://www.dwarkaescort.com/" "Mozilla/5.0 (Linux; Android 10; K) AppleWebKit/537.36 (KHTML, like Gecko) Chrome/149.0.0.0 Mobile Safari/537.36"
152.58.121.212 - - [04/Jul/2026:12:29:23 +0000] "GET /images/dwakra-escorts.jpg HTTP/1.1" 200 31912 "https://www.dwarkaescort.com/" "Mozilla/5.0 (Linux; Android 10; K) AppleWebKit/537.36 (KHTML, like Gecko) Chrome/149.0.0.0 Mobile Safari/537.36"
47.128.96.144 - - [04/Jul/2026:12:29:23 +0000] "GET /images/najafgarh-2.jpg HTTP/1.1" 206 500 "https://www.dwarkaescort.com/najafgarh-escorts.php" "Mozilla/5.0 (Linux; Android 5.0) AppleWebKit/537.36 (KHTML, like Gecko) Mobile Safari/537.36 (compatible; TikTokSpider; ttspider-feedback@tiktok.com)"
47.128.96.144 - - [04/Jul/2026:12:29:23 +0000] "GET /images/najafgarh-2.jpg HTTP/1.1" 304 - "https://www.dwarkaescort.com/najafgarh-escorts.php" "Mozilla/5.0 (Linux; Android 5.0) AppleWebKit/537.36 (KHTML, like Gecko) Mobile Safari/537.36 (compatible; TikTokSpider; ttspider-feedback@tiktok.com)"
47.128.96.144 - - [04/Jul/2026:12:29:23 +0000] "GET /images/najafgarh-2.jpg HTTP/1.1" 206 34963 "https://www.dwarkaescort.com/najafgarh-escorts.php" "Mozilla/5.0 (Linux; Android 5.0) AppleWebKit/537.36 (KHTML, like Gecko) Mobile Safari/537.36 (compatible; TikTokSpider; ttspider-feedback@tiktok.com)"
152.58.121.212 - - [04/Jul/2026:12:29:24 +0000] "GET /images/right.webp HTTP/1.1" 200 196 "https://www.dwarkaescort.com/css/style.css" "Mozilla/5.0 (Linux; Android 10; K) AppleWebKit/537.36 (KHTML, like Gecko) Chrome/149.0.0.0 Mobile Safari/537.36"
31.57.40.186 - - [04/Jul/2026:12:29:24 +0000] "GET /cdn.jsdelivr.net/npm/bootstrap%405.0.2/dist/js/bootstrap.bundle.min.js HTTP/1.1" 404 - "https://www.dwarkaescort.com/dehradun-call-girls.php" "Mozilla/5.0 (Linux; Android 5.0; SM-G900P Build/LRX21T) AppleWebKit/537.36 (KHTML, like Gecko) Chrome/58.0.9038.1319 Mobile Safari/537.36"
31.57.40.186 - - [04/Jul/2026:12:29:25 +0000] "GET /images/dehradun-2.jpg HTTP/1.1" 206 500 "https://www.dwarkaescort.com/dehradun-call-girls.php" "Mozilla/5.0 (Linux; Android 5.0; SM-G900P Build/LRX21T) AppleWebKit/537.36 (KHTML, like Gecko) Chrome/58.0.9038.1319 Mobile Safari/537.36"
152.58.121.212 - - [04/Jul/2026:12:29:25 +0000] "GET /images/favicon.webp HTTP/1.1" 200 2350 "https://www.dwarkaescort.com/" "Mozilla/5.0 (Linux; Android 10; K) AppleWebKit/537.36 (KHTML, like Gecko) Chrome/149.0.0.0 Mobile Safari/537.36"
74.7.230.44 - - [04/Jul/2026:12:29:25 +0000] "GET /robots.txt HTTP/1.1" 200 26 "-" "Mozilla/5.0 (Macintosh; Intel Mac OS X 10_15_7) AppleWebKit/537.36 (KHTML, like Gecko) Chrome/131.0.0.0 Safari/537.36; compatible; OAI-SearchBot/1.4; robots.txt; +https://openai.com/searchbot"
31.57.40.186 - - [04/Jul/2026:12:29:25 +0000] "GET /images/dehradun-2.jpg HTTP/1.1" 304 - "https://www.dwarkaescort.com/dehradun-call-girls.php" "Mozilla/5.0 (Linux; Android 5.0; SM-G900P Build/LRX21T) AppleWebKit/537.36 (KHTML, like Gecko) Chrome/58.0.9038.1319 Mobile Safari/537.36"
31.57.40.186 - - [04/Jul/2026:12:29:25 +0000] "GET /images/dehradun-2.jpg HTTP/1.1" 206 32206 "https://www.dwarkaescort.com/dehradun-call-girls.php" "Mozilla/5.0 (Linux; Android 5.0; SM-G900P Build/LRX21T) AppleWebKit/537.36 (KHTML, like Gecko) Chrome/58.0.9038.1319 Mobile Safari/537.36"
152.58.121.212 - - [04/Jul/2026:12:29:23 +0000] "GET /images/dwarka-escorts.mp4 HTTP/1.1" 206 22014449 "https://www.dwarkaescort.com/" "Mozilla/5.0 (Linux; Android 10; K) AppleWebKit/537.36 (KHTML, like Gecko) Chrome/149.0.0.0 Mobile Safari/537.36"
37.40.227.125 - - [04/Jul/2026:12:29:35 +0000] "GET /nehru-place-escorts.php HTTP/1.1" 200 25488 "-" "Mozilla/5.0 (Macintosh; Intel Mac OS X 10_13_6) AppleWebKit/537.36 (KHTML, like Gecko) Chrome/73.0.3683.103 Safari/537.36"
41.248.204.182 - - [04/Jul/2026:12:29:38 +0000] "GET /vasant-vihar-escorts.php HTTP/1.1" 200 28335 "-" "Mozilla/5.0 (Linux; Android 5.0; SM-G900P Build/LRX21T) AppleWebKit/537.36 (KHTML, like Gecko) Chrome/49.0.8034.1532 Mobile Safari/537.36"
94.190.248.22 - - [04/Jul/2026:12:29:40 +0000] "GET /cdn.jsdelivr.net/npm/bootstrap%405.0.2/dist/js/bootstrap.bundle.min.js HTTP/1.1" 404 - "https://www.dwarkaescort.com/vasant-vihar-escorts.php" "Mozilla/5.0 (Linux; Android 5.0; SM-G900P Build/LRX21T) AppleWebKit/537.36 (KHTML, like Gecko) Chrome/49.0.8034.1532 Mobile Safari/537.36"
94.190.248.22 - - [04/Jul/2026:12:29:40 +0000] "GET /images/vasant-kunj-2.jpg HTTP/1.1" 206 500 "https://www.dwarkaescort.com/vasant-vihar-escorts.php" "Mozilla/5.0 (Linux; Android 5.0; SM-G900P Build/LRX21T) AppleWebKit/537.36 (KHTML, like Gecko) Chrome/49.0.8034.1532 Mobile Safari/537.36"
104.204.207.228 - - [04/Jul/2026:12:29:41 +0000] "GET /images/vasant-vihar-1.jpg HTTP/1.1" 206 500 "https://www.dwarkaescort.com/vasant-vihar-escorts.php" "Mozilla/5.0 (Linux; Android 5.0; SM-G900P Build/LRX21T) AppleWebKit/537.36 (KHTML, like Gecko) Chrome/49.0.8034.1532 Mobile Safari/537.36"
94.190.248.22 - - [04/Jul/2026:12:29:41 +0000] "GET /images/greater-kailash-2.jpg HTTP/1.1" 206 500 "https://www.dwarkaescort.com/vasant-vihar-escorts.php" "Mozilla/5.0 (Linux; Android 5.0; SM-G900P Build/LRX21T) AppleWebKit/537.36 (KHTML, like Gecko) Chrome/49.0.8034.1532 Mobile Safari/537.36"
94.190.248.22 - - [04/Jul/2026:12:29:41 +0000] "GET /images/vasant-kunj-2.jpg HTTP/1.1" 304 - "https://www.dwarkaescort.com/vasant-vihar-escorts.php" "Mozilla/5.0 (Linux; Android 5.0; SM-G900P Build/LRX21T) AppleWebKit/537.36 (KHTML, like Gecko) Chrome/49.0.8034.1532 Mobile Safari/537.36"
104.204.207.228 - - [04/Jul/2026:12:29:41 +0000] "GET /images/vasant-vihar-2.jpg HTTP/1.1" 206 500 "https://www.dwarkaescort.com/vasant-vihar-escorts.php" "Mozilla/5.0 (Linux; Android 5.0; SM-G900P Build/LRX21T) AppleWebKit/537.36 (KHTML, like Gecko) Chrome/49.0.8034.1532 Mobile Safari/537.36"
94.190.248.22 - - [04/Jul/2026:12:29:41 +0000] "GET /images/greater-kailash-2.jpg HTTP/1.1" 304 - "https://www.dwarkaescort.com/vasant-vihar-escorts.php" "Mozilla/5.0 (Linux; Android 5.0; SM-G900P Build/LRX21T) AppleWebKit/537.36 (KHTML, like Gecko) Chrome/49.0.8034.1532 Mobile Safari/537.36"
216.173.88.173 - - [04/Jul/2026:12:29:41 +0000] "GET /images/vasant-kunj-2.jpg HTTP/1.1" 206 31877 "https://www.dwarkaescort.com/vasant-vihar-escorts.php" "Mozilla/5.0 (Linux; Android 5.0; SM-G900P Build/LRX21T) AppleWebKit/537.36 (KHTML, like Gecko) Chrome/49.0.8034.1532 Mobile Safari/537.36"
72.11.141.151 - - [04/Jul/2026:12:29:41 +0000] "GET /images/vasant-vihar-1.jpg HTTP/1.1" 304 - "https://www.dwarkaescort.com/vasant-vihar-escorts.php" "Mozilla/5.0 (Linux; Android 5.0; SM-G900P Build/LRX21T) AppleWebKit/537.36 (KHTML, like Gecko) Chrome/49.0.8034.1532 Mobile Safari/537.36"
94.190.248.22 - - [04/Jul/2026:12:29:42 +0000] "GET /images/greater-kailash-2.jpg HTTP/1.1" 206 30314 "https://www.dwarkaescort.com/vasant-vihar-escorts.php" "Mozilla/5.0 (Linux; Android 5.0; SM-G900P Build/LRX21T) AppleWebKit/537.36 (KHTML, like Gecko) Chrome/49.0.8034.1532 Mobile Safari/537.36"
72.11.141.151 - - [04/Jul/2026:12:29:42 +0000] "GET /images/vasant-vihar-1.jpg HTTP/1.1" 206 29033 "https://www.dwarkaescort.com/vasant-vihar-escorts.php" "Mozilla/5.0 (Linux; Android 5.0; SM-G900P Build/LRX21T) AppleWebKit/537.36 (KHTML, like Gecko) Chrome/49.0.8034.1532 Mobile Safari/537.36"
104.204.207.228 - - [04/Jul/2026:12:29:42 +0000] "GET /images/vasant-vihar-2.jpg HTTP/1.1" 304 - "https://www.dwarkaescort.com/vasant-vihar-escorts.php" "Mozilla/5.0 (Linux; Android 5.0; SM-G900P Build/LRX21T) AppleWebKit/537.36 (KHTML, like Gecko) Chrome/49.0.8034.1532 Mobile Safari/537.36"
104.204.207.228 - - [04/Jul/2026:12:29:42 +0000] "GET /images/vasant-vihar-2.jpg HTTP/1.1" 206 17981 "https://www.dwarkaescort.com/vasant-vihar-escorts.php" "Mozilla/5.0 (Linux; Android 5.0; SM-G900P Build/LRX21T) AppleWebKit/537.36 (KHTML, like Gecko) Chrome/49.0.8034.1532 Mobile Safari/537.36"
17.246.23.78 - - [04/Jul/2026:12:29:49 +0000] "GET /bangalore-call-girls.php/Photos/images/Photos/bangalore-call-girls.php HTTP/1.1" 200 23597 "-" "Mozilla/5.0 (Macintosh; Intel Mac OS X 10_15_7) AppleWebKit/605.1.15 (KHTML, like Gecko) Version/17.4 Safari/605.1.15 (Applebot/0.1; +http://www.apple.com/go/applebot)"
47.128.96.183 - - [04/Jul/2026:12:29:49 +0000] "GET /dehradun-call-girls.php HTTP/1.1" 200 24261 "-" "Mozilla/5.0 (Linux; Android 5.0) AppleWebKit/537.36 (KHTML, like Gecko) Mobile Safari/537.36 (compatible; TikTokSpider; ttspider-feedback@tiktok.com)"
47.128.96.183 - - [04/Jul/2026:12:29:49 +0000] "GET /images/dehradun-2.jpg HTTP/1.1" 206 500 "https://www.dwarkaescort.com/dehradun-call-girls.php" "Mozilla/5.0 (Linux; Android 5.0) AppleWebKit/537.36 (KHTML, like Gecko) Mobile Safari/537.36 (compatible; TikTokSpider; ttspider-feedback@tiktok.com)"
47.128.96.183 - - [04/Jul/2026:12:29:50 +0000] "GET /images/dehradun-2.jpg HTTP/1.1" 304 - "https://www.dwarkaescort.com/dehradun-call-girls.php" "Mozilla/5.0 (Linux; Android 5.0) AppleWebKit/537.36 (KHTML, like Gecko) Mobile Safari/537.36 (compatible; TikTokSpider; ttspider-feedback@tiktok.com)"
47.128.96.183 - - [04/Jul/2026:12:29:50 +0000] "GET /images/dehradun-2.jpg HTTP/1.1" 206 32206 "https://www.dwarkaescort.com/dehradun-call-girls.php" "Mozilla/5.0 (Linux; Android 5.0) AppleWebKit/537.36 (KHTML, like Gecko) Mobile Safari/537.36 (compatible; TikTokSpider; ttspider-feedback@tiktok.com)"
103.60.90.42 - - [04/Jul/2026:12:30:02 +0000] "GET /greater-kailash-escorts.php HTTP/1.1" 200 25797 "-" "Mozilla/5.0 (Linux; Android 5.0; SM-G900P Build/LRX21T) AppleWebKit/537.36 (KHTML, like Gecko) Chrome/59.0.9139.1261 Mobile Safari/537.36"
104.243.196.120 - - [04/Jul/2026:12:30:04 +0000] "GET /cdn.jsdelivr.net/npm/bootstrap%405.0.2/dist/js/bootstrap.bundle.min.js HTTP/1.1" 404 - "https://www.dwarkaescort.com/greater-kailash-escorts.php" "Mozilla/5.0 (Linux; Android 5.0; SM-G900P Build/LRX21T) AppleWebKit/537.36 (KHTML, like Gecko) Chrome/59.0.9139.1261 Mobile Safari/537.36"
104.243.196.120 - - [04/Jul/2026:12:30:05 +0000] "GET /images/greater-kailash-1.jpg HTTP/1.1" 206 500 "https://www.dwarkaescort.com/greater-kailash-escorts.php" "Mozilla/5.0 (Linux; Android 5.0; SM-G900P Build/LRX21T) AppleWebKit/537.36 (KHTML, like Gecko) Chrome/59.0.9139.1261 Mobile Safari/537.36"
104.243.196.120 - - [04/Jul/2026:12:30:05 +0000] "GET /images/greater-kailash-1.jpg HTTP/1.1" 304 - "https://www.dwarkaescort.com/greater-kailash-escorts.php" "Mozilla/5.0 (Linux; Android 5.0; SM-G900P Build/LRX21T) AppleWebKit/537.36 (KHTML, like Gecko) Chrome/59.0.9139.1261 Mobile Safari/537.36"
104.243.196.120 - - [04/Jul/2026:12:30:05 +0000] "GET /images/greater-kailash-1.jpg HTTP/1.1" 206 33944 "https://www.dwarkaescort.com/greater-kailash-escorts.php" "Mozilla/5.0 (Linux; Android 5.0; SM-G900P Build/LRX21T) AppleWebKit/537.36 (KHTML, like Gecko) Chrome/59.0.9139.1261 Mobile Safari/537.36"
47.128.96.140 - - [04/Jul/2026:12:30:13 +0000] "GET /vasant-vihar-escorts.php HTTP/1.1" 200 28335 "-" "Mozilla/5.0 (Linux; Android 5.0) AppleWebKit/537.36 (KHTML, like Gecko) Mobile Safari/537.36 (compatible; TikTokSpider; ttspider-feedback@tiktok.com)"
47.128.96.140 - - [04/Jul/2026:12:30:13 +0000] "GET /images/vasant-kunj-2.jpg HTTP/1.1" 206 500 "https://www.dwarkaescort.com/vasant-vihar-escorts.php" "Mozilla/5.0 (Linux; Android 5.0) AppleWebKit/537.36 (KHTML, like Gecko) Mobile Safari/537.36 (compatible; TikTokSpider; ttspider-feedback@tiktok.com)"
47.128.96.140 - - [04/Jul/2026:12:30:14 +0000] "GET /images/vasant-vihar-1.jpg HTTP/1.1" 206 500 "https://www.dwarkaescort.com/vasant-vihar-escorts.php" "Mozilla/5.0 (Linux; Android 5.0) AppleWebKit/537.36 (KHTML, like Gecko) Mobile Safari/537.36 (compatible; TikTokSpider; ttspider-feedback@tiktok.com)"
47.128.96.140 - - [04/Jul/2026:12:30:14 +0000] "GET /images/greater-kailash-2.jpg HTTP/1.1" 206 500 "https://www.dwarkaescort.com/vasant-vihar-escorts.php" "Mozilla/5.0 (Linux; Android 5.0) AppleWebKit/537.36 (KHTML, like Gecko) Mobile Safari/537.36 (compatible; TikTokSpider; ttspider-feedback@tiktok.com)"
47.128.96.140 - - [04/Jul/2026:12:30:14 +0000] "GET /images/vasant-kunj-2.jpg HTTP/1.1" 304 - "https://www.dwarkaescort.com/vasant-vihar-escorts.php" "Mozilla/5.0 (Linux; Android 5.0) AppleWebKit/537.36 (KHTML, like Gecko) Mobile Safari/537.36 (compatible; TikTokSpider; ttspider-feedback@tiktok.com)"
47.128.96.140 - - [04/Jul/2026:12:30:14 +0000] "GET /images/greater-kailash-2.jpg HTTP/1.1" 304 - "https://www.dwarkaescort.com/vasant-vihar-escorts.php" "Mozilla/5.0 (Linux; Android 5.0) AppleWebKit/537.36 (KHTML, like Gecko) Mobile Safari/537.36 (compatible; TikTokSpider; ttspider-feedback@tiktok.com)"
47.128.96.140 - - [04/Jul/2026:12:30:14 +0000] "GET /images/vasant-kunj-2.jpg HTTP/1.1" 206 31877 "https://www.dwarkaescort.com/vasant-vihar-escorts.php" "Mozilla/5.0 (Linux; Android 5.0) AppleWebKit/537.36 (KHTML, like Gecko) Mobile Safari/537.36 (compatible; TikTokSpider; ttspider-feedback@tiktok.com)"
47.128.96.140 - - [04/Jul/2026:12:30:14 +0000] "GET /images/greater-kailash-2.jpg HTTP/1.1" 206 30314 "https://www.dwarkaescort.com/vasant-vihar-escorts.php" "Mozilla/5.0 (Linux; Android 5.0) AppleWebKit/537.36 (KHTML, like Gecko) Mobile Safari/537.36 (compatible; TikTokSpider; ttspider-feedback@tiktok.com)"
47.128.96.140 - - [04/Jul/2026:12:30:14 +0000] "GET /images/vasant-vihar-1.jpg HTTP/1.1" 304 - "https://www.dwarkaescort.com/vasant-vihar-escorts.php" "Mozilla/5.0 (Linux; Android 5.0) AppleWebKit/537.36 (KHTML, like Gecko) Mobile Safari/537.36 (compatible; TikTokSpider; ttspider-feedback@tiktok.com)"
47.128.96.140 - - [04/Jul/2026:12:30:14 +0000] "GET /images/vasant-vihar-2.jpg HTTP/1.1" 206 500 "https://www.dwarkaescort.com/vasant-vihar-escorts.php" "Mozilla/5.0 (Linux; Android 5.0) AppleWebKit/537.36 (KHTML, like Gecko) Mobile Safari/537.36 (compatible; TikTokSpider; ttspider-feedback@tiktok.com)"
47.128.96.140 - - [04/Jul/2026:12:30:14 +0000] "GET /images/vasant-vihar-1.jpg HTTP/1.1" 206 29033 "https://www.dwarkaescort.com/vasant-vihar-escorts.php" "Mozilla/5.0 (Linux; Android 5.0) AppleWebKit/537.36 (KHTML, like Gecko) Mobile Safari/537.36 (compatible; TikTokSpider; ttspider-feedback@tiktok.com)"
47.128.96.140 - - [04/Jul/2026:12:30:14 +0000] "GET /images/vasant-vihar-2.jpg HTTP/1.1" 304 - "https://www.dwarkaescort.com/vasant-vihar-escorts.php" "Mozilla/5.0 (Linux; Android 5.0) AppleWebKit/537.36 (KHTML, like Gecko) Mobile Safari/537.36 (compatible; TikTokSpider; ttspider-feedback@tiktok.com)"
47.128.96.140 - - [04/Jul/2026:12:30:15 +0000] "GET /images/vasant-vihar-2.jpg HTTP/1.1" 206 17981 "https://www.dwarkaescort.com/vasant-vihar-escorts.php" "Mozilla/5.0 (Linux; Android 5.0) AppleWebKit/537.36 (KHTML, like Gecko) Mobile Safari/537.36 (compatible; TikTokSpider; ttspider-feedback@tiktok.com)"
41.141.109.7 - - [04/Jul/2026:12:30:32 +0000] "GET /mahipalpur-escorts.php HTTP/1.1" 200 25067 "-" "Mozilla/5.0 (iPhone; CPU iPhone OS 11_0 like Mac OS X) AppleWebKit/537.36 (KHTML, like Gecko) Chrome/39.0.3089.1447 Mobile Safari/537.36"
151.244.86.170 - - [04/Jul/2026:12:30:35 +0000] "GET /cdn.jsdelivr.net/npm/bootstrap%405.0.2/dist/js/bootstrap.bundle.min.js HTTP/1.1" 404 - "https://www.dwarkaescort.com/mahipalpur-escorts.php" "Mozilla/5.0 (iPhone; CPU iPhone OS 11_0 like Mac OS X) AppleWebKit/537.36 (KHTML, like Gecko) Chrome/39.0.3089.1447 Mobile Safari/537.36"
95.134.65.143 - - [04/Jul/2026:12:30:35 +0000] "GET /images/mahipalpur-1.jpg HTTP/1.1" 206 500 "https://www.dwarkaescort.com/mahipalpur-escorts.php" "Mozilla/5.0 (iPhone; CPU iPhone OS 11_0 like Mac OS X) AppleWebKit/537.36 (KHTML, like Gecko) Chrome/39.0.3089.1447 Mobile Safari/537.36"
95.134.65.143 - - [04/Jul/2026:12:30:35 +0000] "GET /images/mahipalpur-1.jpg HTTP/1.1" 304 - "https://www.dwarkaescort.com/mahipalpur-escorts.php" "Mozilla/5.0 (iPhone; CPU iPhone OS 11_0 like Mac OS X) AppleWebKit/537.36 (KHTML, like Gecko) Chrome/39.0.3089.1447 Mobile Safari/537.36"
95.134.65.143 - - [04/Jul/2026:12:30:35 +0000] "GET /images/mahipalpur-1.jpg HTTP/1.1" 206 27650 "https://www.dwarkaescort.com/mahipalpur-escorts.php" "Mozilla/5.0 (iPhone; CPU iPhone OS 11_0 like Mac OS X) AppleWebKit/537.36 (KHTML, like Gecko) Chrome/39.0.3089.1447 Mobile Safari/537.36"
223.237.117.218 - - [04/Jul/2026:12:30:37 +0000] "GET /images/zara.webp HTTP/1.1" 200 32630 "https://www.dwarkaescort.com/" "Mozilla/5.0 (Linux; Android 13; V2109 Build/TP1A.220624.014) AppleWebKit/537.36 (KHTML, like Gecko) Version/4.0 Chrome/149.0.7827.159 Mobile Safari/537.36 appname/HideX appverc/30517004 appname/HideX appverc/30517004 appname/HideX appverc/30517004"
