47.128.96.120 - - [04/Jul/2026:12:30:38 +0000] "GET /greater-kailash-escorts.php HTTP/1.1" 200 25797 "-" "Mozilla/5.0 (Linux; Android 5.0) AppleWebKit/537.36 (KHTML, like Gecko) Mobile Safari/537.36 (compatible; TikTokSpider; ttspider-feedback@tiktok.com)"
47.128.96.120 - - [04/Jul/2026:12:30:38 +0000] "GET /images/greater-kailash-1.jpg HTTP/1.1" 206 500 "https://www.dwarkaescort.com/greater-kailash-escorts.php" "Mozilla/5.0 (Linux; Android 5.0) AppleWebKit/537.36 (KHTML, like Gecko) Mobile Safari/537.36 (compatible; TikTokSpider; ttspider-feedback@tiktok.com)"
223.237.117.218 - - [04/Jul/2026:12:30:38 +0000] "GET /images/naina.webp HTTP/1.1" 200 29954 "https://www.dwarkaescort.com/" "Mozilla/5.0 (Linux; Android 13; V2109 Build/TP1A.220624.014) AppleWebKit/537.36 (KHTML, like Gecko) Version/4.0 Chrome/149.0.7827.159 Mobile Safari/537.36 appname/HideX appverc/30517004 appname/HideX appverc/30517004 appname/HideX appverc/30517004"
47.128.96.120 - - [04/Jul/2026:12:30:38 +0000] "GET /images/greater-kailash-1.jpg HTTP/1.1" 304 - "https://www.dwarkaescort.com/greater-kailash-escorts.php" "Mozilla/5.0 (Linux; Android 5.0) AppleWebKit/537.36 (KHTML, like Gecko) Mobile Safari/537.36 (compatible; TikTokSpider; ttspider-feedback@tiktok.com)"
47.128.96.120 - - [04/Jul/2026:12:30:38 +0000] "GET /images/greater-kailash-1.jpg HTTP/1.1" 206 33944 "https://www.dwarkaescort.com/greater-kailash-escorts.php" "Mozilla/5.0 (Linux; Android 5.0) AppleWebKit/537.36 (KHTML, like Gecko) Mobile Safari/537.36 (compatible; TikTokSpider; ttspider-feedback@tiktok.com)"
223.237.117.218 - - [04/Jul/2026:12:30:31 +0000] "GET /images/dwarka-escorts.mp4 HTTP/1.1" 206 2097152 "https://www.dwarkaescort.com/" "Mozilla/5.0 (Linux; Android 13; V2109 Build/TP1A.220624.014) AppleWebKit/537.36 (KHTML, like Gecko) Version/4.0 Chrome/149.0.7827.159 Mobile Safari/537.36 appname/HideX appverc/30517004 appname/HideX appverc/30517004 appname/HideX appverc/30517004"
223.237.117.218 - - [04/Jul/2026:12:30:40 +0000] "GET /images/neha.webp HTTP/1.1" 200 51686 "https://www.dwarkaescort.com/" "Mozilla/5.0 (Linux; Android 13; V2109 Build/TP1A.220624.014) AppleWebKit/537.36 (KHTML, like Gecko) Version/4.0 Chrome/149.0.7827.159 Mobile Safari/537.36 appname/HideX appverc/30517004 appname/HideX appverc/30517004 appname/HideX appverc/30517004"
223.237.117.218 - - [04/Jul/2026:12:30:44 +0000] "GET /images/anjali.webp HTTP/1.1" 200 47956 "https://www.dwarkaescort.com/" "Mozilla/5.0 (Linux; Android 13; V2109 Build/TP1A.220624.014) AppleWebKit/537.36 (KHTML, like Gecko) Version/4.0 Chrome/149.0.7827.159 Mobile Safari/537.36 appname/HideX appverc/30517004 appname/HideX appverc/30517004 appname/HideX appverc/30517004"
223.237.117.218 - - [04/Jul/2026:12:30:41 +0000] "GET /images/dwarka-escorts.mp4 HTTP/1.1" 206 19917297 "https://www.dwarkaescort.com/" "Mozilla/5.0 (Linux; Android 13; V2109 Build/TP1A.220624.014) AppleWebKit/537.36 (KHTML, like Gecko) Version/4.0 Chrome/149.0.7827.159 Mobile Safari/537.36 appname/HideX appverc/30517004 appname/HideX appverc/30517004 appname/HideX appverc/30517004"
72.255.7.230 - - [04/Jul/2026:12:30:53 +0000] "GET /chennai-call-girls.php HTTP/1.1" 200 23427 "-" "Mozilla/5.0 (Linux; Android 5.0; SM-G900P Build/LRX21T) AppleWebKit/537.36 (KHTML, like Gecko) Chrome/45.0.3705.1153 Mobile Safari/537.36"
178.95.108.5 - - [04/Jul/2026:12:30:56 +0000] "GET /images/chennai-1.jpg HTTP/1.1" 206 500 "https://www.dwarkaescort.com/chennai-call-girls.php" "Mozilla/5.0 (Linux; Android 5.0; SM-G900P Build/LRX21T) AppleWebKit/537.36 (KHTML, like Gecko) Chrome/45.0.3705.1153 Mobile Safari/537.36"
151.244.70.164 - - [04/Jul/2026:12:30:56 +0000] "GET /cdn.jsdelivr.net/npm/bootstrap%405.0.2/dist/js/bootstrap.bundle.min.js HTTP/1.1" 404 - "https://www.dwarkaescort.com/chennai-call-girls.php" "Mozilla/5.0 (Linux; Android 5.0; SM-G900P Build/LRX21T) AppleWebKit/537.36 (KHTML, like Gecko) Chrome/45.0.3705.1153 Mobile Safari/537.36"
151.243.220.216 - - [04/Jul/2026:12:30:56 +0000] "GET /images/chennai-2.jpg HTTP/1.1" 206 500 "https://www.dwarkaescort.com/chennai-call-girls.php" "Mozilla/5.0 (Linux; Android 5.0; SM-G900P Build/LRX21T) AppleWebKit/537.36 (KHTML, like Gecko) Chrome/45.0.3705.1153 Mobile Safari/537.36"
178.95.108.5 - - [04/Jul/2026:12:30:56 +0000] "GET /images/chennai-1.jpg HTTP/1.1" 304 - "https://www.dwarkaescort.com/chennai-call-girls.php" "Mozilla/5.0 (Linux; Android 5.0; SM-G900P Build/LRX21T) AppleWebKit/537.36 (KHTML, like Gecko) Chrome/45.0.3705.1153 Mobile Safari/537.36"
178.95.108.5 - - [04/Jul/2026:12:30:56 +0000] "GET /images/chennai-2.jpg HTTP/1.1" 304 - "https://www.dwarkaescort.com/chennai-call-girls.php" "Mozilla/5.0 (Linux; Android 5.0; SM-G900P Build/LRX21T) AppleWebKit/537.36 (KHTML, like Gecko) Chrome/45.0.3705.1153 Mobile Safari/537.36"
151.243.220.216 - - [04/Jul/2026:12:30:56 +0000] "GET /images/chennai-1.jpg HTTP/1.1" 206 64969 "https://www.dwarkaescort.com/chennai-call-girls.php" "Mozilla/5.0 (Linux; Android 5.0; SM-G900P Build/LRX21T) AppleWebKit/537.36 (KHTML, like Gecko) Chrome/45.0.3705.1153 Mobile Safari/537.36"
178.95.108.5 - - [04/Jul/2026:12:30:57 +0000] "GET /images/chennai-2.jpg HTTP/1.1" 206 67793 "https://www.dwarkaescort.com/chennai-call-girls.php" "Mozilla/5.0 (Linux; Android 5.0; SM-G900P Build/LRX21T) AppleWebKit/537.36 (KHTML, like Gecko) Chrome/45.0.3705.1153 Mobile Safari/537.36"
47.128.96.193 - - [04/Jul/2026:12:31:02 +0000] "GET /mahipalpur-escorts.php HTTP/1.1" 200 25067 "-" "Mozilla/5.0 (Linux; Android 5.0) AppleWebKit/537.36 (KHTML, like Gecko) Mobile Safari/537.36 (compatible; TikTokSpider; ttspider-feedback@tiktok.com)"
47.128.96.193 - - [04/Jul/2026:12:31:03 +0000] "GET /images/mahipalpur-1.jpg HTTP/1.1" 206 500 "https://www.dwarkaescort.com/mahipalpur-escorts.php" "Mozilla/5.0 (Linux; Android 5.0) AppleWebKit/537.36 (KHTML, like Gecko) Mobile Safari/537.36 (compatible; TikTokSpider; ttspider-feedback@tiktok.com)"
47.128.96.193 - - [04/Jul/2026:12:31:03 +0000] "GET /images/mahipalpur-1.jpg HTTP/1.1" 304 - "https://www.dwarkaescort.com/mahipalpur-escorts.php" "Mozilla/5.0 (Linux; Android 5.0) AppleWebKit/537.36 (KHTML, like Gecko) Mobile Safari/537.36 (compatible; TikTokSpider; ttspider-feedback@tiktok.com)"
47.128.96.193 - - [04/Jul/2026:12:31:03 +0000] "GET /images/mahipalpur-1.jpg HTTP/1.1" 206 27650 "https://www.dwarkaescort.com/mahipalpur-escorts.php" "Mozilla/5.0 (Linux; Android 5.0) AppleWebKit/537.36 (KHTML, like Gecko) Mobile Safari/537.36 (compatible; TikTokSpider; ttspider-feedback@tiktok.com)"
118.68.62.11 - - [04/Jul/2026:12:31:17 +0000] "GET /bijwasan-escorts.php HTTP/1.1" 200 24835 "-" "Mozilla/5.0 (Linux; Android 8.0; Pixel 2 Build/OPD3.170816.012) AppleWebKit/537.36 (KHTML, like Gecko) Chrome/41.0.2699.1361 Mobile Safari/537.36"
180.94.218.38 - - [04/Jul/2026:12:31:19 +0000] "GET /cdn.jsdelivr.net/npm/bootstrap%405.0.2/dist/js/bootstrap.bundle.min.js HTTP/1.1" 404 - "https://www.dwarkaescort.com/bijwasan-escorts.php" "Mozilla/5.0 (Linux; Android 8.0; Pixel 2 Build/OPD3.170816.012) AppleWebKit/537.36 (KHTML, like Gecko) Chrome/41.0.2699.1361 Mobile Safari/537.36"
180.94.218.38 - - [04/Jul/2026:12:31:20 +0000] "GET /images/bijwasan-2.jpg HTTP/1.1" 206 500 "https://www.dwarkaescort.com/bijwasan-escorts.php" "Mozilla/5.0 (Linux; Android 8.0; Pixel 2 Build/OPD3.170816.012) AppleWebKit/537.36 (KHTML, like Gecko) Chrome/41.0.2699.1361 Mobile Safari/537.36"
180.94.218.38 - - [04/Jul/2026:12:31:20 +0000] "GET /images/bijwasan-1.jpg HTTP/1.1" 206 500 "https://www.dwarkaescort.com/bijwasan-escorts.php" "Mozilla/5.0 (Linux; Android 8.0; Pixel 2 Build/OPD3.170816.012) AppleWebKit/537.36 (KHTML, like Gecko) Chrome/41.0.2699.1361 Mobile Safari/537.36"
185.251.46.64 - - [04/Jul/2026:12:31:20 +0000] "GET /images/bijwasan-2.jpg HTTP/1.1" 304 - "https://www.dwarkaescort.com/bijwasan-escorts.php" "Mozilla/5.0 (Linux; Android 8.0; Pixel 2 Build/OPD3.170816.012) AppleWebKit/537.36 (KHTML, like Gecko) Chrome/41.0.2699.1361 Mobile Safari/537.36"
180.94.218.38 - - [04/Jul/2026:12:31:20 +0000] "GET /images/bijwasan-1.jpg HTTP/1.1" 304 - "https://www.dwarkaescort.com/bijwasan-escorts.php" "Mozilla/5.0 (Linux; Android 8.0; Pixel 2 Build/OPD3.170816.012) AppleWebKit/537.36 (KHTML, like Gecko) Chrome/41.0.2699.1361 Mobile Safari/537.36"
180.94.218.38 - - [04/Jul/2026:12:31:21 +0000] "GET /images/bijwasan-1.jpg HTTP/1.1" 206 34422 "https://www.dwarkaescort.com/bijwasan-escorts.php" "Mozilla/5.0 (Linux; Android 8.0; Pixel 2 Build/OPD3.170816.012) AppleWebKit/537.36 (KHTML, like Gecko) Chrome/41.0.2699.1361 Mobile Safari/537.36"
185.251.46.64 - - [04/Jul/2026:12:31:21 +0000] "GET /images/bijwasan-2.jpg HTTP/1.1" 206 26928 "https://www.dwarkaescort.com/bijwasan-escorts.php" "Mozilla/5.0 (Linux; Android 8.0; Pixel 2 Build/OPD3.170816.012) AppleWebKit/537.36 (KHTML, like Gecko) Chrome/41.0.2699.1361 Mobile Safari/537.36"
106.216.167.40 - - [04/Jul/2026:12:31:26 +0000] "GET /images/dwarka-escorts.mp4 HTTP/1.1" 206 22014449 "https://www.dwarkaescort.com/" "Mozilla/5.0 (Linux; Android 10; K) AppleWebKit/537.36 (KHTML, like Gecko) Chrome/143.0.0.0 Mobile Safari/537.36"
47.128.96.15 - - [04/Jul/2026:12:31:27 +0000] "GET /chennai-call-girls.php HTTP/1.1" 200 23427 "-" "Mozilla/5.0 (Linux; Android 5.0) AppleWebKit/537.36 (KHTML, like Gecko) Mobile Safari/537.36 (compatible; TikTokSpider; ttspider-feedback@tiktok.com)"
47.128.96.15 - - [04/Jul/2026:12:31:27 +0000] "GET /images/chennai-1.jpg HTTP/1.1" 206 500 "https://www.dwarkaescort.com/chennai-call-girls.php" "Mozilla/5.0 (Linux; Android 5.0) AppleWebKit/537.36 (KHTML, like Gecko) Mobile Safari/537.36 (compatible; TikTokSpider; ttspider-feedback@tiktok.com)"
47.128.96.15 - - [04/Jul/2026:12:31:28 +0000] "GET /images/chennai-1.jpg HTTP/1.1" 304 - "https://www.dwarkaescort.com/chennai-call-girls.php" "Mozilla/5.0 (Linux; Android 5.0) AppleWebKit/537.36 (KHTML, like Gecko) Mobile Safari/537.36 (compatible; TikTokSpider; ttspider-feedback@tiktok.com)"
47.128.96.15 - - [04/Jul/2026:12:31:28 +0000] "GET /images/chennai-2.jpg HTTP/1.1" 206 500 "https://www.dwarkaescort.com/chennai-call-girls.php" "Mozilla/5.0 (Linux; Android 5.0) AppleWebKit/537.36 (KHTML, like Gecko) Mobile Safari/537.36 (compatible; TikTokSpider; ttspider-feedback@tiktok.com)"
47.128.96.15 - - [04/Jul/2026:12:31:28 +0000] "GET /images/chennai-2.jpg HTTP/1.1" 304 - "https://www.dwarkaescort.com/chennai-call-girls.php" "Mozilla/5.0 (Linux; Android 5.0) AppleWebKit/537.36 (KHTML, like Gecko) Mobile Safari/537.36 (compatible; TikTokSpider; ttspider-feedback@tiktok.com)"
47.128.96.15 - - [04/Jul/2026:12:31:28 +0000] "GET /images/chennai-1.jpg HTTP/1.1" 206 64969 "https://www.dwarkaescort.com/chennai-call-girls.php" "Mozilla/5.0 (Linux; Android 5.0) AppleWebKit/537.36 (KHTML, like Gecko) Mobile Safari/537.36 (compatible; TikTokSpider; ttspider-feedback@tiktok.com)"
47.128.96.15 - - [04/Jul/2026:12:31:28 +0000] "GET /images/chennai-2.jpg HTTP/1.1" 206 67793 "https://www.dwarkaescort.com/chennai-call-girls.php" "Mozilla/5.0 (Linux; Android 5.0) AppleWebKit/537.36 (KHTML, like Gecko) Mobile Safari/537.36 (compatible; TikTokSpider; ttspider-feedback@tiktok.com)"
40.77.167.7 - - [04/Jul/2026:12:31:29 +0000] "GET /rohini-escorts.php HTTP/1.1" 200 24166 "-" "Mozilla/5.0 AppleWebKit/537.36 (KHTML, like Gecko; compatible; bingbot/2.0; +http://www.bing.com/bingbot.htm) Chrome/116.0.1938.76 Safari/537.36"
41.249.130.176 - - [04/Jul/2026:12:31:42 +0000] "GET /ratesforcallgirlsindwarka.php HTTP/1.1" 200 25316 "-" "Mozilla/5.0 (Linux; Android 8.0; Pixel 2 Build/OPD3.170816.012) AppleWebKit/537.36 (KHTML, like Gecko) Chrome/44.0.4676.1381 Mobile Safari/537.36"
151.241.102.91 - - [04/Jul/2026:12:31:45 +0000] "GET /cdn.jsdelivr.net/npm/bootstrap%405.0.2/dist/js/bootstrap.bundle.min.js HTTP/1.1" 404 - "https://www.dwarkaescort.com/ratesforcallgirlsindwarka.php" "Mozilla/5.0 (Linux; Android 8.0; Pixel 2 Build/OPD3.170816.012) AppleWebKit/537.36 (KHTML, like Gecko) Chrome/44.0.4676.1381 Mobile Safari/537.36"
178.95.110.85 - - [04/Jul/2026:12:31:45 +0000] "GET /images/pics-72.jpg HTTP/1.1" 206 500 "https://www.dwarkaescort.com/ratesforcallgirlsindwarka.php" "Mozilla/5.0 (Linux; Android 8.0; Pixel 2 Build/OPD3.170816.012) AppleWebKit/537.36 (KHTML, like Gecko) Chrome/44.0.4676.1381 Mobile Safari/537.36"
178.95.110.85 - - [04/Jul/2026:12:31:45 +0000] "GET /images/pics-72.jpg HTTP/1.1" 304 - "https://www.dwarkaescort.com/ratesforcallgirlsindwarka.php" "Mozilla/5.0 (Linux; Android 8.0; Pixel 2 Build/OPD3.170816.012) AppleWebKit/537.36 (KHTML, like Gecko) Chrome/44.0.4676.1381 Mobile Safari/537.36"
178.95.110.85 - - [04/Jul/2026:12:31:46 +0000] "GET /images/pics-72.jpg HTTP/1.1" 206 31007 "https://www.dwarkaescort.com/ratesforcallgirlsindwarka.php" "Mozilla/5.0 (Linux; Android 8.0; Pixel 2 Build/OPD3.170816.012) AppleWebKit/537.36 (KHTML, like Gecko) Chrome/44.0.4676.1381 Mobile Safari/537.36"
47.128.96.191 - - [04/Jul/2026:12:31:52 +0000] "GET /bijwasan-escorts.php HTTP/1.1" 200 24835 "-" "Mozilla/5.0 (Linux; Android 5.0) AppleWebKit/537.36 (KHTML, like Gecko) Mobile Safari/537.36 (compatible; TikTokSpider; ttspider-feedback@tiktok.com)"
47.128.96.191 - - [04/Jul/2026:12:31:52 +0000] "GET /images/bijwasan-2.jpg HTTP/1.1" 206 500 "https://www.dwarkaescort.com/bijwasan-escorts.php" "Mozilla/5.0 (Linux; Android 5.0) AppleWebKit/537.36 (KHTML, like Gecko) Mobile Safari/537.36 (compatible; TikTokSpider; ttspider-feedback@tiktok.com)"
47.128.96.191 - - [04/Jul/2026:12:31:52 +0000] "GET /images/bijwasan-1.jpg HTTP/1.1" 206 500 "https://www.dwarkaescort.com/bijwasan-escorts.php" "Mozilla/5.0 (Linux; Android 5.0) AppleWebKit/537.36 (KHTML, like Gecko) Mobile Safari/537.36 (compatible; TikTokSpider; ttspider-feedback@tiktok.com)"
47.128.96.191 - - [04/Jul/2026:12:31:53 +0000] "GET /images/bijwasan-2.jpg HTTP/1.1" 304 - "https://www.dwarkaescort.com/bijwasan-escorts.php" "Mozilla/5.0 (Linux; Android 5.0) AppleWebKit/537.36 (KHTML, like Gecko) Mobile Safari/537.36 (compatible; TikTokSpider; ttspider-feedback@tiktok.com)"
47.128.96.191 - - [04/Jul/2026:12:31:53 +0000] "GET /images/bijwasan-1.jpg HTTP/1.1" 304 - "https://www.dwarkaescort.com/bijwasan-escorts.php" "Mozilla/5.0 (Linux; Android 5.0) AppleWebKit/537.36 (KHTML, like Gecko) Mobile Safari/537.36 (compatible; TikTokSpider; ttspider-feedback@tiktok.com)"
47.128.96.191 - - [04/Jul/2026:12:31:53 +0000] "GET /images/bijwasan-2.jpg HTTP/1.1" 206 26928 "https://www.dwarkaescort.com/bijwasan-escorts.php" "Mozilla/5.0 (Linux; Android 5.0) AppleWebKit/537.36 (KHTML, like Gecko) Mobile Safari/537.36 (compatible; TikTokSpider; ttspider-feedback@tiktok.com)"
47.128.96.191 - - [04/Jul/2026:12:31:53 +0000] "GET /images/bijwasan-1.jpg HTTP/1.1" 206 34422 "https://www.dwarkaescort.com/bijwasan-escorts.php" "Mozilla/5.0 (Linux; Android 5.0) AppleWebKit/537.36 (KHTML, like Gecko) Mobile Safari/537.36 (compatible; TikTokSpider; ttspider-feedback@tiktok.com)"
51.37.249.68 - - [04/Jul/2026:12:32:06 +0000] "GET /about-call-girls-in-Dwarka.php HTTP/1.1" 404 16 "-" "Mozilla/5.0 (Linux; Android 8.0; Pixel 2 Build/OPD3.170816.012) AppleWebKit/537.36 (KHTML, like Gecko) Chrome/47.0.5488.1673 Mobile Safari/537.36"
47.128.96.172 - - [04/Jul/2026:12:32:16 +0000] "GET /ratesforcallgirlsindwarka.php HTTP/1.1" 200 25316 "-" "Mozilla/5.0 (Linux; Android 5.0) AppleWebKit/537.36 (KHTML, like Gecko) Mobile Safari/537.36 (compatible; TikTokSpider; ttspider-feedback@tiktok.com)"
47.128.96.172 - - [04/Jul/2026:12:32:17 +0000] "GET /images/pics-72.jpg HTTP/1.1" 206 500 "https://www.dwarkaescort.com/ratesforcallgirlsindwarka.php" "Mozilla/5.0 (Linux; Android 5.0) AppleWebKit/537.36 (KHTML, like Gecko) Mobile Safari/537.36 (compatible; TikTokSpider; ttspider-feedback@tiktok.com)"
47.128.96.172 - - [04/Jul/2026:12:32:17 +0000] "GET /images/pics-72.jpg HTTP/1.1" 304 - "https://www.dwarkaescort.com/ratesforcallgirlsindwarka.php" "Mozilla/5.0 (Linux; Android 5.0) AppleWebKit/537.36 (KHTML, like Gecko) Mobile Safari/537.36 (compatible; TikTokSpider; ttspider-feedback@tiktok.com)"
47.128.96.172 - - [04/Jul/2026:12:32:17 +0000] "GET /images/pics-72.jpg HTTP/1.1" 206 31007 "https://www.dwarkaescort.com/ratesforcallgirlsindwarka.php" "Mozilla/5.0 (Linux; Android 5.0) AppleWebKit/537.36 (KHTML, like Gecko) Mobile Safari/537.36 (compatible; TikTokSpider; ttspider-feedback@tiktok.com)"
154.27.136.103 - - [04/Jul/2026:12:32:37 +0000] "GET /munirka-escorts.php HTTP/1.1" 200 24797 "-" "Mozilla/5.0 (iPhone; CPU iPhone OS 11_0 like Mac OS X) AppleWebKit/537.36 (KHTML, like Gecko) Chrome/54.0.4502.1764 Mobile Safari/537.36"
151.245.237.230 - - [04/Jul/2026:12:32:39 +0000] "GET /cdn.jsdelivr.net/npm/bootstrap%405.0.2/dist/js/bootstrap.bundle.min.js HTTP/1.1" 404 - "https://www.dwarkaescort.com/munirka-escorts.php" "Mozilla/5.0 (iPhone; CPU iPhone OS 11_0 like Mac OS X) AppleWebKit/537.36 (KHTML, like Gecko) Chrome/54.0.4502.1764 Mobile Safari/537.36"
94.157.210.208 - - [04/Jul/2026:12:32:58 +0000] "GET /gurgaon-call-girls.php HTTP/1.1" 200 23239 "-" "Mozilla/5.0 (iPhone; CPU iPhone OS 11_0 like Mac OS X) AppleWebKit/537.36 (KHTML, like Gecko) Chrome/58.0.8614.1245 Mobile Safari/537.36"
47.128.96.169 - - [04/Jul/2026:12:32:59 +0000] "GET /munirka-escorts.php HTTP/1.1" 200 24797 "-" "Mozilla/5.0 (Linux; Android 5.0) AppleWebKit/537.36 (KHTML, like Gecko) Mobile Safari/537.36 (compatible; TikTokSpider; ttspider-feedback@tiktok.com)"
188.212.140.200 - - [04/Jul/2026:12:33:01 +0000] "GET /cdn.jsdelivr.net/npm/bootstrap%405.0.2/dist/js/bootstrap.bundle.min.js HTTP/1.1" 404 - "https://www.dwarkaescort.com/gurgaon-call-girls.php" "Mozilla/5.0 (iPhone; CPU iPhone OS 11_0 like Mac OS X) AppleWebKit/537.36 (KHTML, like Gecko) Chrome/58.0.8614.1245 Mobile Safari/537.36"
188.212.140.200 - - [04/Jul/2026:12:33:02 +0000] "GET /images/gurgaon-1.jpg HTTP/1.1" 206 500 "https://www.dwarkaescort.com/gurgaon-call-girls.php" "Mozilla/5.0 (iPhone; CPU iPhone OS 11_0 like Mac OS X) AppleWebKit/537.36 (KHTML, like Gecko) Chrome/58.0.8614.1245 Mobile Safari/537.36"
188.212.140.200 - - [04/Jul/2026:12:33:02 +0000] "GET /images/gurgaon-1.jpg HTTP/1.1" 304 - "https://www.dwarkaescort.com/gurgaon-call-girls.php" "Mozilla/5.0 (iPhone; CPU iPhone OS 11_0 like Mac OS X) AppleWebKit/537.36 (KHTML, like Gecko) Chrome/58.0.8614.1245 Mobile Safari/537.36"
188.212.140.200 - - [04/Jul/2026:12:33:02 +0000] "GET /images/gurgaon-1.jpg HTTP/1.1" 206 26505 "https://www.dwarkaescort.com/gurgaon-call-girls.php" "Mozilla/5.0 (iPhone; CPU iPhone OS 11_0 like Mac OS X) AppleWebKit/537.36 (KHTML, like Gecko) Chrome/58.0.8614.1245 Mobile Safari/537.36"
5.39.1.248 - - [04/Jul/2026:12:33:09 +0000] "GET /sitemap_index.xml HTTP/1.1" 404 - "-" "Mozilla/5.0 (compatible; AhrefsBot/7.0; +http://ahrefs.com/robot/)"
47.128.96.192 - - [04/Jul/2026:12:33:23 +0000] "GET /gurgaon-call-girls.php HTTP/1.1" 200 23239 "-" "Mozilla/5.0 (Linux; Android 5.0) AppleWebKit/537.36 (KHTML, like Gecko) Mobile Safari/537.36 (compatible; TikTokSpider; ttspider-feedback@tiktok.com)"
47.128.96.192 - - [04/Jul/2026:12:33:23 +0000] "GET /images/gurgaon-1.jpg HTTP/1.1" 206 500 "https://www.dwarkaescort.com/gurgaon-call-girls.php" "Mozilla/5.0 (Linux; Android 5.0) AppleWebKit/537.36 (KHTML, like Gecko) Mobile Safari/537.36 (compatible; TikTokSpider; ttspider-feedback@tiktok.com)"
47.128.96.192 - - [04/Jul/2026:12:33:24 +0000] "GET /images/gurgaon-1.jpg HTTP/1.1" 304 - "https://www.dwarkaescort.com/gurgaon-call-girls.php" "Mozilla/5.0 (Linux; Android 5.0) AppleWebKit/537.36 (KHTML, like Gecko) Mobile Safari/537.36 (compatible; TikTokSpider; ttspider-feedback@tiktok.com)"
47.128.96.192 - - [04/Jul/2026:12:33:24 +0000] "GET /images/gurgaon-1.jpg HTTP/1.1" 206 26505 "https://www.dwarkaescort.com/gurgaon-call-girls.php" "Mozilla/5.0 (Linux; Android 5.0) AppleWebKit/537.36 (KHTML, like Gecko) Mobile Safari/537.36 (compatible; TikTokSpider; ttspider-feedback@tiktok.com)"
38.94.177.7 - - [04/Jul/2026:12:33:24 +0000] "GET / HTTP/1.1" 200 46796 "https://www.google.com/" "Mozilla/5.0 (Linux; Android 13; SM-G770F) AppleWebKit/537.36 (KHTML, like Gecko) Chrome/124.0.6367.179 Mobile Safari/537.36 OPR/82.6.4342.80044"
38.94.177.7 - - [04/Jul/2026:12:33:31 +0000] "GET /model-town-escorts.php HTTP/1.1" 200 26509 "https://www.dwarkaescort.com/" "Mozilla/5.0 (Linux; Android 13; SM-G770F) AppleWebKit/537.36 (KHTML, like Gecko) Chrome/124.0.6367.179 Mobile Safari/537.36 OPR/82.6.4342.80044"
103.75.221.152 - - [04/Jul/2026:12:33:34 +0000] "GET /cdn.jsdelivr.net/npm/bootstrap%405.0.2/dist/js/bootstrap.bundle.min.js HTTP/1.1" 404 - "https://www.dwarkaescort.com/model-town-escorts.php" "Mozilla/5.0 (Linux; Android 8.0; Pixel 2 Build/OPD3.170816.012) AppleWebKit/537.36 (KHTML, like Gecko) Chrome/60.0.8129.1949 Mobile Safari/537.36"
103.75.221.152 - - [04/Jul/2026:12:33:34 +0000] "GET /images/model-town-3.jpg HTTP/1.1" 206 500 "https://www.dwarkaescort.com/model-town-escorts.php" "Mozilla/5.0 (Linux; Android 8.0; Pixel 2 Build/OPD3.170816.012) AppleWebKit/537.36 (KHTML, like Gecko) Chrome/60.0.8129.1949 Mobile Safari/537.36"
103.75.221.152 - - [04/Jul/2026:12:33:34 +0000] "GET /images/model-town-1.jpg HTTP/1.1" 206 500 "https://www.dwarkaescort.com/model-town-escorts.php" "Mozilla/5.0 (Linux; Android 8.0; Pixel 2 Build/OPD3.170816.012) AppleWebKit/537.36 (KHTML, like Gecko) Chrome/60.0.8129.1949 Mobile Safari/537.36"
103.75.221.152 - - [04/Jul/2026:12:33:34 +0000] "GET /images/model-town-1.jpg HTTP/1.1" 304 - "https://www.dwarkaescort.com/model-town-escorts.php" "Mozilla/5.0 (Linux; Android 8.0; Pixel 2 Build/OPD3.170816.012) AppleWebKit/537.36 (KHTML, like Gecko) Chrome/60.0.8129.1949 Mobile Safari/537.36"
142.252.53.185 - - [04/Jul/2026:12:33:35 +0000] "GET /images/model-town-3.jpg HTTP/1.1" 304 - "https://www.dwarkaescort.com/model-town-escorts.php" "Mozilla/5.0 (Linux; Android 8.0; Pixel 2 Build/OPD3.170816.012) AppleWebKit/537.36 (KHTML, like Gecko) Chrome/60.0.8129.1949 Mobile Safari/537.36"
103.75.221.152 - - [04/Jul/2026:12:33:35 +0000] "GET /images/model-town-1.jpg HTTP/1.1" 206 28586 "https://www.dwarkaescort.com/model-town-escorts.php" "Mozilla/5.0 (Linux; Android 8.0; Pixel 2 Build/OPD3.170816.012) AppleWebKit/537.36 (KHTML, like Gecko) Chrome/60.0.8129.1949 Mobile Safari/537.36"
142.252.53.185 - - [04/Jul/2026:12:33:35 +0000] "GET /images/model-town-3.jpg HTTP/1.1" 206 37352 "https://www.dwarkaescort.com/model-town-escorts.php" "Mozilla/5.0 (Linux; Android 8.0; Pixel 2 Build/OPD3.170816.012) AppleWebKit/537.36 (KHTML, like Gecko) Chrome/60.0.8129.1949 Mobile Safari/537.36"
157.51.227.232 - - [04/Jul/2026:12:33:37 +0000] "GET / HTTP/1.1" 200 46796 "https://www.modelescortsindelhi.com/" "Mozilla/5.0 (Linux; Android 10; K) AppleWebKit/537.36 (KHTML, like Gecko) Chrome/149.0.0.0 Mobile Safari/537.36"
157.51.227.232 - - [04/Jul/2026:12:33:37 +0000] "GET /css/fontawesome.css HTTP/1.1" 200 1757 "https://www.dwarkaescort.com/" "Mozilla/5.0 (Linux; Android 10; K) AppleWebKit/537.36 (KHTML, like Gecko) Chrome/149.0.0.0 Mobile Safari/537.36"
157.51.227.232 - - [04/Jul/2026:12:33:37 +0000] "GET /css/style.css HTTP/1.1" 200 10757 "https://www.dwarkaescort.com/" "Mozilla/5.0 (Linux; Android 10; K) AppleWebKit/537.36 (KHTML, like Gecko) Chrome/149.0.0.0 Mobile Safari/537.36"
157.51.227.232 - - [04/Jul/2026:12:33:37 +0000] "GET /js/lazysizes.min.js HTTP/1.1" 200 7889 "https://www.dwarkaescort.com/" "Mozilla/5.0 (Linux; Android 10; K) AppleWebKit/537.36 (KHTML, like Gecko) Chrome/149.0.0.0 Mobile Safari/537.36"
157.51.227.232 - - [04/Jul/2026:12:33:38 +0000] "GET /images/dwakra-escorts.jpg HTTP/1.1" 200 31912 "https://www.dwarkaescort.com/" "Mozilla/5.0 (Linux; Android 10; K) AppleWebKit/537.36 (KHTML, like Gecko) Chrome/149.0.0.0 Mobile Safari/537.36"
157.51.227.232 - - [04/Jul/2026:12:33:38 +0000] "GET /images/right.webp HTTP/1.1" 200 196 "https://www.dwarkaescort.com/css/style.css" "Mozilla/5.0 (Linux; Android 10; K) AppleWebKit/537.36 (KHTML, like Gecko) Chrome/149.0.0.0 Mobile Safari/537.36"
157.51.227.232 - - [04/Jul/2026:12:33:39 +0000] "GET /images/favicon.webp HTTP/1.1" 200 2350 "https://www.dwarkaescort.com/" "Mozilla/5.0 (Linux; Android 10; K) AppleWebKit/537.36 (KHTML, like Gecko) Chrome/149.0.0.0 Mobile Safari/537.36"
157.51.227.232 - - [04/Jul/2026:12:33:37 +0000] "GET /images/dwarka-escorts.mp4 HTTP/1.1" 206 22014449 "https://www.dwarkaescort.com/" "Mozilla/5.0 (Linux; Android 10; K) AppleWebKit/537.36 (KHTML, like Gecko) Chrome/149.0.0.0 Mobile Safari/537.36"
98.5.125.67 - - [04/Jul/2026:12:33:45 +0000] "GET /saket-escorts.php HTTP/1.1" 200 20894 "https://www.yandex.com/" "Mozilla/5.0 (Linux; Android 11; SM-S901B) AppleWebKit/537.36 (KHTML, like Gecko) Chrome/112.0.0.0 Mobile Safari/537.36"
202.81.223.218 - - [04/Jul/2026:12:33:48 +0000] "GET /cdn.jsdelivr.net/npm/bootstrap%405.0.2/dist/js/bootstrap.bundle.min.js HTTP/1.1" 404 - "https://www.dwarkaescort.com/saket-escorts.php" "Mozilla/5.0 (Linux; Android 5.0; SM-G900P Build/LRX21T) AppleWebKit/537.36 (KHTML, like Gecko) Chrome/54.0.2539.1686 Mobile Safari/537.36"
202.81.223.218 - - [04/Jul/2026:12:33:48 +0000] "GET /images/saket-2.jpg HTTP/1.1" 206 500 "https://www.dwarkaescort.com/saket-escorts.php" "Mozilla/5.0 (Linux; Android 5.0; SM-G900P Build/LRX21T) AppleWebKit/537.36 (KHTML, like Gecko) Chrome/54.0.2539.1686 Mobile Safari/537.36"
202.81.223.218 - - [04/Jul/2026:12:33:48 +0000] "GET /images/saket-2.jpg HTTP/1.1" 304 - "https://www.dwarkaescort.com/saket-escorts.php" "Mozilla/5.0 (Linux; Android 5.0; SM-G900P Build/LRX21T) AppleWebKit/537.36 (KHTML, like Gecko) Chrome/54.0.2539.1686 Mobile Safari/537.36"
202.81.223.218 - - [04/Jul/2026:12:33:49 +0000] "GET /images/saket-2.jpg HTTP/1.1" 206 24653 "https://www.dwarkaescort.com/saket-escorts.php" "Mozilla/5.0 (Linux; Android 5.0; SM-G900P Build/LRX21T) AppleWebKit/537.36 (KHTML, like Gecko) Chrome/54.0.2539.1686 Mobile Safari/537.36"
47.128.96.205 - - [04/Jul/2026:12:33:56 +0000] "GET /model-town-escorts.php HTTP/1.1" 200 26509 "-" "Mozilla/5.0 (Linux; Android 5.0) AppleWebKit/537.36 (KHTML, like Gecko) Mobile Safari/537.36 (compatible; TikTokSpider; ttspider-feedback@tiktok.com)"
47.128.96.205 - - [04/Jul/2026:12:33:56 +0000] "GET /images/model-town-1.jpg HTTP/1.1" 206 500 "https://www.dwarkaescort.com/model-town-escorts.php" "Mozilla/5.0 (Linux; Android 5.0) AppleWebKit/537.36 (KHTML, like Gecko) Mobile Safari/537.36 (compatible; TikTokSpider; ttspider-feedback@tiktok.com)"
47.128.96.205 - - [04/Jul/2026:12:33:56 +0000] "GET /images/model-town-3.jpg HTTP/1.1" 206 500 "https://www.dwarkaescort.com/model-town-escorts.php" "Mozilla/5.0 (Linux; Android 5.0) AppleWebKit/537.36 (KHTML, like Gecko) Mobile Safari/537.36 (compatible; TikTokSpider; ttspider-feedback@tiktok.com)"
47.128.96.205 - - [04/Jul/2026:12:33:56 +0000] "GET /images/model-town-1.jpg HTTP/1.1" 304 - "https://www.dwarkaescort.com/model-town-escorts.php" "Mozilla/5.0 (Linux; Android 5.0) AppleWebKit/537.36 (KHTML, like Gecko) Mobile Safari/537.36 (compatible; TikTokSpider; ttspider-feedback@tiktok.com)"
47.128.96.205 - - [04/Jul/2026:12:33:57 +0000] "GET /images/model-town-1.jpg HTTP/1.1" 206 28586 "https://www.dwarkaescort.com/model-town-escorts.php" "Mozilla/5.0 (Linux; Android 5.0) AppleWebKit/537.36 (KHTML, like Gecko) Mobile Safari/537.36 (compatible; TikTokSpider; ttspider-feedback@tiktok.com)"
47.128.96.205 - - [04/Jul/2026:12:33:57 +0000] "GET /images/model-town-3.jpg HTTP/1.1" 304 - "https://www.dwarkaescort.com/model-town-escorts.php" "Mozilla/5.0 (Linux; Android 5.0) AppleWebKit/537.36 (KHTML, like Gecko) Mobile Safari/537.36 (compatible; TikTokSpider; ttspider-feedback@tiktok.com)"
47.128.96.205 - - [04/Jul/2026:12:33:57 +0000] "GET /images/model-town-3.jpg HTTP/1.1" 206 37352 "https://www.dwarkaescort.com/model-town-escorts.php" "Mozilla/5.0 (Linux; Android 5.0) AppleWebKit/537.36 (KHTML, like Gecko) Mobile Safari/537.36 (compatible; TikTokSpider; ttspider-feedback@tiktok.com)"
172.56.17.98 - - [04/Jul/2026:12:34:11 +0000] "GET /uttam-nagar-escorts.php HTTP/1.1" 200 23141 "https://www.dwarkaescort.com/" "Mozilla/5.0 (Linux; Android 9; SM-S901B) AppleWebKit/537.36 (KHTML, like Gecko) Chrome/112.0.0.0 Mobile Safari/537.36"
185.172.23.82 - - [04/Jul/2026:12:34:13 +0000] "GET /cdn.jsdelivr.net/npm/bootstrap%405.0.2/dist/js/bootstrap.bundle.min.js HTTP/1.1" 404 - "https://www.dwarkaescort.com/uttam-nagar-escorts.php" "Mozilla/5.0 (Linux; Android 8.0; Pixel 2 Build/OPD3.170816.012) AppleWebKit/537.36 (KHTML, like Gecko) Chrome/48.0.2803.1409 Mobile Safari/537.36"
192.204.131.97 - - [04/Jul/2026:12:34:13 +0000] "GET /images/uttam-nagar-1.jpg HTTP/1.1" 206 500 "https://www.dwarkaescort.com/uttam-nagar-escorts.php" "Mozilla/5.0 (Linux; Android 8.0; Pixel 2 Build/OPD3.170816.012) AppleWebKit/537.36 (KHTML, like Gecko) Chrome/48.0.2803.1409 Mobile Safari/537.36"
192.204.129.9 - - [04/Jul/2026:12:34:14 +0000] "GET /images/uttam-nagar-2.jpg HTTP/1.1" 206 500 "https://www.dwarkaescort.com/uttam-nagar-escorts.php" "Mozilla/5.0 (Linux; Android 8.0; Pixel 2 Build/OPD3.170816.012) AppleWebKit/537.36 (KHTML, like Gecko) Chrome/48.0.2803.1409 Mobile Safari/537.36"
192.204.131.97 - - [04/Jul/2026:12:34:14 +0000] "GET /images/uttam-nagar-1.jpg HTTP/1.1" 304 - "https://www.dwarkaescort.com/uttam-nagar-escorts.php" "Mozilla/5.0 (Linux; Android 8.0; Pixel 2 Build/OPD3.170816.012) AppleWebKit/537.36 (KHTML, like Gecko) Chrome/48.0.2803.1409 Mobile Safari/537.36"
192.204.129.9 - - [04/Jul/2026:12:34:14 +0000] "GET /images/uttam-nagar-2.jpg HTTP/1.1" 304 - "https://www.dwarkaescort.com/uttam-nagar-escorts.php" "Mozilla/5.0 (Linux; Android 8.0; Pixel 2 Build/OPD3.170816.012) AppleWebKit/537.36 (KHTML, like Gecko) Chrome/48.0.2803.1409 Mobile Safari/537.36"
192.204.131.97 - - [04/Jul/2026:12:34:14 +0000] "GET /images/uttam-nagar-1.jpg HTTP/1.1" 206 37991 "https://www.dwarkaescort.com/uttam-nagar-escorts.php" "Mozilla/5.0 (Linux; Android 8.0; Pixel 2 Build/OPD3.170816.012) AppleWebKit/537.36 (KHTML, like Gecko) Chrome/48.0.2803.1409 Mobile Safari/537.36"
192.204.129.9 - - [04/Jul/2026:12:34:15 +0000] "GET /images/uttam-nagar-2.jpg HTTP/1.1" 206 32212 "https://www.dwarkaescort.com/uttam-nagar-escorts.php" "Mozilla/5.0 (Linux; Android 8.0; Pixel 2 Build/OPD3.170816.012) AppleWebKit/537.36 (KHTML, like Gecko) Chrome/48.0.2803.1409 Mobile Safari/537.36"
47.128.96.187 - - [04/Jul/2026:12:34:20 +0000] "GET /saket-escorts.php HTTP/1.1" 200 20894 "-" "Mozilla/5.0 (Linux; Android 5.0) AppleWebKit/537.36 (KHTML, like Gecko) Mobile Safari/537.36 (compatible; TikTokSpider; ttspider-feedback@tiktok.com)"
47.128.96.187 - - [04/Jul/2026:12:34:21 +0000] "GET /images/saket-2.jpg HTTP/1.1" 206 500 "https://www.dwarkaescort.com/saket-escorts.php" "Mozilla/5.0 (Linux; Android 5.0) AppleWebKit/537.36 (KHTML, like Gecko) Mobile Safari/537.36 (compatible; TikTokSpider; ttspider-feedback@tiktok.com)"
47.128.96.187 - - [04/Jul/2026:12:34:21 +0000] "GET /images/saket-2.jpg HTTP/1.1" 304 - "https://www.dwarkaescort.com/saket-escorts.php" "Mozilla/5.0 (Linux; Android 5.0) AppleWebKit/537.36 (KHTML, like Gecko) Mobile Safari/537.36 (compatible; TikTokSpider; ttspider-feedback@tiktok.com)"
47.128.96.187 - - [04/Jul/2026:12:34:21 +0000] "GET /images/saket-2.jpg HTTP/1.1" 206 24653 "https://www.dwarkaescort.com/saket-escorts.php" "Mozilla/5.0 (Linux; Android 5.0) AppleWebKit/537.36 (KHTML, like Gecko) Mobile Safari/537.36 (compatible; TikTokSpider; ttspider-feedback@tiktok.com)"
172.56.17.98 - - [04/Jul/2026:12:34:35 +0000] "GET /safdarjung-escorts.php HTTP/1.1" 200 22722 "https://www.dwarkaescort.com/" "Mozilla/5.0 (Linux; Android 9; SM-S901B) AppleWebKit/537.36 (KHTML, like Gecko) Chrome/112.0.0.0 Mobile Safari/537.36"
195.128.188.121 - - [04/Jul/2026:12:34:37 +0000] "GET /cdn.jsdelivr.net/npm/bootstrap%405.0.2/dist/js/bootstrap.bundle.min.js HTTP/1.1" 404 - "https://www.dwarkaescort.com/safdarjung-escorts.php" "Mozilla/5.0 (Linux; Android 6.0; Nexus 5 Build/MRA58N) AppleWebKit/537.36 (KHTML, like Gecko) Chrome/57.0.6137.1133 Mobile Safari/537.36"
195.128.188.121 - - [04/Jul/2026:12:34:37 +0000] "GET /images/safdarjung-2.jpg HTTP/1.1" 206 500 "https://www.dwarkaescort.com/safdarjung-escorts.php" "Mozilla/5.0 (Linux; Android 6.0; Nexus 5 Build/MRA58N) AppleWebKit/537.36 (KHTML, like Gecko) Chrome/57.0.6137.1133 Mobile Safari/537.36"
195.128.188.121 - - [04/Jul/2026:12:34:37 +0000] "GET /images/safdarjung-1.jpg HTTP/1.1" 206 500 "https://www.dwarkaescort.com/safdarjung-escorts.php" "Mozilla/5.0 (Linux; Android 6.0; Nexus 5 Build/MRA58N) AppleWebKit/537.36 (KHTML, like Gecko) Chrome/57.0.6137.1133 Mobile Safari/537.36"
195.128.188.121 - - [04/Jul/2026:12:34:37 +0000] "GET /images/safdarjung-2.jpg HTTP/1.1" 304 - "https://www.dwarkaescort.com/safdarjung-escorts.php" "Mozilla/5.0 (Linux; Android 6.0; Nexus 5 Build/MRA58N) AppleWebKit/537.36 (KHTML, like Gecko) Chrome/57.0.6137.1133 Mobile Safari/537.36"
93.180.224.187 - - [04/Jul/2026:12:34:38 +0000] "GET /images/safdarjung-1.jpg HTTP/1.1" 304 - "https://www.dwarkaescort.com/safdarjung-escorts.php" "Mozilla/5.0 (Linux; Android 6.0; Nexus 5 Build/MRA58N) AppleWebKit/537.36 (KHTML, like Gecko) Chrome/57.0.6137.1133 Mobile Safari/537.36"
195.128.188.121 - - [04/Jul/2026:12:34:38 +0000] "GET /images/safdarjung-2.jpg HTTP/1.1" 206 33145 "https://www.dwarkaescort.com/safdarjung-escorts.php" "Mozilla/5.0 (Linux; Android 6.0; Nexus 5 Build/MRA58N) AppleWebKit/537.36 (KHTML, like Gecko) Chrome/57.0.6137.1133 Mobile Safari/537.36"
93.180.224.187 - - [04/Jul/2026:12:34:38 +0000] "GET /images/safdarjung-1.jpg HTTP/1.1" 206 27074 "https://www.dwarkaescort.com/safdarjung-escorts.php" "Mozilla/5.0 (Linux; Android 6.0; Nexus 5 Build/MRA58N) AppleWebKit/537.36 (KHTML, like Gecko) Chrome/57.0.6137.1133 Mobile Safari/537.36"
47.128.96.165 - - [04/Jul/2026:12:34:45 +0000] "GET /uttam-nagar-escorts.php HTTP/1.1" 200 23141 "-" "Mozilla/5.0 (Linux; Android 5.0) AppleWebKit/537.36 (KHTML, like Gecko) Mobile Safari/537.36 (compatible; TikTokSpider; ttspider-feedback@tiktok.com)"
47.128.96.165 - - [04/Jul/2026:12:34:45 +0000] "GET /images/uttam-nagar-1.jpg HTTP/1.1" 206 500 "https://www.dwarkaescort.com/uttam-nagar-escorts.php" "Mozilla/5.0 (Linux; Android 5.0) AppleWebKit/537.36 (KHTML, like Gecko) Mobile Safari/537.36 (compatible; TikTokSpider; ttspider-feedback@tiktok.com)"
47.128.96.165 - - [04/Jul/2026:12:34:46 +0000] "GET /images/uttam-nagar-2.jpg HTTP/1.1" 206 500 "https://www.dwarkaescort.com/uttam-nagar-escorts.php" "Mozilla/5.0 (Linux; Android 5.0) AppleWebKit/537.36 (KHTML, like Gecko) Mobile Safari/537.36 (compatible; TikTokSpider; ttspider-feedback@tiktok.com)"
47.128.96.165 - - [04/Jul/2026:12:34:46 +0000] "GET /images/uttam-nagar-2.jpg HTTP/1.1" 304 - "https://www.dwarkaescort.com/uttam-nagar-escorts.php" "Mozilla/5.0 (Linux; Android 5.0) AppleWebKit/537.36 (KHTML, like Gecko) Mobile Safari/537.36 (compatible; TikTokSpider; ttspider-feedback@tiktok.com)"
47.128.96.165 - - [04/Jul/2026:12:34:46 +0000] "GET /images/uttam-nagar-1.jpg HTTP/1.1" 304 - "https://www.dwarkaescort.com/uttam-nagar-escorts.php" "Mozilla/5.0 (Linux; Android 5.0) AppleWebKit/537.36 (KHTML, like Gecko) Mobile Safari/537.36 (compatible; TikTokSpider; ttspider-feedback@tiktok.com)"
47.128.96.165 - - [04/Jul/2026:12:34:46 +0000] "GET /images/uttam-nagar-2.jpg HTTP/1.1" 206 32212 "https://www.dwarkaescort.com/uttam-nagar-escorts.php" "Mozilla/5.0 (Linux; Android 5.0) AppleWebKit/537.36 (KHTML, like Gecko) Mobile Safari/537.36 (compatible; TikTokSpider; ttspider-feedback@tiktok.com)"
47.128.96.165 - - [04/Jul/2026:12:34:46 +0000] "GET /images/uttam-nagar-1.jpg HTTP/1.1" 206 37991 "https://www.dwarkaescort.com/uttam-nagar-escorts.php" "Mozilla/5.0 (Linux; Android 5.0) AppleWebKit/537.36 (KHTML, like Gecko) Mobile Safari/537.36 (compatible; TikTokSpider; ttspider-feedback@tiktok.com)"
172.56.17.98 - - [04/Jul/2026:12:34:59 +0000] "GET /punjabi-bagh-escorts.php HTTP/1.1" 200 24515 "https://www.dwarkaescort.com/" "Mozilla/5.0 (Linux; Android 9; SM-S901B) AppleWebKit/537.36 (KHTML, like Gecko) Chrome/112.0.0.0 Mobile Safari/537.36"
161.248.231.247 - - [04/Jul/2026:12:35:02 +0000] "GET / HTTP/1.1" 200 46796 "-" "Mozilla/5.0 (Windows NT 10.0; Win64; x64; rv:152.0) Gecko/20100101 Firefox/152.0"
151.244.70.252 - - [04/Jul/2026:12:35:02 +0000] "GET /cdn.jsdelivr.net/npm/bootstrap%405.0.2/dist/js/bootstrap.bundle.min.js HTTP/1.1" 404 - "https://www.dwarkaescort.com/punjabi-bagh-escorts.php" "Mozilla/5.0 (Linux; Android 5.0; SM-G900P Build/LRX21T) AppleWebKit/537.36 (KHTML, like Gecko) Chrome/52.0.8084.1810 Mobile Safari/537.36"
23.236.55.230 - - [04/Jul/2026:12:35:08 +0000] "HEAD /rates HTTP/1.1" 404 - "-" "Mozilla/5.0 AppleWebKit/537.36 (KHTML, like Gecko); compatible; ShapBot/0.1.0"
47.128.96.137 - - [04/Jul/2026:12:35:09 +0000] "GET /safdarjung-escorts.php HTTP/1.1" 200 22722 "-" "Mozilla/5.0 (Linux; Android 5.0) AppleWebKit/537.36 (KHTML, like Gecko) Mobile Safari/537.36 (compatible; TikTokSpider; ttspider-feedback@tiktok.com)"
47.128.96.137 - - [04/Jul/2026:12:35:09 +0000] "GET /images/safdarjung-1.jpg HTTP/1.1" 206 500 "https://www.dwarkaescort.com/safdarjung-escorts.php" "Mozilla/5.0 (Linux; Android 5.0) AppleWebKit/537.36 (KHTML, like Gecko) Mobile Safari/537.36 (compatible; TikTokSpider; ttspider-feedback@tiktok.com)"
47.128.96.137 - - [04/Jul/2026:12:35:10 +0000] "GET /images/safdarjung-2.jpg HTTP/1.1" 206 500 "https://www.dwarkaescort.com/safdarjung-escorts.php" "Mozilla/5.0 (Linux; Android 5.0) AppleWebKit/537.36 (KHTML, like Gecko) Mobile Safari/537.36 (compatible; TikTokSpider; ttspider-feedback@tiktok.com)"
47.128.96.137 - - [04/Jul/2026:12:35:10 +0000] "GET /images/safdarjung-1.jpg HTTP/1.1" 304 - "https://www.dwarkaescort.com/safdarjung-escorts.php" "Mozilla/5.0 (Linux; Android 5.0) AppleWebKit/537.36 (KHTML, like Gecko) Mobile Safari/537.36 (compatible; TikTokSpider; ttspider-feedback@tiktok.com)"
47.128.96.137 - - [04/Jul/2026:12:35:10 +0000] "GET /images/safdarjung-2.jpg HTTP/1.1" 304 - "https://www.dwarkaescort.com/safdarjung-escorts.php" "Mozilla/5.0 (Linux; Android 5.0) AppleWebKit/537.36 (KHTML, like Gecko) Mobile Safari/537.36 (compatible; TikTokSpider; ttspider-feedback@tiktok.com)"
47.128.96.137 - - [04/Jul/2026:12:35:10 +0000] "GET /images/safdarjung-1.jpg HTTP/1.1" 206 27074 "https://www.dwarkaescort.com/safdarjung-escorts.php" "Mozilla/5.0 (Linux; Android 5.0) AppleWebKit/537.36 (KHTML, like Gecko) Mobile Safari/537.36 (compatible; TikTokSpider; ttspider-feedback@tiktok.com)"
47.128.96.137 - - [04/Jul/2026:12:35:10 +0000] "GET /images/safdarjung-2.jpg HTTP/1.1" 206 33145 "https://www.dwarkaescort.com/safdarjung-escorts.php" "Mozilla/5.0 (Linux; Android 5.0) AppleWebKit/537.36 (KHTML, like Gecko) Mobile Safari/537.36 (compatible; TikTokSpider; ttspider-feedback@tiktok.com)"
88.185.53.74 - - [04/Jul/2026:12:35:21 +0000] "GET /malviya-nagar-escorts.php HTTP/1.1" 200 25190 "-" "Mozilla/5.0 (Linux; Android 5.0; SM-G900P Build/LRX21T) AppleWebKit/537.36 (KHTML, like Gecko) Chrome/42.0.3107.1177 Mobile Safari/537.36"
106.192.128.241 - - [04/Jul/2026:12:35:23 +0000] "GET / HTTP/1.1" 200 46796 "https://www.modelescortsindelhi.com/" "Mozilla/5.0 (Linux; Android 10; K) AppleWebKit/537.36 (KHTML, like Gecko) Chrome/149.0.0.0 Mobile Safari/537.36"
192.144.88.197 - - [04/Jul/2026:12:35:23 +0000] "GET /cdn.jsdelivr.net/npm/bootstrap%405.0.2/dist/js/bootstrap.bundle.min.js HTTP/1.1" 404 - "https://www.dwarkaescort.com/malviya-nagar-escorts.php" "Mozilla/5.0 (Linux; Android 5.0; SM-G900P Build/LRX21T) AppleWebKit/537.36 (KHTML, like Gecko) Chrome/42.0.3107.1177 Mobile Safari/537.36"
192.144.88.197 - - [04/Jul/2026:12:35:24 +0000] "GET /images/malviya-nagar-1.jpg HTTP/1.1" 206 500 "https://www.dwarkaescort.com/malviya-nagar-escorts.php" "Mozilla/5.0 (Linux; Android 5.0; SM-G900P Build/LRX21T) AppleWebKit/537.36 (KHTML, like Gecko) Chrome/42.0.3107.1177 Mobile Safari/537.36"
106.192.128.241 - - [04/Jul/2026:12:35:24 +0000] "GET /css/style.css HTTP/1.1" 200 10757 "https://www.dwarkaescort.com/" "Mozilla/5.0 (Linux; Android 10; K) AppleWebKit/537.36 (KHTML, like Gecko) Chrome/149.0.0.0 Mobile Safari/537.36"
192.144.88.197 - - [04/Jul/2026:12:35:24 +0000] "GET /images/malviya-nagar-2.jpg HTTP/1.1" 206 500 "https://www.dwarkaescort.com/malviya-nagar-escorts.php" "Mozilla/5.0 (Linux; Android 5.0; SM-G900P Build/LRX21T) AppleWebKit/537.36 (KHTML, like Gecko) Chrome/42.0.3107.1177 Mobile Safari/537.36"
106.192.128.241 - - [04/Jul/2026:12:35:24 +0000] "GET /css/fontawesome.css HTTP/1.1" 200 1757 "https://www.dwarkaescort.com/" "Mozilla/5.0 (Linux; Android 10; K) AppleWebKit/537.36 (KHTML, like Gecko) Chrome/149.0.0.0 Mobile Safari/537.36"
106.192.128.241 - - [04/Jul/2026:12:35:24 +0000] "GET /js/lazysizes.min.js HTTP/1.1" 200 7889 "https://www.dwarkaescort.com/" "Mozilla/5.0 (Linux; Android 10; K) AppleWebKit/537.36 (KHTML, like Gecko) Chrome/149.0.0.0 Mobile Safari/537.36"
106.192.128.241 - - [04/Jul/2026:12:35:24 +0000] "GET /images/dwakra-escorts.jpg HTTP/1.1" 200 31912 "https://www.dwarkaescort.com/" "Mozilla/5.0 (Linux; Android 10; K) AppleWebKit/537.36 (KHTML, like Gecko) Chrome/149.0.0.0 Mobile Safari/537.36"
106.192.128.241 - - [04/Jul/2026:12:35:24 +0000] "GET /images/right.webp HTTP/1.1" 200 196 "https://www.dwarkaescort.com/css/style.css" "Mozilla/5.0 (Linux; Android 10; K) AppleWebKit/537.36 (KHTML, like Gecko) Chrome/149.0.0.0 Mobile Safari/537.36"
192.144.88.197 - - [04/Jul/2026:12:35:24 +0000] "GET /images/malviya-nagar-1.jpg HTTP/1.1" 304 - "https://www.dwarkaescort.com/malviya-nagar-escorts.php" "Mozilla/5.0 (Linux; Android 5.0; SM-G900P Build/LRX21T) AppleWebKit/537.36 (KHTML, like Gecko) Chrome/42.0.3107.1177 Mobile Safari/537.36"
104.165.20.165 - - [04/Jul/2026:12:35:24 +0000] "GET /images/malviya-nagar-2.jpg HTTP/1.1" 304 - "https://www.dwarkaescort.com/malviya-nagar-escorts.php" "Mozilla/5.0 (Linux; Android 5.0; SM-G900P Build/LRX21T) AppleWebKit/537.36 (KHTML, like Gecko) Chrome/42.0.3107.1177 Mobile Safari/537.36"
192.144.88.197 - - [04/Jul/2026:12:35:24 +0000] "GET /images/malviya-nagar-1.jpg HTTP/1.1" 206 26056 "https://www.dwarkaescort.com/malviya-nagar-escorts.php" "Mozilla/5.0 (Linux; Android 5.0; SM-G900P Build/LRX21T) AppleWebKit/537.36 (KHTML, like Gecko) Chrome/42.0.3107.1177 Mobile Safari/537.36"
104.165.20.165 - - [04/Jul/2026:12:35:24 +0000] "GET /images/malviya-nagar-2.jpg HTTP/1.1" 206 30434 "https://www.dwarkaescort.com/malviya-nagar-escorts.php" "Mozilla/5.0 (Linux; Android 5.0; SM-G900P Build/LRX21T) AppleWebKit/537.36 (KHTML, like Gecko) Chrome/42.0.3107.1177 Mobile Safari/537.36"
106.192.128.241 - - [04/Jul/2026:12:35:24 +0000] "GET /images/dwarka-escorts.mp4 HTTP/1.1" 206 22014449 "https://www.dwarkaescort.com/" "Mozilla/5.0 (Linux; Android 10; K) AppleWebKit/537.36 (KHTML, like Gecko) Chrome/149.0.0.0 Mobile Safari/537.36"
161.248.231.247 - - [04/Jul/2026:12:35:25 +0000] "GET /callgirlsingreaterkailash1&2.php HTTP/1.1" 404 16 "https://www.dwarkaescortgirls.com/" "Mozilla/5.0 (Windows NT 10.0; Win64; x64; rv:152.0) Gecko/20100101 Firefox/152.0"
161.248.231.247 - - [04/Jul/2026:12:35:26 +0000] "GET /favicon.ico HTTP/1.1" 404 - "https://www.dwarkaescort.com/callgirlsingreaterkailash1&2.php" "Mozilla/5.0 (Windows NT 10.0; Win64; x64; rv:152.0) Gecko/20100101 Firefox/152.0"
157.48.252.82 - - [04/Jul/2026:12:35:30 +0000] "GET / HTTP/1.1" 200 46796 "https://www.modelescortsindelhi.com/" "Mozilla/5.0 (Linux; Android 10; K) AppleWebKit/537.36 (KHTML, like Gecko) Chrome/149.0.0.0 Mobile Safari/537.36"
157.48.252.82 - - [04/Jul/2026:12:35:30 +0000] "GET /css/style.css HTTP/1.1" 200 10757 "https://www.dwarkaescort.com/" "Mozilla/5.0 (Linux; Android 10; K) AppleWebKit/537.36 (KHTML, like Gecko) Chrome/149.0.0.0 Mobile Safari/537.36"
157.48.252.82 - - [04/Jul/2026:12:35:30 +0000] "GET /css/fontawesome.css HTTP/1.1" 200 1757 "https://www.dwarkaescort.com/" "Mozilla/5.0 (Linux; Android 10; K) AppleWebKit/537.36 (KHTML, like Gecko) Chrome/149.0.0.0 Mobile Safari/537.36"
157.48.252.82 - - [04/Jul/2026:12:35:30 +0000] "GET /images/dwakra-escorts.jpg HTTP/1.1" 200 31912 "https://www.dwarkaescort.com/" "Mozilla/5.0 (Linux; Android 10; K) AppleWebKit/537.36 (KHTML, like Gecko) Chrome/149.0.0.0 Mobile Safari/537.36"
157.48.252.82 - - [04/Jul/2026:12:35:31 +0000] "GET /js/lazysizes.min.js HTTP/1.1" 200 7889 "https://www.dwarkaescort.com/" "Mozilla/5.0 (Linux; Android 10; K) AppleWebKit/537.36 (KHTML, like Gecko) Chrome/149.0.0.0 Mobile Safari/537.36"
157.48.252.82 - - [04/Jul/2026:12:35:31 +0000] "GET /images/right.webp HTTP/1.1" 200 196 "https://www.dwarkaescort.com/css/style.css" "Mozilla/5.0 (Linux; Android 10; K) AppleWebKit/537.36 (KHTML, like Gecko) Chrome/149.0.0.0 Mobile Safari/537.36"
157.48.252.82 - - [04/Jul/2026:12:35:32 +0000] "GET /images/favicon.webp HTTP/1.1" 200 2350 "https://www.dwarkaescort.com/" "Mozilla/5.0 (Linux; Android 10; K) AppleWebKit/537.36 (KHTML, like Gecko) Chrome/149.0.0.0 Mobile Safari/537.36"
157.48.252.82 - - [04/Jul/2026:12:35:31 +0000] "GET /images/dwarka-escorts.mp4 HTTP/1.1" 206 22014449 "https://www.dwarkaescort.com/" "Mozilla/5.0 (Linux; Android 10; K) AppleWebKit/537.36 (KHTML, like Gecko) Chrome/149.0.0.0 Mobile Safari/537.36"
47.128.96.169 - - [04/Jul/2026:12:35:34 +0000] "GET /punjabi-bagh-escorts.php HTTP/1.1" 200 24515 "-" "Mozilla/5.0 (Linux; Android 5.0) AppleWebKit/537.36 (KHTML, like Gecko) Mobile Safari/537.36 (compatible; TikTokSpider; ttspider-feedback@tiktok.com)"
47.128.96.169 - - [04/Jul/2026:12:35:34 +0000] "GET /images/punjabi-bagh-2.jpg HTTP/1.1" 206 500 "https://www.dwarkaescort.com/punjabi-bagh-escorts.php" "Mozilla/5.0 (Linux; Android 5.0) AppleWebKit/537.36 (KHTML, like Gecko) Mobile Safari/537.36 (compatible; TikTokSpider; ttspider-feedback@tiktok.com)"
47.128.96.169 - - [04/Jul/2026:12:35:34 +0000] "GET /images/punjabi-bagh-3.jpg HTTP/1.1" 206 500 "https://www.dwarkaescort.com/punjabi-bagh-escorts.php" "Mozilla/5.0 (Linux; Android 5.0) AppleWebKit/537.36 (KHTML, like Gecko) Mobile Safari/537.36 (compatible; TikTokSpider; ttspider-feedback@tiktok.com)"
47.128.96.169 - - [04/Jul/2026:12:35:34 +0000] "GET /images/punjabi-bagh-2.jpg HTTP/1.1" 304 - "https://www.dwarkaescort.com/punjabi-bagh-escorts.php" "Mozilla/5.0 (Linux; Android 5.0) AppleWebKit/537.36 (KHTML, like Gecko) Mobile Safari/537.36 (compatible; TikTokSpider; ttspider-feedback@tiktok.com)"
47.128.96.169 - - [04/Jul/2026:12:35:35 +0000] "GET /images/punjabi-bagh-2.jpg HTTP/1.1" 206 38184 "https://www.dwarkaescort.com/punjabi-bagh-escorts.php" "Mozilla/5.0 (Linux; Android 5.0) AppleWebKit/537.36 (KHTML, like Gecko) Mobile Safari/537.36 (compatible; TikTokSpider; ttspider-feedback@tiktok.com)"
47.128.96.169 - - [04/Jul/2026:12:35:35 +0000] "GET /images/punjabi-bagh-3.jpg HTTP/1.1" 304 - "https://www.dwarkaescort.com/punjabi-bagh-escorts.php" "Mozilla/5.0 (Linux; Android 5.0) AppleWebKit/537.36 (KHTML, like Gecko) Mobile Safari/537.36 (compatible; TikTokSpider; ttspider-feedback@tiktok.com)"
47.128.96.169 - - [04/Jul/2026:12:35:35 +0000] "GET /images/punjabi-bagh-3.jpg HTTP/1.1" 206 26968 "https://www.dwarkaescort.com/punjabi-bagh-escorts.php" "Mozilla/5.0 (Linux; Android 5.0) AppleWebKit/537.36 (KHTML, like Gecko) Mobile Safari/537.36 (compatible; TikTokSpider; ttspider-feedback@tiktok.com)"
47.128.96.169 - - [04/Jul/2026:12:35:35 +0000] "GET /images/punjabi-bagh-1.jpg HTTP/1.1" 206 500 "https://www.dwarkaescort.com/punjabi-bagh-escorts.php" "Mozilla/5.0 (Linux; Android 5.0) AppleWebKit/537.36 (KHTML, like Gecko) Mobile Safari/537.36 (compatible; TikTokSpider; ttspider-feedback@tiktok.com)"
47.128.96.169 - - [04/Jul/2026:12:35:35 +0000] "GET /images/punjabi-bagh-1.jpg HTTP/1.1" 304 - "https://www.dwarkaescort.com/punjabi-bagh-escorts.php" "Mozilla/5.0 (Linux; Android 5.0) AppleWebKit/537.36 (KHTML, like Gecko) Mobile Safari/537.36 (compatible; TikTokSpider; ttspider-feedback@tiktok.com)"
47.128.96.169 - - [04/Jul/2026:12:35:35 +0000] "GET /images/punjabi-bagh-1.jpg HTTP/1.1" 206 29567 "https://www.dwarkaescort.com/punjabi-bagh-escorts.php" "Mozilla/5.0 (Linux; Android 5.0) AppleWebKit/537.36 (KHTML, like Gecko) Mobile Safari/537.36 (compatible; TikTokSpider; ttspider-feedback@tiktok.com)"
161.248.231.247 - - [04/Jul/2026:12:35:39 +0000] "GET /nehruplace-callgirls.php HTTP/1.1" 404 16 "https://www.dwarkaescortgirls.com/" "Mozilla/5.0 (Windows NT 10.0; Win64; x64; rv:152.0) Gecko/20100101 Firefox/152.0"
88.203.92.161 - - [04/Jul/2026:12:35:49 +0000] "GET /noida-call-girls.php HTTP/1.1" 200 22331 "-" "Mozilla/5.0 (Linux; Android 6.0; Nexus 5 Build/MRA58N) AppleWebKit/537.36 (KHTML, like Gecko) Chrome/60.0.5861.1750 Mobile Safari/537.36"
155.94.177.56 - - [04/Jul/2026:12:35:50 +0000] "GET /cdn.jsdelivr.net/npm/bootstrap%405.0.2/dist/js/bootstrap.bundle.min.js HTTP/1.1" 404 - "https://www.dwarkaescort.com/noida-call-girls.php" "Mozilla/5.0 (Linux; Android 6.0; Nexus 5 Build/MRA58N) AppleWebKit/537.36 (KHTML, like Gecko) Chrome/60.0.5861.1750 Mobile Safari/537.36"
155.94.177.56 - - [04/Jul/2026:12:35:51 +0000] "GET /images/noida-1.jpg HTTP/1.1" 206 500 "https://www.dwarkaescort.com/noida-call-girls.php" "Mozilla/5.0 (Linux; Android 6.0; Nexus 5 Build/MRA58N) AppleWebKit/537.36 (KHTML, like Gecko) Chrome/60.0.5861.1750 Mobile Safari/537.36"
103.252.110.105 - - [04/Jul/2026:12:35:51 +0000] "GET /images/noida-2.jpg HTTP/1.1" 206 500 "https://www.dwarkaescort.com/noida-call-girls.php" "Mozilla/5.0 (Linux; Android 6.0; Nexus 5 Build/MRA58N) AppleWebKit/537.36 (KHTML, like Gecko) Chrome/60.0.5861.1750 Mobile Safari/537.36"
155.94.177.56 - - [04/Jul/2026:12:35:51 +0000] "GET /images/noida-1.jpg HTTP/1.1" 304 - "https://www.dwarkaescort.com/noida-call-girls.php" "Mozilla/5.0 (Linux; Android 6.0; Nexus 5 Build/MRA58N) AppleWebKit/537.36 (KHTML, like Gecko) Chrome/60.0.5861.1750 Mobile Safari/537.36"
