106.206.249.229 - - [04/Jul/2026:12:46:10 +0000] "GET /js/lazysizes.min.js HTTP/1.1" 200 7889 "https://www.dwarkaescort.com/" "Mozilla/5.0 (Windows NT 10.0; Win64; x64) AppleWebKit/537.36 (KHTML, like Gecko) Chrome/150.0.0.0 Safari/537.36"
106.206.249.229 - - [04/Jul/2026:12:46:10 +0000] "GET /images/dwakra-escorts.jpg HTTP/1.1" 200 31912 "https://www.dwarkaescort.com/" "Mozilla/5.0 (Windows NT 10.0; Win64; x64) AppleWebKit/537.36 (KHTML, like Gecko) Chrome/150.0.0.0 Safari/537.36"
106.206.249.229 - - [04/Jul/2026:12:46:10 +0000] "GET /images/right.webp HTTP/1.1" 200 196 "https://www.dwarkaescort.com/css/style.css" "Mozilla/5.0 (Windows NT 10.0; Win64; x64) AppleWebKit/537.36 (KHTML, like Gecko) Chrome/150.0.0.0 Safari/537.36"
106.206.249.229 - - [04/Jul/2026:12:46:10 +0000] "GET /images/zara.webp HTTP/1.1" 200 32630 "https://www.dwarkaescort.com/" "Mozilla/5.0 (Windows NT 10.0; Win64; x64) AppleWebKit/537.36 (KHTML, like Gecko) Chrome/150.0.0.0 Safari/537.36"
106.206.249.229 - - [04/Jul/2026:12:46:11 +0000] "GET /images/favicon.webp HTTP/1.1" 200 2350 "https://www.dwarkaescort.com/" "Mozilla/5.0 (Windows NT 10.0; Win64; x64) AppleWebKit/537.36 (KHTML, like Gecko) Chrome/150.0.0.0 Safari/537.36"
106.206.249.229 - - [04/Jul/2026:12:46:11 +0000] "GET /images/naina.webp HTTP/1.1" 200 29954 "https://www.dwarkaescort.com/" "Mozilla/5.0 (Windows NT 10.0; Win64; x64) AppleWebKit/537.36 (KHTML, like Gecko) Chrome/150.0.0.0 Safari/537.36"
106.206.249.229 - - [04/Jul/2026:12:46:11 +0000] "GET /images/dwarka-escorts.mp4 HTTP/1.1" 206 22014449 "https://www.dwarkaescort.com/" "Mozilla/5.0 (Windows NT 10.0; Win64; x64) AppleWebKit/537.36 (KHTML, like Gecko) Chrome/150.0.0.0 Safari/537.36"
171.61.22.21 - - [04/Jul/2026:12:46:40 +0000] "GET / HTTP/1.1" 200 46796 "https://www.modelescortsindelhi.com/" "Mozilla/5.0 (Linux; Android 10; K) AppleWebKit/537.36 (KHTML, like Gecko) Chrome/138.0.0.0 Mobile Safari/537.36"
171.61.22.21 - - [04/Jul/2026:12:46:40 +0000] "GET /css/style.css HTTP/1.1" 200 10757 "https://www.dwarkaescort.com/" "Mozilla/5.0 (Linux; Android 10; K) AppleWebKit/537.36 (KHTML, like Gecko) Chrome/138.0.0.0 Mobile Safari/537.36"
171.61.22.21 - - [04/Jul/2026:12:46:40 +0000] "GET /css/fontawesome.css HTTP/1.1" 200 1757 "https://www.dwarkaescort.com/" "Mozilla/5.0 (Linux; Android 10; K) AppleWebKit/537.36 (KHTML, like Gecko) Chrome/138.0.0.0 Mobile Safari/537.36"
171.61.22.21 - - [04/Jul/2026:12:46:40 +0000] "GET /js/lazysizes.min.js HTTP/1.1" 200 7889 "https://www.dwarkaescort.com/" "Mozilla/5.0 (Linux; Android 10; K) AppleWebKit/537.36 (KHTML, like Gecko) Chrome/138.0.0.0 Mobile Safari/537.36"
171.61.22.21 - - [04/Jul/2026:12:46:41 +0000] "GET /images/dwakra-escorts.jpg HTTP/1.1" 200 31912 "https://www.dwarkaescort.com/" "Mozilla/5.0 (Linux; Android 10; K) AppleWebKit/537.36 (KHTML, like Gecko) Chrome/138.0.0.0 Mobile Safari/537.36"
171.61.22.21 - - [04/Jul/2026:12:46:41 +0000] "GET /images/right.webp HTTP/1.1" 200 196 "https://www.dwarkaescort.com/css/style.css" "Mozilla/5.0 (Linux; Android 10; K) AppleWebKit/537.36 (KHTML, like Gecko) Chrome/138.0.0.0 Mobile Safari/537.36"
171.61.22.21 - - [04/Jul/2026:12:46:42 +0000] "GET /images/favicon.webp HTTP/1.1" 200 2350 "https://www.dwarkaescort.com/" "Mozilla/5.0 (Linux; Android 10; K) AppleWebKit/537.36 (KHTML, like Gecko) Chrome/138.0.0.0 Mobile Safari/537.36"
171.61.22.21 - - [04/Jul/2026:12:46:41 +0000] "GET /images/dwarka-escorts.mp4 HTTP/1.1" 206 22014449 "https://www.dwarkaescort.com/" "Mozilla/5.0 (Linux; Android 10; K) AppleWebKit/537.36 (KHTML, like Gecko) Chrome/138.0.0.0 Mobile Safari/537.36"
171.61.22.21 - - [04/Jul/2026:12:46:48 +0000] "GET / HTTP/1.1" 200 46796 "https://www.modelescortsindelhi.com/" "Mozilla/5.0 (Linux; Android 10; K) AppleWebKit/537.36 (KHTML, like Gecko) Chrome/138.0.0.0 Mobile Safari/537.36"
171.61.22.21 - - [04/Jul/2026:12:46:49 +0000] "GET /images/dwarka-escorts.mp4 HTTP/1.1" 206 21198559 "https://www.dwarkaescort.com/" "Mozilla/5.0 (Linux; Android 10; K) AppleWebKit/537.36 (KHTML, like Gecko) Chrome/138.0.0.0 Mobile Safari/537.36"
122.183.58.185 - - [04/Jul/2026:12:46:56 +0000] "GET / HTTP/1.1" 200 46796 "https://www.modelescortsindelhi.com/" "Mozilla/5.0 (Linux; Android 10; K) AppleWebKit/537.36 (KHTML, like Gecko) Chrome/149.0.0.0 Mobile Safari/537.36"
122.183.58.185 - - [04/Jul/2026:12:46:56 +0000] "GET /images/dwarka-escorts.mp4 HTTP/1.1" 206 20735022 "https://www.dwarkaescort.com/" "Mozilla/5.0 (Linux; Android 10; K) AppleWebKit/537.36 (KHTML, like Gecko) Chrome/149.0.0.0 Mobile Safari/537.36"
122.183.58.185 - - [04/Jul/2026:12:46:57 +0000] "GET / HTTP/1.1" 200 46796 "https://www.modelescortsindelhi.com/" "Mozilla/5.0 (Linux; Android 10; K) AppleWebKit/537.36 (KHTML, like Gecko) Chrome/149.0.0.0 Mobile Safari/537.36"
122.183.58.185 - - [04/Jul/2026:12:47:01 +0000] "GET / HTTP/1.1" 200 46796 "https://www.modelescortsindelhi.com/" "Mozilla/5.0 (Linux; Android 10; K) AppleWebKit/537.36 (KHTML, like Gecko) Chrome/149.0.0.0 Mobile Safari/537.36"
122.183.58.185 - - [04/Jul/2026:12:47:01 +0000] "GET /images/dwarka-escorts.mp4 HTTP/1.1" 206 20735022 "https://www.dwarkaescort.com/" "Mozilla/5.0 (Linux; Android 10; K) AppleWebKit/537.36 (KHTML, like Gecko) Chrome/149.0.0.0 Mobile Safari/537.36"
122.183.58.185 - - [04/Jul/2026:12:47:03 +0000] "GET / HTTP/1.1" 200 46796 "https://www.modelescortsindelhi.com/" "Mozilla/5.0 (Linux; Android 10; K) AppleWebKit/537.36 (KHTML, like Gecko) Chrome/149.0.0.0 Mobile Safari/537.36"
122.183.58.185 - - [04/Jul/2026:12:47:05 +0000] "GET / HTTP/1.1" 200 46796 "https://www.modelescortsindelhi.com/" "Mozilla/5.0 (Linux; Android 10; K) AppleWebKit/537.36 (KHTML, like Gecko) Chrome/149.0.0.0 Mobile Safari/537.36"
122.183.58.185 - - [04/Jul/2026:12:47:05 +0000] "GET /images/dwarka-escorts.mp4 HTTP/1.1" 206 20703138 "https://www.dwarkaescort.com/" "Mozilla/5.0 (Linux; Android 10; K) AppleWebKit/537.36 (KHTML, like Gecko) Chrome/149.0.0.0 Mobile Safari/537.36"
122.183.58.185 - - [04/Jul/2026:12:47:06 +0000] "GET / HTTP/1.1" 200 46796 "https://www.modelescortsindelhi.com/" "Mozilla/5.0 (Linux; Android 10; K) AppleWebKit/537.36 (KHTML, like Gecko) Chrome/149.0.0.0 Mobile Safari/537.36"
122.183.58.185 - - [04/Jul/2026:12:47:07 +0000] "GET / HTTP/1.1" 200 46796 "https://www.modelescortsindelhi.com/" "Mozilla/5.0 (Linux; Android 10; K) AppleWebKit/537.36 (KHTML, like Gecko) Chrome/149.0.0.0 Mobile Safari/537.36"
122.183.58.185 - - [04/Jul/2026:12:47:08 +0000] "GET /images/dwarka-escorts.mp4 HTTP/1.1" 206 20703138 "https://www.dwarkaescort.com/" "Mozilla/5.0 (Linux; Android 10; K) AppleWebKit/537.36 (KHTML, like Gecko) Chrome/149.0.0.0 Mobile Safari/537.36"
122.183.58.185 - - [04/Jul/2026:12:47:09 +0000] "GET / HTTP/1.1" 200 46796 "https://www.modelescortsindelhi.com/" "Mozilla/5.0 (Linux; Android 10; K) AppleWebKit/537.36 (KHTML, like Gecko) Chrome/149.0.0.0 Mobile Safari/537.36"
122.183.58.185 - - [04/Jul/2026:12:47:10 +0000] "GET /images/dwarka-escorts.mp4 HTTP/1.1" 206 20703138 "https://www.dwarkaescort.com/" "Mozilla/5.0 (Linux; Android 10; K) AppleWebKit/537.36 (KHTML, like Gecko) Chrome/149.0.0.0 Mobile Safari/537.36"
122.183.58.185 - - [04/Jul/2026:12:47:11 +0000] "GET / HTTP/1.1" 200 46796 "https://www.modelescortsindelhi.com/" "Mozilla/5.0 (Linux; Android 10; K) AppleWebKit/537.36 (KHTML, like Gecko) Chrome/149.0.0.0 Mobile Safari/537.36"
122.183.58.185 - - [04/Jul/2026:12:47:11 +0000] "GET /images/dwarka-escorts.mp4 HTTP/1.1" 206 20695254 "https://www.dwarkaescort.com/" "Mozilla/5.0 (Linux; Android 10; K) AppleWebKit/537.36 (KHTML, like Gecko) Chrome/149.0.0.0 Mobile Safari/537.36"
122.183.58.185 - - [04/Jul/2026:12:47:16 +0000] "GET / HTTP/1.1" 200 46796 "https://www.modelescortsindelhi.com/" "Mozilla/5.0 (Linux; Android 10; K) AppleWebKit/537.36 (KHTML, like Gecko) Chrome/149.0.0.0 Mobile Safari/537.36"
171.61.22.21 - - [04/Jul/2026:12:48:01 +0000] "GET / HTTP/1.1" 200 46796 "https://www.modelescortsindelhi.com/" "Mozilla/5.0 (Linux; Android 10; K) AppleWebKit/537.36 (KHTML, like Gecko) Chrome/138.0.0.0 Mobile Safari/537.36"
122.183.58.185 - - [04/Jul/2026:12:48:06 +0000] "GET / HTTP/1.1" 200 46796 "https://www.modelescortsindelhi.com/" "Mozilla/5.0 (Linux; Android 10; K) AppleWebKit/537.36 (KHTML, like Gecko) Chrome/149.0.0.0 Mobile Safari/537.36"
122.183.58.185 - - [04/Jul/2026:12:48:07 +0000] "GET /images/dwarka-escorts.mp4 HTTP/1.1" 206 20687370 "https://www.dwarkaescort.com/" "Mozilla/5.0 (Linux; Android 10; K) AppleWebKit/537.36 (KHTML, like Gecko) Chrome/149.0.0.0 Mobile Safari/537.36"
171.61.22.21 - - [04/Jul/2026:12:48:02 +0000] "GET /images/dwarka-escorts.mp4 HTTP/1.1" 206 21038674 "https://www.dwarkaescort.com/" "Mozilla/5.0 (Linux; Android 10; K) AppleWebKit/537.36 (KHTML, like Gecko) Chrome/138.0.0.0 Mobile Safari/537.36"
122.183.58.185 - - [04/Jul/2026:12:48:18 +0000] "GET / HTTP/1.1" 200 46796 "https://www.modelescortsindelhi.com/" "Mozilla/5.0 (Linux; Android 10; K) AppleWebKit/537.36 (KHTML, like Gecko) Chrome/149.0.0.0 Mobile Safari/537.36"
122.183.58.185 - - [04/Jul/2026:12:48:18 +0000] "GET /images/dwarka-escorts.mp4 HTTP/1.1" 206 20687370 "https://www.dwarkaescort.com/" "Mozilla/5.0 (Linux; Android 10; K) AppleWebKit/537.36 (KHTML, like Gecko) Chrome/149.0.0.0 Mobile Safari/537.36"
122.183.58.185 - - [04/Jul/2026:12:48:19 +0000] "GET / HTTP/1.1" 200 46796 "https://www.modelescortsindelhi.com/" "Mozilla/5.0 (Linux; Android 10; K) AppleWebKit/537.36 (KHTML, like Gecko) Chrome/149.0.0.0 Mobile Safari/537.36"
122.183.58.185 - - [04/Jul/2026:12:48:20 +0000] "GET /images/dwarka-escorts.mp4 HTTP/1.1" 206 20687370 "https://www.dwarkaescort.com/" "Mozilla/5.0 (Linux; Android 10; K) AppleWebKit/537.36 (KHTML, like Gecko) Chrome/149.0.0.0 Mobile Safari/537.36"
122.183.58.185 - - [04/Jul/2026:12:48:21 +0000] "GET / HTTP/1.1" 200 46796 "https://www.modelescortsindelhi.com/" "Mozilla/5.0 (Linux; Android 10; K) AppleWebKit/537.36 (KHTML, like Gecko) Chrome/149.0.0.0 Mobile Safari/537.36"
122.183.58.185 - - [04/Jul/2026:12:48:21 +0000] "GET /images/dwarka-escorts.mp4 HTTP/1.1" 206 20687370 "https://www.dwarkaescort.com/" "Mozilla/5.0 (Linux; Android 10; K) AppleWebKit/537.36 (KHTML, like Gecko) Chrome/149.0.0.0 Mobile Safari/537.36"
122.183.58.185 - - [04/Jul/2026:12:48:22 +0000] "GET / HTTP/1.1" 200 46796 "https://www.modelescortsindelhi.com/" "Mozilla/5.0 (Linux; Android 10; K) AppleWebKit/537.36 (KHTML, like Gecko) Chrome/149.0.0.0 Mobile Safari/537.36"
122.183.58.185 - - [04/Jul/2026:12:48:23 +0000] "GET /images/dwarka-escorts.mp4 HTTP/1.1" 206 20639485 "https://www.dwarkaescort.com/" "Mozilla/5.0 (Linux; Android 10; K) AppleWebKit/537.36 (KHTML, like Gecko) Chrome/149.0.0.0 Mobile Safari/537.36"
122.183.58.185 - - [04/Jul/2026:12:48:23 +0000] "GET / HTTP/1.1" 200 46796 "https://www.modelescortsindelhi.com/" "Mozilla/5.0 (Linux; Android 10; K) AppleWebKit/537.36 (KHTML, like Gecko) Chrome/149.0.0.0 Mobile Safari/537.36"
122.183.58.185 - - [04/Jul/2026:12:48:24 +0000] "GET /images/dwarka-escorts.mp4 HTTP/1.1" 206 20631601 "https://www.dwarkaescort.com/" "Mozilla/5.0 (Linux; Android 10; K) AppleWebKit/537.36 (KHTML, like Gecko) Chrome/149.0.0.0 Mobile Safari/537.36"
122.183.58.185 - - [04/Jul/2026:12:48:26 +0000] "GET / HTTP/1.1" 200 46796 "https://www.modelescortsindelhi.com/" "Mozilla/5.0 (Linux; Android 10; K) AppleWebKit/537.36 (KHTML, like Gecko) Chrome/149.0.0.0 Mobile Safari/537.36"
122.183.58.185 - - [04/Jul/2026:12:48:27 +0000] "GET /images/dwarka-escorts.mp4 HTTP/1.1" 206 20599716 "https://www.dwarkaescort.com/" "Mozilla/5.0 (Linux; Android 10; K) AppleWebKit/537.36 (KHTML, like Gecko) Chrome/149.0.0.0 Mobile Safari/537.36"
122.183.58.185 - - [04/Jul/2026:12:48:31 +0000] "GET / HTTP/1.1" 200 46796 "https://www.modelescortsindelhi.com/" "Mozilla/5.0 (Linux; Android 10; K) AppleWebKit/537.36 (KHTML, like Gecko) Chrome/149.0.0.0 Mobile Safari/537.36"
122.183.58.185 - - [04/Jul/2026:12:48:32 +0000] "GET /images/dwarka-escorts.mp4 HTTP/1.1" 206 20599716 "https://www.dwarkaescort.com/" "Mozilla/5.0 (Linux; Android 10; K) AppleWebKit/537.36 (KHTML, like Gecko) Chrome/149.0.0.0 Mobile Safari/537.36"
49.36.77.172 - - [04/Jul/2026:12:48:32 +0000] "GET / HTTP/1.1" 200 46796 "https://www.modelescortsindelhi.com/" "Mozilla/5.0 (Linux; Android 10; K) AppleWebKit/537.36 (KHTML, like Gecko) Chrome/149.0.0.0 Mobile Safari/537.36"
49.36.77.172 - - [04/Jul/2026:12:48:32 +0000] "GET /css/style.css HTTP/1.1" 200 10757 "https://www.dwarkaescort.com/" "Mozilla/5.0 (Linux; Android 10; K) AppleWebKit/537.36 (KHTML, like Gecko) Chrome/149.0.0.0 Mobile Safari/537.36"
49.36.77.172 - - [04/Jul/2026:12:48:33 +0000] "GET /css/fontawesome.css HTTP/1.1" 200 1757 "https://www.dwarkaescort.com/" "Mozilla/5.0 (Linux; Android 10; K) AppleWebKit/537.36 (KHTML, like Gecko) Chrome/149.0.0.0 Mobile Safari/537.36"
49.36.77.172 - - [04/Jul/2026:12:48:33 +0000] "GET /js/lazysizes.min.js HTTP/1.1" 200 7889 "https://www.dwarkaescort.com/" "Mozilla/5.0 (Linux; Android 10; K) AppleWebKit/537.36 (KHTML, like Gecko) Chrome/149.0.0.0 Mobile Safari/537.36"
49.36.77.172 - - [04/Jul/2026:12:48:33 +0000] "GET /images/dwakra-escorts.jpg HTTP/1.1" 200 31912 "https://www.dwarkaescort.com/" "Mozilla/5.0 (Linux; Android 10; K) AppleWebKit/537.36 (KHTML, like Gecko) Chrome/149.0.0.0 Mobile Safari/537.36"
49.36.77.172 - - [04/Jul/2026:12:48:33 +0000] "GET /images/right.webp HTTP/1.1" 200 196 "https://www.dwarkaescort.com/css/style.css" "Mozilla/5.0 (Linux; Android 10; K) AppleWebKit/537.36 (KHTML, like Gecko) Chrome/149.0.0.0 Mobile Safari/537.36"
122.183.58.185 - - [04/Jul/2026:12:48:33 +0000] "GET / HTTP/1.1" 200 46796 "https://www.modelescortsindelhi.com/" "Mozilla/5.0 (Linux; Android 10; K) AppleWebKit/537.36 (KHTML, like Gecko) Chrome/149.0.0.0 Mobile Safari/537.36"
49.36.77.172 - - [04/Jul/2026:12:48:33 +0000] "GET /images/favicon.webp HTTP/1.1" 200 2350 "https://www.dwarkaescort.com/" "Mozilla/5.0 (Linux; Android 10; K) AppleWebKit/537.36 (KHTML, like Gecko) Chrome/149.0.0.0 Mobile Safari/537.36"
152.57.85.35 - - [04/Jul/2026:12:48:33 +0000] "GET / HTTP/1.1" 200 46796 "https://www.modelescortsindelhi.com/" "Mozilla/5.0 (Linux; U; Android 15; en-gb; CPH2467 Build/UKQ1.230924.001) AppleWebKit/537.36 (KHTML, like Gecko) Chrome/125.0.6422.72 Mobile Safari/537.36 HeyTapBrowser/45.13.8.1"
122.183.58.185 - - [04/Jul/2026:12:48:33 +0000] "GET /images/dwarka-escorts.mp4 HTTP/1.1" 206 20599716 "https://www.dwarkaescort.com/" "Mozilla/5.0 (Linux; Android 10; K) AppleWebKit/537.36 (KHTML, like Gecko) Chrome/149.0.0.0 Mobile Safari/537.36"
152.57.85.35 - - [04/Jul/2026:12:48:34 +0000] "GET /css/fontawesome.css HTTP/1.1" 200 1757 "https://www.dwarkaescort.com/" "Mozilla/5.0 (Linux; U; Android 15; en-gb; CPH2467 Build/UKQ1.230924.001) AppleWebKit/537.36 (KHTML, like Gecko) Chrome/125.0.6422.72 Mobile Safari/537.36 HeyTapBrowser/45.13.8.1"
152.57.85.35 - - [04/Jul/2026:12:48:34 +0000] "GET /css/style.css HTTP/1.1" 200 10757 "https://www.dwarkaescort.com/" "Mozilla/5.0 (Linux; U; Android 15; en-gb; CPH2467 Build/UKQ1.230924.001) AppleWebKit/537.36 (KHTML, like Gecko) Chrome/125.0.6422.72 Mobile Safari/537.36 HeyTapBrowser/45.13.8.1"
152.57.85.35 - - [04/Jul/2026:12:48:34 +0000] "GET /js/lazysizes.min.js HTTP/1.1" 200 7889 "https://www.dwarkaescort.com/" "Mozilla/5.0 (Linux; U; Android 15; en-gb; CPH2467 Build/UKQ1.230924.001) AppleWebKit/537.36 (KHTML, like Gecko) Chrome/125.0.6422.72 Mobile Safari/537.36 HeyTapBrowser/45.13.8.1"
152.57.85.35 - - [04/Jul/2026:12:48:34 +0000] "GET /images/dwakra-escorts.jpg HTTP/1.1" 200 31912 "https://www.dwarkaescort.com/" "Mozilla/5.0 (Linux; U; Android 15; en-gb; CPH2467 Build/UKQ1.230924.001) AppleWebKit/537.36 (KHTML, like Gecko) Chrome/125.0.6422.72 Mobile Safari/537.36 HeyTapBrowser/45.13.8.1"
152.57.85.35 - - [04/Jul/2026:12:48:34 +0000] "GET /images/right.webp HTTP/1.1" 200 196 "https://www.dwarkaescort.com/css/style.css" "Mozilla/5.0 (Linux; U; Android 15; en-gb; CPH2467 Build/UKQ1.230924.001) AppleWebKit/537.36 (KHTML, like Gecko) Chrome/125.0.6422.72 Mobile Safari/537.36 HeyTapBrowser/45.13.8.1"
152.57.85.35 - - [04/Jul/2026:12:48:35 +0000] "GET /images/dwarka-escorts.mp4 HTTP/1.1" 206 22014449 "https://www.dwarkaescort.com/" "Mozilla/5.0 (Linux; U; Android 15; en-gb; CPH2467 Build/UKQ1.230924.001) AppleWebKit/537.36 (KHTML, like Gecko) Chrome/125.0.6422.72 Mobile Safari/537.36 HeyTapBrowser/45.13.8.1"
152.57.85.35 - - [04/Jul/2026:12:48:37 +0000] "GET /images/favicon.webp HTTP/1.1" 200 2350 "https://www.dwarkaescort.com/" "Mozilla/5.0 (Linux; U; Android 15; en-gb; CPH2467 Build/UKQ1.230924.001) AppleWebKit/537.36 (KHTML, like Gecko) Chrome/125.0.6422.72 Mobile Safari/537.36 HeyTapBrowser/45.13.8.1"
122.183.58.185 - - [04/Jul/2026:12:48:38 +0000] "GET / HTTP/1.1" 200 46796 "https://www.modelescortsindelhi.com/" "Mozilla/5.0 (Linux; Android 10; K) AppleWebKit/537.36 (KHTML, like Gecko) Chrome/149.0.0.0 Mobile Safari/537.36"
122.183.58.185 - - [04/Jul/2026:12:48:38 +0000] "GET /images/dwarka-escorts.mp4 HTTP/1.1" 206 20599716 "https://www.dwarkaescort.com/" "Mozilla/5.0 (Linux; Android 10; K) AppleWebKit/537.36 (KHTML, like Gecko) Chrome/149.0.0.0 Mobile Safari/537.36"
152.57.85.35 - - [04/Jul/2026:12:48:36 +0000] "GET /images/dwarka-escorts.mp4 HTTP/1.1" 206 22014449 "https://www.dwarkaescort.com/" "Mozilla/5.0 (Linux; U; Android 15; en-gb; CPH2467 Build/UKQ1.230924.001) AppleWebKit/537.36 (KHTML, like Gecko) Chrome/125.0.6422.72 Mobile Safari/537.36 HeyTapBrowser/45.13.8.1"
49.36.77.172 - - [04/Jul/2026:12:48:44 +0000] "GET /images/dwarka-escorts.mp4 HTTP/1.1" 206 22014449 "https://www.dwarkaescort.com/" "Mozilla/5.0 (Linux; Android 10; K) AppleWebKit/537.36 (KHTML, like Gecko) Chrome/149.0.0.0 Mobile Safari/537.36"
106.192.186.250 - - [04/Jul/2026:12:48:47 +0000] "GET / HTTP/1.1" 200 46796 "https://www.modelescortsindelhi.com/" "Mozilla/5.0 (iPhone; CPU iPhone OS 26_5_0 like Mac OS X) AppleWebKit/605.1.15 (KHTML, like Gecko) CriOS/149.0.7827.137 Mobile/15E148 Safari/604.1"
106.192.186.250 - - [04/Jul/2026:12:48:48 +0000] "GET /css/style.css HTTP/1.1" 200 10757 "https://www.dwarkaescort.com/" "Mozilla/5.0 (iPhone; CPU iPhone OS 26_5_0 like Mac OS X) AppleWebKit/605.1.15 (KHTML, like Gecko) CriOS/149.0.7827.137 Mobile/15E148 Safari/604.1"
106.192.186.250 - - [04/Jul/2026:12:48:49 +0000] "GET /css/fontawesome.css HTTP/1.1" 200 1757 "https://www.dwarkaescort.com/" "Mozilla/5.0 (iPhone; CPU iPhone OS 26_5_0 like Mac OS X) AppleWebKit/605.1.15 (KHTML, like Gecko) CriOS/149.0.7827.137 Mobile/15E148 Safari/604.1"
106.192.186.250 - - [04/Jul/2026:12:48:49 +0000] "GET /js/lazysizes.min.js HTTP/1.1" 200 7889 "https://www.dwarkaescort.com/" "Mozilla/5.0 (iPhone; CPU iPhone OS 26_5_0 like Mac OS X) AppleWebKit/605.1.15 (KHTML, like Gecko) CriOS/149.0.7827.137 Mobile/15E148 Safari/604.1"
106.192.186.250 - - [04/Jul/2026:12:48:49 +0000] "GET /images/dwakra-escorts.jpg HTTP/1.1" 200 31912 "https://www.dwarkaescort.com/" "Mozilla/5.0 (iPhone; CPU iPhone OS 26_5_0 like Mac OS X) AppleWebKit/605.1.15 (KHTML, like Gecko) CriOS/149.0.7827.137 Mobile/15E148 Safari/604.1"
106.192.186.250 - - [04/Jul/2026:12:48:49 +0000] "GET /images/right.webp HTTP/1.1" 200 196 "https://www.dwarkaescort.com/" "Mozilla/5.0 (iPhone; CPU iPhone OS 26_5_0 like Mac OS X) AppleWebKit/605.1.15 (KHTML, like Gecko) CriOS/149.0.7827.137 Mobile/15E148 Safari/604.1"
106.192.186.250 - - [04/Jul/2026:12:48:51 +0000] "GET /images/favicon.webp HTTP/1.1" 200 2350 "-" "Mozilla/5.0 (iPhone; CPU iPhone OS 26_5_0 like Mac OS X) AppleWebKit/605.1.15 (KHTML, like Gecko) CriOS/149.0.7827.137 Mobile/15E148 Safari/604.1"
122.183.58.185 - - [04/Jul/2026:12:49:25 +0000] "GET / HTTP/1.1" 200 46796 "https://www.modelescortsindelhi.com/" "Mozilla/5.0 (Linux; Android 10; K) AppleWebKit/537.36 (KHTML, like Gecko) Chrome/149.0.0.0 Mobile Safari/537.36"
122.183.58.185 - - [04/Jul/2026:12:49:26 +0000] "GET /images/dwarka-escorts.mp4 HTTP/1.1" 206 20567832 "https://www.dwarkaescort.com/" "Mozilla/5.0 (Linux; Android 10; K) AppleWebKit/537.36 (KHTML, like Gecko) Chrome/149.0.0.0 Mobile Safari/537.36"
122.183.58.185 - - [04/Jul/2026:12:49:27 +0000] "GET / HTTP/1.1" 200 46796 "https://www.modelescortsindelhi.com/" "Mozilla/5.0 (Linux; Android 10; K) AppleWebKit/537.36 (KHTML, like Gecko) Chrome/149.0.0.0 Mobile Safari/537.36"
122.183.58.185 - - [04/Jul/2026:12:49:28 +0000] "GET / HTTP/1.1" 200 46796 "https://www.modelescortsindelhi.com/" "Mozilla/5.0 (Linux; Android 10; K) AppleWebKit/537.36 (KHTML, like Gecko) Chrome/149.0.0.0 Mobile Safari/537.36"
122.183.58.185 - - [04/Jul/2026:12:49:29 +0000] "GET / HTTP/1.1" 200 46796 "https://www.modelescortsindelhi.com/" "Mozilla/5.0 (Linux; Android 10; K) AppleWebKit/537.36 (KHTML, like Gecko) Chrome/149.0.0.0 Mobile Safari/537.36"
122.183.58.185 - - [04/Jul/2026:12:49:30 +0000] "GET /images/dwarka-escorts.mp4 HTTP/1.1" 206 20567832 "https://www.dwarkaescort.com/" "Mozilla/5.0 (Linux; Android 10; K) AppleWebKit/537.36 (KHTML, like Gecko) Chrome/149.0.0.0 Mobile Safari/537.36"
122.183.58.185 - - [04/Jul/2026:12:49:31 +0000] "GET / HTTP/1.1" 200 46796 "https://www.modelescortsindelhi.com/" "Mozilla/5.0 (Linux; Android 10; K) AppleWebKit/537.36 (KHTML, like Gecko) Chrome/149.0.0.0 Mobile Safari/537.36"
122.183.58.185 - - [04/Jul/2026:12:49:32 +0000] "GET / HTTP/1.1" 200 46796 "https://www.modelescortsindelhi.com/" "Mozilla/5.0 (Linux; Android 10; K) AppleWebKit/537.36 (KHTML, like Gecko) Chrome/149.0.0.0 Mobile Safari/537.36"
122.183.58.185 - - [04/Jul/2026:12:49:32 +0000] "GET /images/dwarka-escorts.mp4 HTTP/1.1" 206 20559948 "https://www.dwarkaescort.com/" "Mozilla/5.0 (Linux; Android 10; K) AppleWebKit/537.36 (KHTML, like Gecko) Chrome/149.0.0.0 Mobile Safari/537.36"
223.176.23.167 - - [04/Jul/2026:12:49:33 +0000] "GET / HTTP/1.1" 200 46796 "https://www.modelescortsindelhi.com/" "Mozilla/5.0 (Linux; Android 10; K) AppleWebKit/537.36 (KHTML, like Gecko) Chrome/141.0.0.0 Mobile Safari/537.36"
223.176.23.167 - - [04/Jul/2026:12:49:34 +0000] "GET /css/style.css HTTP/1.1" 200 10757 "https://www.dwarkaescort.com/" "Mozilla/5.0 (Linux; Android 10; K) AppleWebKit/537.36 (KHTML, like Gecko) Chrome/141.0.0.0 Mobile Safari/537.36"
122.183.58.185 - - [04/Jul/2026:12:49:34 +0000] "GET / HTTP/1.1" 200 46796 "https://www.modelescortsindelhi.com/" "Mozilla/5.0 (Linux; Android 10; K) AppleWebKit/537.36 (KHTML, like Gecko) Chrome/149.0.0.0 Mobile Safari/537.36"
223.176.23.167 - - [04/Jul/2026:12:49:34 +0000] "GET /css/fontawesome.css HTTP/1.1" 200 1757 "https://www.dwarkaescort.com/" "Mozilla/5.0 (Linux; Android 10; K) AppleWebKit/537.36 (KHTML, like Gecko) Chrome/141.0.0.0 Mobile Safari/537.36"
223.176.23.167 - - [04/Jul/2026:12:49:34 +0000] "GET /js/lazysizes.min.js HTTP/1.1" 200 7889 "https://www.dwarkaescort.com/" "Mozilla/5.0 (Linux; Android 10; K) AppleWebKit/537.36 (KHTML, like Gecko) Chrome/141.0.0.0 Mobile Safari/537.36"
223.176.23.167 - - [04/Jul/2026:12:49:34 +0000] "GET /images/dwakra-escorts.jpg HTTP/1.1" 200 31912 "https://www.dwarkaescort.com/" "Mozilla/5.0 (Linux; Android 10; K) AppleWebKit/537.36 (KHTML, like Gecko) Chrome/141.0.0.0 Mobile Safari/537.36"
122.183.32.164 - - [04/Jul/2026:12:49:35 +0000] "GET / HTTP/1.1" 200 46796 "https://www.modelescortsindelhi.com/" "Mozilla/5.0 (Macintosh; Intel Mac OS X 10_15_7) AppleWebKit/537.36 (KHTML, like Gecko) Chrome/148.0.0.0 Safari/537.36"
223.176.23.167 - - [04/Jul/2026:12:49:35 +0000] "GET /images/right.webp HTTP/1.1" 200 196 "https://www.dwarkaescort.com/css/style.css" "Mozilla/5.0 (Linux; Android 10; K) AppleWebKit/537.36 (KHTML, like Gecko) Chrome/141.0.0.0 Mobile Safari/537.36"
122.183.32.164 - - [04/Jul/2026:12:49:36 +0000] "GET /css/style.css HTTP/1.1" 200 10757 "https://www.dwarkaescort.com/" "Mozilla/5.0 (Macintosh; Intel Mac OS X 10_15_7) AppleWebKit/537.36 (KHTML, like Gecko) Chrome/148.0.0.0 Safari/537.36"
122.183.58.185 - - [04/Jul/2026:12:49:36 +0000] "GET / HTTP/1.1" 200 46796 "https://www.modelescortsindelhi.com/" "Mozilla/5.0 (Linux; Android 10; K) AppleWebKit/537.36 (KHTML, like Gecko) Chrome/149.0.0.0 Mobile Safari/537.36"
122.183.32.164 - - [04/Jul/2026:12:49:36 +0000] "GET /js/lazysizes.min.js HTTP/1.1" 200 7889 "https://www.dwarkaescort.com/" "Mozilla/5.0 (Macintosh; Intel Mac OS X 10_15_7) AppleWebKit/537.36 (KHTML, like Gecko) Chrome/148.0.0.0 Safari/537.36"
122.183.32.164 - - [04/Jul/2026:12:49:36 +0000] "GET /css/fontawesome.css HTTP/1.1" 200 1757 "https://www.dwarkaescort.com/" "Mozilla/5.0 (Macintosh; Intel Mac OS X 10_15_7) AppleWebKit/537.36 (KHTML, like Gecko) Chrome/148.0.0.0 Safari/537.36"
223.176.23.167 - - [04/Jul/2026:12:49:36 +0000] "GET /images/favicon.webp HTTP/1.1" 200 2350 "https://www.dwarkaescort.com/" "Mozilla/5.0 (Linux; Android 10; K) AppleWebKit/537.36 (KHTML, like Gecko) Chrome/141.0.0.0 Mobile Safari/537.36"
122.183.32.164 - - [04/Jul/2026:12:49:36 +0000] "GET /images/dwakra-escorts.jpg HTTP/1.1" 200 31912 "https://www.dwarkaescort.com/" "Mozilla/5.0 (Macintosh; Intel Mac OS X 10_15_7) AppleWebKit/537.36 (KHTML, like Gecko) Chrome/148.0.0.0 Safari/537.36"
122.183.32.164 - - [04/Jul/2026:12:49:36 +0000] "GET /images/right.webp HTTP/1.1" 200 196 "https://www.dwarkaescort.com/css/style.css" "Mozilla/5.0 (Macintosh; Intel Mac OS X 10_15_7) AppleWebKit/537.36 (KHTML, like Gecko) Chrome/148.0.0.0 Safari/537.36"
122.183.32.164 - - [04/Jul/2026:12:49:37 +0000] "GET /images/favicon.webp HTTP/1.1" 200 2350 "https://www.dwarkaescort.com/" "Mozilla/5.0 (Macintosh; Intel Mac OS X 10_15_7) AppleWebKit/537.36 (KHTML, like Gecko) Chrome/148.0.0.0 Safari/537.36"
122.183.58.185 - - [04/Jul/2026:12:49:37 +0000] "GET / HTTP/1.1" 200 46796 "https://www.modelescortsindelhi.com/" "Mozilla/5.0 (Linux; Android 10; K) AppleWebKit/537.36 (KHTML, like Gecko) Chrome/149.0.0.0 Mobile Safari/537.36"
122.183.58.185 - - [04/Jul/2026:12:49:38 +0000] "GET /images/dwarka-escorts.mp4 HTTP/1.1" 206 20559948 "https://www.dwarkaescort.com/" "Mozilla/5.0 (Linux; Android 10; K) AppleWebKit/537.36 (KHTML, like Gecko) Chrome/149.0.0.0 Mobile Safari/537.36"
141.0.9.18 - - [04/Jul/2026:12:49:40 +0000] "GET / HTTP/1.1" 200 46796 "https://www.modelescortsindelhi.com/" "Mozilla/5.0 (Linux; U; Android 16; 24094RAD4I Build/BP2A.250605.031.A3; wv) AppleWebKit/537.36 (KHTML, like Gecko) Version/4.0 Chrome/149.0.7827.91 Mobile Safari/537.36 OPR/99.3.2254.1265"
141.0.9.18 - - [04/Jul/2026:12:49:40 +0000] "GET /css/style.css HTTP/1.1" 200 10757 "https://www.dwarkaescort.com/" "Mozilla/5.0 (Linux; U; Android 16; 24094RAD4I Build/BP2A.250605.031.A3; wv) AppleWebKit/537.36 (KHTML, like Gecko) Version/4.0 Chrome/149.0.7827.91 Mobile Safari/537.36 OPR/99.3.2254.1265"
141.0.9.18 - - [04/Jul/2026:12:49:40 +0000] "GET /css/fontawesome.css HTTP/1.1" 200 1757 "https://www.dwarkaescort.com/" "Mozilla/5.0 (Linux; U; Android 16; 24094RAD4I Build/BP2A.250605.031.A3; wv) AppleWebKit/537.36 (KHTML, like Gecko) Version/4.0 Chrome/149.0.7827.91 Mobile Safari/537.36 OPR/99.3.2254.1265"
141.0.9.18 - - [04/Jul/2026:12:49:40 +0000] "GET /images/dwakra-escorts.jpg HTTP/1.1" 200 31912 "https://www.dwarkaescort.com/" "Mozilla/5.0 (Linux; U; Android 16; 24094RAD4I Build/BP2A.250605.031.A3; wv) AppleWebKit/537.36 (KHTML, like Gecko) Version/4.0 Chrome/149.0.7827.91 Mobile Safari/537.36 OPR/99.3.2254.1265"
141.0.9.18 - - [04/Jul/2026:12:49:41 +0000] "GET /images/right.webp HTTP/1.1" 200 196 "https://www.dwarkaescort.com/css/style.css" "Mozilla/5.0 (Linux; U; Android 16; 24094RAD4I Build/BP2A.250605.031.A3; wv) AppleWebKit/537.36 (KHTML, like Gecko) Version/4.0 Chrome/149.0.7827.91 Mobile Safari/537.36 OPR/99.3.2254.1265"
141.0.9.18 - - [04/Jul/2026:12:49:41 +0000] "GET /images/dwarka-escorts.mp4 HTTP/1.1" 206 22014449 "https://www.dwarkaescort.com/" "Mozilla/5.0 (Linux; U; Android 16; 24094RAD4I Build/BP2A.250605.031.A3; wv) AppleWebKit/537.36 (KHTML, like Gecko) Version/4.0 Chrome/149.0.7827.91 Mobile Safari/537.36 OPR/99.3.2254.1265"
141.0.9.18 - - [04/Jul/2026:12:49:41 +0000] "GET /js/lazysizes.min.js HTTP/1.1" 200 7889 "https://www.dwarkaescort.com/" "Mozilla/5.0 (Linux; U; Android 16; 24094RAD4I Build/BP2A.250605.031.A3; wv) AppleWebKit/537.36 (KHTML, like Gecko) Version/4.0 Chrome/149.0.7827.91 Mobile Safari/537.36 OPR/99.3.2254.1265"
116.76.196.216 - - [04/Jul/2026:12:49:43 +0000] "GET /robots.txt HTTP/1.1" 200 78 "-" "Mozilla/5.0 (Windows NT 10.0; WOW64) AppleWebKit/537.36 (KHTML, like Gecko) Chrome/89.0.4217.138 Safari/537.36 QIHU 360SE"
223.188.152.109 - - [04/Jul/2026:12:49:45 +0000] "GET /images/right.webp HTTP/1.1" 200 196 "https://www.dwarkaescort.com/css/style.css" "Mozilla/5.0 (Linux; U; Android 16; 24094RAD4I Build/BP2A.250605.031.A3; wv) AppleWebKit/537.36 (KHTML, like Gecko) Version/4.0 Chrome/149.0.7827.91 Mobile Safari/537.36 OPR/99.3.2254.1265"
223.188.152.109 - - [04/Jul/2026:12:49:45 +0000] "GET /images/favicon.webp HTTP/1.1" 200 2350 "https://www.dwarkaescort.com/" "Mozilla/5.0 (Linux; U; Android 16; 24094RAD4I Build/BP2A.250605.031.A3; wv) AppleWebKit/537.36 (KHTML, like Gecko) Version/4.0 Chrome/149.0.7827.91 Mobile Safari/537.36 OPR/99.3.2254.1265"
122.183.58.185 - - [04/Jul/2026:12:49:50 +0000] "GET / HTTP/1.1" 200 46796 "https://www.modelescortsindelhi.com/" "Mozilla/5.0 (Linux; Android 10; K) AppleWebKit/537.36 (KHTML, like Gecko) Chrome/149.0.0.0 Mobile Safari/537.36"
223.176.23.167 - - [04/Jul/2026:12:49:34 +0000] "GET /images/dwarka-escorts.mp4 HTTP/1.1" 206 22014449 "https://www.dwarkaescort.com/" "Mozilla/5.0 (Linux; Android 10; K) AppleWebKit/537.36 (KHTML, like Gecko) Chrome/141.0.0.0 Mobile Safari/537.36"
106.67.183.87 - - [04/Jul/2026:12:49:52 +0000] "GET / HTTP/1.1" 200 46796 "https://www.modelescortsindelhi.com/" "Mozilla/5.0 (Linux; Android 10; K) AppleWebKit/537.36 (KHTML, like Gecko) Chrome/149.0.0.0 Mobile Safari/537.36"
106.67.183.87 - - [04/Jul/2026:12:49:52 +0000] "GET /css/style.css HTTP/1.1" 200 10757 "https://www.dwarkaescort.com/" "Mozilla/5.0 (Linux; Android 10; K) AppleWebKit/537.36 (KHTML, like Gecko) Chrome/149.0.0.0 Mobile Safari/537.36"
103.214.63.111 - - [04/Jul/2026:12:49:52 +0000] "GET / HTTP/1.1" 200 46796 "https://www.modelescortsindelhi.com/" "Mozilla/5.0 (Linux; Android 10; K) AppleWebKit/537.36 (KHTML, like Gecko) Chrome/149.0.0.0 Mobile Safari/537.36"
106.67.183.87 - - [04/Jul/2026:12:49:53 +0000] "GET /css/fontawesome.css HTTP/1.1" 200 1757 "https://www.dwarkaescort.com/" "Mozilla/5.0 (Linux; Android 10; K) AppleWebKit/537.36 (KHTML, like Gecko) Chrome/149.0.0.0 Mobile Safari/537.36"
106.67.183.87 - - [04/Jul/2026:12:49:53 +0000] "GET /js/lazysizes.min.js HTTP/1.1" 200 7889 "https://www.dwarkaescort.com/" "Mozilla/5.0 (Linux; Android 10; K) AppleWebKit/537.36 (KHTML, like Gecko) Chrome/149.0.0.0 Mobile Safari/537.36"
103.214.63.111 - - [04/Jul/2026:12:49:53 +0000] "GET /css/style.css HTTP/1.1" 200 10757 "https://www.dwarkaescort.com/" "Mozilla/5.0 (Linux; Android 10; K) AppleWebKit/537.36 (KHTML, like Gecko) Chrome/149.0.0.0 Mobile Safari/537.36"
106.67.183.87 - - [04/Jul/2026:12:49:53 +0000] "GET /images/dwakra-escorts.jpg HTTP/1.1" 200 31912 "https://www.dwarkaescort.com/" "Mozilla/5.0 (Linux; Android 10; K) AppleWebKit/537.36 (KHTML, like Gecko) Chrome/149.0.0.0 Mobile Safari/537.36"
103.214.63.111 - - [04/Jul/2026:12:49:53 +0000] "GET /css/fontawesome.css HTTP/1.1" 200 1757 "https://www.dwarkaescort.com/" "Mozilla/5.0 (Linux; Android 10; K) AppleWebKit/537.36 (KHTML, like Gecko) Chrome/149.0.0.0 Mobile Safari/537.36"
106.67.183.87 - - [04/Jul/2026:12:49:53 +0000] "GET /images/right.webp HTTP/1.1" 200 196 "https://www.dwarkaescort.com/css/style.css" "Mozilla/5.0 (Linux; Android 10; K) AppleWebKit/537.36 (KHTML, like Gecko) Chrome/149.0.0.0 Mobile Safari/537.36"
103.214.63.111 - - [04/Jul/2026:12:49:53 +0000] "GET /js/lazysizes.min.js HTTP/1.1" 200 7889 "https://www.dwarkaescort.com/" "Mozilla/5.0 (Linux; Android 10; K) AppleWebKit/537.36 (KHTML, like Gecko) Chrome/149.0.0.0 Mobile Safari/537.36"
103.214.63.111 - - [04/Jul/2026:12:49:53 +0000] "GET /images/dwakra-escorts.jpg HTTP/1.1" 200 31912 "https://www.dwarkaescort.com/" "Mozilla/5.0 (Linux; Android 10; K) AppleWebKit/537.36 (KHTML, like Gecko) Chrome/149.0.0.0 Mobile Safari/537.36"
103.214.63.111 - - [04/Jul/2026:12:49:54 +0000] "GET /images/right.webp HTTP/1.1" 200 196 "https://www.dwarkaescort.com/css/style.css" "Mozilla/5.0 (Linux; Android 10; K) AppleWebKit/537.36 (KHTML, like Gecko) Chrome/149.0.0.0 Mobile Safari/537.36"
103.214.63.111 - - [04/Jul/2026:12:49:54 +0000] "GET /images/favicon.webp HTTP/1.1" 200 2350 "https://www.dwarkaescort.com/" "Mozilla/5.0 (Linux; Android 10; K) AppleWebKit/537.36 (KHTML, like Gecko) Chrome/149.0.0.0 Mobile Safari/537.36"
106.67.183.87 - - [04/Jul/2026:12:49:58 +0000] "GET /images/favicon.webp HTTP/1.1" 200 2350 "https://www.dwarkaescort.com/" "Mozilla/5.0 (Linux; Android 10; K) AppleWebKit/537.36 (KHTML, like Gecko) Chrome/149.0.0.0 Mobile Safari/537.36"
123.17.4.174 - - [04/Jul/2026:12:50:02 +0000] "GET /defence-colony-escorts.php HTTP/1.1" 200 24228 "-" "Mozilla/5.0 (Macintosh; Intel Mac OS X 10_12_6) AppleWebKit/537.36 (KHTML, like Gecko) Brave Chrome/80.0.3987.162 Safari/537.36"
103.214.63.111 - - [04/Jul/2026:12:49:53 +0000] "GET /images/dwarka-escorts.mp4 HTTP/1.1" 206 22014449 "https://www.dwarkaescort.com/" "Mozilla/5.0 (Linux; Android 10; K) AppleWebKit/537.36 (KHTML, like Gecko) Chrome/149.0.0.0 Mobile Safari/537.36"
223.188.152.109 - - [04/Jul/2026:12:49:45 +0000] "GET /images/dwarka-escorts.mp4 HTTP/1.1" 206 22014449 "https://www.dwarkaescort.com/" "Mozilla/5.0 (Linux; U; Android 16; 24094RAD4I Build/BP2A.250605.031.A3; wv) AppleWebKit/537.36 (KHTML, like Gecko) Version/4.0 Chrome/149.0.7827.91 Mobile Safari/537.36 OPR/99.3.2254.1265"
106.210.139.133 - - [04/Jul/2026:12:50:41 +0000] "GET /images/dwarka-escorts.mp4 HTTP/1.1" 206 2916352 "https://www.dwarkaescort.com/" "Mozilla/5.0 (Macintosh; Intel Mac OS X 10_15_7) AppleWebKit/537.36 (KHTML, like Gecko) Chrome/149.0.0.0 Safari/537.36"
152.59.8.45 - - [04/Jul/2026:12:50:46 +0000] "GET / HTTP/1.1" 200 46796 "https://www.modelescortsindelhi.com/" "Mozilla/5.0 (Linux; Android 10; K) AppleWebKit/537.36 (KHTML, like Gecko) Chrome/148.0.0.0 Mobile Safari/537.36"
106.67.183.87 - - [04/Jul/2026:12:49:53 +0000] "GET /images/dwarka-escorts.mp4 HTTP/1.1" 206 22014449 "https://www.dwarkaescort.com/" "Mozilla/5.0 (Linux; Android 10; K) AppleWebKit/537.36 (KHTML, like Gecko) Chrome/149.0.0.0 Mobile Safari/537.36"
152.59.8.45 - - [04/Jul/2026:12:50:47 +0000] "GET / HTTP/1.1" 200 46796 "https://www.modelescortsindelhi.com/" "Mozilla/5.0 (Linux; Android 10; K) AppleWebKit/537.36 (KHTML, like Gecko) Chrome/148.0.0.0 Mobile Safari/537.36"
152.59.8.45 - - [04/Jul/2026:12:50:48 +0000] "GET /css/style.css HTTP/1.1" 200 10757 "https://www.dwarkaescort.com/" "Mozilla/5.0 (Linux; Android 10; K) AppleWebKit/537.36 (KHTML, like Gecko) Chrome/148.0.0.0 Mobile Safari/537.36"
152.59.8.45 - - [04/Jul/2026:12:50:48 +0000] "GET /css/fontawesome.css HTTP/1.1" 200 1757 "https://www.dwarkaescort.com/" "Mozilla/5.0 (Linux; Android 10; K) AppleWebKit/537.36 (KHTML, like Gecko) Chrome/148.0.0.0 Mobile Safari/537.36"
152.59.8.45 - - [04/Jul/2026:12:50:50 +0000] "GET / HTTP/1.1" 200 46796 "https://www.modelescortsindelhi.com/" "Mozilla/5.0 (Linux; Android 10; K) AppleWebKit/537.36 (KHTML, like Gecko) Chrome/148.0.0.0 Mobile Safari/537.36"
152.59.8.45 - - [04/Jul/2026:12:50:50 +0000] "GET /css/fontawesome.css HTTP/1.1" 200 1757 "https://www.dwarkaescort.com/" "Mozilla/5.0 (Linux; Android 10; K) AppleWebKit/537.36 (KHTML, like Gecko) Chrome/148.0.0.0 Mobile Safari/537.36"
152.59.8.45 - - [04/Jul/2026:12:50:50 +0000] "GET /js/lazysizes.min.js HTTP/1.1" 200 7889 "https://www.dwarkaescort.com/" "Mozilla/5.0 (Linux; Android 10; K) AppleWebKit/537.36 (KHTML, like Gecko) Chrome/148.0.0.0 Mobile Safari/537.36"
152.59.8.45 - - [04/Jul/2026:12:50:51 +0000] "GET /images/dwakra-escorts.jpg HTTP/1.1" 200 31912 "https://www.dwarkaescort.com/" "Mozilla/5.0 (Linux; Android 10; K) AppleWebKit/537.36 (KHTML, like Gecko) Chrome/148.0.0.0 Mobile Safari/537.36"
152.59.8.45 - - [04/Jul/2026:12:50:50 +0000] "GET /images/dwarka-escorts.mp4 HTTP/1.1" 206 22014449 "https://www.dwarkaescort.com/" "Mozilla/5.0 (Linux; Android 10; K) AppleWebKit/537.36 (KHTML, like Gecko) Chrome/148.0.0.0 Mobile Safari/537.36"
152.59.8.45 - - [04/Jul/2026:12:50:52 +0000] "GET / HTTP/1.1" 200 46796 "https://www.modelescortsindelhi.com/" "Mozilla/5.0 (Linux; Android 10; K) AppleWebKit/537.36 (KHTML, like Gecko) Chrome/148.0.0.0 Mobile Safari/537.36"
152.59.8.45 - - [04/Jul/2026:12:50:52 +0000] "GET /images/dwakra-escorts.jpg HTTP/1.1" 200 31912 "https://www.dwarkaescort.com/" "Mozilla/5.0 (Linux; Android 10; K) AppleWebKit/537.36 (KHTML, like Gecko) Chrome/148.0.0.0 Mobile Safari/537.36"
152.59.8.45 - - [04/Jul/2026:12:50:52 +0000] "GET /images/dwarka-escorts.mp4 HTTP/1.1" 206 22006559 "https://www.dwarkaescort.com/" "Mozilla/5.0 (Linux; Android 10; K) AppleWebKit/537.36 (KHTML, like Gecko) Chrome/148.0.0.0 Mobile Safari/537.36"
104.28.37.206 - - [04/Jul/2026:12:51:10 +0000] "GET / HTTP/1.1" 200 46796 "https://www.google.com/" "Mozilla/5.0 (iPhone; CPU iPhone OS 18_7 like Mac OS X) AppleWebKit/605.1.15 (KHTML, like Gecko) Version/26.5 Mobile/15E148 Safari/604.1"
172.225.200.121 - - [04/Jul/2026:12:51:11 +0000] "GET /css/style.css HTTP/1.1" 200 10757 "https://www.dwarkaescort.com/" "Mozilla/5.0 (iPhone; CPU iPhone OS 18_7 like Mac OS X) AppleWebKit/605.1.15 (KHTML, like Gecko) Version/26.5 Mobile/15E148 Safari/604.1"
172.225.200.121 - - [04/Jul/2026:12:51:11 +0000] "GET /images/dwarka-escorts.mp4 HTTP/1.1" 206 2 "https://www.dwarkaescort.com/" "Mozilla/5.0 (iPhone; CPU iPhone OS 18_7 like Mac OS X) AppleWebKit/605.1.15 (KHTML, like Gecko) Version/26.5 Mobile/15E148 Safari/604.1"
172.225.200.121 - - [04/Jul/2026:12:51:12 +0000] "GET /js/lazysizes.min.js HTTP/1.1" 200 7889 "https://www.dwarkaescort.com/" "Mozilla/5.0 (iPhone; CPU iPhone OS 18_7 like Mac OS X) AppleWebKit/605.1.15 (KHTML, like Gecko) Version/26.5 Mobile/15E148 Safari/604.1"
172.225.200.121 - - [04/Jul/2026:12:51:12 +0000] "GET /css/fontawesome.css HTTP/1.1" 200 1757 "https://www.dwarkaescort.com/" "Mozilla/5.0 (iPhone; CPU iPhone OS 18_7 like Mac OS X) AppleWebKit/605.1.15 (KHTML, like Gecko) Version/26.5 Mobile/15E148 Safari/604.1"
172.225.200.121 - - [04/Jul/2026:12:51:12 +0000] "GET /images/dwakra-escorts.jpg HTTP/1.1" 200 31912 "https://www.dwarkaescort.com/" "Mozilla/5.0 (iPhone; CPU iPhone OS 18_7 like Mac OS X) AppleWebKit/605.1.15 (KHTML, like Gecko) Version/26.5 Mobile/15E148 Safari/604.1"
172.225.200.121 - - [04/Jul/2026:12:51:12 +0000] "GET /images/right.webp HTTP/1.1" 200 196 "https://www.dwarkaescort.com/" "Mozilla/5.0 (iPhone; CPU iPhone OS 18_7 like Mac OS X) AppleWebKit/605.1.15 (KHTML, like Gecko) Version/26.5 Mobile/15E148 Safari/604.1"
172.225.200.121 - - [04/Jul/2026:12:51:12 +0000] "GET /images/dwarka-escorts.mp4 HTTP/1.1" 206 22014449 "https://www.dwarkaescort.com/" "Mozilla/5.0 (iPhone; CPU iPhone OS 18_7 like Mac OS X) AppleWebKit/605.1.15 (KHTML, like Gecko) Version/26.5 Mobile/15E148 Safari/604.1"
172.225.200.121 - - [04/Jul/2026:12:51:12 +0000] "GET /images/dwarka-escorts.mp4 HTTP/1.1" 206 57645 "https://www.dwarkaescort.com/" "Mozilla/5.0 (iPhone; CPU iPhone OS 18_7 like Mac OS X) AppleWebKit/605.1.15 (KHTML, like Gecko) Version/26.5 Mobile/15E148 Safari/604.1"
172.225.200.121 - - [04/Jul/2026:12:51:12 +0000] "GET /images/dwarka-escorts.mp4 HTTP/1.1" 206 21948913 "https://www.dwarkaescort.com/" "Mozilla/5.0 (iPhone; CPU iPhone OS 18_7 like Mac OS X) AppleWebKit/605.1.15 (KHTML, like Gecko) Version/26.5 Mobile/15E148 Safari/604.1"
172.225.200.121 - - [04/Jul/2026:12:51:14 +0000] "GET /images/zara.webp HTTP/1.1" 200 32630 "https://www.dwarkaescort.com/" "Mozilla/5.0 (iPhone; CPU iPhone OS 18_7 like Mac OS X) AppleWebKit/605.1.15 (KHTML, like Gecko) Version/26.5 Mobile/15E148 Safari/604.1"
172.225.200.121 - - [04/Jul/2026:12:51:13 +0000] "GET /images/dwarka-escorts.mp4 HTTP/1.1" 206 21861026 "https://www.dwarkaescort.com/" "Mozilla/5.0 (iPhone; CPU iPhone OS 18_7 like Mac OS X) AppleWebKit/605.1.15 (KHTML, like Gecko) Version/26.5 Mobile/15E148 Safari/604.1"
172.225.200.121 - - [04/Jul/2026:12:51:15 +0000] "GET /images/favicon.webp HTTP/1.1" 200 2350 "https://www.dwarkaescort.com/" "Mozilla/5.0 (iPhone; CPU iPhone OS 18_7 like Mac OS X) AppleWebKit/605.1.15 (KHTML, like Gecko) Version/26.5 Mobile/15E148 Safari/604.1"
43.156.36.169 - - [04/Jul/2026:12:51:47 +0000] "GET / HTTP/1.1" 200 46796 "https://dwarkaescorts.com/" "Mozilla/5.0 (iPhone; CPU iPhone OS 13_2_3 like Mac OS X) AppleWebKit/605.1.15 (KHTML, like Gecko) Version/13.0.3 Mobile/15E148 Safari/604.1"
106.202.71.76 - - [04/Jul/2026:12:52:03 +0000] "GET / HTTP/1.1" 200 46796 "https://www.modelescortsindelhi.com/" "Mozilla/5.0 (Linux; Android 10; K) AppleWebKit/537.36 (KHTML, like Gecko) Chrome/149.0.0.0 Mobile Safari/537.36"
106.202.71.76 - - [04/Jul/2026:12:52:04 +0000] "GET /css/style.css HTTP/1.1" 200 10757 "https://www.dwarkaescort.com/" "Mozilla/5.0 (Linux; Android 10; K) AppleWebKit/537.36 (KHTML, like Gecko) Chrome/149.0.0.0 Mobile Safari/537.36"
106.202.71.76 - - [04/Jul/2026:12:52:06 +0000] "GET /css/fontawesome.css HTTP/1.1" 200 1757 "https://www.dwarkaescort.com/" "Mozilla/5.0 (Linux; Android 10; K) AppleWebKit/537.36 (KHTML, like Gecko) Chrome/149.0.0.0 Mobile Safari/537.36"
106.202.71.76 - - [04/Jul/2026:12:52:06 +0000] "GET /js/lazysizes.min.js HTTP/1.1" 200 7889 "https://www.dwarkaescort.com/" "Mozilla/5.0 (Linux; Android 10; K) AppleWebKit/537.36 (KHTML, like Gecko) Chrome/149.0.0.0 Mobile Safari/537.36"
106.202.71.76 - - [04/Jul/2026:12:52:07 +0000] "GET /images/dwakra-escorts.jpg HTTP/1.1" 200 31912 "https://www.dwarkaescort.com/" "Mozilla/5.0 (Linux; Android 10; K) AppleWebKit/537.36 (KHTML, like Gecko) Chrome/149.0.0.0 Mobile Safari/537.36"
106.202.71.76 - - [04/Jul/2026:12:52:09 +0000] "GET /images/right.webp HTTP/1.1" 200 196 "https://www.dwarkaescort.com/css/style.css" "Mozilla/5.0 (Linux; Android 10; K) AppleWebKit/537.36 (KHTML, like Gecko) Chrome/149.0.0.0 Mobile Safari/537.36"
106.202.71.76 - - [04/Jul/2026:12:52:10 +0000] "GET /images/favicon.webp HTTP/1.1" 200 2350 "https://www.dwarkaescort.com/" "Mozilla/5.0 (Linux; Android 10; K) AppleWebKit/537.36 (KHTML, like Gecko) Chrome/149.0.0.0 Mobile Safari/537.36"
52.167.144.183 - - [04/Jul/2026:12:53:20 +0000] "GET /rajouri-garden-escorts.php HTTP/1.1" 200 24698 "-" "Mozilla/5.0 AppleWebKit/537.36 (KHTML, like Gecko; compatible; bingbot/2.0; +http://www.bing.com/bingbot.htm) Chrome/116.0.1938.76 Safari/537.36"
152.59.167.97 - - [04/Jul/2026:12:54:20 +0000] "GET / HTTP/1.1" 200 46796 "https://www.modelescortsindelhi.com/" "Mozilla/5.0 (Linux; Android 10; K) AppleWebKit/537.36 (KHTML, like Gecko) Chrome/149.0.0.0 Mobile Safari/537.36"
152.59.167.97 - - [04/Jul/2026:12:54:20 +0000] "GET /css/style.css HTTP/1.1" 200 10757 "https://www.dwarkaescort.com/" "Mozilla/5.0 (Linux; Android 10; K) AppleWebKit/537.36 (KHTML, like Gecko) Chrome/149.0.0.0 Mobile Safari/537.36"
152.59.167.97 - - [04/Jul/2026:12:54:20 +0000] "GET /css/fontawesome.css HTTP/1.1" 200 1757 "https://www.dwarkaescort.com/" "Mozilla/5.0 (Linux; Android 10; K) AppleWebKit/537.36 (KHTML, like Gecko) Chrome/149.0.0.0 Mobile Safari/537.36"
152.59.167.97 - - [04/Jul/2026:12:54:20 +0000] "GET /js/lazysizes.min.js HTTP/1.1" 200 7889 "https://www.dwarkaescort.com/" "Mozilla/5.0 (Linux; Android 10; K) AppleWebKit/537.36 (KHTML, like Gecko) Chrome/149.0.0.0 Mobile Safari/537.36"
152.59.167.97 - - [04/Jul/2026:12:54:20 +0000] "GET /images/dwakra-escorts.jpg HTTP/1.1" 200 31912 "https://www.dwarkaescort.com/" "Mozilla/5.0 (Linux; Android 10; K) AppleWebKit/537.36 (KHTML, like Gecko) Chrome/149.0.0.0 Mobile Safari/537.36"
152.59.167.97 - - [04/Jul/2026:12:54:20 +0000] "GET /images/right.webp HTTP/1.1" 200 196 "https://www.dwarkaescort.com/css/style.css" "Mozilla/5.0 (Linux; Android 10; K) AppleWebKit/537.36 (KHTML, like Gecko) Chrome/149.0.0.0 Mobile Safari/537.36"
152.59.167.97 - - [04/Jul/2026:12:54:21 +0000] "GET /images/favicon.webp HTTP/1.1" 200 2350 "https://www.dwarkaescort.com/" "Mozilla/5.0 (Linux; Android 10; K) AppleWebKit/537.36 (KHTML, like Gecko) Chrome/149.0.0.0 Mobile Safari/537.36"
152.59.167.97 - - [04/Jul/2026:12:54:20 +0000] "GET /images/dwarka-escorts.mp4 HTTP/1.1" 206 22014449 "https://www.dwarkaescort.com/" "Mozilla/5.0 (Linux; Android 10; K) AppleWebKit/537.36 (KHTML, like Gecko) Chrome/149.0.0.0 Mobile Safari/537.36"
103.188.127.61 - - [04/Jul/2026:12:55:03 +0000] "GET / HTTP/1.1" 200 46796 "https://www.modelescortsindelhi.com/" "Mozilla/5.0 (Linux; Android 10; K) AppleWebKit/537.36 (KHTML, like Gecko) Chrome/149.0.0.0 Mobile Safari/537.36"
103.188.127.61 - - [04/Jul/2026:12:55:03 +0000] "GET /css/style.css HTTP/1.1" 200 10757 "https://www.dwarkaescort.com/" "Mozilla/5.0 (Linux; Android 10; K) AppleWebKit/537.36 (KHTML, like Gecko) Chrome/149.0.0.0 Mobile Safari/537.36"
103.188.127.61 - - [04/Jul/2026:12:55:03 +0000] "GET /css/fontawesome.css HTTP/1.1" 200 1757 "https://www.dwarkaescort.com/" "Mozilla/5.0 (Linux; Android 10; K) AppleWebKit/537.36 (KHTML, like Gecko) Chrome/149.0.0.0 Mobile Safari/537.36"
103.188.127.61 - - [04/Jul/2026:12:55:03 +0000] "GET /js/lazysizes.min.js HTTP/1.1" 200 7889 "https://www.dwarkaescort.com/" "Mozilla/5.0 (Linux; Android 10; K) AppleWebKit/537.36 (KHTML, like Gecko) Chrome/149.0.0.0 Mobile Safari/537.36"
103.188.127.61 - - [04/Jul/2026:12:55:03 +0000] "GET /images/dwakra-escorts.jpg HTTP/1.1" 200 31912 "https://www.dwarkaescort.com/" "Mozilla/5.0 (Linux; Android 10; K) AppleWebKit/537.36 (KHTML, like Gecko) Chrome/149.0.0.0 Mobile Safari/537.36"
103.188.127.61 - - [04/Jul/2026:12:55:03 +0000] "GET /images/right.webp HTTP/1.1" 200 196 "https://www.dwarkaescort.com/css/style.css" "Mozilla/5.0 (Linux; Android 10; K) AppleWebKit/537.36 (KHTML, like Gecko) Chrome/149.0.0.0 Mobile Safari/537.36"
103.188.127.61 - - [04/Jul/2026:12:55:04 +0000] "GET /images/favicon.webp HTTP/1.1" 200 2350 "https://www.dwarkaescort.com/" "Mozilla/5.0 (Linux; Android 10; K) AppleWebKit/537.36 (KHTML, like Gecko) Chrome/149.0.0.0 Mobile Safari/537.36"
103.188.127.61 - - [04/Jul/2026:12:55:03 +0000] "GET /images/dwarka-escorts.mp4 HTTP/1.1" 206 22014449 "https://www.dwarkaescort.com/" "Mozilla/5.0 (Linux; Android 10; K) AppleWebKit/537.36 (KHTML, like Gecko) Chrome/149.0.0.0 Mobile Safari/537.36"
47.31.124.1 - - [04/Jul/2026:12:56:53 +0000] "GET / HTTP/1.1" 200 46796 "https://www.modelescortsindelhi.com/" "Mozilla/5.0 (Windows NT 10.0; Win64; x64) AppleWebKit/537.36 (KHTML, like Gecko) Chrome/150.0.0.0 Safari/537.36"
47.31.124.1 - - [04/Jul/2026:12:56:54 +0000] "GET /css/style.css HTTP/1.1" 200 10757 "https://www.dwarkaescort.com/" "Mozilla/5.0 (Windows NT 10.0; Win64; x64) AppleWebKit/537.36 (KHTML, like Gecko) Chrome/150.0.0.0 Safari/537.36"
47.31.124.1 - - [04/Jul/2026:12:56:54 +0000] "GET /css/fontawesome.css HTTP/1.1" 200 1757 "https://www.dwarkaescort.com/" "Mozilla/5.0 (Windows NT 10.0; Win64; x64) AppleWebKit/537.36 (KHTML, like Gecko) Chrome/150.0.0.0 Safari/537.36"
47.31.124.1 - - [04/Jul/2026:12:56:54 +0000] "GET /js/lazysizes.min.js HTTP/1.1" 200 7889 "https://www.dwarkaescort.com/" "Mozilla/5.0 (Windows NT 10.0; Win64; x64) AppleWebKit/537.36 (KHTML, like Gecko) Chrome/150.0.0.0 Safari/537.36"
47.31.124.1 - - [04/Jul/2026:12:56:55 +0000] "GET /images/dwakra-escorts.jpg HTTP/1.1" 200 31912 "https://www.dwarkaescort.com/" "Mozilla/5.0 (Windows NT 10.0; Win64; x64) AppleWebKit/537.36 (KHTML, like Gecko) Chrome/150.0.0.0 Safari/537.36"
47.31.124.1 - - [04/Jul/2026:12:56:55 +0000] "GET /images/right.webp HTTP/1.1" 200 196 "https://www.dwarkaescort.com/css/style.css" "Mozilla/5.0 (Windows NT 10.0; Win64; x64) AppleWebKit/537.36 (KHTML, like Gecko) Chrome/150.0.0.0 Safari/537.36"
47.31.124.1 - - [04/Jul/2026:12:56:56 +0000] "GET /images/favicon.webp HTTP/1.1" 200 2350 "https://www.dwarkaescort.com/" "Mozilla/5.0 (Windows NT 10.0; Win64; x64) AppleWebKit/537.36 (KHTML, like Gecko) Chrome/150.0.0.0 Safari/537.36"
103.46.202.114 - - [04/Jul/2026:12:57:00 +0000] "GET /images/dwarka-escorts.mp4 HTTP/1.1" 206 22014449 "https://www.dwarkaescort.com/" "Mozilla/5.0 (Linux; Android 10; K) AppleWebKit/537.36 (KHTML, like Gecko) Chrome/149.0.0.0 Mobile Safari/537.36"
47.31.124.1 - - [04/Jul/2026:12:56:54 +0000] "GET /images/dwarka-escorts.mp4 HTTP/1.1" 206 22014449 "https://www.dwarkaescort.com/" "Mozilla/5.0 (Windows NT 10.0; Win64; x64) AppleWebKit/537.36 (KHTML, like Gecko) Chrome/150.0.0.0 Safari/537.36"
45.115.187.220 - - [04/Jul/2026:12:57:10 +0000] "GET / HTTP/1.1" 200 46796 "https://www.modelescortsindelhi.com/" "Mozilla/5.0 (Linux; Android 10; K) AppleWebKit/537.36 (KHTML, like Gecko) Chrome/149.0.0.0 Mobile Safari/537.36"
45.115.187.220 - - [04/Jul/2026:12:57:11 +0000] "GET /css/style.css HTTP/1.1" 200 10757 "https://www.dwarkaescort.com/" "Mozilla/5.0 (Linux; Android 10; K) AppleWebKit/537.36 (KHTML, like Gecko) Chrome/149.0.0.0 Mobile Safari/537.36"
45.115.187.220 - - [04/Jul/2026:12:57:11 +0000] "GET /css/fontawesome.css HTTP/1.1" 200 1757 "https://www.dwarkaescort.com/" "Mozilla/5.0 (Linux; Android 10; K) AppleWebKit/537.36 (KHTML, like Gecko) Chrome/149.0.0.0 Mobile Safari/537.36"
45.115.187.220 - - [04/Jul/2026:12:57:11 +0000] "GET /js/lazysizes.min.js HTTP/1.1" 200 7889 "https://www.dwarkaescort.com/" "Mozilla/5.0 (Linux; Android 10; K) AppleWebKit/537.36 (KHTML, like Gecko) Chrome/149.0.0.0 Mobile Safari/537.36"
45.115.187.220 - - [04/Jul/2026:12:57:11 +0000] "GET /images/dwakra-escorts.jpg HTTP/1.1" 200 31912 "https://www.dwarkaescort.com/" "Mozilla/5.0 (Linux; Android 10; K) AppleWebKit/537.36 (KHTML, like Gecko) Chrome/149.0.0.0 Mobile Safari/537.36"
