155.94.177.56 - - [04/Jul/2026:12:35:51 +0000] "GET /images/noida-2.jpg HTTP/1.1" 304 - "https://www.dwarkaescort.com/noida-call-girls.php" "Mozilla/5.0 (Linux; Android 6.0; Nexus 5 Build/MRA58N) AppleWebKit/537.36 (KHTML, like Gecko) Chrome/60.0.5861.1750 Mobile Safari/537.36"
103.252.110.105 - - [04/Jul/2026:12:35:51 +0000] "GET /images/noida-1.jpg HTTP/1.1" 206 30966 "https://www.dwarkaescort.com/noida-call-girls.php" "Mozilla/5.0 (Linux; Android 6.0; Nexus 5 Build/MRA58N) AppleWebKit/537.36 (KHTML, like Gecko) Chrome/60.0.5861.1750 Mobile Safari/537.36"
155.94.177.56 - - [04/Jul/2026:12:35:52 +0000] "GET /images/noida-2.jpg HTTP/1.1" 206 31007 "https://www.dwarkaescort.com/noida-call-girls.php" "Mozilla/5.0 (Linux; Android 6.0; Nexus 5 Build/MRA58N) AppleWebKit/537.36 (KHTML, like Gecko) Chrome/60.0.5861.1750 Mobile Safari/537.36"
161.248.231.247 - - [04/Jul/2026:12:35:54 +0000] "GET /images/dwarka-escorts.mp4 HTTP/1.1" 206 22014449 "https://www.dwarkaescortgirls.com/" "Mozilla/5.0 (Windows NT 10.0; Win64; x64; rv:152.0) Gecko/20100101 Firefox/152.0"
161.248.231.247 - - [04/Jul/2026:12:35:56 +0000] "GET / HTTP/1.1" 200 46796 "-" "Mozilla/5.0 (Windows NT 10.0; Win64; x64; rv:152.0) Gecko/20100101 Firefox/152.0"
161.248.231.247 - - [04/Jul/2026:12:35:56 +0000] "GET /css/style.css HTTP/1.1" 200 10757 "https://www.dwarkaescort.com/" "Mozilla/5.0 (Windows NT 10.0; Win64; x64; rv:152.0) Gecko/20100101 Firefox/152.0"
161.248.231.247 - - [04/Jul/2026:12:35:56 +0000] "GET /css/fontawesome.css HTTP/1.1" 200 1757 "https://www.dwarkaescort.com/" "Mozilla/5.0 (Windows NT 10.0; Win64; x64; rv:152.0) Gecko/20100101 Firefox/152.0"
161.248.231.247 - - [04/Jul/2026:12:35:56 +0000] "GET /js/lazysizes.min.js HTTP/1.1" 200 7889 "https://www.dwarkaescort.com/" "Mozilla/5.0 (Windows NT 10.0; Win64; x64; rv:152.0) Gecko/20100101 Firefox/152.0"
161.248.231.247 - - [04/Jul/2026:12:35:56 +0000] "GET /images/right.webp HTTP/1.1" 200 196 "https://www.dwarkaescort.com/css/style.css" "Mozilla/5.0 (Windows NT 10.0; Win64; x64; rv:152.0) Gecko/20100101 Firefox/152.0"
161.248.231.247 - - [04/Jul/2026:12:35:56 +0000] "GET /images/dwakra-escorts.jpg HTTP/1.1" 200 31912 "https://www.dwarkaescort.com/" "Mozilla/5.0 (Windows NT 10.0; Win64; x64; rv:152.0) Gecko/20100101 Firefox/152.0"
161.248.231.247 - - [04/Jul/2026:12:35:57 +0000] "GET /images/favicon.webp HTTP/1.1" 200 2350 "https://www.dwarkaescort.com/" "Mozilla/5.0 (Windows NT 10.0; Win64; x64; rv:152.0) Gecko/20100101 Firefox/152.0"
47.128.96.167 - - [04/Jul/2026:12:35:58 +0000] "GET /malviya-nagar-escorts.php HTTP/1.1" 200 25190 "-" "Mozilla/5.0 (Linux; Android 5.0) AppleWebKit/537.36 (KHTML, like Gecko) Mobile Safari/537.36 (compatible; TikTokSpider; ttspider-feedback@tiktok.com)"
47.128.96.167 - - [04/Jul/2026:12:35:58 +0000] "GET /images/malviya-nagar-1.jpg HTTP/1.1" 206 500 "https://www.dwarkaescort.com/malviya-nagar-escorts.php" "Mozilla/5.0 (Linux; Android 5.0) AppleWebKit/537.36 (KHTML, like Gecko) Mobile Safari/537.36 (compatible; TikTokSpider; ttspider-feedback@tiktok.com)"
47.128.96.167 - - [04/Jul/2026:12:35:59 +0000] "GET /images/malviya-nagar-2.jpg HTTP/1.1" 206 500 "https://www.dwarkaescort.com/malviya-nagar-escorts.php" "Mozilla/5.0 (Linux; Android 5.0) AppleWebKit/537.36 (KHTML, like Gecko) Mobile Safari/537.36 (compatible; TikTokSpider; ttspider-feedback@tiktok.com)"
47.128.96.167 - - [04/Jul/2026:12:35:59 +0000] "GET /images/malviya-nagar-1.jpg HTTP/1.1" 304 - "https://www.dwarkaescort.com/malviya-nagar-escorts.php" "Mozilla/5.0 (Linux; Android 5.0) AppleWebKit/537.36 (KHTML, like Gecko) Mobile Safari/537.36 (compatible; TikTokSpider; ttspider-feedback@tiktok.com)"
47.128.96.167 - - [04/Jul/2026:12:35:59 +0000] "GET /images/malviya-nagar-1.jpg HTTP/1.1" 206 26056 "https://www.dwarkaescort.com/malviya-nagar-escorts.php" "Mozilla/5.0 (Linux; Android 5.0) AppleWebKit/537.36 (KHTML, like Gecko) Mobile Safari/537.36 (compatible; TikTokSpider; ttspider-feedback@tiktok.com)"
47.128.96.167 - - [04/Jul/2026:12:35:59 +0000] "GET /images/malviya-nagar-2.jpg HTTP/1.1" 304 - "https://www.dwarkaescort.com/malviya-nagar-escorts.php" "Mozilla/5.0 (Linux; Android 5.0) AppleWebKit/537.36 (KHTML, like Gecko) Mobile Safari/537.36 (compatible; TikTokSpider; ttspider-feedback@tiktok.com)"
47.128.96.167 - - [04/Jul/2026:12:35:59 +0000] "GET /images/malviya-nagar-2.jpg HTTP/1.1" 206 30434 "https://www.dwarkaescort.com/malviya-nagar-escorts.php" "Mozilla/5.0 (Linux; Android 5.0) AppleWebKit/537.36 (KHTML, like Gecko) Mobile Safari/537.36 (compatible; TikTokSpider; ttspider-feedback@tiktok.com)"
169.149.227.73 - - [04/Jul/2026:12:36:00 +0000] "GET / HTTP/1.1" 200 46796 "https://www.modelescortsindelhi.com/" "Mozilla/5.0 (Linux; Android 10; K) AppleWebKit/537.36 (KHTML, like Gecko) Chrome/145.0.0.0 Mobile Safari/537.36"
161.248.231.247 - - [04/Jul/2026:12:36:01 +0000] "GET /callgirlsingreaterkailash1&2.php HTTP/1.1" 404 16 "https://www.dwarkaescortgirls.com/" "Mozilla/5.0 (Windows NT 10.0; Win64; x64; rv:152.0) Gecko/20100101 Firefox/152.0"
169.149.227.73 - - [04/Jul/2026:12:36:01 +0000] "GET /css/style.css HTTP/1.1" 200 10757 "https://www.dwarkaescort.com/" "Mozilla/5.0 (Linux; Android 10; K) AppleWebKit/537.36 (KHTML, like Gecko) Chrome/145.0.0.0 Mobile Safari/537.36"
169.149.227.73 - - [04/Jul/2026:12:36:01 +0000] "GET /css/fontawesome.css HTTP/1.1" 200 1757 "https://www.dwarkaescort.com/" "Mozilla/5.0 (Linux; Android 10; K) AppleWebKit/537.36 (KHTML, like Gecko) Chrome/145.0.0.0 Mobile Safari/537.36"
169.149.227.73 - - [04/Jul/2026:12:36:01 +0000] "GET /js/lazysizes.min.js HTTP/1.1" 200 7889 "https://www.dwarkaescort.com/" "Mozilla/5.0 (Linux; Android 10; K) AppleWebKit/537.36 (KHTML, like Gecko) Chrome/145.0.0.0 Mobile Safari/537.36"
169.149.227.73 - - [04/Jul/2026:12:36:01 +0000] "GET /images/dwakra-escorts.jpg HTTP/1.1" 200 31912 "https://www.dwarkaescort.com/" "Mozilla/5.0 (Linux; Android 10; K) AppleWebKit/537.36 (KHTML, like Gecko) Chrome/145.0.0.0 Mobile Safari/537.36"
169.149.227.73 - - [04/Jul/2026:12:36:02 +0000] "GET /images/right.webp HTTP/1.1" 200 196 "https://www.dwarkaescort.com/css/style.css" "Mozilla/5.0 (Linux; Android 10; K) AppleWebKit/537.36 (KHTML, like Gecko) Chrome/145.0.0.0 Mobile Safari/537.36"
169.149.227.73 - - [04/Jul/2026:12:36:02 +0000] "GET /images/favicon.webp HTTP/1.1" 200 2350 "https://www.dwarkaescort.com/" "Mozilla/5.0 (Linux; Android 10; K) AppleWebKit/537.36 (KHTML, like Gecko) Chrome/145.0.0.0 Mobile Safari/537.36"
169.149.227.73 - - [04/Jul/2026:12:36:01 +0000] "GET /images/dwarka-escorts.mp4 HTTP/1.1" 206 22014449 "https://www.dwarkaescort.com/" "Mozilla/5.0 (Linux; Android 10; K) AppleWebKit/537.36 (KHTML, like Gecko) Chrome/145.0.0.0 Mobile Safari/537.36"
161.248.231.247 - - [04/Jul/2026:12:35:02 +0000] "GET /images/dwarka-escorts.mp4 HTTP/1.1" 206 22014449 "https://www.dwarkaescort.com/" "Mozilla/5.0 (Windows NT 10.0; Win64; x64; rv:152.0) Gecko/20100101 Firefox/152.0"
186.139.126.212 - - [04/Jul/2026:12:36:13 +0000] "GET /patel-nagar-escorts.php HTTP/1.1" 200 25121 "-" "Mozilla/5.0 (Linux; Android 8.0; Pixel 2 Build/OPD3.170816.012) AppleWebKit/537.36 (KHTML, like Gecko) Chrome/50.0.9610.1270 Mobile Safari/537.36"
96.47.225.79 - - [04/Jul/2026:12:36:15 +0000] "GET /cdn.jsdelivr.net/npm/bootstrap%405.0.2/dist/js/bootstrap.bundle.min.js HTTP/1.1" 404 - "https://www.dwarkaescort.com/patel-nagar-escorts.php" "Mozilla/5.0 (Linux; Android 8.0; Pixel 2 Build/OPD3.170816.012) AppleWebKit/537.36 (KHTML, like Gecko) Chrome/50.0.9610.1270 Mobile Safari/537.36"
96.47.225.79 - - [04/Jul/2026:12:36:15 +0000] "GET /images/patel-nagar-2.jpg HTTP/1.1" 206 500 "https://www.dwarkaescort.com/patel-nagar-escorts.php" "Mozilla/5.0 (Linux; Android 8.0; Pixel 2 Build/OPD3.170816.012) AppleWebKit/537.36 (KHTML, like Gecko) Chrome/50.0.9610.1270 Mobile Safari/537.36"
96.47.225.79 - - [04/Jul/2026:12:36:15 +0000] "GET /images/patel-nagar-2.jpg HTTP/1.1" 304 - "https://www.dwarkaescort.com/patel-nagar-escorts.php" "Mozilla/5.0 (Linux; Android 8.0; Pixel 2 Build/OPD3.170816.012) AppleWebKit/537.36 (KHTML, like Gecko) Chrome/50.0.9610.1270 Mobile Safari/537.36"
96.47.225.79 - - [04/Jul/2026:12:36:16 +0000] "GET /images/patel-nagar-2.jpg HTTP/1.1" 206 33283 "https://www.dwarkaescort.com/patel-nagar-escorts.php" "Mozilla/5.0 (Linux; Android 8.0; Pixel 2 Build/OPD3.170816.012) AppleWebKit/537.36 (KHTML, like Gecko) Chrome/50.0.9610.1270 Mobile Safari/537.36"
47.128.96.197 - - [04/Jul/2026:12:36:23 +0000] "GET /noida-call-girls.php HTTP/1.1" 200 22331 "-" "Mozilla/5.0 (Linux; Android 5.0) AppleWebKit/537.36 (KHTML, like Gecko) Mobile Safari/537.36 (compatible; TikTokSpider; ttspider-feedback@tiktok.com)"
47.128.96.197 - - [04/Jul/2026:12:36:23 +0000] "GET /images/noida-1.jpg HTTP/1.1" 206 500 "https://www.dwarkaescort.com/noida-call-girls.php" "Mozilla/5.0 (Linux; Android 5.0) AppleWebKit/537.36 (KHTML, like Gecko) Mobile Safari/537.36 (compatible; TikTokSpider; ttspider-feedback@tiktok.com)"
47.128.96.197 - - [04/Jul/2026:12:36:24 +0000] "GET /images/noida-2.jpg HTTP/1.1" 206 500 "https://www.dwarkaescort.com/noida-call-girls.php" "Mozilla/5.0 (Linux; Android 5.0) AppleWebKit/537.36 (KHTML, like Gecko) Mobile Safari/537.36 (compatible; TikTokSpider; ttspider-feedback@tiktok.com)"
47.128.96.197 - - [04/Jul/2026:12:36:24 +0000] "GET /images/noida-2.jpg HTTP/1.1" 304 - "https://www.dwarkaescort.com/noida-call-girls.php" "Mozilla/5.0 (Linux; Android 5.0) AppleWebKit/537.36 (KHTML, like Gecko) Mobile Safari/537.36 (compatible; TikTokSpider; ttspider-feedback@tiktok.com)"
47.128.96.197 - - [04/Jul/2026:12:36:24 +0000] "GET /images/noida-1.jpg HTTP/1.1" 304 - "https://www.dwarkaescort.com/noida-call-girls.php" "Mozilla/5.0 (Linux; Android 5.0) AppleWebKit/537.36 (KHTML, like Gecko) Mobile Safari/537.36 (compatible; TikTokSpider; ttspider-feedback@tiktok.com)"
47.128.96.197 - - [04/Jul/2026:12:36:24 +0000] "GET /images/noida-2.jpg HTTP/1.1" 206 31007 "https://www.dwarkaescort.com/noida-call-girls.php" "Mozilla/5.0 (Linux; Android 5.0) AppleWebKit/537.36 (KHTML, like Gecko) Mobile Safari/537.36 (compatible; TikTokSpider; ttspider-feedback@tiktok.com)"
47.128.96.197 - - [04/Jul/2026:12:36:24 +0000] "GET /images/noida-1.jpg HTTP/1.1" 206 30966 "https://www.dwarkaescort.com/noida-call-girls.php" "Mozilla/5.0 (Linux; Android 5.0) AppleWebKit/537.36 (KHTML, like Gecko) Mobile Safari/537.36 (compatible; TikTokSpider; ttspider-feedback@tiktok.com)"
79.116.235.194 - - [04/Jul/2026:12:36:36 +0000] "GET /aerocity-escorts.php HTTP/1.1" 200 30585 "-" "Mozilla/5.0 (Linux; Android 5.0; SM-G900P Build/LRX21T) AppleWebKit/537.36 (KHTML, like Gecko) Chrome/46.0.8797.1234 Mobile Safari/537.36"
151.245.237.34 - - [04/Jul/2026:12:36:38 +0000] "GET /cdn.jsdelivr.net/npm/bootstrap%405.0.2/dist/js/bootstrap.bundle.min.js HTTP/1.1" 404 - "https://www.dwarkaescort.com/aerocity-escorts.php" "Mozilla/5.0 (Linux; Android 5.0; SM-G900P Build/LRX21T) AppleWebKit/537.36 (KHTML, like Gecko) Chrome/46.0.8797.1234 Mobile Safari/537.36"
151.244.88.236 - - [04/Jul/2026:12:36:38 +0000] "GET /images/aerocity-1.jpg HTTP/1.1" 206 500 "https://www.dwarkaescort.com/aerocity-escorts.php" "Mozilla/5.0 (Linux; Android 5.0; SM-G900P Build/LRX21T) AppleWebKit/537.36 (KHTML, like Gecko) Chrome/46.0.8797.1234 Mobile Safari/537.36"
151.241.239.172 - - [04/Jul/2026:12:36:38 +0000] "GET /images/aerocity-2.jpg HTTP/1.1" 206 500 "https://www.dwarkaescort.com/aerocity-escorts.php" "Mozilla/5.0 (Linux; Android 5.0; SM-G900P Build/LRX21T) AppleWebKit/537.36 (KHTML, like Gecko) Chrome/46.0.8797.1234 Mobile Safari/537.36"
151.240.228.233 - - [04/Jul/2026:12:36:38 +0000] "GET /images/aerocity-3.jpg HTTP/1.1" 206 500 "https://www.dwarkaescort.com/aerocity-escorts.php" "Mozilla/5.0 (Linux; Android 5.0; SM-G900P Build/LRX21T) AppleWebKit/537.36 (KHTML, like Gecko) Chrome/46.0.8797.1234 Mobile Safari/537.36"
151.244.88.236 - - [04/Jul/2026:12:36:38 +0000] "GET /images/aerocity-1.jpg HTTP/1.1" 304 - "https://www.dwarkaescort.com/aerocity-escorts.php" "Mozilla/5.0 (Linux; Android 5.0; SM-G900P Build/LRX21T) AppleWebKit/537.36 (KHTML, like Gecko) Chrome/46.0.8797.1234 Mobile Safari/537.36"
151.241.239.172 - - [04/Jul/2026:12:36:38 +0000] "GET /images/aerocity-2.jpg HTTP/1.1" 304 - "https://www.dwarkaescort.com/aerocity-escorts.php" "Mozilla/5.0 (Linux; Android 5.0; SM-G900P Build/LRX21T) AppleWebKit/537.36 (KHTML, like Gecko) Chrome/46.0.8797.1234 Mobile Safari/537.36"
151.240.228.233 - - [04/Jul/2026:12:36:38 +0000] "GET /images/aerocity-3.jpg HTTP/1.1" 304 - "https://www.dwarkaescort.com/aerocity-escorts.php" "Mozilla/5.0 (Linux; Android 5.0; SM-G900P Build/LRX21T) AppleWebKit/537.36 (KHTML, like Gecko) Chrome/46.0.8797.1234 Mobile Safari/537.36"
151.244.88.236 - - [04/Jul/2026:12:36:38 +0000] "GET /images/aerocity-1.jpg HTTP/1.1" 206 27405 "https://www.dwarkaescort.com/aerocity-escorts.php" "Mozilla/5.0 (Linux; Android 5.0; SM-G900P Build/LRX21T) AppleWebKit/537.36 (KHTML, like Gecko) Chrome/46.0.8797.1234 Mobile Safari/537.36"
151.241.239.172 - - [04/Jul/2026:12:36:38 +0000] "GET /images/aerocity-2.jpg HTTP/1.1" 206 35492 "https://www.dwarkaescort.com/aerocity-escorts.php" "Mozilla/5.0 (Linux; Android 5.0; SM-G900P Build/LRX21T) AppleWebKit/537.36 (KHTML, like Gecko) Chrome/46.0.8797.1234 Mobile Safari/537.36"
151.240.228.233 - - [04/Jul/2026:12:36:39 +0000] "GET /images/aerocity-3.jpg HTTP/1.1" 206 24294 "https://www.dwarkaescort.com/aerocity-escorts.php" "Mozilla/5.0 (Linux; Android 5.0; SM-G900P Build/LRX21T) AppleWebKit/537.36 (KHTML, like Gecko) Chrome/46.0.8797.1234 Mobile Safari/537.36"
47.128.96.177 - - [04/Jul/2026:12:36:47 +0000] "GET /patel-nagar-escorts.php HTTP/1.1" 200 25121 "-" "Mozilla/5.0 (Linux; Android 5.0) AppleWebKit/537.36 (KHTML, like Gecko) Mobile Safari/537.36 (compatible; TikTokSpider; ttspider-feedback@tiktok.com)"
47.128.96.177 - - [04/Jul/2026:12:36:48 +0000] "GET /images/patel-nagar-2.jpg HTTP/1.1" 206 500 "https://www.dwarkaescort.com/patel-nagar-escorts.php" "Mozilla/5.0 (Linux; Android 5.0) AppleWebKit/537.36 (KHTML, like Gecko) Mobile Safari/537.36 (compatible; TikTokSpider; ttspider-feedback@tiktok.com)"
47.128.96.177 - - [04/Jul/2026:12:36:48 +0000] "GET /images/patel-nagar-2.jpg HTTP/1.1" 304 - "https://www.dwarkaescort.com/patel-nagar-escorts.php" "Mozilla/5.0 (Linux; Android 5.0) AppleWebKit/537.36 (KHTML, like Gecko) Mobile Safari/537.36 (compatible; TikTokSpider; ttspider-feedback@tiktok.com)"
47.128.96.177 - - [04/Jul/2026:12:36:48 +0000] "GET /images/patel-nagar-2.jpg HTTP/1.1" 206 33283 "https://www.dwarkaescort.com/patel-nagar-escorts.php" "Mozilla/5.0 (Linux; Android 5.0) AppleWebKit/537.36 (KHTML, like Gecko) Mobile Safari/537.36 (compatible; TikTokSpider; ttspider-feedback@tiktok.com)"
79.117.189.161 - - [04/Jul/2026:12:37:02 +0000] "GET /hauz-khas-escorts.php HTTP/1.1" 200 27442 "-" "Mozilla/5.0 (Linux; Android 6.0; Nexus 5 Build/MRA58N) AppleWebKit/537.36 (KHTML, like Gecko) Chrome/42.0.1692.1984 Mobile Safari/537.36"
103.179.11.83 - - [04/Jul/2026:12:37:02 +0000] "GET / HTTP/1.1" 200 46796 "https://www.modelescortsindelhi.com/blog/category/indian-viral-mms" "Mozilla/5.0 (Linux; Android 7.1.1; Lenovo TB-X304L Build/NMF26F) AppleWebKit/537.36 (KHTML, like Gecko) Chrome/56.0.2924.87 Safari/537.36"
103.179.11.83 - - [04/Jul/2026:12:37:03 +0000] "GET /css/style.css HTTP/1.1" 200 10757 "https://www.dwarkaescort.com/" "Mozilla/5.0 (Linux; Android 7.1.1; Lenovo TB-X304L Build/NMF26F) AppleWebKit/537.36 (KHTML, like Gecko) Chrome/56.0.2924.87 Safari/537.36"
103.179.11.83 - - [04/Jul/2026:12:37:03 +0000] "GET /css/fontawesome.css HTTP/1.1" 200 1757 "https://www.dwarkaescort.com/" "Mozilla/5.0 (Linux; Android 7.1.1; Lenovo TB-X304L Build/NMF26F) AppleWebKit/537.36 (KHTML, like Gecko) Chrome/56.0.2924.87 Safari/537.36"
103.179.11.83 - - [04/Jul/2026:12:37:03 +0000] "GET /js/lazysizes.min.js HTTP/1.1" 200 7889 "https://www.dwarkaescort.com/" "Mozilla/5.0 (Linux; Android 7.1.1; Lenovo TB-X304L Build/NMF26F) AppleWebKit/537.36 (KHTML, like Gecko) Chrome/56.0.2924.87 Safari/537.36"
103.179.11.83 - - [04/Jul/2026:12:37:03 +0000] "GET /images/dwakra-escorts.jpg HTTP/1.1" 200 31912 "https://www.dwarkaescort.com/" "Mozilla/5.0 (Linux; Android 7.1.1; Lenovo TB-X304L Build/NMF26F) AppleWebKit/537.36 (KHTML, like Gecko) Chrome/56.0.2924.87 Safari/537.36"
103.179.11.83 - - [04/Jul/2026:12:37:04 +0000] "GET /images/right.webp HTTP/1.1" 200 196 "https://www.dwarkaescort.com/css/style.css" "Mozilla/5.0 (Linux; Android 7.1.1; Lenovo TB-X304L Build/NMF26F) AppleWebKit/537.36 (KHTML, like Gecko) Chrome/56.0.2924.87 Safari/537.36"
103.179.11.83 - - [04/Jul/2026:12:37:04 +0000] "GET /images/dwarka-escorts.mp4 HTTP/1.1" 206 65537 "-" "Mozilla/5.0 (Linux; Android 7.1.1; Lenovo TB-X304L Build/NMF26F) AppleWebKit/537.36 (KHTML, like Gecko) Chrome/56.0.2924.87 Safari/537.36"
209.207.236.29 - - [04/Jul/2026:12:37:04 +0000] "GET /cdn.jsdelivr.net/npm/bootstrap%405.0.2/dist/js/bootstrap.bundle.min.js HTTP/1.1" 404 - "https://www.dwarkaescort.com/hauz-khas-escorts.php" "Mozilla/5.0 (Linux; Android 6.0; Nexus 5 Build/MRA58N) AppleWebKit/537.36 (KHTML, like Gecko) Chrome/42.0.1692.1984 Mobile Safari/537.36"
209.207.236.29 - - [04/Jul/2026:12:37:04 +0000] "GET /Photos/pic-30.jpg HTTP/1.1" 206 500 "https://www.dwarkaescort.com/hauz-khas-escorts.php" "Mozilla/5.0 (Linux; Android 6.0; Nexus 5 Build/MRA58N) AppleWebKit/537.36 (KHTML, like Gecko) Chrome/42.0.1692.1984 Mobile Safari/537.36"
161.248.231.247 - - [04/Jul/2026:12:35:56 +0000] "GET /images/dwarka-escorts.mp4 HTTP/1.1" 206 22014449 "https://www.dwarkaescort.com/" "Mozilla/5.0 (Windows NT 10.0; Win64; x64; rv:152.0) Gecko/20100101 Firefox/152.0"
209.207.236.29 - - [04/Jul/2026:12:37:05 +0000] "GET /Photos/pic-34.jpg HTTP/1.1" 206 500 "https://www.dwarkaescort.com/hauz-khas-escorts.php" "Mozilla/5.0 (Linux; Android 6.0; Nexus 5 Build/MRA58N) AppleWebKit/537.36 (KHTML, like Gecko) Chrome/42.0.1692.1984 Mobile Safari/537.36"
103.179.11.83 - - [04/Jul/2026:12:37:04 +0000] "GET /images/dwarka-escorts.mp4 HTTP/1.1" 206 22014449 "https://www.dwarkaescort.com/" "Mozilla/5.0 (Linux; Android 7.1.1; Lenovo TB-X304L Build/NMF26F) AppleWebKit/537.36 (KHTML, like Gecko) Chrome/56.0.2924.87 Safari/537.36"
209.207.236.29 - - [04/Jul/2026:12:37:05 +0000] "GET /Photos/pic-30.jpg HTTP/1.1" 304 - "https://www.dwarkaescort.com/hauz-khas-escorts.php" "Mozilla/5.0 (Linux; Android 6.0; Nexus 5 Build/MRA58N) AppleWebKit/537.36 (KHTML, like Gecko) Chrome/42.0.1692.1984 Mobile Safari/537.36"
155.94.177.240 - - [04/Jul/2026:12:37:05 +0000] "GET /Photos/pic-34.jpg HTTP/1.1" 304 - "https://www.dwarkaescort.com/hauz-khas-escorts.php" "Mozilla/5.0 (Linux; Android 6.0; Nexus 5 Build/MRA58N) AppleWebKit/537.36 (KHTML, like Gecko) Chrome/42.0.1692.1984 Mobile Safari/537.36"
155.94.177.240 - - [04/Jul/2026:12:37:05 +0000] "GET /Photos/pic-34.jpg HTTP/1.1" 206 27890 "https://www.dwarkaescort.com/hauz-khas-escorts.php" "Mozilla/5.0 (Linux; Android 6.0; Nexus 5 Build/MRA58N) AppleWebKit/537.36 (KHTML, like Gecko) Chrome/42.0.1692.1984 Mobile Safari/537.36"
209.207.236.29 - - [04/Jul/2026:12:37:05 +0000] "GET /Photos/pic-30.jpg HTTP/1.1" 206 31865 "https://www.dwarkaescort.com/hauz-khas-escorts.php" "Mozilla/5.0 (Linux; Android 6.0; Nexus 5 Build/MRA58N) AppleWebKit/537.36 (KHTML, like Gecko) Chrome/42.0.1692.1984 Mobile Safari/537.36"
47.128.96.132 - - [04/Jul/2026:12:37:12 +0000] "GET /aerocity-escorts.php HTTP/1.1" 200 30585 "-" "Mozilla/5.0 (Linux; Android 5.0) AppleWebKit/537.36 (KHTML, like Gecko) Mobile Safari/537.36 (compatible; TikTokSpider; ttspider-feedback@tiktok.com)"
47.128.96.132 - - [04/Jul/2026:12:37:12 +0000] "GET /images/aerocity-1.jpg HTTP/1.1" 206 500 "https://www.dwarkaescort.com/aerocity-escorts.php" "Mozilla/5.0 (Linux; Android 5.0) AppleWebKit/537.36 (KHTML, like Gecko) Mobile Safari/537.36 (compatible; TikTokSpider; ttspider-feedback@tiktok.com)"
47.128.96.132 - - [04/Jul/2026:12:37:12 +0000] "GET /images/aerocity-2.jpg HTTP/1.1" 206 500 "https://www.dwarkaescort.com/aerocity-escorts.php" "Mozilla/5.0 (Linux; Android 5.0) AppleWebKit/537.36 (KHTML, like Gecko) Mobile Safari/537.36 (compatible; TikTokSpider; ttspider-feedback@tiktok.com)"
47.128.96.132 - - [04/Jul/2026:12:37:13 +0000] "GET /images/aerocity-2.jpg HTTP/1.1" 304 - "https://www.dwarkaescort.com/aerocity-escorts.php" "Mozilla/5.0 (Linux; Android 5.0) AppleWebKit/537.36 (KHTML, like Gecko) Mobile Safari/537.36 (compatible; TikTokSpider; ttspider-feedback@tiktok.com)"
47.128.96.132 - - [04/Jul/2026:12:37:13 +0000] "GET /images/aerocity-1.jpg HTTP/1.1" 304 - "https://www.dwarkaescort.com/aerocity-escorts.php" "Mozilla/5.0 (Linux; Android 5.0) AppleWebKit/537.36 (KHTML, like Gecko) Mobile Safari/537.36 (compatible; TikTokSpider; ttspider-feedback@tiktok.com)"
47.128.96.132 - - [04/Jul/2026:12:37:13 +0000] "GET /images/aerocity-3.jpg HTTP/1.1" 206 500 "https://www.dwarkaescort.com/aerocity-escorts.php" "Mozilla/5.0 (Linux; Android 5.0) AppleWebKit/537.36 (KHTML, like Gecko) Mobile Safari/537.36 (compatible; TikTokSpider; ttspider-feedback@tiktok.com)"
47.128.96.132 - - [04/Jul/2026:12:37:13 +0000] "GET /images/aerocity-3.jpg HTTP/1.1" 304 - "https://www.dwarkaescort.com/aerocity-escorts.php" "Mozilla/5.0 (Linux; Android 5.0) AppleWebKit/537.36 (KHTML, like Gecko) Mobile Safari/537.36 (compatible; TikTokSpider; ttspider-feedback@tiktok.com)"
47.128.96.132 - - [04/Jul/2026:12:37:13 +0000] "GET /images/aerocity-2.jpg HTTP/1.1" 206 35492 "https://www.dwarkaescort.com/aerocity-escorts.php" "Mozilla/5.0 (Linux; Android 5.0) AppleWebKit/537.36 (KHTML, like Gecko) Mobile Safari/537.36 (compatible; TikTokSpider; ttspider-feedback@tiktok.com)"
47.128.96.132 - - [04/Jul/2026:12:37:13 +0000] "GET /images/aerocity-1.jpg HTTP/1.1" 206 27405 "https://www.dwarkaescort.com/aerocity-escorts.php" "Mozilla/5.0 (Linux; Android 5.0) AppleWebKit/537.36 (KHTML, like Gecko) Mobile Safari/537.36 (compatible; TikTokSpider; ttspider-feedback@tiktok.com)"
47.128.96.132 - - [04/Jul/2026:12:37:13 +0000] "GET /images/aerocity-3.jpg HTTP/1.1" 206 24294 "https://www.dwarkaescort.com/aerocity-escorts.php" "Mozilla/5.0 (Linux; Android 5.0) AppleWebKit/537.36 (KHTML, like Gecko) Mobile Safari/537.36 (compatible; TikTokSpider; ttspider-feedback@tiktok.com)"
38.52.133.23 - - [04/Jul/2026:12:37:34 +0000] "GET /bangalore-call-girls.php HTTP/1.1" 200 23597 "-" "Mozilla/5.0 (Linux; Android 8.0; Pixel 2 Build/OPD3.170816.012) AppleWebKit/537.36 (KHTML, like Gecko) Chrome/57.0.6038.1060 Mobile Safari/537.36"
47.128.96.170 - - [04/Jul/2026:12:37:36 +0000] "GET /hauz-khas-escorts.php HTTP/1.1" 200 27442 "-" "Mozilla/5.0 (Linux; Android 5.0) AppleWebKit/537.36 (KHTML, like Gecko) Mobile Safari/537.36 (compatible; TikTokSpider; ttspider-feedback@tiktok.com)"
151.241.41.147 - - [04/Jul/2026:12:37:36 +0000] "GET /cdn.jsdelivr.net/npm/bootstrap%405.0.2/dist/js/bootstrap.bundle.min.js HTTP/1.1" 404 - "https://www.dwarkaescort.com/bangalore-call-girls.php" "Mozilla/5.0 (Linux; Android 8.0; Pixel 2 Build/OPD3.170816.012) AppleWebKit/537.36 (KHTML, like Gecko) Chrome/57.0.6038.1060 Mobile Safari/537.36"
47.128.96.170 - - [04/Jul/2026:12:37:36 +0000] "GET /Photos/pic-30.jpg HTTP/1.1" 206 500 "https://www.dwarkaescort.com/hauz-khas-escorts.php" "Mozilla/5.0 (Linux; Android 5.0) AppleWebKit/537.36 (KHTML, like Gecko) Mobile Safari/537.36 (compatible; TikTokSpider; ttspider-feedback@tiktok.com)"
95.134.71.243 - - [04/Jul/2026:12:37:36 +0000] "GET /images/bangalore-1.jpg HTTP/1.1" 206 500 "https://www.dwarkaescort.com/bangalore-call-girls.php" "Mozilla/5.0 (Linux; Android 8.0; Pixel 2 Build/OPD3.170816.012) AppleWebKit/537.36 (KHTML, like Gecko) Chrome/57.0.6038.1060 Mobile Safari/537.36"
178.93.136.24 - - [04/Jul/2026:12:37:36 +0000] "GET /images/bangalore-2.jpg HTTP/1.1" 206 500 "https://www.dwarkaescort.com/bangalore-call-girls.php" "Mozilla/5.0 (Linux; Android 8.0; Pixel 2 Build/OPD3.170816.012) AppleWebKit/537.36 (KHTML, like Gecko) Chrome/57.0.6038.1060 Mobile Safari/537.36"
47.128.96.170 - - [04/Jul/2026:12:37:36 +0000] "GET /Photos/pic-34.jpg HTTP/1.1" 206 500 "https://www.dwarkaescort.com/hauz-khas-escorts.php" "Mozilla/5.0 (Linux; Android 5.0) AppleWebKit/537.36 (KHTML, like Gecko) Mobile Safari/537.36 (compatible; TikTokSpider; ttspider-feedback@tiktok.com)"
47.128.96.170 - - [04/Jul/2026:12:37:37 +0000] "GET /Photos/pic-30.jpg HTTP/1.1" 304 - "https://www.dwarkaescort.com/hauz-khas-escorts.php" "Mozilla/5.0 (Linux; Android 5.0) AppleWebKit/537.36 (KHTML, like Gecko) Mobile Safari/537.36 (compatible; TikTokSpider; ttspider-feedback@tiktok.com)"
47.128.96.170 - - [04/Jul/2026:12:37:37 +0000] "GET /Photos/pic-30.jpg HTTP/1.1" 206 31865 "https://www.dwarkaescort.com/hauz-khas-escorts.php" "Mozilla/5.0 (Linux; Android 5.0) AppleWebKit/537.36 (KHTML, like Gecko) Mobile Safari/537.36 (compatible; TikTokSpider; ttspider-feedback@tiktok.com)"
95.134.71.243 - - [04/Jul/2026:12:37:37 +0000] "GET /images/bangalore-1.jpg HTTP/1.1" 304 - "https://www.dwarkaescort.com/bangalore-call-girls.php" "Mozilla/5.0 (Linux; Android 8.0; Pixel 2 Build/OPD3.170816.012) AppleWebKit/537.36 (KHTML, like Gecko) Chrome/57.0.6038.1060 Mobile Safari/537.36"
47.128.96.170 - - [04/Jul/2026:12:37:37 +0000] "GET /Photos/pic-34.jpg HTTP/1.1" 304 - "https://www.dwarkaescort.com/hauz-khas-escorts.php" "Mozilla/5.0 (Linux; Android 5.0) AppleWebKit/537.36 (KHTML, like Gecko) Mobile Safari/537.36 (compatible; TikTokSpider; ttspider-feedback@tiktok.com)"
47.128.96.170 - - [04/Jul/2026:12:37:37 +0000] "GET /Photos/pic-34.jpg HTTP/1.1" 206 27890 "https://www.dwarkaescort.com/hauz-khas-escorts.php" "Mozilla/5.0 (Linux; Android 5.0) AppleWebKit/537.36 (KHTML, like Gecko) Mobile Safari/537.36 (compatible; TikTokSpider; ttspider-feedback@tiktok.com)"
178.93.136.24 - - [04/Jul/2026:12:37:37 +0000] "GET /images/bangalore-2.jpg HTTP/1.1" 304 - "https://www.dwarkaescort.com/bangalore-call-girls.php" "Mozilla/5.0 (Linux; Android 8.0; Pixel 2 Build/OPD3.170816.012) AppleWebKit/537.36 (KHTML, like Gecko) Chrome/57.0.6038.1060 Mobile Safari/537.36"
178.93.136.24 - - [04/Jul/2026:12:37:38 +0000] "GET /images/bangalore-2.jpg HTTP/1.1" 206 29928 "https://www.dwarkaescort.com/bangalore-call-girls.php" "Mozilla/5.0 (Linux; Android 8.0; Pixel 2 Build/OPD3.170816.012) AppleWebKit/537.36 (KHTML, like Gecko) Chrome/57.0.6038.1060 Mobile Safari/537.36"
95.134.71.243 - - [04/Jul/2026:12:37:38 +0000] "GET /images/bangalore-1.jpg HTTP/1.1" 206 31849 "https://www.dwarkaescort.com/bangalore-call-girls.php" "Mozilla/5.0 (Linux; Android 8.0; Pixel 2 Build/OPD3.170816.012) AppleWebKit/537.36 (KHTML, like Gecko) Chrome/57.0.6038.1060 Mobile Safari/537.36"
161.248.231.247 - - [04/Jul/2026:12:37:48 +0000] "GET / HTTP/1.1" 200 46796 "-" "Mozilla/5.0 (Windows NT 10.0; Win64; x64; rv:152.0) Gecko/20100101 Firefox/152.0"
47.128.96.133 - - [04/Jul/2026:12:38:00 +0000] "GET /bangalore-call-girls.php HTTP/1.1" 200 23597 "-" "Mozilla/5.0 (Linux; Android 5.0) AppleWebKit/537.36 (KHTML, like Gecko) Mobile Safari/537.36 (compatible; TikTokSpider; ttspider-feedback@tiktok.com)"
47.128.96.133 - - [04/Jul/2026:12:38:01 +0000] "GET /images/bangalore-1.jpg HTTP/1.1" 206 500 "https://www.dwarkaescort.com/bangalore-call-girls.php" "Mozilla/5.0 (Linux; Android 5.0) AppleWebKit/537.36 (KHTML, like Gecko) Mobile Safari/537.36 (compatible; TikTokSpider; ttspider-feedback@tiktok.com)"
47.128.96.133 - - [04/Jul/2026:12:38:01 +0000] "GET /images/bangalore-2.jpg HTTP/1.1" 206 500 "https://www.dwarkaescort.com/bangalore-call-girls.php" "Mozilla/5.0 (Linux; Android 5.0) AppleWebKit/537.36 (KHTML, like Gecko) Mobile Safari/537.36 (compatible; TikTokSpider; ttspider-feedback@tiktok.com)"
47.128.96.133 - - [04/Jul/2026:12:38:01 +0000] "GET /images/bangalore-1.jpg HTTP/1.1" 304 - "https://www.dwarkaescort.com/bangalore-call-girls.php" "Mozilla/5.0 (Linux; Android 5.0) AppleWebKit/537.36 (KHTML, like Gecko) Mobile Safari/537.36 (compatible; TikTokSpider; ttspider-feedback@tiktok.com)"
47.128.96.133 - - [04/Jul/2026:12:38:01 +0000] "GET /images/bangalore-1.jpg HTTP/1.1" 206 31849 "https://www.dwarkaescort.com/bangalore-call-girls.php" "Mozilla/5.0 (Linux; Android 5.0) AppleWebKit/537.36 (KHTML, like Gecko) Mobile Safari/537.36 (compatible; TikTokSpider; ttspider-feedback@tiktok.com)"
47.128.96.133 - - [04/Jul/2026:12:38:01 +0000] "GET /images/bangalore-2.jpg HTTP/1.1" 304 - "https://www.dwarkaescort.com/bangalore-call-girls.php" "Mozilla/5.0 (Linux; Android 5.0) AppleWebKit/537.36 (KHTML, like Gecko) Mobile Safari/537.36 (compatible; TikTokSpider; ttspider-feedback@tiktok.com)"
47.128.96.133 - - [04/Jul/2026:12:38:01 +0000] "GET /images/bangalore-2.jpg HTTP/1.1" 206 29928 "https://www.dwarkaescort.com/bangalore-call-girls.php" "Mozilla/5.0 (Linux; Android 5.0) AppleWebKit/537.36 (KHTML, like Gecko) Mobile Safari/537.36 (compatible; TikTokSpider; ttspider-feedback@tiktok.com)"
181.112.9.40 - - [04/Jul/2026:12:38:02 +0000] "GET /kapashera-escorts.php HTTP/1.1" 200 24956 "-" "Mozilla/5.0 (Linux; Android 8.0; Pixel 2 Build/OPD3.170816.012) AppleWebKit/537.36 (KHTML, like Gecko) Chrome/55.0.8116.1041 Mobile Safari/537.36"
198.55.113.21 - - [04/Jul/2026:12:38:05 +0000] "GET /cdn.jsdelivr.net/npm/bootstrap%405.0.2/dist/js/bootstrap.bundle.min.js HTTP/1.1" 404 - "https://www.dwarkaescort.com/kapashera-escorts.php" "Mozilla/5.0 (Linux; Android 8.0; Pixel 2 Build/OPD3.170816.012) AppleWebKit/537.36 (KHTML, like Gecko) Chrome/55.0.8116.1041 Mobile Safari/537.36"
198.55.113.21 - - [04/Jul/2026:12:38:05 +0000] "GET /images/kapashera-1.jpg HTTP/1.1" 206 500 "https://www.dwarkaescort.com/kapashera-escorts.php" "Mozilla/5.0 (Linux; Android 8.0; Pixel 2 Build/OPD3.170816.012) AppleWebKit/537.36 (KHTML, like Gecko) Chrome/55.0.8116.1041 Mobile Safari/537.36"
198.55.113.21 - - [04/Jul/2026:12:38:06 +0000] "GET /images/kapashera-1.jpg HTTP/1.1" 304 - "https://www.dwarkaescort.com/kapashera-escorts.php" "Mozilla/5.0 (Linux; Android 8.0; Pixel 2 Build/OPD3.170816.012) AppleWebKit/537.36 (KHTML, like Gecko) Chrome/55.0.8116.1041 Mobile Safari/537.36"
155.94.245.76 - - [04/Jul/2026:12:38:06 +0000] "GET /images/kapashera-2.jpg HTTP/1.1" 206 500 "https://www.dwarkaescort.com/kapashera-escorts.php" "Mozilla/5.0 (Linux; Android 8.0; Pixel 2 Build/OPD3.170816.012) AppleWebKit/537.36 (KHTML, like Gecko) Chrome/55.0.8116.1041 Mobile Safari/537.36"
198.55.113.21 - - [04/Jul/2026:12:38:06 +0000] "GET /images/kapashera-1.jpg HTTP/1.1" 206 28751 "https://www.dwarkaescort.com/kapashera-escorts.php" "Mozilla/5.0 (Linux; Android 8.0; Pixel 2 Build/OPD3.170816.012) AppleWebKit/537.36 (KHTML, like Gecko) Chrome/55.0.8116.1041 Mobile Safari/537.36"
155.94.245.76 - - [04/Jul/2026:12:38:06 +0000] "GET /images/kapashera-2.jpg HTTP/1.1" 304 - "https://www.dwarkaescort.com/kapashera-escorts.php" "Mozilla/5.0 (Linux; Android 8.0; Pixel 2 Build/OPD3.170816.012) AppleWebKit/537.36 (KHTML, like Gecko) Chrome/55.0.8116.1041 Mobile Safari/537.36"
161.248.231.247 - - [04/Jul/2026:12:37:49 +0000] "GET /images/dwarka-escorts.mp4 HTTP/1.1" 206 22014449 "https://www.dwarkaescort.com/" "Mozilla/5.0 (Windows NT 10.0; Win64; x64; rv:152.0) Gecko/20100101 Firefox/152.0"
152.59.105.211 - - [04/Jul/2026:12:38:06 +0000] "GET / HTTP/1.1" 200 46796 "https://www.modelescortsindelhi.com/" "Mozilla/5.0 (Linux; Android 10; K) AppleWebKit/537.36 (KHTML, like Gecko) Chrome/149.0.0.0 Mobile Safari/537.36 OPR/100.0.0.0"
155.94.245.76 - - [04/Jul/2026:12:38:07 +0000] "GET /images/kapashera-2.jpg HTTP/1.1" 206 28428 "https://www.dwarkaescort.com/kapashera-escorts.php" "Mozilla/5.0 (Linux; Android 8.0; Pixel 2 Build/OPD3.170816.012) AppleWebKit/537.36 (KHTML, like Gecko) Chrome/55.0.8116.1041 Mobile Safari/537.36"
152.59.105.211 - - [04/Jul/2026:12:38:07 +0000] "GET /css/style.css HTTP/1.1" 200 10757 "https://www.dwarkaescort.com/" "Mozilla/5.0 (Linux; Android 10; K) AppleWebKit/537.36 (KHTML, like Gecko) Chrome/149.0.0.0 Mobile Safari/537.36 OPR/100.0.0.0"
152.59.105.211 - - [04/Jul/2026:12:38:07 +0000] "GET /css/fontawesome.css HTTP/1.1" 200 1757 "https://www.dwarkaescort.com/" "Mozilla/5.0 (Linux; Android 10; K) AppleWebKit/537.36 (KHTML, like Gecko) Chrome/149.0.0.0 Mobile Safari/537.36 OPR/100.0.0.0"
152.59.105.211 - - [04/Jul/2026:12:38:07 +0000] "GET /js/lazysizes.min.js HTTP/1.1" 200 7889 "https://www.dwarkaescort.com/" "Mozilla/5.0 (Linux; Android 10; K) AppleWebKit/537.36 (KHTML, like Gecko) Chrome/149.0.0.0 Mobile Safari/537.36 OPR/100.0.0.0"
152.59.105.211 - - [04/Jul/2026:12:38:07 +0000] "GET /images/dwakra-escorts.jpg HTTP/1.1" 200 31912 "https://www.dwarkaescort.com/" "Mozilla/5.0 (Linux; Android 10; K) AppleWebKit/537.36 (KHTML, like Gecko) Chrome/149.0.0.0 Mobile Safari/537.36 OPR/100.0.0.0"
152.59.105.211 - - [04/Jul/2026:12:38:08 +0000] "GET /images/right.webp HTTP/1.1" 200 196 "https://www.dwarkaescort.com/css/style.css" "Mozilla/5.0 (Linux; Android 10; K) AppleWebKit/537.36 (KHTML, like Gecko) Chrome/149.0.0.0 Mobile Safari/537.36 OPR/100.0.0.0"
152.59.105.211 - - [04/Jul/2026:12:38:07 +0000] "GET /images/dwarka-escorts.mp4 HTTP/1.1" 206 22014449 "https://www.dwarkaescort.com/" "Mozilla/5.0 (Linux; Android 10; K) AppleWebKit/537.36 (KHTML, like Gecko) Chrome/149.0.0.0 Mobile Safari/537.36 OPR/100.0.0.0"
189.76.94.112 - - [04/Jul/2026:12:38:22 +0000] "GET /raipur-call-girls.php HTTP/1.1" 200 24587 "-" "Mozilla/5.0 (Linux; Android 5.0; SM-G900P Build/LRX21T) AppleWebKit/537.36 (KHTML, like Gecko) Chrome/53.0.8679.1618 Mobile Safari/537.36"
151.244.70.68 - - [04/Jul/2026:12:38:25 +0000] "GET /cdn.jsdelivr.net/npm/bootstrap%405.0.2/dist/js/bootstrap.bundle.min.js HTTP/1.1" 404 - "https://www.dwarkaescort.com/raipur-call-girls.php" "Mozilla/5.0 (Linux; Android 5.0; SM-G900P Build/LRX21T) AppleWebKit/537.36 (KHTML, like Gecko) Chrome/53.0.8679.1618 Mobile Safari/537.36"
151.241.76.106 - - [04/Jul/2026:12:38:25 +0000] "GET /images/mumbai-2.jpg HTTP/1.1" 206 500 "https://www.dwarkaescort.com/raipur-call-girls.php" "Mozilla/5.0 (Linux; Android 5.0; SM-G900P Build/LRX21T) AppleWebKit/537.36 (KHTML, like Gecko) Chrome/53.0.8679.1618 Mobile Safari/537.36"
47.128.96.174 - - [04/Jul/2026:12:38:25 +0000] "GET /kapashera-escorts.php HTTP/1.1" 200 24956 "-" "Mozilla/5.0 (Linux; Android 5.0) AppleWebKit/537.36 (KHTML, like Gecko) Mobile Safari/537.36 (compatible; TikTokSpider; ttspider-feedback@tiktok.com)"
151.241.76.106 - - [04/Jul/2026:12:38:25 +0000] "GET /images/mumbai-2.jpg HTTP/1.1" 304 - "https://www.dwarkaescort.com/raipur-call-girls.php" "Mozilla/5.0 (Linux; Android 5.0; SM-G900P Build/LRX21T) AppleWebKit/537.36 (KHTML, like Gecko) Chrome/53.0.8679.1618 Mobile Safari/537.36"
47.128.96.174 - - [04/Jul/2026:12:38:26 +0000] "GET /images/kapashera-2.jpg HTTP/1.1" 206 500 "https://www.dwarkaescort.com/kapashera-escorts.php" "Mozilla/5.0 (Linux; Android 5.0) AppleWebKit/537.36 (KHTML, like Gecko) Mobile Safari/537.36 (compatible; TikTokSpider; ttspider-feedback@tiktok.com)"
47.128.96.174 - - [04/Jul/2026:12:38:26 +0000] "GET /images/kapashera-1.jpg HTTP/1.1" 206 500 "https://www.dwarkaescort.com/kapashera-escorts.php" "Mozilla/5.0 (Linux; Android 5.0) AppleWebKit/537.36 (KHTML, like Gecko) Mobile Safari/537.36 (compatible; TikTokSpider; ttspider-feedback@tiktok.com)"
151.241.76.106 - - [04/Jul/2026:12:38:26 +0000] "GET /images/mumbai-2.jpg HTTP/1.1" 206 32937 "https://www.dwarkaescort.com/raipur-call-girls.php" "Mozilla/5.0 (Linux; Android 5.0; SM-G900P Build/LRX21T) AppleWebKit/537.36 (KHTML, like Gecko) Chrome/53.0.8679.1618 Mobile Safari/537.36"
47.128.96.174 - - [04/Jul/2026:12:38:26 +0000] "GET /images/kapashera-2.jpg HTTP/1.1" 304 - "https://www.dwarkaescort.com/kapashera-escorts.php" "Mozilla/5.0 (Linux; Android 5.0) AppleWebKit/537.36 (KHTML, like Gecko) Mobile Safari/537.36 (compatible; TikTokSpider; ttspider-feedback@tiktok.com)"
47.128.96.174 - - [04/Jul/2026:12:38:26 +0000] "GET /images/kapashera-2.jpg HTTP/1.1" 206 28428 "https://www.dwarkaescort.com/kapashera-escorts.php" "Mozilla/5.0 (Linux; Android 5.0) AppleWebKit/537.36 (KHTML, like Gecko) Mobile Safari/537.36 (compatible; TikTokSpider; ttspider-feedback@tiktok.com)"
47.128.96.174 - - [04/Jul/2026:12:38:26 +0000] "GET /images/kapashera-1.jpg HTTP/1.1" 304 - "https://www.dwarkaescort.com/kapashera-escorts.php" "Mozilla/5.0 (Linux; Android 5.0) AppleWebKit/537.36 (KHTML, like Gecko) Mobile Safari/537.36 (compatible; TikTokSpider; ttspider-feedback@tiktok.com)"
47.128.96.174 - - [04/Jul/2026:12:38:27 +0000] "GET /images/kapashera-1.jpg HTTP/1.1" 206 28751 "https://www.dwarkaescort.com/kapashera-escorts.php" "Mozilla/5.0 (Linux; Android 5.0) AppleWebKit/537.36 (KHTML, like Gecko) Mobile Safari/537.36 (compatible; TikTokSpider; ttspider-feedback@tiktok.com)"
103.39.129.218 - - [04/Jul/2026:12:38:39 +0000] "GET /about-call-girls-in-dwarka.php HTTP/1.1" 200 16337 "-" "Mozilla/5.0 (Linux; Android 8.0; Pixel 2 Build/OPD3.170816.012) AppleWebKit/537.36 (KHTML, like Gecko) Chrome/39.0.9524.1036 Mobile Safari/537.36"
178.93.134.194 - - [04/Jul/2026:12:38:41 +0000] "GET /cdn.jsdelivr.net/npm/bootstrap%405.0.2/dist/js/bootstrap.bundle.min.js HTTP/1.1" 404 - "https://www.dwarkaescort.com/about-call-girls-in-dwarka.php" "Mozilla/5.0 (Linux; Android 8.0; Pixel 2 Build/OPD3.170816.012) AppleWebKit/537.36 (KHTML, like Gecko) Chrome/39.0.9524.1036 Mobile Safari/537.36"
47.128.96.197 - - [04/Jul/2026:12:38:49 +0000] "GET /raipur-call-girls.php HTTP/1.1" 200 24587 "-" "Mozilla/5.0 (Linux; Android 5.0) AppleWebKit/537.36 (KHTML, like Gecko) Mobile Safari/537.36 (compatible; TikTokSpider; ttspider-feedback@tiktok.com)"
47.128.96.197 - - [04/Jul/2026:12:38:50 +0000] "GET /images/mumbai-2.jpg HTTP/1.1" 206 500 "https://www.dwarkaescort.com/raipur-call-girls.php" "Mozilla/5.0 (Linux; Android 5.0) AppleWebKit/537.36 (KHTML, like Gecko) Mobile Safari/537.36 (compatible; TikTokSpider; ttspider-feedback@tiktok.com)"
47.128.96.197 - - [04/Jul/2026:12:38:50 +0000] "GET /images/mumbai-2.jpg HTTP/1.1" 304 - "https://www.dwarkaescort.com/raipur-call-girls.php" "Mozilla/5.0 (Linux; Android 5.0) AppleWebKit/537.36 (KHTML, like Gecko) Mobile Safari/537.36 (compatible; TikTokSpider; ttspider-feedback@tiktok.com)"
47.128.96.197 - - [04/Jul/2026:12:38:50 +0000] "GET /images/mumbai-2.jpg HTTP/1.1" 206 32937 "https://www.dwarkaescort.com/raipur-call-girls.php" "Mozilla/5.0 (Linux; Android 5.0) AppleWebKit/537.36 (KHTML, like Gecko) Mobile Safari/537.36 (compatible; TikTokSpider; ttspider-feedback@tiktok.com)"
41.250.68.251 - - [04/Jul/2026:12:39:04 +0000] "GET /daryaganj-escorts.php HTTP/1.1" 200 22169 "-" "Mozilla/5.0 (Linux; Android 8.0; Pixel 2 Build/OPD3.170816.012) AppleWebKit/537.36 (KHTML, like Gecko) Chrome/44.0.2341.1664 Mobile Safari/537.36"
103.29.239.199 - - [04/Jul/2026:12:39:05 +0000] "GET /defence-colony-escorts.php HTTP/1.1" 200 24228 "-" "Mozilla/5.0 (Linux; Android 8.0; Pixel 2 Build/OPD3.170816.012) AppleWebKit/537.36 (KHTML, like Gecko) Chrome/44.0.7584.1273 Mobile Safari/537.36"
185.170.111.76 - - [04/Jul/2026:12:39:08 +0000] "GET /cdn.jsdelivr.net/npm/bootstrap%405.0.2/dist/js/bootstrap.bundle.min.js HTTP/1.1" 404 - "https://www.dwarkaescort.com/daryaganj-escorts.php" "Mozilla/5.0 (Linux; Android 8.0; Pixel 2 Build/OPD3.170816.012) AppleWebKit/537.36 (KHTML, like Gecko) Chrome/44.0.2341.1664 Mobile Safari/537.36"
185.170.111.76 - - [04/Jul/2026:12:39:08 +0000] "GET /images/daryaganj-2.jpg HTTP/1.1" 206 500 "https://www.dwarkaescort.com/daryaganj-escorts.php" "Mozilla/5.0 (Linux; Android 8.0; Pixel 2 Build/OPD3.170816.012) AppleWebKit/537.36 (KHTML, like Gecko) Chrome/44.0.2341.1664 Mobile Safari/537.36"
185.170.111.76 - - [04/Jul/2026:12:39:08 +0000] "GET /images/daryaganj-2.jpg HTTP/1.1" 304 - "https://www.dwarkaescort.com/daryaganj-escorts.php" "Mozilla/5.0 (Linux; Android 8.0; Pixel 2 Build/OPD3.170816.012) AppleWebKit/537.36 (KHTML, like Gecko) Chrome/44.0.2341.1664 Mobile Safari/537.36"
185.170.111.76 - - [04/Jul/2026:12:39:09 +0000] "GET /images/daryaganj-2.jpg HTTP/1.1" 206 31084 "https://www.dwarkaescort.com/daryaganj-escorts.php" "Mozilla/5.0 (Linux; Android 8.0; Pixel 2 Build/OPD3.170816.012) AppleWebKit/537.36 (KHTML, like Gecko) Chrome/44.0.2341.1664 Mobile Safari/537.36"
209.242.198.171 - - [04/Jul/2026:12:39:11 +0000] "GET /images/defence-colony-1.jpg HTTP/1.1" 206 500 "https://www.dwarkaescort.com/defence-colony-escorts.php" "Mozilla/5.0 (Linux; Android 8.0; Pixel 2 Build/OPD3.170816.012) AppleWebKit/537.36 (KHTML, like Gecko) Chrome/44.0.7584.1273 Mobile Safari/537.36"
185.244.8.94 - - [04/Jul/2026:12:39:11 +0000] "GET /images/defence-colony-2.jpg HTTP/1.1" 206 500 "https://www.dwarkaescort.com/defence-colony-escorts.php" "Mozilla/5.0 (Linux; Android 8.0; Pixel 2 Build/OPD3.170816.012) AppleWebKit/537.36 (KHTML, like Gecko) Chrome/44.0.7584.1273 Mobile Safari/537.36"
209.242.198.171 - - [04/Jul/2026:12:39:11 +0000] "GET /cdn.jsdelivr.net/npm/bootstrap%405.0.2/dist/js/bootstrap.bundle.min.js HTTP/1.1" 404 - "https://www.dwarkaescort.com/defence-colony-escorts.php" "Mozilla/5.0 (Linux; Android 8.0; Pixel 2 Build/OPD3.170816.012) AppleWebKit/537.36 (KHTML, like Gecko) Chrome/44.0.7584.1273 Mobile Safari/537.36"
209.242.198.171 - - [04/Jul/2026:12:39:12 +0000] "GET /images/defence-colony-2.jpg HTTP/1.1" 304 - "https://www.dwarkaescort.com/defence-colony-escorts.php" "Mozilla/5.0 (Linux; Android 8.0; Pixel 2 Build/OPD3.170816.012) AppleWebKit/537.36 (KHTML, like Gecko) Chrome/44.0.7584.1273 Mobile Safari/537.36"
185.244.8.94 - - [04/Jul/2026:12:39:12 +0000] "GET /images/defence-colony-1.jpg HTTP/1.1" 304 - "https://www.dwarkaescort.com/defence-colony-escorts.php" "Mozilla/5.0 (Linux; Android 8.0; Pixel 2 Build/OPD3.170816.012) AppleWebKit/537.36 (KHTML, like Gecko) Chrome/44.0.7584.1273 Mobile Safari/537.36"
209.242.198.171 - - [04/Jul/2026:12:39:13 +0000] "GET /images/defence-colony-2.jpg HTTP/1.1" 206 29639 "https://www.dwarkaescort.com/defence-colony-escorts.php" "Mozilla/5.0 (Linux; Android 8.0; Pixel 2 Build/OPD3.170816.012) AppleWebKit/537.36 (KHTML, like Gecko) Chrome/44.0.7584.1273 Mobile Safari/537.36"
185.244.8.94 - - [04/Jul/2026:12:39:13 +0000] "GET /images/defence-colony-1.jpg HTTP/1.1" 206 32572 "https://www.dwarkaescort.com/defence-colony-escorts.php" "Mozilla/5.0 (Linux; Android 8.0; Pixel 2 Build/OPD3.170816.012) AppleWebKit/537.36 (KHTML, like Gecko) Chrome/44.0.7584.1273 Mobile Safari/537.36"
47.128.96.200 - - [04/Jul/2026:12:39:14 +0000] "GET /about-call-girls-in-dwarka.php HTTP/1.1" 200 16337 "-" "Mozilla/5.0 (Linux; Android 5.0) AppleWebKit/537.36 (KHTML, like Gecko) Mobile Safari/537.36 (compatible; TikTokSpider; ttspider-feedback@tiktok.com)"
161.248.231.247 - - [04/Jul/2026:12:39:16 +0000] "GET / HTTP/1.1" 200 46796 "https://lon-nr-cp1.bigcloudy.com:2083/" "Mozilla/5.0 (Windows NT 10.0; Win64; x64) AppleWebKit/537.36 (KHTML, like Gecko) Chrome/149.0.0.0 Safari/537.36"
161.248.231.247 - - [04/Jul/2026:12:39:16 +0000] "GET /css/style.css HTTP/1.1" 200 10757 "https://dwarkaescort.com/" "Mozilla/5.0 (Windows NT 10.0; Win64; x64) AppleWebKit/537.36 (KHTML, like Gecko) Chrome/149.0.0.0 Safari/537.36"
161.248.231.247 - - [04/Jul/2026:12:39:16 +0000] "GET /css/fontawesome.css HTTP/1.1" 200 1757 "https://dwarkaescort.com/" "Mozilla/5.0 (Windows NT 10.0; Win64; x64) AppleWebKit/537.36 (KHTML, like Gecko) Chrome/149.0.0.0 Safari/537.36"
161.248.231.247 - - [04/Jul/2026:12:39:16 +0000] "GET /js/lazysizes.min.js HTTP/1.1" 200 7889 "https://dwarkaescort.com/" "Mozilla/5.0 (Windows NT 10.0; Win64; x64) AppleWebKit/537.36 (KHTML, like Gecko) Chrome/149.0.0.0 Safari/537.36"
161.248.231.247 - - [04/Jul/2026:12:39:17 +0000] "GET /images/dwakra-escorts.jpg HTTP/1.1" 200 31912 "https://dwarkaescort.com/" "Mozilla/5.0 (Windows NT 10.0; Win64; x64) AppleWebKit/537.36 (KHTML, like Gecko) Chrome/149.0.0.0 Safari/537.36"
161.248.231.247 - - [04/Jul/2026:12:39:17 +0000] "GET /images/right.webp HTTP/1.1" 200 196 "https://dwarkaescort.com/css/style.css" "Mozilla/5.0 (Windows NT 10.0; Win64; x64) AppleWebKit/537.36 (KHTML, like Gecko) Chrome/149.0.0.0 Safari/537.36"
161.248.231.247 - - [04/Jul/2026:12:39:17 +0000] "GET / HTTP/1.1" 200 46796 "https://lon-nr-cp1.bigcloudy.com:2083/" "Mozilla/5.0 (Windows NT 10.0; Win64; x64) AppleWebKit/537.36 (KHTML, like Gecko) Chrome/149.0.0.0 Safari/537.36"
161.248.231.247 - - [04/Jul/2026:12:39:17 +0000] "GET /images/favicon.webp HTTP/1.1" 200 2350 "https://dwarkaescort.com/" "Mozilla/5.0 (Windows NT 10.0; Win64; x64) AppleWebKit/537.36 (KHTML, like Gecko) Chrome/149.0.0.0 Safari/537.36"
161.248.231.247 - - [04/Jul/2026:12:39:17 +0000] "GET /images/zara.webp HTTP/1.1" 200 32630 "https://dwarkaescort.com/" "Mozilla/5.0 (Windows NT 10.0; Win64; x64) AppleWebKit/537.36 (KHTML, like Gecko) Chrome/149.0.0.0 Safari/537.36"
161.248.231.247 - - [04/Jul/2026:12:39:19 +0000] "GET /js/lazysizes.min.js HTTP/1.1" 200 7889 "-" "Mozilla/5.0 (Windows NT 10.0; Win64; x64) AppleWebKit/537.36 (KHTML, like Gecko) Chrome/149.0.0.0 Safari/537.36"
152.59.105.211 - - [04/Jul/2026:12:39:20 +0000] "GET /images/dwarka-escorts.mp4 HTTP/1.1" 206 21742559 "https://www.dwarkaescort.com/" "Mozilla/5.0 (Linux; Android 10; K) AppleWebKit/537.36 (KHTML, like Gecko) Chrome/149.0.0.0 Mobile Safari/537.36 OPR/100.0.0.0"
152.59.105.211 - - [04/Jul/2026:12:39:24 +0000] "GET /images/zara.webp HTTP/1.1" 200 32630 "https://www.dwarkaescort.com/" "Mozilla/5.0 (Linux; Android 10; K) AppleWebKit/537.36 (KHTML, like Gecko) Chrome/149.0.0.0 Mobile Safari/537.36 OPR/100.0.0.0"
152.59.105.211 - - [04/Jul/2026:12:39:24 +0000] "GET /images/naina.webp HTTP/1.1" 200 29954 "https://www.dwarkaescort.com/" "Mozilla/5.0 (Linux; Android 10; K) AppleWebKit/537.36 (KHTML, like Gecko) Chrome/149.0.0.0 Mobile Safari/537.36 OPR/100.0.0.0"
49.37.241.49 - - [04/Jul/2026:12:39:35 +0000] "GET /rohini-escorts.php HTTP/1.1" 200 24166 "-" "Mozilla/5.0 (Linux; Android 8.0; Pixel 2 Build/OPD3.170816.012) AppleWebKit/537.36 (KHTML, like Gecko) Chrome/52.0.4603.1103 Mobile Safari/537.36"
151.245.234.252 - - [04/Jul/2026:12:39:36 +0000] "GET /cdn.jsdelivr.net/npm/bootstrap%405.0.2/dist/js/bootstrap.bundle.min.js HTTP/1.1" 404 - "https://www.dwarkaescort.com/rohini-escorts.php" "Mozilla/5.0 (Linux; Android 8.0; Pixel 2 Build/OPD3.170816.012) AppleWebKit/537.36 (KHTML, like Gecko) Chrome/52.0.4603.1103 Mobile Safari/537.36"
151.243.249.127 - - [04/Jul/2026:12:39:36 +0000] "GET /images/rohini-1.jpg HTTP/1.1" 206 500 "https://www.dwarkaescort.com/rohini-escorts.php" "Mozilla/5.0 (Linux; Android 8.0; Pixel 2 Build/OPD3.170816.012) AppleWebKit/537.36 (KHTML, like Gecko) Chrome/52.0.4603.1103 Mobile Safari/537.36"
151.240.239.205 - - [04/Jul/2026:12:39:36 +0000] "GET /images/rohini-2.jpg HTTP/1.1" 206 500 "https://www.dwarkaescort.com/rohini-escorts.php" "Mozilla/5.0 (Linux; Android 8.0; Pixel 2 Build/OPD3.170816.012) AppleWebKit/537.36 (KHTML, like Gecko) Chrome/52.0.4603.1103 Mobile Safari/537.36"
36.70.225.244 - - [04/Jul/2026:12:39:37 +0000] "GET /jaipur-call-girls.php HTTP/1.1" 200 24038 "-" "Mozilla/5.0 (iPhone; CPU iPhone OS 11_0 like Mac OS X) AppleWebKit/537.36 (KHTML, like Gecko) Chrome/57.0.9247.1404 Mobile Safari/537.36"
151.243.249.127 - - [04/Jul/2026:12:39:37 +0000] "GET /images/rohini-1.jpg HTTP/1.1" 304 - "https://www.dwarkaescort.com/rohini-escorts.php" "Mozilla/5.0 (Linux; Android 8.0; Pixel 2 Build/OPD3.170816.012) AppleWebKit/537.36 (KHTML, like Gecko) Chrome/52.0.4603.1103 Mobile Safari/537.36"
151.240.239.205 - - [04/Jul/2026:12:39:37 +0000] "GET /images/rohini-2.jpg HTTP/1.1" 304 - "https://www.dwarkaescort.com/rohini-escorts.php" "Mozilla/5.0 (Linux; Android 8.0; Pixel 2 Build/OPD3.170816.012) AppleWebKit/537.36 (KHTML, like Gecko) Chrome/52.0.4603.1103 Mobile Safari/537.36"
151.243.249.127 - - [04/Jul/2026:12:39:37 +0000] "GET /images/rohini-1.jpg HTTP/1.1" 206 32115 "https://www.dwarkaescort.com/rohini-escorts.php" "Mozilla/5.0 (Linux; Android 8.0; Pixel 2 Build/OPD3.170816.012) AppleWebKit/537.36 (KHTML, like Gecko) Chrome/52.0.4603.1103 Mobile Safari/537.36"
151.240.239.205 - - [04/Jul/2026:12:39:37 +0000] "GET /images/rohini-2.jpg HTTP/1.1" 206 34963 "https://www.dwarkaescort.com/rohini-escorts.php" "Mozilla/5.0 (Linux; Android 8.0; Pixel 2 Build/OPD3.170816.012) AppleWebKit/537.36 (KHTML, like Gecko) Chrome/52.0.4603.1103 Mobile Safari/537.36"
47.128.96.178 - - [04/Jul/2026:12:39:39 +0000] "GET /defence-colony-escorts.php HTTP/1.1" 200 24228 "-" "Mozilla/5.0 (Linux; Android 5.0) AppleWebKit/537.36 (KHTML, like Gecko) Mobile Safari/537.36 (compatible; TikTokSpider; ttspider-feedback@tiktok.com)"
161.248.231.247 - - [04/Jul/2026:12:39:39 +0000] "GET /images/naina.webp HTTP/1.1" 200 29954 "https://dwarkaescort.com/" "Mozilla/5.0 (Windows NT 10.0; Win64; x64) AppleWebKit/537.36 (KHTML, like Gecko) Chrome/149.0.0.0 Safari/537.36"
47.128.96.178 - - [04/Jul/2026:12:39:39 +0000] "GET /images/defence-colony-2.jpg HTTP/1.1" 206 500 "https://www.dwarkaescort.com/defence-colony-escorts.php" "Mozilla/5.0 (Linux; Android 5.0) AppleWebKit/537.36 (KHTML, like Gecko) Mobile Safari/537.36 (compatible; TikTokSpider; ttspider-feedback@tiktok.com)"
47.128.96.178 - - [04/Jul/2026:12:39:39 +0000] "GET /images/defence-colony-1.jpg HTTP/1.1" 206 500 "https://www.dwarkaescort.com/defence-colony-escorts.php" "Mozilla/5.0 (Linux; Android 5.0) AppleWebKit/537.36 (KHTML, like Gecko) Mobile Safari/537.36 (compatible; TikTokSpider; ttspider-feedback@tiktok.com)"
161.248.231.247 - - [04/Jul/2026:12:39:38 +0000] "GET /images/dwarka-escorts.mp4 HTTP/1.1" 206 22014449 "https://dwarkaescort.com/" "Mozilla/5.0 (Windows NT 10.0; Win64; x64) AppleWebKit/537.36 (KHTML, like Gecko) Chrome/149.0.0.0 Safari/537.36"
