106.222.249.55 - - [04/Jul/2026:12:13:13 +0000] "GET /images/right.webp HTTP/1.1" 200 196 "https://www.dwarkaescort.com/css/style.css" "Mozilla/5.0 (Linux; Android 10; K) AppleWebKit/537.36 (KHTML, like Gecko) Chrome/149.0.0.0 Mobile Safari/537.36"
106.222.249.55 - - [04/Jul/2026:12:13:13 +0000] "GET /images/dwarka-escorts.mp4 HTTP/1.1" 206 22014449 "https://www.dwarkaescort.com/" "Mozilla/5.0 (Linux; Android 10; K) AppleWebKit/537.36 (KHTML, like Gecko) Chrome/149.0.0.0 Mobile Safari/537.36"
223.237.146.149 - - [04/Jul/2026:12:13:44 +0000] "GET / HTTP/1.1" 200 46796 "https://www.modelescortsindelhi.com/" "Mozilla/5.0 (Linux; Android 10; K) AppleWebKit/537.36 (KHTML, like Gecko) Chrome/149.0.0.0 Mobile Safari/537.36"
223.237.146.149 - - [04/Jul/2026:12:13:44 +0000] "GET /css/style.css HTTP/1.1" 200 10757 "https://www.dwarkaescort.com/" "Mozilla/5.0 (Linux; Android 10; K) AppleWebKit/537.36 (KHTML, like Gecko) Chrome/149.0.0.0 Mobile Safari/537.36"
223.237.146.149 - - [04/Jul/2026:12:13:45 +0000] "GET /css/fontawesome.css HTTP/1.1" 200 1757 "https://www.dwarkaescort.com/" "Mozilla/5.0 (Linux; Android 10; K) AppleWebKit/537.36 (KHTML, like Gecko) Chrome/149.0.0.0 Mobile Safari/537.36"
223.237.146.149 - - [04/Jul/2026:12:13:45 +0000] "GET /js/lazysizes.min.js HTTP/1.1" 200 7889 "https://www.dwarkaescort.com/" "Mozilla/5.0 (Linux; Android 10; K) AppleWebKit/537.36 (KHTML, like Gecko) Chrome/149.0.0.0 Mobile Safari/537.36"
223.237.146.149 - - [04/Jul/2026:12:13:45 +0000] "GET /images/dwakra-escorts.jpg HTTP/1.1" 200 31912 "https://www.dwarkaescort.com/" "Mozilla/5.0 (Linux; Android 10; K) AppleWebKit/537.36 (KHTML, like Gecko) Chrome/149.0.0.0 Mobile Safari/537.36"
223.237.146.149 - - [04/Jul/2026:12:13:45 +0000] "GET /images/right.webp HTTP/1.1" 200 196 "https://www.dwarkaescort.com/css/style.css" "Mozilla/5.0 (Linux; Android 10; K) AppleWebKit/537.36 (KHTML, like Gecko) Chrome/149.0.0.0 Mobile Safari/537.36"
223.237.146.149 - - [04/Jul/2026:12:13:46 +0000] "GET /images/favicon.webp HTTP/1.1" 200 2350 "https://www.dwarkaescort.com/" "Mozilla/5.0 (Linux; Android 10; K) AppleWebKit/537.36 (KHTML, like Gecko) Chrome/149.0.0.0 Mobile Safari/537.36"
152.59.146.100 - - [04/Jul/2026:12:13:46 +0000] "GET / HTTP/1.1" 200 46796 "https://www.modelescortsindelhi.com/" "Mozilla/5.0 (Linux; Android 10; K) AppleWebKit/537.36 (KHTML, like Gecko) Chrome/149.0.0.0 Mobile Safari/537.36"
152.59.146.100 - - [04/Jul/2026:12:13:47 +0000] "GET /css/style.css HTTP/1.1" 200 10757 "https://www.dwarkaescort.com/" "Mozilla/5.0 (Linux; Android 10; K) AppleWebKit/537.36 (KHTML, like Gecko) Chrome/149.0.0.0 Mobile Safari/537.36"
223.237.146.149 - - [04/Jul/2026:12:13:45 +0000] "GET /images/dwarka-escorts.mp4 HTTP/1.1" 206 22014449 "https://www.dwarkaescort.com/" "Mozilla/5.0 (Linux; Android 10; K) AppleWebKit/537.36 (KHTML, like Gecko) Chrome/149.0.0.0 Mobile Safari/537.36"
17.241.75.131 - - [04/Jul/2026:12:13:56 +0000] "GET /bangalore-call-girls.php/Photos/images/Photos/moti-nagar-escorts.php HTTP/1.1" 200 23597 "-" "Mozilla/5.0 (Macintosh; Intel Mac OS X 10_15_7) AppleWebKit/605.1.15 (KHTML, like Gecko) Version/17.4 Safari/605.1.15 (Applebot/0.1; +http://www.apple.com/go/applebot)"
106.222.184.16 - - [04/Jul/2026:12:14:04 +0000] "GET / HTTP/1.1" 200 46796 "https://www.modelescortsindelhi.com/" "Mozilla/5.0 (Linux; Android 10; K) AppleWebKit/537.36 (KHTML, like Gecko) Chrome/139.0.0.0 Mobile Safari/537.36"
106.222.184.16 - - [04/Jul/2026:12:14:04 +0000] "GET /css/style.css HTTP/1.1" 200 10757 "https://www.dwarkaescort.com/" "Mozilla/5.0 (Linux; Android 10; K) AppleWebKit/537.36 (KHTML, like Gecko) Chrome/139.0.0.0 Mobile Safari/537.36"
106.222.184.16 - - [04/Jul/2026:12:14:05 +0000] "GET /css/fontawesome.css HTTP/1.1" 200 1757 "https://www.dwarkaescort.com/" "Mozilla/5.0 (Linux; Android 10; K) AppleWebKit/537.36 (KHTML, like Gecko) Chrome/139.0.0.0 Mobile Safari/537.36"
106.222.184.16 - - [04/Jul/2026:12:14:05 +0000] "GET /js/lazysizes.min.js HTTP/1.1" 200 7889 "https://www.dwarkaescort.com/" "Mozilla/5.0 (Linux; Android 10; K) AppleWebKit/537.36 (KHTML, like Gecko) Chrome/139.0.0.0 Mobile Safari/537.36"
106.222.184.16 - - [04/Jul/2026:12:14:05 +0000] "GET /images/dwakra-escorts.jpg HTTP/1.1" 200 31912 "https://www.dwarkaescort.com/" "Mozilla/5.0 (Linux; Android 10; K) AppleWebKit/537.36 (KHTML, like Gecko) Chrome/139.0.0.0 Mobile Safari/537.36"
106.222.184.16 - - [04/Jul/2026:12:14:05 +0000] "GET /images/right.webp HTTP/1.1" 200 196 "https://www.dwarkaescort.com/css/style.css" "Mozilla/5.0 (Linux; Android 10; K) AppleWebKit/537.36 (KHTML, like Gecko) Chrome/139.0.0.0 Mobile Safari/537.36"
106.222.184.16 - - [04/Jul/2026:12:14:06 +0000] "GET /images/favicon.webp HTTP/1.1" 200 2350 "https://www.dwarkaescort.com/" "Mozilla/5.0 (Linux; Android 10; K) AppleWebKit/537.36 (KHTML, like Gecko) Chrome/139.0.0.0 Mobile Safari/537.36"
106.222.184.16 - - [04/Jul/2026:12:14:05 +0000] "GET /images/dwarka-escorts.mp4 HTTP/1.1" 206 22014449 "https://www.dwarkaescort.com/" "Mozilla/5.0 (Linux; Android 10; K) AppleWebKit/537.36 (KHTML, like Gecko) Chrome/139.0.0.0 Mobile Safari/537.36"
161.248.231.247 - - [04/Jul/2026:12:14:16 +0000] "GET / HTTP/1.1" 200 46796 "-" "Mozilla/5.0 (Windows NT 10.0; Win64; x64) AppleWebKit/537.36 (KHTML, like Gecko) Chrome/149.0.0.0 Safari/537.36"
152.58.182.157 - - [04/Jul/2026:12:14:44 +0000] "GET / HTTP/1.1" 200 46796 "https://www.modelescortsindelhi.com/" "Mozilla/5.0 (Linux; Android 10; K) AppleWebKit/537.36 (KHTML, like Gecko) Chrome/150.0.0.0 Mobile Safari/537.36"
152.58.182.157 - - [04/Jul/2026:12:14:44 +0000] "GET /css/style.css HTTP/1.1" 200 10757 "https://www.dwarkaescort.com/" "Mozilla/5.0 (Linux; Android 10; K) AppleWebKit/537.36 (KHTML, like Gecko) Chrome/150.0.0.0 Mobile Safari/537.36"
152.58.182.157 - - [04/Jul/2026:12:14:44 +0000] "GET /css/fontawesome.css HTTP/1.1" 200 1757 "https://www.dwarkaescort.com/" "Mozilla/5.0 (Linux; Android 10; K) AppleWebKit/537.36 (KHTML, like Gecko) Chrome/150.0.0.0 Mobile Safari/537.36"
152.58.182.157 - - [04/Jul/2026:12:14:44 +0000] "GET /js/lazysizes.min.js HTTP/1.1" 200 7889 "https://www.dwarkaescort.com/" "Mozilla/5.0 (Linux; Android 10; K) AppleWebKit/537.36 (KHTML, like Gecko) Chrome/150.0.0.0 Mobile Safari/537.36"
152.58.182.157 - - [04/Jul/2026:12:14:44 +0000] "GET /images/dwakra-escorts.jpg HTTP/1.1" 200 31912 "https://www.dwarkaescort.com/" "Mozilla/5.0 (Linux; Android 10; K) AppleWebKit/537.36 (KHTML, like Gecko) Chrome/150.0.0.0 Mobile Safari/537.36"
152.58.182.157 - - [04/Jul/2026:12:14:45 +0000] "GET /images/right.webp HTTP/1.1" 200 196 "https://www.dwarkaescort.com/css/style.css" "Mozilla/5.0 (Linux; Android 10; K) AppleWebKit/537.36 (KHTML, like Gecko) Chrome/150.0.0.0 Mobile Safari/537.36"
152.58.182.157 - - [04/Jul/2026:12:14:45 +0000] "GET /images/favicon.webp HTTP/1.1" 200 2350 "https://www.dwarkaescort.com/" "Mozilla/5.0 (Linux; Android 10; K) AppleWebKit/537.36 (KHTML, like Gecko) Chrome/150.0.0.0 Mobile Safari/537.36"
152.58.182.157 - - [04/Jul/2026:12:14:44 +0000] "GET /images/dwarka-escorts.mp4 HTTP/1.1" 206 22014449 "https://www.dwarkaescort.com/" "Mozilla/5.0 (Linux; Android 10; K) AppleWebKit/537.36 (KHTML, like Gecko) Chrome/150.0.0.0 Mobile Safari/537.36"
189.11.241.180 - - [04/Jul/2026:12:15:38 +0000] "GET /south-ex-escorts.php HTTP/1.1" 200 24338 "-" "Mozilla/5.0 (Windows NT 10.0; Win64; x64) AppleWebKit/537.36 (KHTML, like Gecko) Chrome/91.0.4472.102 Safari/537.36"
223.237.146.149 - - [04/Jul/2026:12:16:17 +0000] "GET /images/zara.webp HTTP/1.1" 200 32630 "https://www.dwarkaescort.com/" "Mozilla/5.0 (Linux; Android 10; K) AppleWebKit/537.36 (KHTML, like Gecko) Chrome/149.0.0.0 Mobile Safari/537.36"
223.237.146.149 - - [04/Jul/2026:12:16:18 +0000] "GET /images/naina.webp HTTP/1.1" 200 29954 "https://www.dwarkaescort.com/" "Mozilla/5.0 (Linux; Android 10; K) AppleWebKit/537.36 (KHTML, like Gecko) Chrome/149.0.0.0 Mobile Safari/537.36"
223.237.146.149 - - [04/Jul/2026:12:16:16 +0000] "GET /images/dwarka-escorts.mp4 HTTP/1.1" 206 18638559 "https://www.dwarkaescort.com/" "Mozilla/5.0 (Linux; Android 10; K) AppleWebKit/537.36 (KHTML, like Gecko) Chrome/149.0.0.0 Mobile Safari/537.36"
42.108.147.196 - - [04/Jul/2026:12:17:15 +0000] "GET / HTTP/1.1" 200 46796 "https://www.modelescortsindelhi.com/" "Mozilla/5.0 (Linux; Android 10; K) AppleWebKit/537.36 (KHTML, like Gecko) Chrome/149.0.0.0 Mobile Safari/537.36"
42.108.147.196 - - [04/Jul/2026:12:17:16 +0000] "GET /css/fontawesome.css HTTP/1.1" 200 1757 "https://www.dwarkaescort.com/" "Mozilla/5.0 (Linux; Android 10; K) AppleWebKit/537.36 (KHTML, like Gecko) Chrome/149.0.0.0 Mobile Safari/537.36"
42.108.147.196 - - [04/Jul/2026:12:17:16 +0000] "GET /css/style.css HTTP/1.1" 200 10757 "https://www.dwarkaescort.com/" "Mozilla/5.0 (Linux; Android 10; K) AppleWebKit/537.36 (KHTML, like Gecko) Chrome/149.0.0.0 Mobile Safari/537.36"
42.108.147.196 - - [04/Jul/2026:12:17:16 +0000] "GET /images/dwakra-escorts.jpg HTTP/1.1" 200 31912 "https://www.dwarkaescort.com/" "Mozilla/5.0 (Linux; Android 10; K) AppleWebKit/537.36 (KHTML, like Gecko) Chrome/149.0.0.0 Mobile Safari/537.36"
42.108.147.196 - - [04/Jul/2026:12:17:16 +0000] "GET /js/lazysizes.min.js HTTP/1.1" 200 7889 "https://www.dwarkaescort.com/" "Mozilla/5.0 (Linux; Android 10; K) AppleWebKit/537.36 (KHTML, like Gecko) Chrome/149.0.0.0 Mobile Safari/537.36"
42.108.147.196 - - [04/Jul/2026:12:17:16 +0000] "GET /images/right.webp HTTP/1.1" 200 196 "https://www.dwarkaescort.com/css/style.css" "Mozilla/5.0 (Linux; Android 10; K) AppleWebKit/537.36 (KHTML, like Gecko) Chrome/149.0.0.0 Mobile Safari/537.36"
42.108.147.196 - - [04/Jul/2026:12:17:17 +0000] "GET /images/favicon.webp HTTP/1.1" 200 2350 "https://www.dwarkaescort.com/" "Mozilla/5.0 (Linux; Android 10; K) AppleWebKit/537.36 (KHTML, like Gecko) Chrome/149.0.0.0 Mobile Safari/537.36"
42.108.147.196 - - [04/Jul/2026:12:17:16 +0000] "GET /images/dwarka-escorts.mp4 HTTP/1.1" 206 22014449 "https://www.dwarkaescort.com/" "Mozilla/5.0 (Linux; Android 10; K) AppleWebKit/537.36 (KHTML, like Gecko) Chrome/149.0.0.0 Mobile Safari/537.36"
99.80.176.99 - - [04/Jul/2026:12:18:11 +0000] "HEAD / HTTP/1.1" 200 - "www.hitched.co.uk" "Mozilla/5.0"
152.59.49.194 - - [04/Jul/2026:12:18:30 +0000] "GET / HTTP/1.1" 508 288 "https://www.modelescortsindelhi.com/" "Mozilla/5.0 (Linux; Android 10; K) AppleWebKit/537.36 (KHTML, like Gecko) Chrome/149.0.0.0 Mobile Safari/537.36"
152.59.49.194 - - [04/Jul/2026:12:18:30 +0000] "GET /favicon.ico HTTP/1.1" 404 - "https://www.dwarkaescort.com/" "Mozilla/5.0 (Linux; Android 10; K) AppleWebKit/537.36 (KHTML, like Gecko) Chrome/149.0.0.0 Mobile Safari/537.36"
106.216.167.40 - - [04/Jul/2026:12:18:42 +0000] "GET / HTTP/1.1" 508 288 "https://www.modelescortsindelhi.com/" "Mozilla/5.0 (Linux; Android 10; K) AppleWebKit/537.36 (KHTML, like Gecko) Chrome/143.0.0.0 Mobile Safari/537.36"
106.216.167.40 - - [04/Jul/2026:12:18:42 +0000] "GET /favicon.ico HTTP/1.1" 404 - "https://www.dwarkaescort.com/" "Mozilla/5.0 (Linux; Android 10; K) AppleWebKit/537.36 (KHTML, like Gecko) Chrome/143.0.0.0 Mobile Safari/537.36"
112.79.21.21 - - [04/Jul/2026:12:18:53 +0000] "GET / HTTP/1.1" 200 46796 "https://www.modelescortsindelhi.com/" "Mozilla/5.0 (Linux; Android 10; K) AppleWebKit/537.36 (KHTML, like Gecko) Chrome/140.0.0.0 Mobile Safari/537.36"
112.79.21.21 - - [04/Jul/2026:12:18:53 +0000] "GET /css/fontawesome.css HTTP/1.1" 200 1757 "https://www.dwarkaescort.com/" "Mozilla/5.0 (Linux; Android 10; K) AppleWebKit/537.36 (KHTML, like Gecko) Chrome/140.0.0.0 Mobile Safari/537.36"
112.79.21.21 - - [04/Jul/2026:12:18:53 +0000] "GET /css/style.css HTTP/1.1" 200 10757 "https://www.dwarkaescort.com/" "Mozilla/5.0 (Linux; Android 10; K) AppleWebKit/537.36 (KHTML, like Gecko) Chrome/140.0.0.0 Mobile Safari/537.36"
112.79.21.21 - - [04/Jul/2026:12:18:53 +0000] "GET /js/lazysizes.min.js HTTP/1.1" 200 7889 "https://www.dwarkaescort.com/" "Mozilla/5.0 (Linux; Android 10; K) AppleWebKit/537.36 (KHTML, like Gecko) Chrome/140.0.0.0 Mobile Safari/537.36"
112.79.21.21 - - [04/Jul/2026:12:18:53 +0000] "GET /images/dwakra-escorts.jpg HTTP/1.1" 200 31912 "https://www.dwarkaescort.com/" "Mozilla/5.0 (Linux; Android 10; K) AppleWebKit/537.36 (KHTML, like Gecko) Chrome/140.0.0.0 Mobile Safari/537.36"
112.79.21.21 - - [04/Jul/2026:12:18:53 +0000] "GET /images/right.webp HTTP/1.1" 200 196 "https://www.dwarkaescort.com/css/style.css" "Mozilla/5.0 (Linux; Android 10; K) AppleWebKit/537.36 (KHTML, like Gecko) Chrome/140.0.0.0 Mobile Safari/537.36"
112.79.21.21 - - [04/Jul/2026:12:18:54 +0000] "GET /images/zara.webp HTTP/1.1" 200 32630 "https://www.dwarkaescort.com/" "Mozilla/5.0 (Linux; Android 10; K) AppleWebKit/537.36 (KHTML, like Gecko) Chrome/140.0.0.0 Mobile Safari/537.36"
112.79.21.21 - - [04/Jul/2026:12:18:54 +0000] "GET /images/naina.webp HTTP/1.1" 200 29954 "https://www.dwarkaescort.com/" "Mozilla/5.0 (Linux; Android 10; K) AppleWebKit/537.36 (KHTML, like Gecko) Chrome/140.0.0.0 Mobile Safari/537.36"
112.79.21.21 - - [04/Jul/2026:12:18:55 +0000] "GET /images/anjali.webp HTTP/1.1" 200 47956 "https://www.dwarkaescort.com/" "Mozilla/5.0 (Linux; Android 10; K) AppleWebKit/537.36 (KHTML, like Gecko) Chrome/140.0.0.0 Mobile Safari/537.36"
112.79.21.21 - - [04/Jul/2026:12:18:55 +0000] "GET /images/arushi.webp HTTP/1.1" 200 38410 "https://www.dwarkaescort.com/" "Mozilla/5.0 (Linux; Android 10; K) AppleWebKit/537.36 (KHTML, like Gecko) Chrome/140.0.0.0 Mobile Safari/537.36"
112.79.21.21 - - [04/Jul/2026:12:18:55 +0000] "GET /images/neha.webp HTTP/1.1" 200 51686 "https://www.dwarkaescort.com/" "Mozilla/5.0 (Linux; Android 10; K) AppleWebKit/537.36 (KHTML, like Gecko) Chrome/140.0.0.0 Mobile Safari/537.36"
112.79.21.21 - - [04/Jul/2026:12:18:53 +0000] "GET /images/dwarka-escorts.mp4 HTTP/1.1" 206 22014449 "https://www.dwarkaescort.com/" "Mozilla/5.0 (Linux; Android 10; K) AppleWebKit/537.36 (KHTML, like Gecko) Chrome/140.0.0.0 Mobile Safari/537.36"
157.49.8.164 - - [04/Jul/2026:12:19:45 +0000] "GET / HTTP/1.1" 508 288 "https://www.modelescortsindelhi.com/" "Mozilla/5.0 (Linux; Android 10; K) AppleWebKit/537.36 (KHTML, like Gecko) Chrome/149.0.0.0 Mobile Safari/537.36"
157.49.8.164 - - [04/Jul/2026:12:19:46 +0000] "GET /favicon.ico HTTP/1.1" 404 - "https://www.dwarkaescort.com/" "Mozilla/5.0 (Linux; Android 10; K) AppleWebKit/537.36 (KHTML, like Gecko) Chrome/149.0.0.0 Mobile Safari/537.36"
106.192.114.114 - - [04/Jul/2026:12:19:51 +0000] "GET / HTTP/1.1" 508 288 "https://www.modelescortsindelhi.com/" "Mozilla/5.0 (Linux; Android 10; K) AppleWebKit/537.36 (KHTML, like Gecko) Chrome/150.0.0.0 Mobile Safari/537.36"
106.192.114.114 - - [04/Jul/2026:12:19:51 +0000] "GET /favicon.ico HTTP/1.1" 404 - "https://www.dwarkaescort.com/" "Mozilla/5.0 (Linux; Android 10; K) AppleWebKit/537.36 (KHTML, like Gecko) Chrome/150.0.0.0 Mobile Safari/537.36"
103.91.52.106 - - [04/Jul/2026:12:20:40 +0000] "GET /chankyapuri-escorts.php HTTP/1.1" 200 25340 "-" "Mozilla/5.0 (Linux; Android 6.0; Nexus 5 Build/MRA58N) AppleWebKit/537.36 (KHTML, like Gecko) Chrome/58.0.5376.1678 Mobile Safari/537.36"
223.181.20.23 - - [04/Jul/2026:12:20:40 +0000] "GET / HTTP/1.1" 200 46796 "https://www.modelescortsindelhi.com/" "Mozilla/5.0 (Linux; Android 10; K) AppleWebKit/537.36 (KHTML, like Gecko) Chrome/149.0.0.0 Mobile Safari/537.36 OPR/100.0.0.0"
43.239.90.105 - - [04/Jul/2026:12:20:41 +0000] "GET /css/fontawesome.css HTTP/1.1" 200 1757 "https://www.dwarkaescort.com/chankyapuri-escorts.php" "Mozilla/5.0 (Linux; Android 6.0; Nexus 5 Build/MRA58N) AppleWebKit/537.36 (KHTML, like Gecko) Chrome/58.0.5376.1678 Mobile Safari/537.36"
43.239.90.105 - - [04/Jul/2026:12:20:42 +0000] "GET /css/style.css HTTP/1.1" 200 10757 "https://www.dwarkaescort.com/chankyapuri-escorts.php" "Mozilla/5.0 (Linux; Android 6.0; Nexus 5 Build/MRA58N) AppleWebKit/537.36 (KHTML, like Gecko) Chrome/58.0.5376.1678 Mobile Safari/537.36"
104.222.175.174 - - [04/Jul/2026:12:20:42 +0000] "GET /cdn.jsdelivr.net/npm/bootstrap%405.0.2/dist/js/bootstrap.bundle.min.js HTTP/1.1" 404 - "https://www.dwarkaescort.com/chankyapuri-escorts.php" "Mozilla/5.0 (Linux; Android 6.0; Nexus 5 Build/MRA58N) AppleWebKit/537.36 (KHTML, like Gecko) Chrome/58.0.5376.1678 Mobile Safari/537.36"
223.181.20.23 - - [04/Jul/2026:12:20:42 +0000] "GET / HTTP/1.1" 200 46796 "https://www.modelescortsindelhi.com/" "Mozilla/5.0 (Linux; Android 10; K) AppleWebKit/537.36 (KHTML, like Gecko) Chrome/149.0.0.0 Mobile Safari/537.36 OPR/100.0.0.0"
43.239.90.105 - - [04/Jul/2026:12:20:42 +0000] "GET /js/lazysizes.min.js HTTP/1.1" 200 7889 "https://www.dwarkaescort.com/chankyapuri-escorts.php" "Mozilla/5.0 (Linux; Android 6.0; Nexus 5 Build/MRA58N) AppleWebKit/537.36 (KHTML, like Gecko) Chrome/58.0.5376.1678 Mobile Safari/537.36"
104.222.175.174 - - [04/Jul/2026:12:20:42 +0000] "GET /images/chanakyapuri-2.jpg HTTP/1.1" 206 500 "https://www.dwarkaescort.com/chankyapuri-escorts.php" "Mozilla/5.0 (Linux; Android 6.0; Nexus 5 Build/MRA58N) AppleWebKit/537.36 (KHTML, like Gecko) Chrome/58.0.5376.1678 Mobile Safari/537.36"
43.239.90.105 - - [04/Jul/2026:12:20:42 +0000] "GET /images/chanakyapuri-1.jpg HTTP/1.1" 206 500 "https://www.dwarkaescort.com/chankyapuri-escorts.php" "Mozilla/5.0 (Linux; Android 6.0; Nexus 5 Build/MRA58N) AppleWebKit/537.36 (KHTML, like Gecko) Chrome/58.0.5376.1678 Mobile Safari/537.36"
104.222.175.174 - - [04/Jul/2026:12:20:42 +0000] "GET /images/chanakyapuri-2.jpg HTTP/1.1" 304 - "https://www.dwarkaescort.com/chankyapuri-escorts.php" "Mozilla/5.0 (Linux; Android 6.0; Nexus 5 Build/MRA58N) AppleWebKit/537.36 (KHTML, like Gecko) Chrome/58.0.5376.1678 Mobile Safari/537.36"
185.244.8.114 - - [04/Jul/2026:12:20:42 +0000] "GET /images/right.webp HTTP/1.1" 206 196 "https://www.dwarkaescort.com/css/style.css" "Mozilla/5.0 (Linux; Android 6.0; Nexus 5 Build/MRA58N) AppleWebKit/537.36 (KHTML, like Gecko) Chrome/58.0.5376.1678 Mobile Safari/537.36"
43.239.90.105 - - [04/Jul/2026:12:20:42 +0000] "GET /images/chanakyapuri-1.jpg HTTP/1.1" 304 - "https://www.dwarkaescort.com/chankyapuri-escorts.php" "Mozilla/5.0 (Linux; Android 6.0; Nexus 5 Build/MRA58N) AppleWebKit/537.36 (KHTML, like Gecko) Chrome/58.0.5376.1678 Mobile Safari/537.36"
223.181.20.23 - - [04/Jul/2026:12:20:43 +0000] "GET /css/style.css HTTP/1.1" 200 10757 "https://www.dwarkaescort.com/" "Mozilla/5.0 (Linux; Android 10; K) AppleWebKit/537.36 (KHTML, like Gecko) Chrome/149.0.0.0 Mobile Safari/537.36 OPR/100.0.0.0"
104.222.175.174 - - [04/Jul/2026:12:20:43 +0000] "GET /images/chanakyapuri-2.jpg HTTP/1.1" 206 29536 "https://www.dwarkaescort.com/chankyapuri-escorts.php" "Mozilla/5.0 (Linux; Android 6.0; Nexus 5 Build/MRA58N) AppleWebKit/537.36 (KHTML, like Gecko) Chrome/58.0.5376.1678 Mobile Safari/537.36"
223.181.20.23 - - [04/Jul/2026:12:20:43 +0000] "GET /css/fontawesome.css HTTP/1.1" 200 1757 "https://www.dwarkaescort.com/" "Mozilla/5.0 (Linux; Android 10; K) AppleWebKit/537.36 (KHTML, like Gecko) Chrome/149.0.0.0 Mobile Safari/537.36 OPR/100.0.0.0"
223.181.20.23 - - [04/Jul/2026:12:20:43 +0000] "GET /js/lazysizes.min.js HTTP/1.1" 200 7889 "https://www.dwarkaescort.com/" "Mozilla/5.0 (Linux; Android 10; K) AppleWebKit/537.36 (KHTML, like Gecko) Chrome/149.0.0.0 Mobile Safari/537.36 OPR/100.0.0.0"
223.181.20.23 - - [04/Jul/2026:12:20:43 +0000] "GET /images/dwakra-escorts.jpg HTTP/1.1" 200 31912 "https://www.dwarkaescort.com/" "Mozilla/5.0 (Linux; Android 10; K) AppleWebKit/537.36 (KHTML, like Gecko) Chrome/149.0.0.0 Mobile Safari/537.36 OPR/100.0.0.0"
43.239.90.105 - - [04/Jul/2026:12:20:43 +0000] "GET /images/chanakyapuri-1.jpg HTTP/1.1" 206 25157 "https://www.dwarkaescort.com/chankyapuri-escorts.php" "Mozilla/5.0 (Linux; Android 6.0; Nexus 5 Build/MRA58N) AppleWebKit/537.36 (KHTML, like Gecko) Chrome/58.0.5376.1678 Mobile Safari/537.36"
223.181.20.23 - - [04/Jul/2026:12:20:43 +0000] "GET /images/right.webp HTTP/1.1" 200 196 "https://www.dwarkaescort.com/css/style.css" "Mozilla/5.0 (Linux; Android 10; K) AppleWebKit/537.36 (KHTML, like Gecko) Chrome/149.0.0.0 Mobile Safari/537.36 OPR/100.0.0.0"
223.181.20.23 - - [04/Jul/2026:12:20:43 +0000] "GET /images/dwarka-escorts.mp4 HTTP/1.1" 206 22014449 "https://www.dwarkaescort.com/" "Mozilla/5.0 (Linux; Android 10; K) AppleWebKit/537.36 (KHTML, like Gecko) Chrome/149.0.0.0 Mobile Safari/537.36 OPR/100.0.0.0"
223.181.20.23 - - [04/Jul/2026:12:20:45 +0000] "GET / HTTP/1.1" 200 46796 "https://www.modelescortsindelhi.com/" "Mozilla/5.0 (Linux; Android 10; K) AppleWebKit/537.36 (KHTML, like Gecko) Chrome/149.0.0.0 Mobile Safari/537.36 OPR/100.0.0.0"
223.181.20.23 - - [04/Jul/2026:12:20:46 +0000] "GET /images/dwarka-escorts.mp4 HTTP/1.1" 206 21638559 "https://www.dwarkaescort.com/" "Mozilla/5.0 (Linux; Android 10; K) AppleWebKit/537.36 (KHTML, like Gecko) Chrome/149.0.0.0 Mobile Safari/537.36 OPR/100.0.0.0"
223.181.20.23 - - [04/Jul/2026:12:20:51 +0000] "GET / HTTP/1.1" 200 46796 "https://www.modelescortsindelhi.com/" "Mozilla/5.0 (Linux; Android 10; K) AppleWebKit/537.36 (KHTML, like Gecko) Chrome/149.0.0.0 Mobile Safari/537.36 OPR/100.0.0.0"
20.204.42.226 - - [04/Jul/2026:12:20:52 +0000] "GET /autodiscover/autodiscover.xml HTTP/1.1" 400 52 "-" "-"
20.204.42.226 - - [04/Jul/2026:12:20:54 +0000] "GET /autodiscover/autodiscover.xml HTTP/1.1" 400 52 "-" "-"
20.204.42.226 - - [04/Jul/2026:12:20:55 +0000] "GET /autodiscover/autodiscover.xml HTTP/1.1" 400 52 "-" "-"
20.204.42.226 - - [04/Jul/2026:12:20:57 +0000] "GET /autodiscover/autodiscover.xml HTTP/1.1" 400 52 "-" "-"
20.204.42.226 - - [04/Jul/2026:12:21:00 +0000] "GET /autodiscover/autodiscover.xml HTTP/1.1" 400 52 "-" "-"
20.204.42.226 - - [04/Jul/2026:12:21:03 +0000] "GET /autodiscover/autodiscover.xml HTTP/1.1" 400 52 "-" "-"
152.58.134.182 - - [04/Jul/2026:12:21:04 +0000] "GET /palam-escorts.php HTTP/1.1" 200 24915 "-" "Mozilla/5.0 (Linux; Android 8.0; Pixel 2 Build/OPD3.170816.012) AppleWebKit/537.36 (KHTML, like Gecko) Chrome/50.0.5063.1169 Mobile Safari/537.36"
106.49.58.71 - - [04/Jul/2026:12:21:07 +0000] "GET /cdn.jsdelivr.net/npm/bootstrap%405.0.2/dist/js/bootstrap.bundle.min.js HTTP/1.1" 404 - "https://www.dwarkaescort.com/palam-escorts.php" "Mozilla/5.0 (Linux; Android 8.0; Pixel 2 Build/OPD3.170816.012) AppleWebKit/537.36 (KHTML, like Gecko) Chrome/50.0.5063.1169 Mobile Safari/537.36"
20.204.42.226 - - [04/Jul/2026:12:21:07 +0000] "GET /autodiscover/autodiscover.xml HTTP/1.1" 400 52 "-" "-"
106.49.58.71 - - [04/Jul/2026:12:21:07 +0000] "GET /images/palam-2.jpg HTTP/1.1" 206 500 "https://www.dwarkaescort.com/palam-escorts.php" "Mozilla/5.0 (Linux; Android 8.0; Pixel 2 Build/OPD3.170816.012) AppleWebKit/537.36 (KHTML, like Gecko) Chrome/50.0.5063.1169 Mobile Safari/537.36"
106.49.58.71 - - [04/Jul/2026:12:21:08 +0000] "GET /images/palam-2.jpg HTTP/1.1" 304 - "https://www.dwarkaescort.com/palam-escorts.php" "Mozilla/5.0 (Linux; Android 8.0; Pixel 2 Build/OPD3.170816.012) AppleWebKit/537.36 (KHTML, like Gecko) Chrome/50.0.5063.1169 Mobile Safari/537.36"
106.49.58.71 - - [04/Jul/2026:12:21:08 +0000] "GET /images/palam-2.jpg HTTP/1.1" 206 29397 "https://www.dwarkaescort.com/palam-escorts.php" "Mozilla/5.0 (Linux; Android 8.0; Pixel 2 Build/OPD3.170816.012) AppleWebKit/537.36 (KHTML, like Gecko) Chrome/50.0.5063.1169 Mobile Safari/537.36"
20.204.42.226 - - [04/Jul/2026:12:21:09 +0000] "GET /autodiscover/autodiscover.xml HTTP/1.1" 400 52 "-" "-"
20.204.42.226 - - [04/Jul/2026:12:21:12 +0000] "GET /autodiscover/autodiscover.xml HTTP/1.1" 400 52 "-" "-"
20.204.42.226 - - [04/Jul/2026:12:21:14 +0000] "GET /autodiscover/autodiscover.xml HTTP/1.1" 400 52 "-" "-"
20.204.42.226 - - [04/Jul/2026:12:21:19 +0000] "GET /autodiscover/autodiscover.xml HTTP/1.1" 400 52 "-" "-"
20.204.42.226 - - [04/Jul/2026:12:21:20 +0000] "GET /autodiscover/autodiscover.xml HTTP/1.1" 400 52 "-" "-"
20.204.42.226 - - [04/Jul/2026:12:21:23 +0000] "GET /autodiscover/autodiscover.xml HTTP/1.1" 400 52 "-" "-"
20.204.42.226 - - [04/Jul/2026:12:21:24 +0000] "GET /autodiscover/autodiscover.xml HTTP/1.1" 400 52 "-" "-"
20.204.42.226 - - [04/Jul/2026:12:21:27 +0000] "GET /autodiscover/autodiscover.xml HTTP/1.1" 400 52 "-" "-"
20.204.42.226 - - [04/Jul/2026:12:21:29 +0000] "GET /autodiscover/autodiscover.xml HTTP/1.1" 400 52 "-" "-"
152.58.184.61 - - [04/Jul/2026:12:21:29 +0000] "GET / HTTP/1.1" 200 46796 "https://www.modelescortsindelhi.com/" "Mozilla/5.0 (Linux; Android 10; K) AppleWebKit/537.36 (KHTML, like Gecko) Chrome/149.0.0.0 Mobile Safari/537.36"
152.58.184.61 - - [04/Jul/2026:12:21:31 +0000] "GET / HTTP/1.1" 200 46796 "https://www.modelescortsindelhi.com/" "Mozilla/5.0 (Linux; Android 10; K) AppleWebKit/537.36 (KHTML, like Gecko) Chrome/149.0.0.0 Mobile Safari/537.36"
152.58.184.61 - - [04/Jul/2026:12:21:31 +0000] "GET /css/style.css HTTP/1.1" 200 10757 "https://www.dwarkaescort.com/" "Mozilla/5.0 (Linux; Android 10; K) AppleWebKit/537.36 (KHTML, like Gecko) Chrome/149.0.0.0 Mobile Safari/537.36"
152.58.184.61 - - [04/Jul/2026:12:21:31 +0000] "GET /css/fontawesome.css HTTP/1.1" 200 1757 "https://www.dwarkaescort.com/" "Mozilla/5.0 (Linux; Android 10; K) AppleWebKit/537.36 (KHTML, like Gecko) Chrome/149.0.0.0 Mobile Safari/537.36"
152.58.184.61 - - [04/Jul/2026:12:21:31 +0000] "GET /js/lazysizes.min.js HTTP/1.1" 200 7889 "https://www.dwarkaescort.com/" "Mozilla/5.0 (Linux; Android 10; K) AppleWebKit/537.36 (KHTML, like Gecko) Chrome/149.0.0.0 Mobile Safari/537.36"
152.58.184.61 - - [04/Jul/2026:12:21:31 +0000] "GET /images/dwakra-escorts.jpg HTTP/1.1" 200 31912 "https://www.dwarkaescort.com/" "Mozilla/5.0 (Linux; Android 10; K) AppleWebKit/537.36 (KHTML, like Gecko) Chrome/149.0.0.0 Mobile Safari/537.36"
91.160.27.43 - - [04/Jul/2026:12:21:31 +0000] "GET /punjabi-bagh-escorts.php HTTP/1.1" 200 24515 "-" "Mozilla/5.0 (Linux; Android 8.0; Pixel 2 Build/OPD3.170816.012) AppleWebKit/537.36 (KHTML, like Gecko) Chrome/53.0.2097.1949 Mobile Safari/537.36"
152.58.184.61 - - [04/Jul/2026:12:21:31 +0000] "GET /images/dwarka-escorts.mp4 HTTP/1.1" 206 22014449 "https://www.dwarkaescort.com/" "Mozilla/5.0 (Linux; Android 10; K) AppleWebKit/537.36 (KHTML, like Gecko) Chrome/149.0.0.0 Mobile Safari/537.36"
20.204.42.226 - - [04/Jul/2026:12:21:32 +0000] "GET /autodiscover/autodiscover.xml HTTP/1.1" 400 52 "-" "-"
20.204.42.226 - - [04/Jul/2026:12:21:34 +0000] "GET /autodiscover/autodiscover.xml HTTP/1.1" 400 52 "-" "-"
192.144.91.131 - - [04/Jul/2026:12:21:35 +0000] "GET /images/punjabi-bagh-3.jpg HTTP/1.1" 206 500 "https://www.dwarkaescort.com/punjabi-bagh-escorts.php" "Mozilla/5.0 (Linux; Android 8.0; Pixel 2 Build/OPD3.170816.012) AppleWebKit/537.36 (KHTML, like Gecko) Chrome/53.0.2097.1949 Mobile Safari/537.36"
192.144.91.139 - - [04/Jul/2026:12:21:35 +0000] "GET /images/punjabi-bagh-2.jpg HTTP/1.1" 206 500 "https://www.dwarkaescort.com/punjabi-bagh-escorts.php" "Mozilla/5.0 (Linux; Android 8.0; Pixel 2 Build/OPD3.170816.012) AppleWebKit/537.36 (KHTML, like Gecko) Chrome/53.0.2097.1949 Mobile Safari/537.36"
192.144.91.131 - - [04/Jul/2026:12:21:35 +0000] "GET /cdn.jsdelivr.net/npm/bootstrap%405.0.2/dist/js/bootstrap.bundle.min.js HTTP/1.1" 404 - "https://www.dwarkaescort.com/punjabi-bagh-escorts.php" "Mozilla/5.0 (Linux; Android 8.0; Pixel 2 Build/OPD3.170816.012) AppleWebKit/537.36 (KHTML, like Gecko) Chrome/53.0.2097.1949 Mobile Safari/537.36"
192.144.91.139 - - [04/Jul/2026:12:21:35 +0000] "GET /images/punjabi-bagh-1.jpg HTTP/1.1" 206 500 "https://www.dwarkaescort.com/punjabi-bagh-escorts.php" "Mozilla/5.0 (Linux; Android 8.0; Pixel 2 Build/OPD3.170816.012) AppleWebKit/537.36 (KHTML, like Gecko) Chrome/53.0.2097.1949 Mobile Safari/537.36"
192.144.91.131 - - [04/Jul/2026:12:21:35 +0000] "GET /images/punjabi-bagh-3.jpg HTTP/1.1" 304 - "https://www.dwarkaescort.com/punjabi-bagh-escorts.php" "Mozilla/5.0 (Linux; Android 8.0; Pixel 2 Build/OPD3.170816.012) AppleWebKit/537.36 (KHTML, like Gecko) Chrome/53.0.2097.1949 Mobile Safari/537.36"
192.144.91.139 - - [04/Jul/2026:12:21:35 +0000] "GET /images/punjabi-bagh-2.jpg HTTP/1.1" 304 - "https://www.dwarkaescort.com/punjabi-bagh-escorts.php" "Mozilla/5.0 (Linux; Android 8.0; Pixel 2 Build/OPD3.170816.012) AppleWebKit/537.36 (KHTML, like Gecko) Chrome/53.0.2097.1949 Mobile Safari/537.36"
192.144.91.131 - - [04/Jul/2026:12:21:36 +0000] "GET /images/punjabi-bagh-1.jpg HTTP/1.1" 304 - "https://www.dwarkaescort.com/punjabi-bagh-escorts.php" "Mozilla/5.0 (Linux; Android 8.0; Pixel 2 Build/OPD3.170816.012) AppleWebKit/537.36 (KHTML, like Gecko) Chrome/53.0.2097.1949 Mobile Safari/537.36"
192.144.91.139 - - [04/Jul/2026:12:21:36 +0000] "GET /images/punjabi-bagh-3.jpg HTTP/1.1" 206 26968 "https://www.dwarkaescort.com/punjabi-bagh-escorts.php" "Mozilla/5.0 (Linux; Android 8.0; Pixel 2 Build/OPD3.170816.012) AppleWebKit/537.36 (KHTML, like Gecko) Chrome/53.0.2097.1949 Mobile Safari/537.36"
185.244.11.194 - - [04/Jul/2026:12:21:36 +0000] "GET /images/punjabi-bagh-2.jpg HTTP/1.1" 206 38184 "https://www.dwarkaescort.com/punjabi-bagh-escorts.php" "Mozilla/5.0 (Linux; Android 8.0; Pixel 2 Build/OPD3.170816.012) AppleWebKit/537.36 (KHTML, like Gecko) Chrome/53.0.2097.1949 Mobile Safari/537.36"
192.144.91.131 - - [04/Jul/2026:12:21:36 +0000] "GET /images/punjabi-bagh-1.jpg HTTP/1.1" 206 29567 "https://www.dwarkaescort.com/punjabi-bagh-escorts.php" "Mozilla/5.0 (Linux; Android 8.0; Pixel 2 Build/OPD3.170816.012) AppleWebKit/537.36 (KHTML, like Gecko) Chrome/53.0.2097.1949 Mobile Safari/537.36"
20.204.42.226 - - [04/Jul/2026:12:21:36 +0000] "GET /autodiscover/autodiscover.xml HTTP/1.1" 400 52 "-" "-"
47.128.96.147 - - [04/Jul/2026:12:21:37 +0000] "GET /robots.txt HTTP/1.1" 200 78 "-" "-"
47.128.96.192 - - [04/Jul/2026:12:21:37 +0000] "GET /palam-escorts.php HTTP/1.1" 200 24915 "-" "Mozilla/5.0 (Linux; Android 5.0) AppleWebKit/537.36 (KHTML, like Gecko) Mobile Safari/537.36 (compatible; TikTokSpider; ttspider-feedback@tiktok.com)"
47.128.96.192 - - [04/Jul/2026:12:21:37 +0000] "GET /css/style.css HTTP/1.1" 200 10757 "https://www.dwarkaescort.com/palam-escorts.php" "Mozilla/5.0 (Linux; Android 5.0) AppleWebKit/537.36 (KHTML, like Gecko) Mobile Safari/537.36 (compatible; TikTokSpider; ttspider-feedback@tiktok.com)"
47.128.96.192 - - [04/Jul/2026:12:21:38 +0000] "GET /css/fontawesome.css HTTP/1.1" 200 1757 "https://www.dwarkaescort.com/palam-escorts.php" "Mozilla/5.0 (Linux; Android 5.0) AppleWebKit/537.36 (KHTML, like Gecko) Mobile Safari/537.36 (compatible; TikTokSpider; ttspider-feedback@tiktok.com)"
47.128.96.192 - - [04/Jul/2026:12:21:38 +0000] "GET /images/palam-2.jpg HTTP/1.1" 206 500 "https://www.dwarkaescort.com/palam-escorts.php" "Mozilla/5.0 (Linux; Android 5.0) AppleWebKit/537.36 (KHTML, like Gecko) Mobile Safari/537.36 (compatible; TikTokSpider; ttspider-feedback@tiktok.com)"
47.128.96.192 - - [04/Jul/2026:12:21:38 +0000] "GET /images/right.webp HTTP/1.1" 206 196 "https://www.dwarkaescort.com/css/style.css" "Mozilla/5.0 (Linux; Android 5.0) AppleWebKit/537.36 (KHTML, like Gecko) Mobile Safari/537.36 (compatible; TikTokSpider; ttspider-feedback@tiktok.com)"
152.58.184.61 - - [04/Jul/2026:12:21:38 +0000] "GET / HTTP/1.1" 200 46796 "https://www.modelescortsindelhi.com/" "Mozilla/5.0 (Linux; Android 10; K) AppleWebKit/537.36 (KHTML, like Gecko) Chrome/149.0.0.0 Mobile Safari/537.36"
47.128.96.192 - - [04/Jul/2026:12:21:38 +0000] "GET /images/palam-2.jpg HTTP/1.1" 304 - "https://www.dwarkaescort.com/palam-escorts.php" "Mozilla/5.0 (Linux; Android 5.0) AppleWebKit/537.36 (KHTML, like Gecko) Mobile Safari/537.36 (compatible; TikTokSpider; ttspider-feedback@tiktok.com)"
152.58.184.61 - - [04/Jul/2026:12:21:38 +0000] "GET /css/fontawesome.css HTTP/1.1" 200 1757 "https://www.dwarkaescort.com/" "Mozilla/5.0 (Linux; Android 10; K) AppleWebKit/537.36 (KHTML, like Gecko) Chrome/149.0.0.0 Mobile Safari/537.36"
47.128.96.192 - - [04/Jul/2026:12:21:38 +0000] "GET /images/palam-2.jpg HTTP/1.1" 206 29397 "https://www.dwarkaescort.com/palam-escorts.php" "Mozilla/5.0 (Linux; Android 5.0) AppleWebKit/537.36 (KHTML, like Gecko) Mobile Safari/537.36 (compatible; TikTokSpider; ttspider-feedback@tiktok.com)"
20.204.42.226 - - [04/Jul/2026:12:21:39 +0000] "GET /autodiscover/autodiscover.xml HTTP/1.1" 400 52 "-" "-"
152.58.184.61 - - [04/Jul/2026:12:21:39 +0000] "GET / HTTP/1.1" 200 46796 "https://www.modelescortsindelhi.com/" "Mozilla/5.0 (Linux; Android 10; K) AppleWebKit/537.36 (KHTML, like Gecko) Chrome/149.0.0.0 Mobile Safari/537.36"
152.58.184.61 - - [04/Jul/2026:12:21:39 +0000] "GET /css/fontawesome.css HTTP/1.1" 200 1757 "https://www.dwarkaescort.com/" "Mozilla/5.0 (Linux; Android 10; K) AppleWebKit/537.36 (KHTML, like Gecko) Chrome/149.0.0.0 Mobile Safari/537.36"
152.58.184.61 - - [04/Jul/2026:12:21:39 +0000] "GET /css/style.css HTTP/1.1" 200 10757 "https://www.dwarkaescort.com/" "Mozilla/5.0 (Linux; Android 10; K) AppleWebKit/537.36 (KHTML, like Gecko) Chrome/149.0.0.0 Mobile Safari/537.36"
152.58.184.61 - - [04/Jul/2026:12:21:39 +0000] "GET /js/lazysizes.min.js HTTP/1.1" 200 7889 "https://www.dwarkaescort.com/" "Mozilla/5.0 (Linux; Android 10; K) AppleWebKit/537.36 (KHTML, like Gecko) Chrome/149.0.0.0 Mobile Safari/537.36"
152.58.184.61 - - [04/Jul/2026:12:21:40 +0000] "GET /images/dwakra-escorts.jpg HTTP/1.1" 200 31912 "https://www.dwarkaescort.com/" "Mozilla/5.0 (Linux; Android 10; K) AppleWebKit/537.36 (KHTML, like Gecko) Chrome/149.0.0.0 Mobile Safari/537.36"
152.58.184.61 - - [04/Jul/2026:12:21:40 +0000] "GET /images/right.webp HTTP/1.1" 200 196 "https://www.dwarkaescort.com/css/style.css" "Mozilla/5.0 (Linux; Android 10; K) AppleWebKit/537.36 (KHTML, like Gecko) Chrome/149.0.0.0 Mobile Safari/537.36"
152.58.184.61 - - [04/Jul/2026:12:21:40 +0000] "GET /images/dwarka-escorts.mp4 HTTP/1.1" 206 22014449 "https://www.dwarkaescort.com/" "Mozilla/5.0 (Linux; Android 10; K) AppleWebKit/537.36 (KHTML, like Gecko) Chrome/149.0.0.0 Mobile Safari/537.36"
20.204.42.226 - - [04/Jul/2026:12:21:40 +0000] "GET /autodiscover/autodiscover.xml HTTP/1.1" 400 52 "-" "-"
152.58.184.61 - - [04/Jul/2026:12:21:41 +0000] "GET / HTTP/1.1" 200 46796 "https://www.modelescortsindelhi.com/" "Mozilla/5.0 (Linux; Android 10; K) AppleWebKit/537.36 (KHTML, like Gecko) Chrome/149.0.0.0 Mobile Safari/537.36"
152.58.184.61 - - [04/Jul/2026:12:21:41 +0000] "GET /images/dwakra-escorts.jpg HTTP/1.1" 200 31912 "https://www.dwarkaescort.com/" "Mozilla/5.0 (Linux; Android 10; K) AppleWebKit/537.36 (KHTML, like Gecko) Chrome/149.0.0.0 Mobile Safari/537.36"
152.58.184.61 - - [04/Jul/2026:12:21:41 +0000] "GET /images/dwarka-escorts.mp4 HTTP/1.1" 206 22010654 "https://www.dwarkaescort.com/" "Mozilla/5.0 (Linux; Android 10; K) AppleWebKit/537.36 (KHTML, like Gecko) Chrome/149.0.0.0 Mobile Safari/537.36"
20.204.42.226 - - [04/Jul/2026:12:21:42 +0000] "GET /autodiscover/autodiscover.xml HTTP/1.1" 400 52 "-" "-"
152.58.184.61 - - [04/Jul/2026:12:21:43 +0000] "GET / HTTP/1.1" 200 46796 "https://www.modelescortsindelhi.com/" "Mozilla/5.0 (Linux; Android 10; K) AppleWebKit/537.36 (KHTML, like Gecko) Chrome/149.0.0.0 Mobile Safari/537.36"
20.204.42.226 - - [04/Jul/2026:12:21:43 +0000] "GET /autodiscover/autodiscover.xml HTTP/1.1" 400 52 "-" "-"
152.58.184.61 - - [04/Jul/2026:12:21:43 +0000] "GET /images/dwakra-escorts.jpg HTTP/1.1" 200 31912 "https://www.dwarkaescort.com/" "Mozilla/5.0 (Linux; Android 10; K) AppleWebKit/537.36 (KHTML, like Gecko) Chrome/149.0.0.0 Mobile Safari/537.36"
152.58.184.61 - - [04/Jul/2026:12:21:43 +0000] "GET /images/dwarka-escorts.mp4 HTTP/1.1" 206 22002767 "https://www.dwarkaescort.com/" "Mozilla/5.0 (Linux; Android 10; K) AppleWebKit/537.36 (KHTML, like Gecko) Chrome/149.0.0.0 Mobile Safari/537.36"
20.204.42.226 - - [04/Jul/2026:12:21:45 +0000] "GET /autodiscover/autodiscover.xml HTTP/1.1" 400 52 "-" "-"
152.58.184.61 - - [04/Jul/2026:12:21:46 +0000] "GET / HTTP/1.1" 200 46796 "https://www.modelescortsindelhi.com/" "Mozilla/5.0 (Linux; Android 10; K) AppleWebKit/537.36 (KHTML, like Gecko) Chrome/149.0.0.0 Mobile Safari/537.36"
20.204.42.226 - - [04/Jul/2026:12:21:47 +0000] "GET /autodiscover/autodiscover.xml HTTP/1.1" 400 52 "-" "-"
20.204.42.226 - - [04/Jul/2026:12:21:48 +0000] "GET /autodiscover/autodiscover.xml HTTP/1.1" 400 52 "-" "-"
20.204.42.226 - - [04/Jul/2026:12:21:50 +0000] "GET /autodiscover/autodiscover.xml HTTP/1.1" 400 52 "-" "-"
20.204.42.226 - - [04/Jul/2026:12:21:51 +0000] "GET /autodiscover/autodiscover.xml HTTP/1.1" 400 52 "-" "-"
20.204.42.226 - - [04/Jul/2026:12:21:53 +0000] "GET /autodiscover/autodiscover.xml HTTP/1.1" 400 52 "-" "-"
138.36.213.42 - - [04/Jul/2026:12:21:53 +0000] "GET /vikaspuri-escorts.php HTTP/1.1" 200 25847 "-" "Mozilla/5.0 (Linux; Android 8.0; Pixel 2 Build/OPD3.170816.012) AppleWebKit/537.36 (KHTML, like Gecko) Chrome/56.0.5118.1647 Mobile Safari/537.36"
106.49.54.162 - - [04/Jul/2026:12:21:57 +0000] "GET /cdn.jsdelivr.net/npm/bootstrap%405.0.2/dist/js/bootstrap.bundle.min.js HTTP/1.1" 404 - "https://www.dwarkaescort.com/vikaspuri-escorts.php" "Mozilla/5.0 (Linux; Android 8.0; Pixel 2 Build/OPD3.170816.012) AppleWebKit/537.36 (KHTML, like Gecko) Chrome/56.0.5118.1647 Mobile Safari/537.36"
106.49.54.162 - - [04/Jul/2026:12:21:58 +0000] "GET /images/vikas-puri-2.jpg HTTP/1.1" 206 500 "https://www.dwarkaescort.com/vikaspuri-escorts.php" "Mozilla/5.0 (Linux; Android 8.0; Pixel 2 Build/OPD3.170816.012) AppleWebKit/537.36 (KHTML, like Gecko) Chrome/56.0.5118.1647 Mobile Safari/537.36"
106.49.54.162 - - [04/Jul/2026:12:21:59 +0000] "GET /images/vikas-puri-1.jpg HTTP/1.1" 206 500 "https://www.dwarkaescort.com/vikaspuri-escorts.php" "Mozilla/5.0 (Linux; Android 8.0; Pixel 2 Build/OPD3.170816.012) AppleWebKit/537.36 (KHTML, like Gecko) Chrome/56.0.5118.1647 Mobile Safari/537.36"
106.49.54.162 - - [04/Jul/2026:12:21:59 +0000] "GET /images/vikas-puri-2.jpg HTTP/1.1" 304 - "https://www.dwarkaescort.com/vikaspuri-escorts.php" "Mozilla/5.0 (Linux; Android 8.0; Pixel 2 Build/OPD3.170816.012) AppleWebKit/537.36 (KHTML, like Gecko) Chrome/56.0.5118.1647 Mobile Safari/537.36"
20.204.42.226 - - [04/Jul/2026:12:21:59 +0000] "GET /autodiscover/autodiscover.xml HTTP/1.1" 400 52 "-" "-"
106.49.54.162 - - [04/Jul/2026:12:22:00 +0000] "GET /images/vikas-puri-1.jpg HTTP/1.1" 304 - "https://www.dwarkaescort.com/vikaspuri-escorts.php" "Mozilla/5.0 (Linux; Android 8.0; Pixel 2 Build/OPD3.170816.012) AppleWebKit/537.36 (KHTML, like Gecko) Chrome/56.0.5118.1647 Mobile Safari/537.36"
106.49.54.67 - - [04/Jul/2026:12:22:00 +0000] "GET /images/vikas-puri-2.jpg HTTP/1.1" 206 31849 "https://www.dwarkaescort.com/vikaspuri-escorts.php" "Mozilla/5.0 (Linux; Android 8.0; Pixel 2 Build/OPD3.170816.012) AppleWebKit/537.36 (KHTML, like Gecko) Chrome/56.0.5118.1647 Mobile Safari/537.36"
106.49.54.162 - - [04/Jul/2026:12:22:01 +0000] "GET /images/vikas-puri-1.jpg HTTP/1.1" 206 34073 "https://www.dwarkaescort.com/vikaspuri-escorts.php" "Mozilla/5.0 (Linux; Android 8.0; Pixel 2 Build/OPD3.170816.012) AppleWebKit/537.36 (KHTML, like Gecko) Chrome/56.0.5118.1647 Mobile Safari/537.36"
20.204.42.226 - - [04/Jul/2026:12:22:01 +0000] "GET /autodiscover/autodiscover.xml HTTP/1.1" 400 52 "-" "-"
20.204.42.226 - - [04/Jul/2026:12:22:02 +0000] "GET /autodiscover/autodiscover.xml HTTP/1.1" 400 52 "-" "-"
157.48.246.212 - - [04/Jul/2026:12:22:03 +0000] "GET / HTTP/1.1" 200 46796 "https://www.modelescortsindelhi.com/" "Mozilla/5.0 (Linux; Android 10; K) AppleWebKit/537.36 (KHTML, like Gecko) Chrome/149.0.0.0 Mobile Safari/537.36"
20.204.42.226 - - [04/Jul/2026:12:22:03 +0000] "GET /autodiscover/autodiscover.xml HTTP/1.1" 400 52 "-" "-"
157.48.246.212 - - [04/Jul/2026:12:22:03 +0000] "GET /css/style.css HTTP/1.1" 200 10757 "https://www.dwarkaescort.com/" "Mozilla/5.0 (Linux; Android 10; K) AppleWebKit/537.36 (KHTML, like Gecko) Chrome/149.0.0.0 Mobile Safari/537.36"
157.48.246.212 - - [04/Jul/2026:12:22:03 +0000] "GET /css/fontawesome.css HTTP/1.1" 200 1757 "https://www.dwarkaescort.com/" "Mozilla/5.0 (Linux; Android 10; K) AppleWebKit/537.36 (KHTML, like Gecko) Chrome/149.0.0.0 Mobile Safari/537.36"
157.48.246.212 - - [04/Jul/2026:12:22:03 +0000] "GET /js/lazysizes.min.js HTTP/1.1" 200 7889 "https://www.dwarkaescort.com/" "Mozilla/5.0 (Linux; Android 10; K) AppleWebKit/537.36 (KHTML, like Gecko) Chrome/149.0.0.0 Mobile Safari/537.36"
157.48.246.212 - - [04/Jul/2026:12:22:03 +0000] "GET /images/dwakra-escorts.jpg HTTP/1.1" 200 31912 "https://www.dwarkaescort.com/" "Mozilla/5.0 (Linux; Android 10; K) AppleWebKit/537.36 (KHTML, like Gecko) Chrome/149.0.0.0 Mobile Safari/537.36"
157.48.246.212 - - [04/Jul/2026:12:22:04 +0000] "GET /images/right.webp HTTP/1.1" 200 196 "https://www.dwarkaescort.com/css/style.css" "Mozilla/5.0 (Linux; Android 10; K) AppleWebKit/537.36 (KHTML, like Gecko) Chrome/149.0.0.0 Mobile Safari/537.36"
20.204.42.226 - - [04/Jul/2026:12:22:04 +0000] "GET /autodiscover/autodiscover.xml HTTP/1.1" 400 52 "-" "-"
20.204.42.226 - - [04/Jul/2026:12:22:05 +0000] "GET /autodiscover/autodiscover.xml HTTP/1.1" 400 52 "-" "-"
157.48.246.212 - - [04/Jul/2026:12:22:03 +0000] "GET /images/dwarka-escorts.mp4 HTTP/1.1" 206 22014449 "https://www.dwarkaescort.com/" "Mozilla/5.0 (Linux; Android 10; K) AppleWebKit/537.36 (KHTML, like Gecko) Chrome/149.0.0.0 Mobile Safari/537.36"
20.204.42.226 - - [04/Jul/2026:12:22:07 +0000] "GET /autodiscover/autodiscover.xml HTTP/1.1" 400 52 "-" "-"
20.204.42.226 - - [04/Jul/2026:12:22:08 +0000] "GET /autodiscover/autodiscover.xml HTTP/1.1" 400 52 "-" "-"
20.204.42.226 - - [04/Jul/2026:12:22:09 +0000] "GET /autodiscover/autodiscover.xml HTTP/1.1" 400 52 "-" "-"
20.204.42.226 - - [04/Jul/2026:12:22:10 +0000] "GET /autodiscover/autodiscover.xml HTTP/1.1" 400 52 "-" "-"
20.204.42.226 - - [04/Jul/2026:12:22:11 +0000] "GET /autodiscover/autodiscover.xml HTTP/1.1" 400 52 "-" "-"
20.204.42.226 - - [04/Jul/2026:12:22:12 +0000] "GET /autodiscover/autodiscover.xml HTTP/1.1" 400 52 "-" "-"
20.204.42.226 - - [04/Jul/2026:12:22:13 +0000] "GET /autodiscover/autodiscover.xml HTTP/1.1" 400 52 "-" "-"
20.204.42.226 - - [04/Jul/2026:12:22:15 +0000] "GET /autodiscover/autodiscover.xml HTTP/1.1" 400 52 "-" "-"
20.204.42.226 - - [04/Jul/2026:12:22:16 +0000] "GET /autodiscover/autodiscover.xml HTTP/1.1" 400 52 "-" "-"
20.204.42.226 - - [04/Jul/2026:12:22:18 +0000] "GET /autodiscover/autodiscover.xml HTTP/1.1" 400 52 "-" "-"
190.17.163.45 - - [04/Jul/2026:12:22:18 +0000] "GET /east-of-kailash-escorts.php HTTP/1.1" 200 25316 "-" "Mozilla/5.0 (Linux; Android 6.0; Nexus 5 Build/MRA58N) AppleWebKit/537.36 (KHTML, like Gecko) Chrome/58.0.4021.1189 Mobile Safari/537.36"
20.204.42.226 - - [04/Jul/2026:12:22:19 +0000] "GET /autodiscover/autodiscover.xml HTTP/1.1" 400 52 "-" "-"
84.252.86.86 - - [04/Jul/2026:12:22:21 +0000] "GET /cdn.jsdelivr.net/npm/bootstrap%405.0.2/dist/js/bootstrap.bundle.min.js HTTP/1.1" 404 - "https://www.dwarkaescort.com/east-of-kailash-escorts.php" "Mozilla/5.0 (Linux; Android 6.0; Nexus 5 Build/MRA58N) AppleWebKit/537.36 (KHTML, like Gecko) Chrome/58.0.4021.1189 Mobile Safari/537.36"
20.204.42.226 - - [04/Jul/2026:12:22:21 +0000] "GET /autodiscover/autodiscover.xml HTTP/1.1" 400 52 "-" "-"
84.252.86.86 - - [04/Jul/2026:12:22:21 +0000] "GET /images/east-of-kailash-2.jpg HTTP/1.1" 206 500 "https://www.dwarkaescort.com/east-of-kailash-escorts.php" "Mozilla/5.0 (Linux; Android 6.0; Nexus 5 Build/MRA58N) AppleWebKit/537.36 (KHTML, like Gecko) Chrome/58.0.4021.1189 Mobile Safari/537.36"
84.252.86.86 - - [04/Jul/2026:12:22:22 +0000] "GET /images/east-of-kailash-1.jpg HTTP/1.1" 206 500 "https://www.dwarkaescort.com/east-of-kailash-escorts.php" "Mozilla/5.0 (Linux; Android 6.0; Nexus 5 Build/MRA58N) AppleWebKit/537.36 (KHTML, like Gecko) Chrome/58.0.4021.1189 Mobile Safari/537.36"
84.252.86.86 - - [04/Jul/2026:12:22:22 +0000] "GET /images/east-of-kailash-3.jpg HTTP/1.1" 206 500 "https://www.dwarkaescort.com/east-of-kailash-escorts.php" "Mozilla/5.0 (Linux; Android 6.0; Nexus 5 Build/MRA58N) AppleWebKit/537.36 (KHTML, like Gecko) Chrome/58.0.4021.1189 Mobile Safari/537.36"
84.252.86.86 - - [04/Jul/2026:12:22:22 +0000] "GET /images/east-of-kailash-2.jpg HTTP/1.1" 304 - "https://www.dwarkaescort.com/east-of-kailash-escorts.php" "Mozilla/5.0 (Linux; Android 6.0; Nexus 5 Build/MRA58N) AppleWebKit/537.36 (KHTML, like Gecko) Chrome/58.0.4021.1189 Mobile Safari/537.36"
88.214.3.158 - - [04/Jul/2026:12:22:23 +0000] "GET /images/east-of-kailash-1.jpg HTTP/1.1" 304 - "https://www.dwarkaescort.com/east-of-kailash-escorts.php" "Mozilla/5.0 (Linux; Android 6.0; Nexus 5 Build/MRA58N) AppleWebKit/537.36 (KHTML, like Gecko) Chrome/58.0.4021.1189 Mobile Safari/537.36"
84.252.86.86 - - [04/Jul/2026:12:22:23 +0000] "GET /images/east-of-kailash-3.jpg HTTP/1.1" 304 - "https://www.dwarkaescort.com/east-of-kailash-escorts.php" "Mozilla/5.0 (Linux; Android 6.0; Nexus 5 Build/MRA58N) AppleWebKit/537.36 (KHTML, like Gecko) Chrome/58.0.4021.1189 Mobile Safari/537.36"
84.252.86.86 - - [04/Jul/2026:12:22:23 +0000] "GET /images/east-of-kailash-1.jpg HTTP/1.1" 206 24307 "https://www.dwarkaescort.com/east-of-kailash-escorts.php" "Mozilla/5.0 (Linux; Android 6.0; Nexus 5 Build/MRA58N) AppleWebKit/537.36 (KHTML, like Gecko) Chrome/58.0.4021.1189 Mobile Safari/537.36"
88.214.3.158 - - [04/Jul/2026:12:22:23 +0000] "GET /images/east-of-kailash-2.jpg HTTP/1.1" 206 34869 "https://www.dwarkaescort.com/east-of-kailash-escorts.php" "Mozilla/5.0 (Linux; Android 6.0; Nexus 5 Build/MRA58N) AppleWebKit/537.36 (KHTML, like Gecko) Chrome/58.0.4021.1189 Mobile Safari/537.36"
154.36.74.18 - - [04/Jul/2026:12:22:23 +0000] "GET /images/east-of-kailash-3.jpg HTTP/1.1" 206 30838 "https://www.dwarkaescort.com/east-of-kailash-escorts.php" "Mozilla/5.0 (Linux; Android 6.0; Nexus 5 Build/MRA58N) AppleWebKit/537.36 (KHTML, like Gecko) Chrome/58.0.4021.1189 Mobile Safari/537.36"
47.128.96.173 - - [04/Jul/2026:12:22:25 +0000] "GET /vikaspuri-escorts.php HTTP/1.1" 200 25847 "-" "Mozilla/5.0 (Linux; Android 5.0) AppleWebKit/537.36 (KHTML, like Gecko) Mobile Safari/537.36 (compatible; TikTokSpider; ttspider-feedback@tiktok.com)"
47.128.96.173 - - [04/Jul/2026:12:22:25 +0000] "GET /images/vikas-puri-2.jpg HTTP/1.1" 206 500 "https://www.dwarkaescort.com/vikaspuri-escorts.php" "Mozilla/5.0 (Linux; Android 5.0) AppleWebKit/537.36 (KHTML, like Gecko) Mobile Safari/537.36 (compatible; TikTokSpider; ttspider-feedback@tiktok.com)"
47.128.96.173 - - [04/Jul/2026:12:22:25 +0000] "GET /images/vikas-puri-1.jpg HTTP/1.1" 206 500 "https://www.dwarkaescort.com/vikaspuri-escorts.php" "Mozilla/5.0 (Linux; Android 5.0) AppleWebKit/537.36 (KHTML, like Gecko) Mobile Safari/537.36 (compatible; TikTokSpider; ttspider-feedback@tiktok.com)"
47.128.96.173 - - [04/Jul/2026:12:22:25 +0000] "GET /images/vikas-puri-1.jpg HTTP/1.1" 304 - "https://www.dwarkaescort.com/vikaspuri-escorts.php" "Mozilla/5.0 (Linux; Android 5.0) AppleWebKit/537.36 (KHTML, like Gecko) Mobile Safari/537.36 (compatible; TikTokSpider; ttspider-feedback@tiktok.com)"
47.128.96.173 - - [04/Jul/2026:12:22:25 +0000] "GET /images/vikas-puri-2.jpg HTTP/1.1" 304 - "https://www.dwarkaescort.com/vikaspuri-escorts.php" "Mozilla/5.0 (Linux; Android 5.0) AppleWebKit/537.36 (KHTML, like Gecko) Mobile Safari/537.36 (compatible; TikTokSpider; ttspider-feedback@tiktok.com)"
47.128.96.173 - - [04/Jul/2026:12:22:25 +0000] "GET /images/vikas-puri-1.jpg HTTP/1.1" 206 34073 "https://www.dwarkaescort.com/vikaspuri-escorts.php" "Mozilla/5.0 (Linux; Android 5.0) AppleWebKit/537.36 (KHTML, like Gecko) Mobile Safari/537.36 (compatible; TikTokSpider; ttspider-feedback@tiktok.com)"
20.204.42.226 - - [04/Jul/2026:12:22:25 +0000] "GET /autodiscover/autodiscover.xml HTTP/1.1" 400 52 "-" "-"
47.128.96.173 - - [04/Jul/2026:12:22:26 +0000] "GET /images/vikas-puri-2.jpg HTTP/1.1" 206 31849 "https://www.dwarkaescort.com/vikaspuri-escorts.php" "Mozilla/5.0 (Linux; Android 5.0) AppleWebKit/537.36 (KHTML, like Gecko) Mobile Safari/537.36 (compatible; TikTokSpider; ttspider-feedback@tiktok.com)"
154.110.101.40 - - [04/Jul/2026:12:22:32 +0000] "GET /dwarka-hotels-escorts.php HTTP/1.1" 200 24243 "-" "Mozilla/5.0 (Macintosh; U; PPC Mac OS X; fr-fr) AppleWebKit/125.5.5 (KHTML, like Gecko) Safari/125.12"
20.204.42.226 - - [04/Jul/2026:12:22:33 +0000] "GET /autodiscover/autodiscover.xml HTTP/1.1" 400 52 "-" "-"
47.15.117.83 - - [04/Jul/2026:12:22:35 +0000] "GET / HTTP/1.1" 200 46796 "https://www.modelescortsindelhi.com/" "Mozilla/5.0 (Linux; Android 10; K) AppleWebKit/537.36 (KHTML, like Gecko) Chrome/149.0.0.0 Mobile Safari/537.36"
47.15.117.83 - - [04/Jul/2026:12:22:35 +0000] "GET /css/style.css HTTP/1.1" 200 10757 "https://www.dwarkaescort.com/" "Mozilla/5.0 (Linux; Android 10; K) AppleWebKit/537.36 (KHTML, like Gecko) Chrome/149.0.0.0 Mobile Safari/537.36"
47.15.117.83 - - [04/Jul/2026:12:22:36 +0000] "GET /js/lazysizes.min.js HTTP/1.1" 200 7889 "https://www.dwarkaescort.com/" "Mozilla/5.0 (Linux; Android 10; K) AppleWebKit/537.36 (KHTML, like Gecko) Chrome/149.0.0.0 Mobile Safari/537.36"
47.15.117.83 - - [04/Jul/2026:12:22:36 +0000] "GET /css/fontawesome.css HTTP/1.1" 200 1757 "https://www.dwarkaescort.com/" "Mozilla/5.0 (Linux; Android 10; K) AppleWebKit/537.36 (KHTML, like Gecko) Chrome/149.0.0.0 Mobile Safari/537.36"
47.15.117.83 - - [04/Jul/2026:12:22:36 +0000] "GET /images/dwakra-escorts.jpg HTTP/1.1" 200 31912 "https://www.dwarkaescort.com/" "Mozilla/5.0 (Linux; Android 10; K) AppleWebKit/537.36 (KHTML, like Gecko) Chrome/149.0.0.0 Mobile Safari/537.36"
47.15.117.83 - - [04/Jul/2026:12:22:36 +0000] "GET /images/right.webp HTTP/1.1" 200 196 "https://www.dwarkaescort.com/css/style.css" "Mozilla/5.0 (Linux; Android 10; K) AppleWebKit/537.36 (KHTML, like Gecko) Chrome/149.0.0.0 Mobile Safari/537.36"
47.15.117.83 - - [04/Jul/2026:12:22:37 +0000] "GET /images/favicon.webp HTTP/1.1" 200 2350 "https://www.dwarkaescort.com/" "Mozilla/5.0 (Linux; Android 10; K) AppleWebKit/537.36 (KHTML, like Gecko) Chrome/149.0.0.0 Mobile Safari/537.36"
