47.128.96.178 - - [04/Jul/2026:12:39:40 +0000] "GET /images/defence-colony-2.jpg HTTP/1.1" 304 - "https://www.dwarkaescort.com/defence-colony-escorts.php" "Mozilla/5.0 (Linux; Android 5.0) AppleWebKit/537.36 (KHTML, like Gecko) Mobile Safari/537.36 (compatible; TikTokSpider; ttspider-feedback@tiktok.com)"
47.128.96.178 - - [04/Jul/2026:12:39:40 +0000] "GET /images/defence-colony-2.jpg HTTP/1.1" 206 29639 "https://www.dwarkaescort.com/defence-colony-escorts.php" "Mozilla/5.0 (Linux; Android 5.0) AppleWebKit/537.36 (KHTML, like Gecko) Mobile Safari/537.36 (compatible; TikTokSpider; ttspider-feedback@tiktok.com)"
47.128.96.178 - - [04/Jul/2026:12:39:40 +0000] "GET /images/defence-colony-1.jpg HTTP/1.1" 304 - "https://www.dwarkaescort.com/defence-colony-escorts.php" "Mozilla/5.0 (Linux; Android 5.0) AppleWebKit/537.36 (KHTML, like Gecko) Mobile Safari/537.36 (compatible; TikTokSpider; ttspider-feedback@tiktok.com)"
47.128.96.178 - - [04/Jul/2026:12:39:40 +0000] "GET /images/defence-colony-1.jpg HTTP/1.1" 206 32572 "https://www.dwarkaescort.com/defence-colony-escorts.php" "Mozilla/5.0 (Linux; Android 5.0) AppleWebKit/537.36 (KHTML, like Gecko) Mobile Safari/537.36 (compatible; TikTokSpider; ttspider-feedback@tiktok.com)"
151.245.231.64 - - [04/Jul/2026:12:39:45 +0000] "GET /cdn.jsdelivr.net/npm/bootstrap%405.0.2/dist/js/bootstrap.bundle.min.js HTTP/1.1" 404 - "https://www.dwarkaescort.com/jaipur-call-girls.php" "Mozilla/5.0 (iPhone; CPU iPhone OS 11_0 like Mac OS X) AppleWebKit/537.36 (KHTML, like Gecko) Chrome/57.0.9247.1404 Mobile Safari/537.36"
151.241.91.199 - - [04/Jul/2026:12:39:45 +0000] "GET /images/jaipur-2.jpg HTTP/1.1" 206 500 "https://www.dwarkaescort.com/jaipur-call-girls.php" "Mozilla/5.0 (iPhone; CPU iPhone OS 11_0 like Mac OS X) AppleWebKit/537.36 (KHTML, like Gecko) Chrome/57.0.9247.1404 Mobile Safari/537.36"
178.95.115.8 - - [04/Jul/2026:12:39:45 +0000] "GET /images/jaipur-1.jpg HTTP/1.1" 206 500 "https://www.dwarkaescort.com/jaipur-call-girls.php" "Mozilla/5.0 (iPhone; CPU iPhone OS 11_0 like Mac OS X) AppleWebKit/537.36 (KHTML, like Gecko) Chrome/57.0.9247.1404 Mobile Safari/537.36"
223.184.195.188 - - [04/Jul/2026:12:39:46 +0000] "GET / HTTP/1.1" 200 46796 "https://www.modelescortsindelhi.com/" "Mozilla/5.0 (Linux; Android 10; K) AppleWebKit/537.36 (KHTML, like Gecko) Chrome/149.0.0.0 Mobile Safari/537.36"
151.241.91.199 - - [04/Jul/2026:12:39:46 +0000] "GET /images/jaipur-2.jpg HTTP/1.1" 304 - "https://www.dwarkaescort.com/jaipur-call-girls.php" "Mozilla/5.0 (iPhone; CPU iPhone OS 11_0 like Mac OS X) AppleWebKit/537.36 (KHTML, like Gecko) Chrome/57.0.9247.1404 Mobile Safari/537.36"
223.184.195.188 - - [04/Jul/2026:12:39:46 +0000] "GET /css/style.css HTTP/1.1" 200 10757 "https://www.dwarkaescort.com/" "Mozilla/5.0 (Linux; Android 10; K) AppleWebKit/537.36 (KHTML, like Gecko) Chrome/149.0.0.0 Mobile Safari/537.36"
178.95.115.8 - - [04/Jul/2026:12:39:46 +0000] "GET /images/jaipur-1.jpg HTTP/1.1" 304 - "https://www.dwarkaescort.com/jaipur-call-girls.php" "Mozilla/5.0 (iPhone; CPU iPhone OS 11_0 like Mac OS X) AppleWebKit/537.36 (KHTML, like Gecko) Chrome/57.0.9247.1404 Mobile Safari/537.36"
151.241.91.199 - - [04/Jul/2026:12:39:46 +0000] "GET /images/jaipur-2.jpg HTTP/1.1" 206 29640 "https://www.dwarkaescort.com/jaipur-call-girls.php" "Mozilla/5.0 (iPhone; CPU iPhone OS 11_0 like Mac OS X) AppleWebKit/537.36 (KHTML, like Gecko) Chrome/57.0.9247.1404 Mobile Safari/537.36"
223.184.195.188 - - [04/Jul/2026:12:39:46 +0000] "GET /css/fontawesome.css HTTP/1.1" 200 1757 "https://www.dwarkaescort.com/" "Mozilla/5.0 (Linux; Android 10; K) AppleWebKit/537.36 (KHTML, like Gecko) Chrome/149.0.0.0 Mobile Safari/537.36"
223.184.195.188 - - [04/Jul/2026:12:39:46 +0000] "GET /js/lazysizes.min.js HTTP/1.1" 200 7889 "https://www.dwarkaescort.com/" "Mozilla/5.0 (Linux; Android 10; K) AppleWebKit/537.36 (KHTML, like Gecko) Chrome/149.0.0.0 Mobile Safari/537.36"
223.184.195.188 - - [04/Jul/2026:12:39:46 +0000] "GET /images/right.webp HTTP/1.1" 200 196 "https://www.dwarkaescort.com/css/style.css" "Mozilla/5.0 (Linux; Android 10; K) AppleWebKit/537.36 (KHTML, like Gecko) Chrome/149.0.0.0 Mobile Safari/537.36"
223.184.195.188 - - [04/Jul/2026:12:39:46 +0000] "GET /images/dwakra-escorts.jpg HTTP/1.1" 200 31912 "https://www.dwarkaescort.com/" "Mozilla/5.0 (Linux; Android 10; K) AppleWebKit/537.36 (KHTML, like Gecko) Chrome/149.0.0.0 Mobile Safari/537.36"
178.95.115.8 - - [04/Jul/2026:12:39:47 +0000] "GET /images/jaipur-1.jpg HTTP/1.1" 206 26989 "https://www.dwarkaescort.com/jaipur-call-girls.php" "Mozilla/5.0 (iPhone; CPU iPhone OS 11_0 like Mac OS X) AppleWebKit/537.36 (KHTML, like Gecko) Chrome/57.0.9247.1404 Mobile Safari/537.36"
223.184.195.188 - - [04/Jul/2026:12:39:47 +0000] "GET /images/favicon.webp HTTP/1.1" 200 2350 "https://www.dwarkaescort.com/" "Mozilla/5.0 (Linux; Android 10; K) AppleWebKit/537.36 (KHTML, like Gecko) Chrome/149.0.0.0 Mobile Safari/537.36"
223.184.195.188 - - [04/Jul/2026:12:39:46 +0000] "GET /images/dwarka-escorts.mp4 HTTP/1.1" 206 22014449 "https://www.dwarkaescort.com/" "Mozilla/5.0 (Linux; Android 10; K) AppleWebKit/537.36 (KHTML, like Gecko) Chrome/149.0.0.0 Mobile Safari/537.36"
103.126.20.85 - - [04/Jul/2026:12:39:55 +0000] "GET /mumbai-call-girls.php HTTP/1.1" 200 24123 "-" "Mozilla/5.0 (Linux; Android 8.0; Pixel 2 Build/OPD3.170816.012) AppleWebKit/537.36 (KHTML, like Gecko) Chrome/47.0.7114.1781 Mobile Safari/537.36"
45.226.118.230 - - [04/Jul/2026:12:39:57 +0000] "GET /bhiwadi-call-girls.php HTTP/1.1" 200 25211 "-" "Mozilla/5.0 (Linux; Android 8.0; Pixel 2 Build/OPD3.170816.012) AppleWebKit/537.36 (KHTML, like Gecko) Chrome/52.0.2658.1838 Mobile Safari/537.36"
172.120.147.1 - - [04/Jul/2026:12:39:58 +0000] "GET /cdn.jsdelivr.net/npm/bootstrap%405.0.2/dist/js/bootstrap.bundle.min.js HTTP/1.1" 404 - "https://www.dwarkaescort.com/mumbai-call-girls.php" "Mozilla/5.0 (Linux; Android 8.0; Pixel 2 Build/OPD3.170816.012) AppleWebKit/537.36 (KHTML, like Gecko) Chrome/47.0.7114.1781 Mobile Safari/537.36"
161.123.166.11 - - [04/Jul/2026:12:40:01 +0000] "GET /cdn.jsdelivr.net/npm/bootstrap%405.0.2/dist/js/bootstrap.bundle.min.js HTTP/1.1" 404 - "https://www.dwarkaescort.com/bhiwadi-call-girls.php" "Mozilla/5.0 (Linux; Android 8.0; Pixel 2 Build/OPD3.170816.012) AppleWebKit/537.36 (KHTML, like Gecko) Chrome/52.0.2658.1838 Mobile Safari/537.36"
161.123.166.11 - - [04/Jul/2026:12:40:01 +0000] "GET /images/bhiwadi-1.jpg HTTP/1.1" 206 500 "https://www.dwarkaescort.com/bhiwadi-call-girls.php" "Mozilla/5.0 (Linux; Android 8.0; Pixel 2 Build/OPD3.170816.012) AppleWebKit/537.36 (KHTML, like Gecko) Chrome/52.0.2658.1838 Mobile Safari/537.36"
161.123.166.11 - - [04/Jul/2026:12:40:02 +0000] "GET /images/bhiwadi-2.jpg HTTP/1.1" 206 500 "https://www.dwarkaescort.com/bhiwadi-call-girls.php" "Mozilla/5.0 (Linux; Android 8.0; Pixel 2 Build/OPD3.170816.012) AppleWebKit/537.36 (KHTML, like Gecko) Chrome/52.0.2658.1838 Mobile Safari/537.36"
161.123.166.11 - - [04/Jul/2026:12:40:02 +0000] "GET /images/bhiwadi-1.jpg HTTP/1.1" 304 - "https://www.dwarkaescort.com/bhiwadi-call-girls.php" "Mozilla/5.0 (Linux; Android 8.0; Pixel 2 Build/OPD3.170816.012) AppleWebKit/537.36 (KHTML, like Gecko) Chrome/52.0.2658.1838 Mobile Safari/537.36"
161.123.166.11 - - [04/Jul/2026:12:40:03 +0000] "GET /images/bhiwadi-1.jpg HTTP/1.1" 206 33283 "https://www.dwarkaescort.com/bhiwadi-call-girls.php" "Mozilla/5.0 (Linux; Android 8.0; Pixel 2 Build/OPD3.170816.012) AppleWebKit/537.36 (KHTML, like Gecko) Chrome/52.0.2658.1838 Mobile Safari/537.36"
47.128.96.185 - - [04/Jul/2026:12:40:03 +0000] "GET /daryaganj-escorts.php HTTP/1.1" 200 22169 "-" "Mozilla/5.0 (Linux; Android 5.0) AppleWebKit/537.36 (KHTML, like Gecko) Mobile Safari/537.36 (compatible; TikTokSpider; ttspider-feedback@tiktok.com)"
47.128.96.185 - - [04/Jul/2026:12:40:04 +0000] "GET /images/daryaganj-2.jpg HTTP/1.1" 206 500 "https://www.dwarkaescort.com/daryaganj-escorts.php" "Mozilla/5.0 (Linux; Android 5.0) AppleWebKit/537.36 (KHTML, like Gecko) Mobile Safari/537.36 (compatible; TikTokSpider; ttspider-feedback@tiktok.com)"
47.128.96.185 - - [04/Jul/2026:12:40:04 +0000] "GET /images/daryaganj-2.jpg HTTP/1.1" 304 - "https://www.dwarkaescort.com/daryaganj-escorts.php" "Mozilla/5.0 (Linux; Android 5.0) AppleWebKit/537.36 (KHTML, like Gecko) Mobile Safari/537.36 (compatible; TikTokSpider; ttspider-feedback@tiktok.com)"
47.128.96.185 - - [04/Jul/2026:12:40:04 +0000] "GET /images/daryaganj-2.jpg HTTP/1.1" 206 31084 "https://www.dwarkaescort.com/daryaganj-escorts.php" "Mozilla/5.0 (Linux; Android 5.0) AppleWebKit/537.36 (KHTML, like Gecko) Mobile Safari/537.36 (compatible; TikTokSpider; ttspider-feedback@tiktok.com)"
106.219.195.146 - - [04/Jul/2026:12:40:11 +0000] "GET / HTTP/1.1" 200 46796 "https://www.modelescortsindelhi.com/" "Mozilla/5.0 (Linux; Android 10; K) AppleWebKit/537.36 (KHTML, like Gecko) Chrome/149.0.0.0 Safari/537.36"
106.219.195.146 - - [04/Jul/2026:12:40:11 +0000] "GET /css/style.css HTTP/1.1" 200 10757 "https://www.dwarkaescort.com/" "Mozilla/5.0 (Linux; Android 10; K) AppleWebKit/537.36 (KHTML, like Gecko) Chrome/149.0.0.0 Safari/537.36"
106.219.195.146 - - [04/Jul/2026:12:40:12 +0000] "GET /css/fontawesome.css HTTP/1.1" 200 1757 "https://www.dwarkaescort.com/" "Mozilla/5.0 (Linux; Android 10; K) AppleWebKit/537.36 (KHTML, like Gecko) Chrome/149.0.0.0 Safari/537.36"
106.219.195.146 - - [04/Jul/2026:12:40:12 +0000] "GET /images/dwakra-escorts.jpg HTTP/1.1" 200 31912 "https://www.dwarkaescort.com/" "Mozilla/5.0 (Linux; Android 10; K) AppleWebKit/537.36 (KHTML, like Gecko) Chrome/149.0.0.0 Safari/537.36"
106.219.195.146 - - [04/Jul/2026:12:40:12 +0000] "GET /js/lazysizes.min.js HTTP/1.1" 200 7889 "https://www.dwarkaescort.com/" "Mozilla/5.0 (Linux; Android 10; K) AppleWebKit/537.36 (KHTML, like Gecko) Chrome/149.0.0.0 Safari/537.36"
106.219.195.146 - - [04/Jul/2026:12:40:12 +0000] "GET /images/right.webp HTTP/1.1" 200 196 "https://www.dwarkaescort.com/css/style.css" "Mozilla/5.0 (Linux; Android 10; K) AppleWebKit/537.36 (KHTML, like Gecko) Chrome/149.0.0.0 Safari/537.36"
106.219.195.146 - - [04/Jul/2026:12:40:12 +0000] "GET /images/dwarka-escorts.mp4 HTTP/1.1" 206 22014449 "https://www.dwarkaescort.com/" "Mozilla/5.0 (Linux; Android 10; K) AppleWebKit/537.36 (KHTML, like Gecko) Chrome/149.0.0.0 Safari/537.36"
47.128.96.181 - - [04/Jul/2026:12:40:27 +0000] "GET /rohini-escorts.php HTTP/1.1" 200 24166 "-" "Mozilla/5.0 (Linux; Android 5.0) AppleWebKit/537.36 (KHTML, like Gecko) Mobile Safari/537.36 (compatible; TikTokSpider; ttspider-feedback@tiktok.com)"
47.128.96.181 - - [04/Jul/2026:12:40:28 +0000] "GET /images/rohini-1.jpg HTTP/1.1" 206 500 "https://www.dwarkaescort.com/rohini-escorts.php" "Mozilla/5.0 (Linux; Android 5.0) AppleWebKit/537.36 (KHTML, like Gecko) Mobile Safari/537.36 (compatible; TikTokSpider; ttspider-feedback@tiktok.com)"
47.128.96.181 - - [04/Jul/2026:12:40:28 +0000] "GET /images/rohini-2.jpg HTTP/1.1" 206 500 "https://www.dwarkaescort.com/rohini-escorts.php" "Mozilla/5.0 (Linux; Android 5.0) AppleWebKit/537.36 (KHTML, like Gecko) Mobile Safari/537.36 (compatible; TikTokSpider; ttspider-feedback@tiktok.com)"
47.128.96.181 - - [04/Jul/2026:12:40:28 +0000] "GET /images/rohini-2.jpg HTTP/1.1" 304 - "https://www.dwarkaescort.com/rohini-escorts.php" "Mozilla/5.0 (Linux; Android 5.0) AppleWebKit/537.36 (KHTML, like Gecko) Mobile Safari/537.36 (compatible; TikTokSpider; ttspider-feedback@tiktok.com)"
47.128.96.181 - - [04/Jul/2026:12:40:28 +0000] "GET /images/rohini-1.jpg HTTP/1.1" 304 - "https://www.dwarkaescort.com/rohini-escorts.php" "Mozilla/5.0 (Linux; Android 5.0) AppleWebKit/537.36 (KHTML, like Gecko) Mobile Safari/537.36 (compatible; TikTokSpider; ttspider-feedback@tiktok.com)"
47.128.96.181 - - [04/Jul/2026:12:40:29 +0000] "GET /images/rohini-1.jpg HTTP/1.1" 206 32115 "https://www.dwarkaescort.com/rohini-escorts.php" "Mozilla/5.0 (Linux; Android 5.0) AppleWebKit/537.36 (KHTML, like Gecko) Mobile Safari/537.36 (compatible; TikTokSpider; ttspider-feedback@tiktok.com)"
47.128.96.181 - - [04/Jul/2026:12:40:29 +0000] "GET /images/rohini-2.jpg HTTP/1.1" 206 34963 "https://www.dwarkaescort.com/rohini-escorts.php" "Mozilla/5.0 (Linux; Android 5.0) AppleWebKit/537.36 (KHTML, like Gecko) Mobile Safari/537.36 (compatible; TikTokSpider; ttspider-feedback@tiktok.com)"
152.59.49.69 - - [04/Jul/2026:12:40:44 +0000] "GET / HTTP/1.1" 200 46796 "https://www.modelescortsindelhi.com/" "Mozilla/5.0 (Linux; Android 10; K) AppleWebKit/537.36 (KHTML, like Gecko) Chrome/149.0.0.0 Safari/537.36"
152.59.49.69 - - [04/Jul/2026:12:40:45 +0000] "GET /css/style.css HTTP/1.1" 200 10757 "https://www.dwarkaescort.com/" "Mozilla/5.0 (Linux; Android 10; K) AppleWebKit/537.36 (KHTML, like Gecko) Chrome/149.0.0.0 Safari/537.36"
122.162.146.181 - - [04/Jul/2026:12:40:45 +0000] "GET / HTTP/1.1" 200 46796 "https://www.modelescortsindelhi.com/" "Mozilla/5.0 (Linux; Android 10; K) AppleWebKit/537.36 (KHTML, like Gecko) Chrome/149.0.0.0 Mobile Safari/537.36"
122.162.146.181 - - [04/Jul/2026:12:40:46 +0000] "GET /css/style.css HTTP/1.1" 200 10757 "https://www.dwarkaescort.com/" "Mozilla/5.0 (Linux; Android 10; K) AppleWebKit/537.36 (KHTML, like Gecko) Chrome/149.0.0.0 Mobile Safari/537.36"
152.59.49.69 - - [04/Jul/2026:12:40:46 +0000] "GET /css/fontawesome.css HTTP/1.1" 200 1757 "https://www.dwarkaescort.com/" "Mozilla/5.0 (Linux; Android 10; K) AppleWebKit/537.36 (KHTML, like Gecko) Chrome/149.0.0.0 Safari/537.36"
122.162.146.181 - - [04/Jul/2026:12:40:46 +0000] "GET /css/fontawesome.css HTTP/1.1" 200 1757 "https://www.dwarkaescort.com/" "Mozilla/5.0 (Linux; Android 10; K) AppleWebKit/537.36 (KHTML, like Gecko) Chrome/149.0.0.0 Mobile Safari/537.36"
122.162.146.181 - - [04/Jul/2026:12:40:46 +0000] "GET /js/lazysizes.min.js HTTP/1.1" 200 7889 "https://www.dwarkaescort.com/" "Mozilla/5.0 (Linux; Android 10; K) AppleWebKit/537.36 (KHTML, like Gecko) Chrome/149.0.0.0 Mobile Safari/537.36"
122.162.146.181 - - [04/Jul/2026:12:40:46 +0000] "GET /images/dwakra-escorts.jpg HTTP/1.1" 200 31912 "https://www.dwarkaescort.com/" "Mozilla/5.0 (Linux; Android 10; K) AppleWebKit/537.36 (KHTML, like Gecko) Chrome/149.0.0.0 Mobile Safari/537.36"
152.59.49.69 - - [04/Jul/2026:12:40:46 +0000] "GET /js/lazysizes.min.js HTTP/1.1" 200 7889 "https://www.dwarkaescort.com/" "Mozilla/5.0 (Linux; Android 10; K) AppleWebKit/537.36 (KHTML, like Gecko) Chrome/149.0.0.0 Safari/537.36"
122.162.146.181 - - [04/Jul/2026:12:40:46 +0000] "GET /images/right.webp HTTP/1.1" 200 196 "https://www.dwarkaescort.com/css/style.css" "Mozilla/5.0 (Linux; Android 10; K) AppleWebKit/537.36 (KHTML, like Gecko) Chrome/149.0.0.0 Mobile Safari/537.36"
152.59.49.69 - - [04/Jul/2026:12:40:47 +0000] "GET /images/dwakra-escorts.jpg HTTP/1.1" 200 31912 "https://www.dwarkaescort.com/" "Mozilla/5.0 (Linux; Android 10; K) AppleWebKit/537.36 (KHTML, like Gecko) Chrome/149.0.0.0 Safari/537.36"
122.162.146.181 - - [04/Jul/2026:12:40:47 +0000] "GET /images/favicon.webp HTTP/1.1" 200 2350 "https://www.dwarkaescort.com/" "Mozilla/5.0 (Linux; Android 10; K) AppleWebKit/537.36 (KHTML, like Gecko) Chrome/149.0.0.0 Mobile Safari/537.36"
152.59.49.69 - - [04/Jul/2026:12:40:48 +0000] "GET /images/right.webp HTTP/1.1" 200 196 "https://www.dwarkaescort.com/css/style.css" "Mozilla/5.0 (Linux; Android 10; K) AppleWebKit/537.36 (KHTML, like Gecko) Chrome/149.0.0.0 Safari/537.36"
122.162.146.181 - - [04/Jul/2026:12:40:50 +0000] "GET /images/zara.webp HTTP/1.1" 200 32630 "https://www.dwarkaescort.com/" "Mozilla/5.0 (Linux; Android 10; K) AppleWebKit/537.36 (KHTML, like Gecko) Chrome/149.0.0.0 Mobile Safari/537.36"
47.128.96.132 - - [04/Jul/2026:12:40:52 +0000] "GET /jaipur-call-girls.php HTTP/1.1" 200 24038 "-" "Mozilla/5.0 (Linux; Android 5.0) AppleWebKit/537.36 (KHTML, like Gecko) Mobile Safari/537.36 (compatible; TikTokSpider; ttspider-feedback@tiktok.com)"
47.128.96.132 - - [04/Jul/2026:12:40:52 +0000] "GET /images/jaipur-1.jpg HTTP/1.1" 206 500 "https://www.dwarkaescort.com/jaipur-call-girls.php" "Mozilla/5.0 (Linux; Android 5.0) AppleWebKit/537.36 (KHTML, like Gecko) Mobile Safari/537.36 (compatible; TikTokSpider; ttspider-feedback@tiktok.com)"
47.128.96.132 - - [04/Jul/2026:12:40:52 +0000] "GET /images/jaipur-2.jpg HTTP/1.1" 206 500 "https://www.dwarkaescort.com/jaipur-call-girls.php" "Mozilla/5.0 (Linux; Android 5.0) AppleWebKit/537.36 (KHTML, like Gecko) Mobile Safari/537.36 (compatible; TikTokSpider; ttspider-feedback@tiktok.com)"
47.128.96.132 - - [04/Jul/2026:12:40:53 +0000] "GET /images/jaipur-2.jpg HTTP/1.1" 304 - "https://www.dwarkaescort.com/jaipur-call-girls.php" "Mozilla/5.0 (Linux; Android 5.0) AppleWebKit/537.36 (KHTML, like Gecko) Mobile Safari/537.36 (compatible; TikTokSpider; ttspider-feedback@tiktok.com)"
47.128.96.132 - - [04/Jul/2026:12:40:53 +0000] "GET /images/jaipur-1.jpg HTTP/1.1" 304 - "https://www.dwarkaescort.com/jaipur-call-girls.php" "Mozilla/5.0 (Linux; Android 5.0) AppleWebKit/537.36 (KHTML, like Gecko) Mobile Safari/537.36 (compatible; TikTokSpider; ttspider-feedback@tiktok.com)"
47.128.96.132 - - [04/Jul/2026:12:40:53 +0000] "GET /images/jaipur-2.jpg HTTP/1.1" 206 29640 "https://www.dwarkaescort.com/jaipur-call-girls.php" "Mozilla/5.0 (Linux; Android 5.0) AppleWebKit/537.36 (KHTML, like Gecko) Mobile Safari/537.36 (compatible; TikTokSpider; ttspider-feedback@tiktok.com)"
47.128.96.132 - - [04/Jul/2026:12:40:53 +0000] "GET /images/jaipur-1.jpg HTTP/1.1" 206 26989 "https://www.dwarkaescort.com/jaipur-call-girls.php" "Mozilla/5.0 (Linux; Android 5.0) AppleWebKit/537.36 (KHTML, like Gecko) Mobile Safari/537.36 (compatible; TikTokSpider; ttspider-feedback@tiktok.com)"
122.162.146.181 - - [04/Jul/2026:12:41:01 +0000] "GET /images/naina.webp HTTP/1.1" 200 29954 "https://www.dwarkaescort.com/" "Mozilla/5.0 (Linux; Android 10; K) AppleWebKit/537.36 (KHTML, like Gecko) Chrome/149.0.0.0 Mobile Safari/537.36"
49.48.88.27 - - [04/Jul/2026:12:41:01 +0000] "GET /chattarpur-escorts.php HTTP/1.1" 200 24662 "-" "Mozilla/5.0 (Linux; Android 5.0; SM-G900P Build/LRX21T) AppleWebKit/537.36 (KHTML, like Gecko) Chrome/57.0.8650.1415 Mobile Safari/537.36"
152.59.49.69 - - [04/Jul/2026:12:40:46 +0000] "GET /images/dwarka-escorts.mp4 HTTP/1.1" 206 22014449 "https://www.dwarkaescort.com/" "Mozilla/5.0 (Linux; Android 10; K) AppleWebKit/537.36 (KHTML, like Gecko) Chrome/149.0.0.0 Safari/537.36"
23.230.84.1 - - [04/Jul/2026:12:41:04 +0000] "GET /images/chattarpur-2.jpg HTTP/1.1" 206 500 "https://www.dwarkaescort.com/chattarpur-escorts.php" "Mozilla/5.0 (Linux; Android 5.0; SM-G900P Build/LRX21T) AppleWebKit/537.36 (KHTML, like Gecko) Chrome/57.0.8650.1415 Mobile Safari/537.36"
45.114.181.31 - - [04/Jul/2026:12:41:04 +0000] "GET /cdn.jsdelivr.net/npm/bootstrap%405.0.2/dist/js/bootstrap.bundle.min.js HTTP/1.1" 404 - "https://www.dwarkaescort.com/chattarpur-escorts.php" "Mozilla/5.0 (Linux; Android 5.0; SM-G900P Build/LRX21T) AppleWebKit/537.36 (KHTML, like Gecko) Chrome/57.0.8650.1415 Mobile Safari/537.36"
122.162.146.181 - - [04/Jul/2026:12:41:04 +0000] "GET /images/neha.webp HTTP/1.1" 200 51686 "https://www.dwarkaescort.com/" "Mozilla/5.0 (Linux; Android 10; K) AppleWebKit/537.36 (KHTML, like Gecko) Chrome/149.0.0.0 Mobile Safari/537.36"
23.230.84.1 - - [04/Jul/2026:12:41:04 +0000] "GET /images/chattarpur-1.jpg HTTP/1.1" 206 500 "https://www.dwarkaescort.com/chattarpur-escorts.php" "Mozilla/5.0 (Linux; Android 5.0; SM-G900P Build/LRX21T) AppleWebKit/537.36 (KHTML, like Gecko) Chrome/57.0.8650.1415 Mobile Safari/537.36"
45.114.181.31 - - [04/Jul/2026:12:41:04 +0000] "GET /images/chattarpur-2.jpg HTTP/1.1" 304 - "https://www.dwarkaescort.com/chattarpur-escorts.php" "Mozilla/5.0 (Linux; Android 5.0; SM-G900P Build/LRX21T) AppleWebKit/537.36 (KHTML, like Gecko) Chrome/57.0.8650.1415 Mobile Safari/537.36"
23.230.84.1 - - [04/Jul/2026:12:41:04 +0000] "GET /images/chattarpur-1.jpg HTTP/1.1" 304 - "https://www.dwarkaescort.com/chattarpur-escorts.php" "Mozilla/5.0 (Linux; Android 5.0; SM-G900P Build/LRX21T) AppleWebKit/537.36 (KHTML, like Gecko) Chrome/57.0.8650.1415 Mobile Safari/537.36"
23.230.84.1 - - [04/Jul/2026:12:41:05 +0000] "GET /images/chattarpur-1.jpg HTTP/1.1" 206 35223 "https://www.dwarkaescort.com/chattarpur-escorts.php" "Mozilla/5.0 (Linux; Android 5.0; SM-G900P Build/LRX21T) AppleWebKit/537.36 (KHTML, like Gecko) Chrome/57.0.8650.1415 Mobile Safari/537.36"
45.114.181.31 - - [04/Jul/2026:12:41:05 +0000] "GET /images/chattarpur-2.jpg HTTP/1.1" 206 27499 "https://www.dwarkaescort.com/chattarpur-escorts.php" "Mozilla/5.0 (Linux; Android 5.0; SM-G900P Build/LRX21T) AppleWebKit/537.36 (KHTML, like Gecko) Chrome/57.0.8650.1415 Mobile Safari/537.36"
122.162.146.181 - - [04/Jul/2026:12:41:06 +0000] "GET /images/anjali.webp HTTP/1.1" 200 47956 "https://www.dwarkaescort.com/" "Mozilla/5.0 (Linux; Android 10; K) AppleWebKit/537.36 (KHTML, like Gecko) Chrome/149.0.0.0 Mobile Safari/537.36"
152.59.49.69 - - [04/Jul/2026:12:41:06 +0000] "GET /images/favicon.webp HTTP/1.1" 200 2350 "https://www.dwarkaescort.com/" "Mozilla/5.0 (Linux; Android 10; K) AppleWebKit/537.36 (KHTML, like Gecko) Chrome/149.0.0.0 Safari/537.36"
122.162.146.181 - - [04/Jul/2026:12:41:07 +0000] "GET /images/arushi.webp HTTP/1.1" 200 38410 "https://www.dwarkaescort.com/" "Mozilla/5.0 (Linux; Android 10; K) AppleWebKit/537.36 (KHTML, like Gecko) Chrome/149.0.0.0 Mobile Safari/537.36"
17.246.15.250 - - [04/Jul/2026:12:41:08 +0000] "GET /bangalore-call-girls.php/Photos/images/Photos/patel-nagar-escorts.php HTTP/1.1" 200 23597 "-" "Mozilla/5.0 (Macintosh; Intel Mac OS X 10_15_7) AppleWebKit/605.1.15 (KHTML, like Gecko) Version/17.4 Safari/605.1.15 (Applebot/0.1; +http://www.apple.com/go/applebot)"
122.162.146.181 - - [04/Jul/2026:12:40:46 +0000] "GET /images/dwarka-escorts.mp4 HTTP/1.1" 206 22014449 "https://www.dwarkaescort.com/" "Mozilla/5.0 (Linux; Android 10; K) AppleWebKit/537.36 (KHTML, like Gecko) Chrome/149.0.0.0 Mobile Safari/537.36"
47.128.96.182 - - [04/Jul/2026:12:41:16 +0000] "GET /mumbai-call-girls.php HTTP/1.1" 200 24123 "-" "Mozilla/5.0 (Linux; Android 5.0) AppleWebKit/537.36 (KHTML, like Gecko) Mobile Safari/537.36 (compatible; TikTokSpider; ttspider-feedback@tiktok.com)"
170.245.178.153 - - [04/Jul/2026:12:41:27 +0000] "GET /nehru-place-escorts.php HTTP/1.1" 200 25488 "-" "Mozilla/5.0 (Linux; Android 6.0; Nexus 5 Build/MRA58N) AppleWebKit/537.36 (KHTML, like Gecko) Chrome/53.0.8700.1195 Mobile Safari/537.36"
80.240.111.107 - - [04/Jul/2026:12:41:30 +0000] "GET /cdn.jsdelivr.net/npm/bootstrap%405.0.2/dist/js/bootstrap.bundle.min.js HTTP/1.1" 404 - "https://www.dwarkaescort.com/nehru-place-escorts.php" "Mozilla/5.0 (Linux; Android 6.0; Nexus 5 Build/MRA58N) AppleWebKit/537.36 (KHTML, like Gecko) Chrome/53.0.8700.1195 Mobile Safari/537.36"
80.240.111.107 - - [04/Jul/2026:12:41:31 +0000] "GET /images/nehru-place-1.jpg HTTP/1.1" 206 500 "https://www.dwarkaescort.com/nehru-place-escorts.php" "Mozilla/5.0 (Linux; Android 6.0; Nexus 5 Build/MRA58N) AppleWebKit/537.36 (KHTML, like Gecko) Chrome/53.0.8700.1195 Mobile Safari/537.36"
80.240.111.107 - - [04/Jul/2026:12:41:31 +0000] "GET /images/nehru-place-2.jpg HTTP/1.1" 206 500 "https://www.dwarkaescort.com/nehru-place-escorts.php" "Mozilla/5.0 (Linux; Android 6.0; Nexus 5 Build/MRA58N) AppleWebKit/537.36 (KHTML, like Gecko) Chrome/53.0.8700.1195 Mobile Safari/537.36"
64.119.73.136 - - [04/Jul/2026:12:41:31 +0000] "GET /images/nehru-place-1.jpg HTTP/1.1" 304 - "https://www.dwarkaescort.com/nehru-place-escorts.php" "Mozilla/5.0 (Linux; Android 6.0; Nexus 5 Build/MRA58N) AppleWebKit/537.36 (KHTML, like Gecko) Chrome/53.0.8700.1195 Mobile Safari/537.36"
80.240.111.107 - - [04/Jul/2026:12:41:32 +0000] "GET /images/nehru-place-2.jpg HTTP/1.1" 304 - "https://www.dwarkaescort.com/nehru-place-escorts.php" "Mozilla/5.0 (Linux; Android 6.0; Nexus 5 Build/MRA58N) AppleWebKit/537.36 (KHTML, like Gecko) Chrome/53.0.8700.1195 Mobile Safari/537.36"
64.119.73.136 - - [04/Jul/2026:12:41:32 +0000] "GET /images/nehru-place-1.jpg HTTP/1.1" 206 30310 "https://www.dwarkaescort.com/nehru-place-escorts.php" "Mozilla/5.0 (Linux; Android 6.0; Nexus 5 Build/MRA58N) AppleWebKit/537.36 (KHTML, like Gecko) Chrome/53.0.8700.1195 Mobile Safari/537.36"
80.240.111.107 - - [04/Jul/2026:12:41:32 +0000] "GET /images/nehru-place-2.jpg HTTP/1.1" 206 29640 "https://www.dwarkaescort.com/nehru-place-escorts.php" "Mozilla/5.0 (Linux; Android 6.0; Nexus 5 Build/MRA58N) AppleWebKit/537.36 (KHTML, like Gecko) Chrome/53.0.8700.1195 Mobile Safari/537.36"
47.128.96.167 - - [04/Jul/2026:12:41:41 +0000] "GET /bhiwadi-call-girls.php HTTP/1.1" 200 25211 "-" "Mozilla/5.0 (Linux; Android 5.0) AppleWebKit/537.36 (KHTML, like Gecko) Mobile Safari/537.36 (compatible; TikTokSpider; ttspider-feedback@tiktok.com)"
47.128.96.167 - - [04/Jul/2026:12:41:41 +0000] "GET /images/bhiwadi-1.jpg HTTP/1.1" 206 500 "https://www.dwarkaescort.com/bhiwadi-call-girls.php" "Mozilla/5.0 (Linux; Android 5.0) AppleWebKit/537.36 (KHTML, like Gecko) Mobile Safari/537.36 (compatible; TikTokSpider; ttspider-feedback@tiktok.com)"
47.128.96.167 - - [04/Jul/2026:12:41:41 +0000] "GET /images/bhiwadi-2.jpg HTTP/1.1" 206 500 "https://www.dwarkaescort.com/bhiwadi-call-girls.php" "Mozilla/5.0 (Linux; Android 5.0) AppleWebKit/537.36 (KHTML, like Gecko) Mobile Safari/537.36 (compatible; TikTokSpider; ttspider-feedback@tiktok.com)"
47.128.96.167 - - [04/Jul/2026:12:41:42 +0000] "GET /images/bhiwadi-1.jpg HTTP/1.1" 304 - "https://www.dwarkaescort.com/bhiwadi-call-girls.php" "Mozilla/5.0 (Linux; Android 5.0) AppleWebKit/537.36 (KHTML, like Gecko) Mobile Safari/537.36 (compatible; TikTokSpider; ttspider-feedback@tiktok.com)"
47.128.96.167 - - [04/Jul/2026:12:41:42 +0000] "GET /images/bhiwadi-1.jpg HTTP/1.1" 206 33283 "https://www.dwarkaescort.com/bhiwadi-call-girls.php" "Mozilla/5.0 (Linux; Android 5.0) AppleWebKit/537.36 (KHTML, like Gecko) Mobile Safari/537.36 (compatible; TikTokSpider; ttspider-feedback@tiktok.com)"
106.202.124.241 - - [04/Jul/2026:12:41:44 +0000] "GET / HTTP/1.1" 200 46796 "https://www.modelescortsindelhi.com/" "Mozilla/5.0 (Linux; Android 10; K) AppleWebKit/537.36 (KHTML, like Gecko) Chrome/147.0.0.0 Mobile Safari/537.36"
106.202.124.241 - - [04/Jul/2026:12:41:44 +0000] "GET /css/fontawesome.css HTTP/1.1" 200 1757 "https://www.dwarkaescort.com/" "Mozilla/5.0 (Linux; Android 10; K) AppleWebKit/537.36 (KHTML, like Gecko) Chrome/147.0.0.0 Mobile Safari/537.36"
106.202.124.241 - - [04/Jul/2026:12:41:44 +0000] "GET /css/style.css HTTP/1.1" 200 10757 "https://www.dwarkaescort.com/" "Mozilla/5.0 (Linux; Android 10; K) AppleWebKit/537.36 (KHTML, like Gecko) Chrome/147.0.0.0 Mobile Safari/537.36"
106.202.124.241 - - [04/Jul/2026:12:41:44 +0000] "GET /js/lazysizes.min.js HTTP/1.1" 200 7889 "https://www.dwarkaescort.com/" "Mozilla/5.0 (Linux; Android 10; K) AppleWebKit/537.36 (KHTML, like Gecko) Chrome/147.0.0.0 Mobile Safari/537.36"
106.202.124.241 - - [04/Jul/2026:12:41:45 +0000] "GET /images/dwakra-escorts.jpg HTTP/1.1" 200 31912 "https://www.dwarkaescort.com/" "Mozilla/5.0 (Linux; Android 10; K) AppleWebKit/537.36 (KHTML, like Gecko) Chrome/147.0.0.0 Mobile Safari/537.36"
106.202.124.241 - - [04/Jul/2026:12:41:45 +0000] "GET /images/right.webp HTTP/1.1" 200 196 "https://www.dwarkaescort.com/css/style.css" "Mozilla/5.0 (Linux; Android 10; K) AppleWebKit/537.36 (KHTML, like Gecko) Chrome/147.0.0.0 Mobile Safari/537.36"
106.202.124.241 - - [04/Jul/2026:12:41:46 +0000] "GET /images/favicon.webp HTTP/1.1" 200 2350 "https://www.dwarkaescort.com/" "Mozilla/5.0 (Linux; Android 10; K) AppleWebKit/537.36 (KHTML, like Gecko) Chrome/147.0.0.0 Mobile Safari/537.36"
106.202.124.241 - - [04/Jul/2026:12:41:46 +0000] "GET /images/zara.webp HTTP/1.1" 200 32630 "https://www.dwarkaescort.com/" "Mozilla/5.0 (Linux; Android 10; K) AppleWebKit/537.36 (KHTML, like Gecko) Chrome/147.0.0.0 Mobile Safari/537.36"
106.202.124.241 - - [04/Jul/2026:12:41:44 +0000] "GET /images/dwarka-escorts.mp4 HTTP/1.1" 206 22014449 "https://www.dwarkaescort.com/" "Mozilla/5.0 (Linux; Android 10; K) AppleWebKit/537.36 (KHTML, like Gecko) Chrome/147.0.0.0 Mobile Safari/537.36"
122.183.58.185 - - [04/Jul/2026:12:41:52 +0000] "GET / HTTP/1.1" 200 46796 "https://www.modelescortsindelhi.com/" "Mozilla/5.0 (Linux; Android 10; K) AppleWebKit/537.36 (KHTML, like Gecko) Chrome/149.0.0.0 Mobile Safari/537.36"
122.183.58.185 - - [04/Jul/2026:12:41:52 +0000] "GET /css/style.css HTTP/1.1" 200 10757 "https://www.dwarkaescort.com/" "Mozilla/5.0 (Linux; Android 10; K) AppleWebKit/537.36 (KHTML, like Gecko) Chrome/149.0.0.0 Mobile Safari/537.36"
122.183.58.185 - - [04/Jul/2026:12:41:53 +0000] "GET /css/fontawesome.css HTTP/1.1" 200 1757 "https://www.dwarkaescort.com/" "Mozilla/5.0 (Linux; Android 10; K) AppleWebKit/537.36 (KHTML, like Gecko) Chrome/149.0.0.0 Mobile Safari/537.36"
122.183.58.185 - - [04/Jul/2026:12:41:53 +0000] "GET /js/lazysizes.min.js HTTP/1.1" 200 7889 "https://www.dwarkaescort.com/" "Mozilla/5.0 (Linux; Android 10; K) AppleWebKit/537.36 (KHTML, like Gecko) Chrome/149.0.0.0 Mobile Safari/537.36"
122.183.58.185 - - [04/Jul/2026:12:41:53 +0000] "GET /images/dwakra-escorts.jpg HTTP/1.1" 200 31912 "https://www.dwarkaescort.com/" "Mozilla/5.0 (Linux; Android 10; K) AppleWebKit/537.36 (KHTML, like Gecko) Chrome/149.0.0.0 Mobile Safari/537.36"
122.183.58.185 - - [04/Jul/2026:12:41:53 +0000] "GET /images/right.webp HTTP/1.1" 200 196 "https://www.dwarkaescort.com/css/style.css" "Mozilla/5.0 (Linux; Android 10; K) AppleWebKit/537.36 (KHTML, like Gecko) Chrome/149.0.0.0 Mobile Safari/537.36"
172.59.34.60 - - [04/Jul/2026:12:41:53 +0000] "GET /nehru-place-escorts.php HTTP/1.1" 200 25488 "https://www.bing.com/" "Mozilla/5.0 (Linux; Android 9; SM-S901B) AppleWebKit/537.36 (KHTML, like Gecko) Chrome/112.0.0.0 Mobile Safari/537.36"
122.183.58.185 - - [04/Jul/2026:12:41:54 +0000] "GET /images/favicon.webp HTTP/1.1" 200 2350 "https://www.dwarkaescort.com/" "Mozilla/5.0 (Linux; Android 10; K) AppleWebKit/537.36 (KHTML, like Gecko) Chrome/149.0.0.0 Mobile Safari/537.36"
122.183.58.185 - - [04/Jul/2026:12:41:53 +0000] "GET /images/dwarka-escorts.mp4 HTTP/1.1" 206 22014449 "https://www.dwarkaescort.com/" "Mozilla/5.0 (Linux; Android 10; K) AppleWebKit/537.36 (KHTML, like Gecko) Chrome/149.0.0.0 Mobile Safari/537.36"
78.138.1.218 - - [04/Jul/2026:12:41:57 +0000] "GET /cdn.jsdelivr.net/npm/bootstrap%405.0.2/dist/js/bootstrap.bundle.min.js HTTP/1.1" 404 - "https://www.dwarkaescort.com/nehru-place-escorts.php" "Mozilla/5.0 (Linux; Android 6.0; Nexus 5 Build/MRA58N) AppleWebKit/537.36 (KHTML, like Gecko) Chrome/57.0.6458.1448 Mobile Safari/537.36"
122.183.58.185 - - [04/Jul/2026:12:41:57 +0000] "GET / HTTP/1.1" 200 46796 "https://www.modelescortsindelhi.com/" "Mozilla/5.0 (Linux; Android 10; K) AppleWebKit/537.36 (KHTML, like Gecko) Chrome/149.0.0.0 Mobile Safari/537.36"
122.183.58.185 - - [04/Jul/2026:12:41:58 +0000] "GET /images/dwarka-escorts.mp4 HTTP/1.1" 206 20926559 "https://www.dwarkaescort.com/" "Mozilla/5.0 (Linux; Android 10; K) AppleWebKit/537.36 (KHTML, like Gecko) Chrome/149.0.0.0 Mobile Safari/537.36"
122.183.58.185 - - [04/Jul/2026:12:42:00 +0000] "GET / HTTP/1.1" 200 46796 "https://www.modelescortsindelhi.com/" "Mozilla/5.0 (Linux; Android 10; K) AppleWebKit/537.36 (KHTML, like Gecko) Chrome/149.0.0.0 Mobile Safari/537.36"
122.183.58.185 - - [04/Jul/2026:12:42:00 +0000] "GET /images/dwarka-escorts.mp4 HTTP/1.1" 206 20854674 "https://www.dwarkaescort.com/" "Mozilla/5.0 (Linux; Android 10; K) AppleWebKit/537.36 (KHTML, like Gecko) Chrome/149.0.0.0 Mobile Safari/537.36"
122.183.58.185 - - [04/Jul/2026:12:42:02 +0000] "GET / HTTP/1.1" 200 46796 "https://www.modelescortsindelhi.com/" "Mozilla/5.0 (Linux; Android 10; K) AppleWebKit/537.36 (KHTML, like Gecko) Chrome/149.0.0.0 Mobile Safari/537.36"
122.183.58.185 - - [04/Jul/2026:12:42:03 +0000] "GET /images/dwarka-escorts.mp4 HTTP/1.1" 206 20822790 "https://www.dwarkaescort.com/" "Mozilla/5.0 (Linux; Android 10; K) AppleWebKit/537.36 (KHTML, like Gecko) Chrome/149.0.0.0 Mobile Safari/537.36"
47.128.96.135 - - [04/Jul/2026:12:42:05 +0000] "GET /chattarpur-escorts.php HTTP/1.1" 200 24662 "-" "Mozilla/5.0 (Linux; Android 5.0) AppleWebKit/537.36 (KHTML, like Gecko) Mobile Safari/537.36 (compatible; TikTokSpider; ttspider-feedback@tiktok.com)"
47.128.96.135 - - [04/Jul/2026:12:42:06 +0000] "GET /images/chattarpur-1.jpg HTTP/1.1" 206 500 "https://www.dwarkaescort.com/chattarpur-escorts.php" "Mozilla/5.0 (Linux; Android 5.0) AppleWebKit/537.36 (KHTML, like Gecko) Mobile Safari/537.36 (compatible; TikTokSpider; ttspider-feedback@tiktok.com)"
122.183.58.185 - - [04/Jul/2026:12:42:06 +0000] "GET / HTTP/1.1" 200 46796 "https://www.modelescortsindelhi.com/" "Mozilla/5.0 (Linux; Android 10; K) AppleWebKit/537.36 (KHTML, like Gecko) Chrome/149.0.0.0 Mobile Safari/537.36"
47.128.96.135 - - [04/Jul/2026:12:42:06 +0000] "GET /images/chattarpur-2.jpg HTTP/1.1" 206 500 "https://www.dwarkaescort.com/chattarpur-escorts.php" "Mozilla/5.0 (Linux; Android 5.0) AppleWebKit/537.36 (KHTML, like Gecko) Mobile Safari/537.36 (compatible; TikTokSpider; ttspider-feedback@tiktok.com)"
47.128.96.135 - - [04/Jul/2026:12:42:06 +0000] "GET /images/chattarpur-2.jpg HTTP/1.1" 304 - "https://www.dwarkaescort.com/chattarpur-escorts.php" "Mozilla/5.0 (Linux; Android 5.0) AppleWebKit/537.36 (KHTML, like Gecko) Mobile Safari/537.36 (compatible; TikTokSpider; ttspider-feedback@tiktok.com)"
47.128.96.135 - - [04/Jul/2026:12:42:06 +0000] "GET /images/chattarpur-1.jpg HTTP/1.1" 304 - "https://www.dwarkaescort.com/chattarpur-escorts.php" "Mozilla/5.0 (Linux; Android 5.0) AppleWebKit/537.36 (KHTML, like Gecko) Mobile Safari/537.36 (compatible; TikTokSpider; ttspider-feedback@tiktok.com)"
47.128.96.135 - - [04/Jul/2026:12:42:07 +0000] "GET /images/chattarpur-1.jpg HTTP/1.1" 206 35223 "https://www.dwarkaescort.com/chattarpur-escorts.php" "Mozilla/5.0 (Linux; Android 5.0) AppleWebKit/537.36 (KHTML, like Gecko) Mobile Safari/537.36 (compatible; TikTokSpider; ttspider-feedback@tiktok.com)"
47.128.96.135 - - [04/Jul/2026:12:42:07 +0000] "GET /images/chattarpur-2.jpg HTTP/1.1" 206 27499 "https://www.dwarkaescort.com/chattarpur-escorts.php" "Mozilla/5.0 (Linux; Android 5.0) AppleWebKit/537.36 (KHTML, like Gecko) Mobile Safari/537.36 (compatible; TikTokSpider; ttspider-feedback@tiktok.com)"
122.183.58.185 - - [04/Jul/2026:12:42:07 +0000] "GET /images/dwarka-escorts.mp4 HTTP/1.1" 206 20742906 "https://www.dwarkaescort.com/" "Mozilla/5.0 (Linux; Android 10; K) AppleWebKit/537.36 (KHTML, like Gecko) Chrome/149.0.0.0 Mobile Safari/537.36"
47.128.96.149 - - [04/Jul/2026:12:42:30 +0000] "GET /nehru-place-escorts.php HTTP/1.1" 200 25488 "-" "Mozilla/5.0 (Linux; Android 5.0) AppleWebKit/537.36 (KHTML, like Gecko) Mobile Safari/537.36 (compatible; TikTokSpider; ttspider-feedback@tiktok.com)"
47.128.96.149 - - [04/Jul/2026:12:42:30 +0000] "GET /images/nehru-place-1.jpg HTTP/1.1" 206 500 "https://www.dwarkaescort.com/nehru-place-escorts.php" "Mozilla/5.0 (Linux; Android 5.0) AppleWebKit/537.36 (KHTML, like Gecko) Mobile Safari/537.36 (compatible; TikTokSpider; ttspider-feedback@tiktok.com)"
47.128.96.149 - - [04/Jul/2026:12:42:31 +0000] "GET /images/nehru-place-2.jpg HTTP/1.1" 206 500 "https://www.dwarkaescort.com/nehru-place-escorts.php" "Mozilla/5.0 (Linux; Android 5.0) AppleWebKit/537.36 (KHTML, like Gecko) Mobile Safari/537.36 (compatible; TikTokSpider; ttspider-feedback@tiktok.com)"
47.128.96.149 - - [04/Jul/2026:12:42:31 +0000] "GET /images/nehru-place-1.jpg HTTP/1.1" 304 - "https://www.dwarkaescort.com/nehru-place-escorts.php" "Mozilla/5.0 (Linux; Android 5.0) AppleWebKit/537.36 (KHTML, like Gecko) Mobile Safari/537.36 (compatible; TikTokSpider; ttspider-feedback@tiktok.com)"
47.128.96.149 - - [04/Jul/2026:12:42:31 +0000] "GET /images/nehru-place-1.jpg HTTP/1.1" 206 30310 "https://www.dwarkaescort.com/nehru-place-escorts.php" "Mozilla/5.0 (Linux; Android 5.0) AppleWebKit/537.36 (KHTML, like Gecko) Mobile Safari/537.36 (compatible; TikTokSpider; ttspider-feedback@tiktok.com)"
47.128.96.149 - - [04/Jul/2026:12:42:31 +0000] "GET /images/nehru-place-2.jpg HTTP/1.1" 304 - "https://www.dwarkaescort.com/nehru-place-escorts.php" "Mozilla/5.0 (Linux; Android 5.0) AppleWebKit/537.36 (KHTML, like Gecko) Mobile Safari/537.36 (compatible; TikTokSpider; ttspider-feedback@tiktok.com)"
47.128.96.149 - - [04/Jul/2026:12:42:31 +0000] "GET /images/nehru-place-2.jpg HTTP/1.1" 206 29640 "https://www.dwarkaescort.com/nehru-place-escorts.php" "Mozilla/5.0 (Linux; Android 5.0) AppleWebKit/537.36 (KHTML, like Gecko) Mobile Safari/537.36 (compatible; TikTokSpider; ttspider-feedback@tiktok.com)"
52.167.144.161 - - [04/Jul/2026:12:42:54 +0000] "GET /ratesforcallgirlsindwarka.php HTTP/1.1" 200 25316 "-" "Mozilla/5.0 AppleWebKit/537.36 (KHTML, like Gecko; compatible; bingbot/2.0; +http://www.bing.com/bingbot.htm) Chrome/116.0.1938.76 Safari/537.36"
168.235.206.167 - - [04/Jul/2026:12:43:00 +0000] "GET / HTTP/1.1" 200 46796 "https://www.modelescortsindelhi.com/" "Mozilla/5.0 (Linux; U; Android 15; en-US; V2507 Build/AP3A.240905.015.A2_NNCS) AppleWebKit/537.36 (KHTML, like Gecko) Version/4.0 Chrome/123.0.6312.80 UCBrowser/15.2.0.1396 Mobile Safari/537.36"
168.235.206.167 - - [04/Jul/2026:12:43:01 +0000] "GET /js/lazysizes.min.js HTTP/1.1" 200 7889 "https://www.dwarkaescort.com/" "Mozilla/5.0 (Linux; U; Android 15; en-US; V2507 Build/AP3A.240905.015.A2_NNCS) AppleWebKit/537.36 (KHTML, like Gecko) Version/4.0 Chrome/123.0.6312.80 UCBrowser/15.2.0.1396 Mobile Safari/537.36"
168.235.206.167 - - [04/Jul/2026:12:43:01 +0000] "GET /css/style.css HTTP/1.1" 200 10757 "https://www.dwarkaescort.com/" "Mozilla/5.0 (Linux; U; Android 15; en-US; V2507 Build/AP3A.240905.015.A2_NNCS) AppleWebKit/537.36 (KHTML, like Gecko) Version/4.0 Chrome/123.0.6312.80 UCBrowser/15.2.0.1396 Mobile Safari/537.36"
168.235.206.167 - - [04/Jul/2026:12:43:01 +0000] "GET /css/fontawesome.css HTTP/1.1" 200 1757 "https://www.dwarkaescort.com/" "Mozilla/5.0 (Linux; U; Android 15; en-US; V2507 Build/AP3A.240905.015.A2_NNCS) AppleWebKit/537.36 (KHTML, like Gecko) Version/4.0 Chrome/123.0.6312.80 UCBrowser/15.2.0.1396 Mobile Safari/537.36"
168.235.206.167 - - [04/Jul/2026:12:43:01 +0000] "GET /images/dwakra-escorts.jpg HTTP/1.1" 200 31912 "https://www.dwarkaescort.com/" "Mozilla/5.0 (Linux; U; Android 15; en-US; V2507 Build/AP3A.240905.015.A2_NNCS) AppleWebKit/537.36 (KHTML, like Gecko) Version/4.0 Chrome/123.0.6312.80 UCBrowser/15.2.0.1396 Mobile Safari/537.36"
168.235.206.167 - - [04/Jul/2026:12:43:01 +0000] "GET /images/right.webp HTTP/1.1" 200 196 "https://www.dwarkaescort.com/css/style.css" "Mozilla/5.0 (Linux; U; Android 15; en-US; V2507 Build/AP3A.240905.015.A2_NNCS) AppleWebKit/537.36 (KHTML, like Gecko) Version/4.0 Chrome/123.0.6312.80 UCBrowser/15.2.0.1396 Mobile Safari/537.36"
113.211.98.43 - - [04/Jul/2026:12:43:02 +0000] "GET /images/favicon.webp HTTP/1.1" 200 2350 "https://www.dwarkaescort.com/" "Mozilla/5.0 (Linux; U; Android 15; en-US; V2507 Build/AP3A.240905.015.A2_NNCS) AppleWebKit/537.36 (KHTML, like Gecko) Version/4.0 Chrome/123.0.6312.80 UCBrowser/15.2.0.1396 Mobile Safari/537.36"
52.167.144.142 - - [04/Jul/2026:12:43:02 +0000] "GET /callgirlsdwarkagallery.php HTTP/1.1" 200 34449 "-" "Mozilla/5.0 AppleWebKit/537.36 (KHTML, like Gecko; compatible; bingbot/2.0; +http://www.bing.com/bingbot.htm) Chrome/116.0.1938.76 Safari/537.36"
47.15.113.37 - - [04/Jul/2026:12:43:17 +0000] "GET / HTTP/1.1" 200 46796 "https://www.modelescortsindelhi.com/" "Mozilla/5.0 (Linux; Android 10; K) AppleWebKit/537.36 (KHTML, like Gecko) Chrome/149.0.0.0 Mobile Safari/537.36"
47.15.113.37 - - [04/Jul/2026:12:43:17 +0000] "GET /css/style.css HTTP/1.1" 200 10757 "https://www.dwarkaescort.com/" "Mozilla/5.0 (Linux; Android 10; K) AppleWebKit/537.36 (KHTML, like Gecko) Chrome/149.0.0.0 Mobile Safari/537.36"
47.15.113.37 - - [04/Jul/2026:12:43:17 +0000] "GET /css/fontawesome.css HTTP/1.1" 200 1757 "https://www.dwarkaescort.com/" "Mozilla/5.0 (Linux; Android 10; K) AppleWebKit/537.36 (KHTML, like Gecko) Chrome/149.0.0.0 Mobile Safari/537.36"
47.15.113.37 - - [04/Jul/2026:12:43:17 +0000] "GET /js/lazysizes.min.js HTTP/1.1" 200 7889 "https://www.dwarkaescort.com/" "Mozilla/5.0 (Linux; Android 10; K) AppleWebKit/537.36 (KHTML, like Gecko) Chrome/149.0.0.0 Mobile Safari/537.36"
47.15.113.37 - - [04/Jul/2026:12:43:17 +0000] "GET /images/dwakra-escorts.jpg HTTP/1.1" 200 31912 "https://www.dwarkaescort.com/" "Mozilla/5.0 (Linux; Android 10; K) AppleWebKit/537.36 (KHTML, like Gecko) Chrome/149.0.0.0 Mobile Safari/537.36"
47.15.113.37 - - [04/Jul/2026:12:43:18 +0000] "GET /images/right.webp HTTP/1.1" 200 196 "https://www.dwarkaescort.com/css/style.css" "Mozilla/5.0 (Linux; Android 10; K) AppleWebKit/537.36 (KHTML, like Gecko) Chrome/149.0.0.0 Mobile Safari/537.36"
47.15.113.37 - - [04/Jul/2026:12:43:18 +0000] "GET /images/favicon.webp HTTP/1.1" 200 2350 "https://www.dwarkaescort.com/" "Mozilla/5.0 (Linux; Android 10; K) AppleWebKit/537.36 (KHTML, like Gecko) Chrome/149.0.0.0 Mobile Safari/537.36"
47.15.113.37 - - [04/Jul/2026:12:43:17 +0000] "GET /images/dwarka-escorts.mp4 HTTP/1.1" 206 22014449 "https://www.dwarkaescort.com/" "Mozilla/5.0 (Linux; Android 10; K) AppleWebKit/537.36 (KHTML, like Gecko) Chrome/149.0.0.0 Mobile Safari/537.36"
106.210.139.133 - - [04/Jul/2026:12:43:21 +0000] "GET / HTTP/1.1" 200 46796 "https://www.modelescortsindelhi.com/" "Mozilla/5.0 (Macintosh; Intel Mac OS X 10_15_7) AppleWebKit/537.36 (KHTML, like Gecko) Chrome/149.0.0.0 Safari/537.36"
106.210.139.133 - - [04/Jul/2026:12:43:22 +0000] "GET /css/style.css HTTP/1.1" 200 10757 "https://www.dwarkaescort.com/" "Mozilla/5.0 (Macintosh; Intel Mac OS X 10_15_7) AppleWebKit/537.36 (KHTML, like Gecko) Chrome/149.0.0.0 Safari/537.36"
106.210.139.133 - - [04/Jul/2026:12:43:22 +0000] "GET /css/fontawesome.css HTTP/1.1" 200 1757 "https://www.dwarkaescort.com/" "Mozilla/5.0 (Macintosh; Intel Mac OS X 10_15_7) AppleWebKit/537.36 (KHTML, like Gecko) Chrome/149.0.0.0 Safari/537.36"
106.210.139.133 - - [04/Jul/2026:12:43:22 +0000] "GET /js/lazysizes.min.js HTTP/1.1" 200 7889 "https://www.dwarkaescort.com/" "Mozilla/5.0 (Macintosh; Intel Mac OS X 10_15_7) AppleWebKit/537.36 (KHTML, like Gecko) Chrome/149.0.0.0 Safari/537.36"
106.210.139.133 - - [04/Jul/2026:12:43:22 +0000] "GET /images/dwakra-escorts.jpg HTTP/1.1" 200 31912 "https://www.dwarkaescort.com/" "Mozilla/5.0 (Macintosh; Intel Mac OS X 10_15_7) AppleWebKit/537.36 (KHTML, like Gecko) Chrome/149.0.0.0 Safari/537.36"
113.211.98.43 - - [04/Jul/2026:12:43:18 +0000] "GET /images/dwarka-escorts.mp4 HTTP/1.1" 206 22014449 "https://www.dwarkaescort.com/" "Mozilla/5.0 (Linux; U; Android 15; en-US; V2507 Build/AP3A.240905.015.A2_NNCS) AppleWebKit/537.36 (KHTML, like Gecko) Version/4.0 Chrome/123.0.6312.80 UCBrowser/15.2.0.1396 Mobile Safari/537.36"
106.210.139.133 - - [04/Jul/2026:12:43:23 +0000] "GET /images/right.webp HTTP/1.1" 200 196 "https://www.dwarkaescort.com/css/style.css" "Mozilla/5.0 (Macintosh; Intel Mac OS X 10_15_7) AppleWebKit/537.36 (KHTML, like Gecko) Chrome/149.0.0.0 Safari/537.36"
106.210.139.133 - - [04/Jul/2026:12:43:24 +0000] "GET /images/favicon.webp HTTP/1.1" 200 2350 "https://www.dwarkaescort.com/" "Mozilla/5.0 (Macintosh; Intel Mac OS X 10_15_7) AppleWebKit/537.36 (KHTML, like Gecko) Chrome/149.0.0.0 Safari/537.36"
152.58.108.116 - - [04/Jul/2026:12:43:35 +0000] "GET / HTTP/1.1" 200 46796 "https://www.modelescortsindelhi.com/" "Mozilla/5.0 (Linux; Android 10; K) AppleWebKit/537.36 (KHTML, like Gecko) Chrome/149.0.0.0 Mobile Safari/537.36"
152.58.108.116 - - [04/Jul/2026:12:43:36 +0000] "GET /css/style.css HTTP/1.1" 200 10757 "https://www.dwarkaescort.com/" "Mozilla/5.0 (Linux; Android 10; K) AppleWebKit/537.36 (KHTML, like Gecko) Chrome/149.0.0.0 Mobile Safari/537.36"
152.58.108.116 - - [04/Jul/2026:12:43:36 +0000] "GET /css/fontawesome.css HTTP/1.1" 200 1757 "https://www.dwarkaescort.com/" "Mozilla/5.0 (Linux; Android 10; K) AppleWebKit/537.36 (KHTML, like Gecko) Chrome/149.0.0.0 Mobile Safari/537.36"
152.58.108.116 - - [04/Jul/2026:12:43:36 +0000] "GET /js/lazysizes.min.js HTTP/1.1" 200 7889 "https://www.dwarkaescort.com/" "Mozilla/5.0 (Linux; Android 10; K) AppleWebKit/537.36 (KHTML, like Gecko) Chrome/149.0.0.0 Mobile Safari/537.36"
152.58.108.116 - - [04/Jul/2026:12:43:36 +0000] "GET /images/dwakra-escorts.jpg HTTP/1.1" 200 31912 "https://www.dwarkaescort.com/" "Mozilla/5.0 (Linux; Android 10; K) AppleWebKit/537.36 (KHTML, like Gecko) Chrome/149.0.0.0 Mobile Safari/537.36"
152.58.108.116 - - [04/Jul/2026:12:43:36 +0000] "GET /images/right.webp HTTP/1.1" 200 196 "https://www.dwarkaescort.com/css/style.css" "Mozilla/5.0 (Linux; Android 10; K) AppleWebKit/537.36 (KHTML, like Gecko) Chrome/149.0.0.0 Mobile Safari/537.36"
152.58.108.116 - - [04/Jul/2026:12:43:36 +0000] "GET /images/favicon.webp HTTP/1.1" 200 2350 "https://www.dwarkaescort.com/" "Mozilla/5.0 (Linux; Android 10; K) AppleWebKit/537.36 (KHTML, like Gecko) Chrome/149.0.0.0 Mobile Safari/537.36"
152.58.108.116 - - [04/Jul/2026:12:43:36 +0000] "GET /images/dwarka-escorts.mp4 HTTP/1.1" 206 22014449 "https://www.dwarkaescort.com/" "Mozilla/5.0 (Linux; Android 10; K) AppleWebKit/537.36 (KHTML, like Gecko) Chrome/149.0.0.0 Mobile Safari/537.36"
152.59.63.212 - - [04/Jul/2026:12:44:13 +0000] "GET / HTTP/1.1" 200 46796 "https://www.modelescortsindelhi.com/" "Mozilla/5.0 (Windows NT 10.0; Win64; x64) AppleWebKit/537.36 (KHTML, like Gecko) Chrome/150.0.0.0 Safari/537.36"
152.59.63.212 - - [04/Jul/2026:12:44:14 +0000] "GET /css/fontawesome.css HTTP/1.1" 200 1757 "https://www.dwarkaescort.com/" "Mozilla/5.0 (Windows NT 10.0; Win64; x64) AppleWebKit/537.36 (KHTML, like Gecko) Chrome/150.0.0.0 Safari/537.36"
152.59.63.212 - - [04/Jul/2026:12:44:14 +0000] "GET /css/style.css HTTP/1.1" 200 10757 "https://www.dwarkaescort.com/" "Mozilla/5.0 (Windows NT 10.0; Win64; x64) AppleWebKit/537.36 (KHTML, like Gecko) Chrome/150.0.0.0 Safari/537.36"
152.59.63.212 - - [04/Jul/2026:12:44:14 +0000] "GET /js/lazysizes.min.js HTTP/1.1" 200 7889 "https://www.dwarkaescort.com/" "Mozilla/5.0 (Windows NT 10.0; Win64; x64) AppleWebKit/537.36 (KHTML, like Gecko) Chrome/150.0.0.0 Safari/537.36"
152.59.63.212 - - [04/Jul/2026:12:44:14 +0000] "GET /images/dwakra-escorts.jpg HTTP/1.1" 200 31912 "https://www.dwarkaescort.com/" "Mozilla/5.0 (Windows NT 10.0; Win64; x64) AppleWebKit/537.36 (KHTML, like Gecko) Chrome/150.0.0.0 Safari/537.36"
152.59.63.212 - - [04/Jul/2026:12:44:14 +0000] "GET /images/right.webp HTTP/1.1" 200 196 "https://www.dwarkaescort.com/css/style.css" "Mozilla/5.0 (Windows NT 10.0; Win64; x64) AppleWebKit/537.36 (KHTML, like Gecko) Chrome/150.0.0.0 Safari/537.36"
152.59.63.212 - - [04/Jul/2026:12:44:16 +0000] "GET /images/favicon.webp HTTP/1.1" 200 2350 "https://www.dwarkaescort.com/" "Mozilla/5.0 (Windows NT 10.0; Win64; x64) AppleWebKit/537.36 (KHTML, like Gecko) Chrome/150.0.0.0 Safari/537.36"
152.59.63.212 - - [04/Jul/2026:12:44:14 +0000] "GET /images/dwarka-escorts.mp4 HTTP/1.1" 206 22014449 "https://www.dwarkaescort.com/" "Mozilla/5.0 (Windows NT 10.0; Win64; x64) AppleWebKit/537.36 (KHTML, like Gecko) Chrome/150.0.0.0 Safari/537.36"
106.210.139.133 - - [04/Jul/2026:12:43:22 +0000] "GET /images/dwarka-escorts.mp4 HTTP/1.1" 206 22014449 "https://www.dwarkaescort.com/" "Mozilla/5.0 (Macintosh; Intel Mac OS X 10_15_7) AppleWebKit/537.36 (KHTML, like Gecko) Chrome/149.0.0.0 Safari/537.36"
103.46.202.114 - - [04/Jul/2026:12:46:04 +0000] "GET / HTTP/1.1" 200 46796 "https://www.modelescortsindelhi.com/" "Mozilla/5.0 (Linux; Android 10; K) AppleWebKit/537.36 (KHTML, like Gecko) Chrome/149.0.0.0 Mobile Safari/537.36"
103.46.202.114 - - [04/Jul/2026:12:46:04 +0000] "GET /css/style.css HTTP/1.1" 200 10757 "https://www.dwarkaescort.com/" "Mozilla/5.0 (Linux; Android 10; K) AppleWebKit/537.36 (KHTML, like Gecko) Chrome/149.0.0.0 Mobile Safari/537.36"
103.46.202.114 - - [04/Jul/2026:12:46:04 +0000] "GET /css/fontawesome.css HTTP/1.1" 200 1757 "https://www.dwarkaescort.com/" "Mozilla/5.0 (Linux; Android 10; K) AppleWebKit/537.36 (KHTML, like Gecko) Chrome/149.0.0.0 Mobile Safari/537.36"
103.46.202.114 - - [04/Jul/2026:12:46:04 +0000] "GET /js/lazysizes.min.js HTTP/1.1" 200 7889 "https://www.dwarkaescort.com/" "Mozilla/5.0 (Linux; Android 10; K) AppleWebKit/537.36 (KHTML, like Gecko) Chrome/149.0.0.0 Mobile Safari/537.36"
103.46.202.114 - - [04/Jul/2026:12:46:05 +0000] "GET /images/dwakra-escorts.jpg HTTP/1.1" 200 31912 "https://www.dwarkaescort.com/" "Mozilla/5.0 (Linux; Android 10; K) AppleWebKit/537.36 (KHTML, like Gecko) Chrome/149.0.0.0 Mobile Safari/537.36"
103.46.202.114 - - [04/Jul/2026:12:46:05 +0000] "GET /images/right.webp HTTP/1.1" 200 196 "https://www.dwarkaescort.com/css/style.css" "Mozilla/5.0 (Linux; Android 10; K) AppleWebKit/537.36 (KHTML, like Gecko) Chrome/149.0.0.0 Mobile Safari/537.36"
103.46.202.114 - - [04/Jul/2026:12:46:05 +0000] "GET /images/favicon.webp HTTP/1.1" 200 2350 "https://www.dwarkaescort.com/" "Mozilla/5.0 (Linux; Android 10; K) AppleWebKit/537.36 (KHTML, like Gecko) Chrome/149.0.0.0 Mobile Safari/537.36"
106.206.249.229 - - [04/Jul/2026:12:46:09 +0000] "GET / HTTP/1.1" 200 46796 "https://www.modelescortsindelhi.com/" "Mozilla/5.0 (Windows NT 10.0; Win64; x64) AppleWebKit/537.36 (KHTML, like Gecko) Chrome/150.0.0.0 Safari/537.36"
106.206.249.229 - - [04/Jul/2026:12:46:10 +0000] "GET /css/style.css HTTP/1.1" 200 10757 "https://www.dwarkaescort.com/" "Mozilla/5.0 (Windows NT 10.0; Win64; x64) AppleWebKit/537.36 (KHTML, like Gecko) Chrome/150.0.0.0 Safari/537.36"
106.206.249.229 - - [04/Jul/2026:12:46:10 +0000] "GET /css/fontawesome.css HTTP/1.1" 200 1757 "https://www.dwarkaescort.com/" "Mozilla/5.0 (Windows NT 10.0; Win64; x64) AppleWebKit/537.36 (KHTML, like Gecko) Chrome/150.0.0.0 Safari/537.36"
