37.67.192.253 - - [06/Jul/2026:19:16:03 +0000] "GET /xmlrpc.php HTTP/1.1" 404 - "-" "Jetpack by WordPress.com (Jetpack 12.0; WordPress 6.1)"
37.67.192.253 - - [06/Jul/2026:19:16:14 +0000] "POST /xmlrpc.php HTTP/1.1" 301 286 "-" "WordPress.com; https://wordpress.com"
37.67.192.253 - - [06/Jul/2026:19:16:14 +0000] "GET /xmlrpc.php HTTP/1.1" 404 - "-" "WordPress.com; https://wordpress.com"
37.67.192.253 - - [06/Jul/2026:19:16:25 +0000] "POST /xmlrpc.php HTTP/1.1" 301 286 "-" "WordPress.com; https://wordpress.com"
37.67.192.253 - - [06/Jul/2026:19:16:25 +0000] "GET /xmlrpc.php HTTP/1.1" 404 - "-" "WordPress.com; https://wordpress.com"
37.67.192.253 - - [06/Jul/2026:19:16:35 +0000] "POST /xmlrpc.php HTTP/1.1" 301 286 "-" "Jetpack by WordPress.com"
37.67.192.253 - - [06/Jul/2026:19:16:35 +0000] "GET /xmlrpc.php HTTP/1.1" 404 - "-" "Jetpack by WordPress.com"
37.67.192.253 - - [06/Jul/2026:19:16:46 +0000] "POST /xmlrpc.php HTTP/1.1" 301 286 "-" "Jetpack by WordPress.com (Jetpack 13.0; WordPress 6.4)"
37.67.192.253 - - [06/Jul/2026:19:16:46 +0000] "GET /xmlrpc.php HTTP/1.1" 404 - "-" "Jetpack by WordPress.com (Jetpack 13.0; WordPress 6.4)"
37.67.192.253 - - [06/Jul/2026:19:16:57 +0000] "POST /xmlrpc.php HTTP/1.1" 301 286 "-" "Jetpack/12.1; WordPress/6.3; http://site52180673.com"
37.67.192.253 - - [06/Jul/2026:19:16:57 +0000] "GET /xmlrpc.php HTTP/1.1" 404 - "-" "Jetpack/12.1; WordPress/6.3; http://site52180673.com"
101.36.112.4 - - [06/Jul/2026:19:17:01 +0000] "GET / HTTP/1.1" 200 - "http://wowcallgirls.in.delhigal.com/" "Mozilla/5.0 (iPhone; CPU iPhone OS 16_7 like Mac OS X) AppleWebKit/605.1.15 (KHTML, like Gecko) Version/17.5 Mobile/15E148 Safari/605.1.15"
101.36.112.4 - - [06/Jul/2026:19:17:03 +0000] "GET /favicon.ico HTTP/1.1" 302 - "http://wowcallgirls.in.delhigal.com/favicon.ico" "Mozilla/5.0 (iPhone; CPU iPhone OS 15_1 like Mac OS X) AppleWebKit/537.36 (KHTML, like Gecko) Version/15.0 EdgiOS/123.0.2420.8 Mobile/15E148 Safari/537.36"
37.67.192.253 - - [06/Jul/2026:19:17:07 +0000] "POST /xmlrpc.php HTTP/1.1" 301 286 "-" "Jetpack by WordPress.com (Jetpack 12.5; WordPress 6.2)"
101.36.112.4 - - [06/Jul/2026:19:17:05 +0000] "GET /wp-content/uploads/2024/07/logo.jpg HTTP/1.1" 404 - "http://wowcallgirls.in.delhigal.com/favicon.ico" "Mozilla/5.0 (iPhone; CPU iPhone OS 15_1 like Mac OS X) AppleWebKit/537.36 (KHTML, like Gecko) Version/15.0 EdgiOS/123.0.2420.8 Mobile/15E148 Safari/537.36"
37.67.192.253 - - [06/Jul/2026:19:17:07 +0000] "GET /xmlrpc.php HTTP/1.1" 404 - "-" "Jetpack by WordPress.com (Jetpack 12.5; WordPress 6.2)"
213.171.208.62 - - [06/Jul/2026:19:17:17 +0000] "GET /wp-login.php HTTP/1.1" 301 288 "-" "Mozilla/5.0 (X11; Linux i686) AppleWebKit/537.36 (KHTML, like Gecko) Chrome/133.0.0.0 Safari/537.36"
37.67.192.253 - - [06/Jul/2026:19:17:18 +0000] "POST /xmlrpc.php HTTP/1.1" 301 286 "-" "WordPress.com; https://wordpress.com"
213.171.208.62 - - [06/Jul/2026:19:17:17 +0000] "GET /wp-login.php HTTP/1.1" 200 1935 "https://wowcallgirls.in/wp-login.php" "Mozilla/5.0 (X11; Linux i686) AppleWebKit/537.36 (KHTML, like Gecko) Chrome/133.0.0.0 Safari/537.36"
213.171.208.62 - - [06/Jul/2026:19:17:19 +0000] "POST /wp-login.php HTTP/1.1" 301 288 "https://wowcallgirls.in/wp-login.php" "Mozilla/5.0 (X11; Linux i686) AppleWebKit/537.36 (KHTML, like Gecko) Chrome/133.0.0.0 Safari/537.36"
37.67.192.253 - - [06/Jul/2026:19:17:18 +0000] "GET /xmlrpc.php HTTP/1.1" 404 - "-" "WordPress.com; https://wordpress.com"
213.171.208.62 - - [06/Jul/2026:19:17:19 +0000] "GET /wp-login.php HTTP/1.1" 200 1935 "https://wowcallgirls.in/wp-login.php" "Mozilla/5.0 (X11; Linux i686) AppleWebKit/537.36 (KHTML, like Gecko) Chrome/133.0.0.0 Safari/537.36"
47.128.98.102 - - [06/Jul/2026:19:17:21 +0000] "GET /2022/07/01/hello-world/ HTTP/1.1" 404 - "-" "Mozilla/5.0 (compatible; Bytespider; spider-feedback@bytedance.com) AppleWebKit/537.36 (KHTML, like Gecko) Chrome/70.0.0.0 Safari/537.36"
37.67.192.253 - - [06/Jul/2026:19:17:29 +0000] "POST /xmlrpc.php HTTP/1.1" 301 286 "-" "WordPress.com; https://wordpress.com"
37.67.192.253 - - [06/Jul/2026:19:17:29 +0000] "GET /xmlrpc.php HTTP/1.1" 404 - "-" "WordPress.com; https://wordpress.com"
20.194.34.72 - - [06/Jul/2026:19:18:13 +0000] "GET /admin.php HTTP/1.1" 301 285 "-" "Mozilla/5.0 (Windows NT 10.0; Win64; x64) AppleWebKit/537.36 (KHTML, like Gecko) Chrome/120.0.0.0 Safari/537.36"
20.194.34.72 - - [06/Jul/2026:19:18:14 +0000] "GET /goods.php HTTP/1.1" 301 285 "-" "Mozilla/5.0 (Windows NT 10.0; Win64; x64) AppleWebKit/537.36 (KHTML, like Gecko) Chrome/120.0.0.0 Safari/537.36"
20.194.34.72 - - [06/Jul/2026:19:18:14 +0000] "GET /public/css.php HTTP/1.1" 301 290 "-" "Mozilla/5.0 (Windows NT 10.0; Win64; x64) AppleWebKit/537.36 (KHTML, like Gecko) Chrome/120.0.0.0 Safari/537.36"
20.194.34.72 - - [06/Jul/2026:19:18:14 +0000] "GET /classwithtostring.php HTTP/1.1" 301 297 "-" "Mozilla/5.0 (Windows NT 10.0; Win64; x64) AppleWebKit/537.36 (KHTML, like Gecko) Chrome/120.0.0.0 Safari/537.36"
20.194.34.72 - - [06/Jul/2026:19:18:14 +0000] "GET /wp-includes/block-supports/ HTTP/1.1" 301 303 "-" "Mozilla/5.0 (Windows NT 10.0; Win64; x64) AppleWebKit/537.36 (KHTML, like Gecko) Chrome/120.0.0.0 Safari/537.36"
20.194.34.72 - - [06/Jul/2026:19:18:15 +0000] "GET /wp-content/admin.php HTTP/1.1" 301 296 "-" "Mozilla/5.0 (Windows NT 10.0; Win64; x64) AppleWebKit/537.36 (KHTML, like Gecko) Chrome/120.0.0.0 Safari/537.36"
20.194.34.72 - - [06/Jul/2026:19:18:15 +0000] "GET /gelay.php HTTP/1.1" 301 285 "-" "Mozilla/5.0 (Windows NT 10.0; Win64; x64) AppleWebKit/537.36 (KHTML, like Gecko) Chrome/120.0.0.0 Safari/537.36"
20.194.34.72 - - [06/Jul/2026:19:18:15 +0000] "GET /wp-admin/images/admin.php HTTP/1.1" 301 301 "-" "Mozilla/5.0 (Windows NT 10.0; Win64; x64) AppleWebKit/537.36 (KHTML, like Gecko) Chrome/120.0.0.0 Safari/537.36"
20.194.34.72 - - [06/Jul/2026:19:18:15 +0000] "GET /adminfuns.php HTTP/1.1" 301 289 "-" "Mozilla/5.0 (Windows NT 10.0; Win64; x64) AppleWebKit/537.36 (KHTML, like Gecko) Chrome/120.0.0.0 Safari/537.36"
20.194.34.72 - - [06/Jul/2026:19:18:16 +0000] "GET /wp-admin/css/ HTTP/1.1" 301 289 "-" "Mozilla/5.0 (Windows NT 10.0; Win64; x64) AppleWebKit/537.36 (KHTML, like Gecko) Chrome/120.0.0.0 Safari/537.36"
20.194.34.72 - - [06/Jul/2026:19:18:16 +0000] "GET /admin/controller/extension/extension/ultra.php HTTP/1.1" 301 322 "-" "Mozilla/5.0 (Windows NT 10.0; Win64; x64) AppleWebKit/537.36 (KHTML, like Gecko) Chrome/120.0.0.0 Safari/537.36"
20.194.34.72 - - [06/Jul/2026:19:18:16 +0000] "GET /about.php HTTP/1.1" 301 285 "-" "Mozilla/5.0 (Windows NT 10.0; Win64; x64) AppleWebKit/537.36 (KHTML, like Gecko) Chrome/120.0.0.0 Safari/537.36"
20.194.34.72 - - [06/Jul/2026:19:18:16 +0000] "GET /wp-admin/css/colors/index.php HTTP/1.1" 301 305 "-" "Mozilla/5.0 (Windows NT 10.0; Win64; x64) AppleWebKit/537.36 (KHTML, like Gecko) Chrome/120.0.0.0 Safari/537.36"
20.194.34.72 - - [06/Jul/2026:19:18:17 +0000] "GET /f35.php HTTP/1.1" 301 283 "-" "Mozilla/5.0 (Windows NT 10.0; Win64; x64) AppleWebKit/537.36 (KHTML, like Gecko) Chrome/120.0.0.0 Safari/537.36"
20.194.34.72 - - [06/Jul/2026:19:18:17 +0000] "GET /wp-includes/js/ HTTP/1.1" 301 291 "-" "Mozilla/5.0 (Windows NT 10.0; Win64; x64) AppleWebKit/537.36 (KHTML, like Gecko) Chrome/120.0.0.0 Safari/537.36"
20.194.34.72 - - [06/Jul/2026:19:18:17 +0000] "GET /inputs.php HTTP/1.1" 301 286 "-" "Mozilla/5.0 (Windows NT 10.0; Win64; x64) AppleWebKit/537.36 (KHTML, like Gecko) Chrome/120.0.0.0 Safari/537.36"
20.194.34.72 - - [06/Jul/2026:19:18:17 +0000] "GET /wp-admin/css/colors/ HTTP/1.1" 301 296 "-" "Mozilla/5.0 (Windows NT 10.0; Win64; x64) AppleWebKit/537.36 (KHTML, like Gecko) Chrome/120.0.0.0 Safari/537.36"
20.194.34.72 - - [06/Jul/2026:19:18:17 +0000] "GET /222.php HTTP/1.1" 301 283 "-" "Mozilla/5.0 (Windows NT 10.0; Win64; x64) AppleWebKit/537.36 (KHTML, like Gecko) Chrome/120.0.0.0 Safari/537.36"
20.194.34.72 - - [06/Jul/2026:19:18:18 +0000] "GET /chosen.php HTTP/1.1" 301 286 "-" "Mozilla/5.0 (Windows NT 10.0; Win64; x64) AppleWebKit/537.36 (KHTML, like Gecko) Chrome/120.0.0.0 Safari/537.36"
20.194.34.72 - - [06/Jul/2026:19:18:18 +0000] "GET /info.php HTTP/1.1" 301 284 "-" "Mozilla/5.0 (Windows NT 10.0; Win64; x64) AppleWebKit/537.36 (KHTML, like Gecko) Chrome/120.0.0.0 Safari/537.36"
20.194.34.72 - - [06/Jul/2026:19:18:18 +0000] "GET /wp-includes/html-api/ HTTP/1.1" 301 297 "-" "Mozilla/5.0 (Windows NT 10.0; Win64; x64) AppleWebKit/537.36 (KHTML, like Gecko) Chrome/120.0.0.0 Safari/537.36"
20.194.34.72 - - [06/Jul/2026:19:18:18 +0000] "GET /wp-includes/ID3/index.php HTTP/1.1" 301 285 "-" "Mozilla/5.0 (Windows NT 10.0; Win64; x64) AppleWebKit/537.36 (KHTML, like Gecko) Chrome/120.0.0.0 Safari/537.36"
20.194.34.72 - - [06/Jul/2026:19:18:19 +0000] "GET /wp-admin/network/index.php HTTP/1.1" 301 302 "-" "Mozilla/5.0 (Windows NT 10.0; Win64; x64) AppleWebKit/537.36 (KHTML, like Gecko) Chrome/120.0.0.0 Safari/537.36"
20.194.34.72 - - [06/Jul/2026:19:18:19 +0000] "GET /k.php HTTP/1.1" 301 281 "-" "Mozilla/5.0 (Windows NT 10.0; Win64; x64) AppleWebKit/537.36 (KHTML, like Gecko) Chrome/120.0.0.0 Safari/537.36"
20.194.34.72 - - [06/Jul/2026:19:18:19 +0000] "GET /wp-admin/js/ HTTP/1.1" 301 288 "-" "Mozilla/5.0 (Windows NT 10.0; Win64; x64) AppleWebKit/537.36 (KHTML, like Gecko) Chrome/120.0.0.0 Safari/537.36"
20.194.34.72 - - [06/Jul/2026:19:18:19 +0000] "GET /403.php HTTP/1.1" 301 283 "-" "Mozilla/5.0 (Windows NT 10.0; Win64; x64) AppleWebKit/537.36 (KHTML, like Gecko) Chrome/120.0.0.0 Safari/537.36"
20.194.34.72 - - [06/Jul/2026:19:18:20 +0000] "GET /wp-includes/images/ HTTP/1.1" 301 295 "-" "Mozilla/5.0 (Windows NT 10.0; Win64; x64) AppleWebKit/537.36 (KHTML, like Gecko) Chrome/120.0.0.0 Safari/537.36"
20.194.34.72 - - [06/Jul/2026:19:18:20 +0000] "GET /wp-content/cache/ HTTP/1.1" 301 293 "-" "Mozilla/5.0 (Windows NT 10.0; Win64; x64) AppleWebKit/537.36 (KHTML, like Gecko) Chrome/120.0.0.0 Safari/537.36"
20.194.34.72 - - [06/Jul/2026:19:18:20 +0000] "GET /gecko.php HTTP/1.1" 301 285 "-" "Mozilla/5.0 (Windows NT 10.0; Win64; x64) AppleWebKit/537.36 (KHTML, like Gecko) Chrome/120.0.0.0 Safari/537.36"
20.194.34.72 - - [06/Jul/2026:19:18:20 +0000] "GET /wp-includes/ HTTP/1.1" 301 288 "-" "Mozilla/5.0 (Windows NT 10.0; Win64; x64) AppleWebKit/537.36 (KHTML, like Gecko) Chrome/120.0.0.0 Safari/537.36"
20.194.34.72 - - [06/Jul/2026:19:18:21 +0000] "GET /aa.php HTTP/1.1" 301 282 "-" "Mozilla/5.0 (Windows NT 10.0; Win64; x64) AppleWebKit/537.36 (KHTML, like Gecko) Chrome/120.0.0.0 Safari/537.36"
20.194.34.72 - - [06/Jul/2026:19:18:21 +0000] "GET /0x.php HTTP/1.1" 301 282 "-" "Mozilla/5.0 (Windows NT 10.0; Win64; x64) AppleWebKit/537.36 (KHTML, like Gecko) Chrome/120.0.0.0 Safari/537.36"
20.194.34.72 - - [06/Jul/2026:19:18:21 +0000] "GET /zxz.php HTTP/1.1" 301 283 "-" "Mozilla/5.0 (Windows NT 10.0; Win64; x64) AppleWebKit/537.36 (KHTML, like Gecko) Chrome/120.0.0.0 Safari/537.36"
20.194.34.72 - - [06/Jul/2026:19:18:21 +0000] "GET /www.php HTTP/1.1" 301 283 "-" "Mozilla/5.0 (Windows NT 10.0; Win64; x64) AppleWebKit/537.36 (KHTML, like Gecko) Chrome/120.0.0.0 Safari/537.36"
20.194.34.72 - - [06/Jul/2026:19:18:22 +0000] "GET /wicked.php HTTP/1.1" 301 286 "-" "Mozilla/5.0 (Windows NT 10.0; Win64; x64) AppleWebKit/537.36 (KHTML, like Gecko) Chrome/120.0.0.0 Safari/537.36"
20.194.34.72 - - [06/Jul/2026:19:18:22 +0000] "GET /HLA-dd.php HTTP/1.1" 301 286 "-" "Mozilla/5.0 (Windows NT 10.0; Win64; x64) AppleWebKit/537.36 (KHTML, like Gecko) Chrome/120.0.0.0 Safari/537.36"
20.194.34.72 - - [06/Jul/2026:19:18:22 +0000] "GET /wp-content/upgrade/index.php HTTP/1.1" 301 304 "-" "Mozilla/5.0 (Windows NT 10.0; Win64; x64) AppleWebKit/537.36 (KHTML, like Gecko) Chrome/120.0.0.0 Safari/537.36"
20.194.34.72 - - [06/Jul/2026:19:18:22 +0000] "GET /cah.php HTTP/1.1" 301 283 "-" "Mozilla/5.0 (Windows NT 10.0; Win64; x64) AppleWebKit/537.36 (KHTML, like Gecko) Chrome/120.0.0.0 Safari/537.36"
20.194.34.72 - - [06/Jul/2026:19:18:23 +0000] "GET /wp-includes/js/tinymce/plugins/compat3x/css/ HTTP/1.1" 301 320 "-" "Mozilla/5.0 (Windows NT 10.0; Win64; x64) AppleWebKit/537.36 (KHTML, like Gecko) Chrome/120.0.0.0 Safari/537.36"
20.194.34.72 - - [06/Jul/2026:19:18:23 +0000] "GET /system_log.php HTTP/1.1" 301 290 "-" "Mozilla/5.0 (Windows NT 10.0; Win64; x64) AppleWebKit/537.36 (KHTML, like Gecko) Chrome/120.0.0.0 Safari/537.36"
20.194.34.72 - - [06/Jul/2026:19:18:23 +0000] "GET /wp-includes/pomo/ HTTP/1.1" 301 293 "-" "Mozilla/5.0 (Windows NT 10.0; Win64; x64) AppleWebKit/537.36 (KHTML, like Gecko) Chrome/120.0.0.0 Safari/537.36"
20.194.34.72 - - [06/Jul/2026:19:18:23 +0000] "GET /wp-admin/user/index.php HTTP/1.1" 301 299 "-" "Mozilla/5.0 (Windows NT 10.0; Win64; x64) AppleWebKit/537.36 (KHTML, like Gecko) Chrome/120.0.0.0 Safari/537.36"
20.194.34.72 - - [06/Jul/2026:19:18:24 +0000] "GET /ioxi-o.php HTTP/1.1" 301 286 "-" "Mozilla/5.0 (Windows NT 10.0; Win64; x64) AppleWebKit/537.36 (KHTML, like Gecko) Chrome/120.0.0.0 Safari/537.36"
20.194.34.72 - - [06/Jul/2026:19:18:24 +0000] "GET /abc.php HTTP/1.1" 301 283 "-" "Mozilla/5.0 (Windows NT 10.0; Win64; x64) AppleWebKit/537.36 (KHTML, like Gecko) Chrome/120.0.0.0 Safari/537.36"
20.194.34.72 - - [06/Jul/2026:19:18:24 +0000] "GET /akcc.php HTTP/1.1" 301 284 "-" "Mozilla/5.0 (Windows NT 10.0; Win64; x64) AppleWebKit/537.36 (KHTML, like Gecko) Chrome/120.0.0.0 Safari/537.36"
20.194.34.72 - - [06/Jul/2026:19:18:24 +0000] "GET /wk/index.php HTTP/1.1" 301 288 "-" "Mozilla/5.0 (Windows NT 10.0; Win64; x64) AppleWebKit/537.36 (KHTML, like Gecko) Chrome/120.0.0.0 Safari/537.36"
20.194.34.72 - - [06/Jul/2026:19:18:24 +0000] "GET /1.php HTTP/1.1" 301 281 "-" "Mozilla/5.0 (Windows NT 10.0; Win64; x64) AppleWebKit/537.36 (KHTML, like Gecko) Chrome/120.0.0.0 Safari/537.36"
20.194.34.72 - - [06/Jul/2026:19:18:25 +0000] "GET /wp-content/x/index.php HTTP/1.1" 301 298 "-" "Mozilla/5.0 (Windows NT 10.0; Win64; x64) AppleWebKit/537.36 (KHTML, like Gecko) Chrome/120.0.0.0 Safari/537.36"
20.194.34.72 - - [06/Jul/2026:19:18:25 +0000] "GET /wp-content/index.php HTTP/1.1" 301 296 "-" "Mozilla/5.0 (Windows NT 10.0; Win64; x64) AppleWebKit/537.36 (KHTML, like Gecko) Chrome/120.0.0.0 Safari/537.36"
20.194.34.72 - - [06/Jul/2026:19:18:25 +0000] "GET /as.php HTTP/1.1" 301 282 "-" "Mozilla/5.0 (Windows NT 10.0; Win64; x64) AppleWebKit/537.36 (KHTML, like Gecko) Chrome/120.0.0.0 Safari/537.36"
20.194.34.72 - - [06/Jul/2026:19:18:25 +0000] "GET /wp-content/themes/admin.php HTTP/1.1" 301 285 "-" "Mozilla/5.0 (Windows NT 10.0; Win64; x64) AppleWebKit/537.36 (KHTML, like Gecko) Chrome/120.0.0.0 Safari/537.36"
20.194.34.72 - - [06/Jul/2026:19:18:26 +0000] "GET /wp-config-sample.php HTTP/1.1" 301 296 "-" "Mozilla/5.0 (Windows NT 10.0; Win64; x64) AppleWebKit/537.36 (KHTML, like Gecko) Chrome/120.0.0.0 Safari/537.36"
20.194.34.72 - - [06/Jul/2026:19:18:26 +0000] "GET /.well-known/acme-challenge/index.php HTTP/1.1" 301 285 "-" "Mozilla/5.0 (Windows NT 10.0; Win64; x64) AppleWebKit/537.36 (KHTML, like Gecko) Chrome/120.0.0.0 Safari/537.36"
20.194.34.72 - - [06/Jul/2026:19:18:26 +0000] "GET /wp-includes/blocks/shortcode/index.php HTTP/1.1" 301 285 "-" "Mozilla/5.0 (Windows NT 10.0; Win64; x64) AppleWebKit/537.36 (KHTML, like Gecko) Chrome/120.0.0.0 Safari/537.36"
20.194.34.72 - - [06/Jul/2026:19:18:26 +0000] "GET /wp-includes/images/smilies/ HTTP/1.1" 301 303 "-" "Mozilla/5.0 (Windows NT 10.0; Win64; x64) AppleWebKit/537.36 (KHTML, like Gecko) Chrome/120.0.0.0 Safari/537.36"
20.194.34.72 - - [06/Jul/2026:19:18:27 +0000] "GET /cgi-bin/index.php HTTP/1.1" 301 293 "-" "Mozilla/5.0 (Windows NT 10.0; Win64; x64) AppleWebKit/537.36 (KHTML, like Gecko) Chrome/120.0.0.0 Safari/537.36"
20.194.34.72 - - [06/Jul/2026:19:18:27 +0000] "GET /an.php HTTP/1.1" 301 282 "-" "Mozilla/5.0 (Windows NT 10.0; Win64; x64) AppleWebKit/537.36 (KHTML, like Gecko) Chrome/120.0.0.0 Safari/537.36"
20.194.34.72 - - [06/Jul/2026:19:18:27 +0000] "GET /wp-admin/images/ HTTP/1.1" 301 292 "-" "Mozilla/5.0 (Windows NT 10.0; Win64; x64) AppleWebKit/537.36 (KHTML, like Gecko) Chrome/120.0.0.0 Safari/537.36"
20.194.34.72 - - [06/Jul/2026:19:18:27 +0000] "GET /404.php HTTP/1.1" 301 283 "-" "Mozilla/5.0 (Windows NT 10.0; Win64; x64) AppleWebKit/537.36 (KHTML, like Gecko) Chrome/120.0.0.0 Safari/537.36"
20.194.34.72 - - [06/Jul/2026:19:18:28 +0000] "GET /wp-login.php HTTP/1.1" 301 288 "-" "Mozilla/5.0 (Windows NT 10.0; Win64; x64) AppleWebKit/537.36 (KHTML, like Gecko) Chrome/120.0.0.0 Safari/537.36"
20.194.34.72 - - [06/Jul/2026:19:18:28 +0000] "GET /wp-content/uploads/goods.php HTTP/1.1" 301 304 "-" "Mozilla/5.0 (Windows NT 10.0; Win64; x64) AppleWebKit/537.36 (KHTML, like Gecko) Chrome/120.0.0.0 Safari/537.36"
20.194.34.72 - - [06/Jul/2026:19:18:28 +0000] "GET /wp-includes/ID3/ HTTP/1.1" 301 292 "-" "Mozilla/5.0 (Windows NT 10.0; Win64; x64) AppleWebKit/537.36 (KHTML, like Gecko) Chrome/120.0.0.0 Safari/537.36"
20.194.34.72 - - [06/Jul/2026:19:18:28 +0000] "GET /.well-known/ HTTP/1.1" 301 285 "-" "Mozilla/5.0 (Windows NT 10.0; Win64; x64) AppleWebKit/537.36 (KHTML, like Gecko) Chrome/120.0.0.0 Safari/537.36"
20.194.34.72 - - [06/Jul/2026:19:18:29 +0000] "GET /wso.php HTTP/1.1" 301 283 "-" "Mozilla/5.0 (Windows NT 10.0; Win64; x64) AppleWebKit/537.36 (KHTML, like Gecko) Chrome/120.0.0.0 Safari/537.36"
20.194.34.72 - - [06/Jul/2026:19:18:29 +0000] "GET /sf.php HTTP/1.1" 301 282 "-" "Mozilla/5.0 (Windows NT 10.0; Win64; x64) AppleWebKit/537.36 (KHTML, like Gecko) Chrome/120.0.0.0 Safari/537.36"
20.194.34.72 - - [06/Jul/2026:19:18:29 +0000] "GET /index/function.php HTTP/1.1" 301 294 "-" "Mozilla/5.0 (Windows NT 10.0; Win64; x64) AppleWebKit/537.36 (KHTML, like Gecko) Chrome/120.0.0.0 Safari/537.36"
20.194.34.72 - - [06/Jul/2026:19:18:29 +0000] "GET /edit.php HTTP/1.1" 301 284 "-" "Mozilla/5.0 (Windows NT 10.0; Win64; x64) AppleWebKit/537.36 (KHTML, like Gecko) Chrome/120.0.0.0 Safari/537.36"
20.194.34.72 - - [06/Jul/2026:19:18:30 +0000] "GET /wp-includes/rest-api/ HTTP/1.1" 301 297 "-" "Mozilla/5.0 (Windows NT 10.0; Win64; x64) AppleWebKit/537.36 (KHTML, like Gecko) Chrome/120.0.0.0 Safari/537.36"
20.194.34.72 - - [06/Jul/2026:19:18:30 +0000] "GET /wp-content/themes/twentytwenty/404.php HTTP/1.1" 301 285 "-" "Mozilla/5.0 (Windows NT 10.0; Win64; x64) AppleWebKit/537.36 (KHTML, like Gecko) Chrome/120.0.0.0 Safari/537.36"
20.194.34.72 - - [06/Jul/2026:19:18:30 +0000] "GET /wp-good.php HTTP/1.1" 301 287 "-" "Mozilla/5.0 (Windows NT 10.0; Win64; x64) AppleWebKit/537.36 (KHTML, like Gecko) Chrome/120.0.0.0 Safari/537.36"
20.194.34.72 - - [06/Jul/2026:19:18:30 +0000] "GET /wp-admin/js/widgets/ HTTP/1.1" 301 296 "-" "Mozilla/5.0 (Windows NT 10.0; Win64; x64) AppleWebKit/537.36 (KHTML, like Gecko) Chrome/120.0.0.0 Safari/537.36"
20.194.34.72 - - [06/Jul/2026:19:18:31 +0000] "GET /wp-admin/css/colors/midnight/ HTTP/1.1" 301 305 "-" "Mozilla/5.0 (Windows NT 10.0; Win64; x64) AppleWebKit/537.36 (KHTML, like Gecko) Chrome/120.0.0.0 Safari/537.36"
20.194.34.72 - - [06/Jul/2026:19:18:31 +0000] "GET /tes.php HTTP/1.1" 301 283 "-" "Mozilla/5.0 (Windows NT 10.0; Win64; x64) AppleWebKit/537.36 (KHTML, like Gecko) Chrome/120.0.0.0 Safari/537.36"
20.194.34.72 - - [06/Jul/2026:19:18:31 +0000] "GET /files/index.php HTTP/1.1" 301 291 "-" "Mozilla/5.0 (Windows NT 10.0; Win64; x64) AppleWebKit/537.36 (KHTML, like Gecko) Chrome/120.0.0.0 Safari/537.36"
20.194.34.72 - - [06/Jul/2026:19:18:31 +0000] "GET /wp-content/uploads/index.php HTTP/1.1" 301 304 "-" "Mozilla/5.0 (Windows NT 10.0; Win64; x64) AppleWebKit/537.36 (KHTML, like Gecko) Chrome/120.0.0.0 Safari/537.36"
20.194.34.72 - - [06/Jul/2026:19:18:31 +0000] "GET /images/images/about.php HTTP/1.1" 301 299 "-" "Mozilla/5.0 (Windows NT 10.0; Win64; x64) AppleWebKit/537.36 (KHTML, like Gecko) Chrome/120.0.0.0 Safari/537.36"
20.194.34.72 - - [06/Jul/2026:19:18:32 +0000] "GET /ms-edit.php HTTP/1.1" 301 287 "-" "Mozilla/5.0 (Windows NT 10.0; Win64; x64) AppleWebKit/537.36 (KHTML, like Gecko) Chrome/120.0.0.0 Safari/537.36"
20.194.34.72 - - [06/Jul/2026:19:18:32 +0000] "GET /rip.php HTTP/1.1" 301 283 "-" "Mozilla/5.0 (Windows NT 10.0; Win64; x64) AppleWebKit/537.36 (KHTML, like Gecko) Chrome/120.0.0.0 Safari/537.36"
20.194.34.72 - - [06/Jul/2026:19:18:32 +0000] "GET /wp-content/uploads/ HTTP/1.1" 301 295 "-" "Mozilla/5.0 (Windows NT 10.0; Win64; x64) AppleWebKit/537.36 (KHTML, like Gecko) Chrome/120.0.0.0 Safari/537.36"
20.194.34.72 - - [06/Jul/2026:19:18:32 +0000] "GET /xmlrpc.php HTTP/1.1" 301 286 "-" "Mozilla/5.0 (Windows NT 10.0; Win64; x64) AppleWebKit/537.36 (KHTML, like Gecko) Chrome/120.0.0.0 Safari/537.36"
20.194.34.72 - - [06/Jul/2026:19:18:33 +0000] "GET /moon.php HTTP/1.1" 301 284 "-" "Mozilla/5.0 (Windows NT 10.0; Win64; x64) AppleWebKit/537.36 (KHTML, like Gecko) Chrome/120.0.0.0 Safari/537.36"
20.194.34.72 - - [06/Jul/2026:19:18:33 +0000] "GET /cache.php HTTP/1.1" 301 285 "-" "Mozilla/5.0 (Windows NT 10.0; Win64; x64) AppleWebKit/537.36 (KHTML, like Gecko) Chrome/120.0.0.0 Safari/537.36"
20.194.34.72 - - [06/Jul/2026:19:18:33 +0000] "GET /wp-includes/block-bindings/ HTTP/1.1" 301 303 "-" "Mozilla/5.0 (Windows NT 10.0; Win64; x64) AppleWebKit/537.36 (KHTML, like Gecko) Chrome/120.0.0.0 Safari/537.36"
20.194.34.72 - - [06/Jul/2026:19:18:33 +0000] "GET /vendor/ HTTP/1.1" 301 283 "-" "Mozilla/5.0 (Windows NT 10.0; Win64; x64) AppleWebKit/537.36 (KHTML, like Gecko) Chrome/120.0.0.0 Safari/537.36"
20.194.34.72 - - [06/Jul/2026:19:18:34 +0000] "GET /wp-content/themes/ HTTP/1.1" 301 285 "-" "Mozilla/5.0 (Windows NT 10.0; Win64; x64) AppleWebKit/537.36 (KHTML, like Gecko) Chrome/120.0.0.0 Safari/537.36"
20.194.34.72 - - [06/Jul/2026:19:18:34 +0000] "GET /wp-includes/images/smilies/about.php HTTP/1.1" 301 285 "-" "Mozilla/5.0 (Windows NT 10.0; Win64; x64) AppleWebKit/537.36 (KHTML, like Gecko) Chrome/120.0.0.0 Safari/537.36"
20.194.34.72 - - [06/Jul/2026:19:18:34 +0000] "GET /wp-includes/js/crop/ HTTP/1.1" 301 296 "-" "Mozilla/5.0 (Windows NT 10.0; Win64; x64) AppleWebKit/537.36 (KHTML, like Gecko) Chrome/120.0.0.0 Safari/537.36"
20.194.34.72 - - [06/Jul/2026:19:18:34 +0000] "GET /wp-mail.php HTTP/1.1" 301 287 "-" "Mozilla/5.0 (Windows NT 10.0; Win64; x64) AppleWebKit/537.36 (KHTML, like Gecko) Chrome/120.0.0.0 Safari/537.36"
20.194.34.72 - - [06/Jul/2026:19:18:35 +0000] "GET /o.php HTTP/1.1" 301 281 "-" "Mozilla/5.0 (Windows NT 10.0; Win64; x64) AppleWebKit/537.36 (KHTML, like Gecko) Chrome/120.0.0.0 Safari/537.36"
20.194.34.72 - - [06/Jul/2026:19:18:35 +0000] "GET /bb.php HTTP/1.1" 301 282 "-" "Mozilla/5.0 (Windows NT 10.0; Win64; x64) AppleWebKit/537.36 (KHTML, like Gecko) Chrome/120.0.0.0 Safari/537.36"
20.194.34.72 - - [06/Jul/2026:19:18:35 +0000] "GET /wp-admin/maint/admin.php HTTP/1.1" 301 300 "-" "Mozilla/5.0 (Windows NT 10.0; Win64; x64) AppleWebKit/537.36 (KHTML, like Gecko) Chrome/120.0.0.0 Safari/537.36"
20.194.34.72 - - [06/Jul/2026:19:18:35 +0000] "GET /wp-admin/network/ HTTP/1.1" 301 293 "-" "Mozilla/5.0 (Windows NT 10.0; Win64; x64) AppleWebKit/537.36 (KHTML, like Gecko) Chrome/120.0.0.0 Safari/537.36"
20.194.34.72 - - [06/Jul/2026:19:18:36 +0000] "GET /wp-includes/IXR/index.php HTTP/1.1" 301 285 "-" "Mozilla/5.0 (Windows NT 10.0; Win64; x64) AppleWebKit/537.36 (KHTML, like Gecko) Chrome/120.0.0.0 Safari/537.36"
20.194.34.72 - - [06/Jul/2026:19:18:36 +0000] "GET /xmrlpc.php HTTP/1.1" 301 286 "-" "Mozilla/5.0 (Windows NT 10.0; Win64; x64) AppleWebKit/537.36 (KHTML, like Gecko) Chrome/120.0.0.0 Safari/537.36"
20.194.34.72 - - [06/Jul/2026:19:18:36 +0000] "GET /file.php HTTP/1.1" 301 284 "-" "Mozilla/5.0 (Windows NT 10.0; Win64; x64) AppleWebKit/537.36 (KHTML, like Gecko) Chrome/120.0.0.0 Safari/537.36"
20.194.34.72 - - [06/Jul/2026:19:18:36 +0000] "GET /epinyins.php HTTP/1.1" 301 288 "-" "Mozilla/5.0 (Windows NT 10.0; Win64; x64) AppleWebKit/537.36 (KHTML, like Gecko) Chrome/120.0.0.0 Safari/537.36"
20.194.34.72 - - [06/Jul/2026:19:18:37 +0000] "GET /wp-admin/css/index.php HTTP/1.1" 301 298 "-" "Mozilla/5.0 (Windows NT 10.0; Win64; x64) AppleWebKit/537.36 (KHTML, like Gecko) Chrome/120.0.0.0 Safari/537.36"
20.194.34.72 - - [06/Jul/2026:19:18:37 +0000] "GET /wp-includes/php-compat/ HTTP/1.1" 301 299 "-" "Mozilla/5.0 (Windows NT 10.0; Win64; x64) AppleWebKit/537.36 (KHTML, like Gecko) Chrome/120.0.0.0 Safari/537.36"
20.194.34.72 - - [06/Jul/2026:19:18:37 +0000] "GET /wp-includes/style-engine/index.php HTTP/1.1" 301 285 "-" "Mozilla/5.0 (Windows NT 10.0; Win64; x64) AppleWebKit/537.36 (KHTML, like Gecko) Chrome/120.0.0.0 Safari/537.36"
20.194.34.72 - - [06/Jul/2026:19:18:37 +0000] "GET /wp-admin/css/colors/coffee/index.php HTTP/1.1" 301 312 "-" "Mozilla/5.0 (Windows NT 10.0; Win64; x64) AppleWebKit/537.36 (KHTML, like Gecko) Chrome/120.0.0.0 Safari/537.36"
20.194.34.72 - - [06/Jul/2026:19:18:38 +0000] "GET /wp.php HTTP/1.1" 301 282 "-" "Mozilla/5.0 (Windows NT 10.0; Win64; x64) AppleWebKit/537.36 (KHTML, like Gecko) Chrome/120.0.0.0 Safari/537.36"
20.194.34.72 - - [06/Jul/2026:19:18:38 +0000] "GET /function/function.php HTTP/1.1" 301 297 "-" "Mozilla/5.0 (Windows NT 10.0; Win64; x64) AppleWebKit/537.36 (KHTML, like Gecko) Chrome/120.0.0.0 Safari/537.36"
20.194.34.72 - - [06/Jul/2026:19:18:38 +0000] "GET /wp-includes/style-engine/autoload_classmap.php HTTP/1.1" 301 285 "-" "Mozilla/5.0 (Windows NT 10.0; Win64; x64) AppleWebKit/537.36 (KHTML, like Gecko) Chrome/120.0.0.0 Safari/537.36"
20.194.34.72 - - [06/Jul/2026:19:18:39 +0000] "GET /wp-includes/SimplePie/admin.php HTTP/1.1" 301 285 "-" "Mozilla/5.0 (Windows NT 10.0; Win64; x64) AppleWebKit/537.36 (KHTML, like Gecko) Chrome/120.0.0.0 Safari/537.36"
20.194.34.72 - - [06/Jul/2026:19:18:39 +0000] "GET /ok.php HTTP/1.1" 301 282 "-" "Mozilla/5.0 (Windows NT 10.0; Win64; x64) AppleWebKit/537.36 (KHTML, like Gecko) Chrome/120.0.0.0 Safari/537.36"
20.194.34.72 - - [06/Jul/2026:19:18:39 +0000] "GET /item.php HTTP/1.1" 301 284 "-" "Mozilla/5.0 (Windows NT 10.0; Win64; x64) AppleWebKit/537.36 (KHTML, like Gecko) Chrome/120.0.0.0 Safari/537.36"
47.128.97.78 - - [06/Jul/2026:19:17:51 +0000] "GET /robots.txt HTTP/1.1" 200 114 "-" "Mozilla/5.0 (Linux; Android 5.0) AppleWebKit/537.36 (KHTML, like Gecko) Mobile Safari/537.36 (compatible; Bytespider; spider-feedback@bytedance.com)"
45.227.253.15 - - [06/Jul/2026:19:24:37 +0000] "GET /cgi-bin/cgi-bin/index.php?ARRAY=7o2230223n313738333336393939352p2231223n22687474703n5p2s5p2s6877623138397631312r6p6570722r696r6o5p2s3s6p633q78696164616r5s72616r645s7061746826743q313738333336363339352q3837346632326337316436393939663834626533623834343533313963346237222p2232223n223937646161323766653663613933373931636263393064636234616131393439222p2233223n226135353937313439663862366163323838636265363861393231353766386233222p2262696r675s70617373223n2232332q34302q35362q36362q37382q38332q3230227q HTTP/1.1" 301 770 "-" "Mozilla/5.0 (Macintosh; Intel Mac OS X 10.12; rv:103.0) Gecko/20100101 Firefox/101.0"
104.208.96.194 - - [06/Jul/2026:19:21:07 +0000] "GET /403.shtml HTTP/1.1" 404 - "-" "-"
45.227.253.15 - - [06/Jul/2026:19:24:38 +0000] "GET /cgi-bin/cgi-bin/index.php?ARRAY=7o2230223n313738333336393939352p2231223n22687474703n5p2s5p2s6877623138397631312r6p6570722r696r6o5p2s3s6p633q78696164616r5s72616r645s7061746826743q313738333336363339352q3837346632326337316436393939663834626533623834343533313963346237222p2232223n223937646161323766653663613933373931636263393064636234616131393439222p2233223n226135353937313439663862366163323838636265363861393231353766386233222p2262696r675s70617373223n2232332q34302q35362q36362q37382q38332q3230227q HTTP/1.1" 301 - "https://wowcallgirls.in/cgi-bin/cgi-bin/index.php?ARRAY=7o2230223n313738333336393939352p2231223n22687474703n5p2s5p2s6877623138397631312r6p6570722r696r6o5p2s3s6p633q78696164616r5s72616r645s7061746826743q313738333336363339352q3837346632326337316436393939663834626533623834343533313963346237222p2232223n223937646161323766653663613933373931636263393064636234616131393439222p2233223n226135353937313439663862366163323838636265363861393231353766386233222p2262696r675s70617373223n2232332q34302q35362q36362q37382q38332q3230227q" "Mozilla/5.0 (Macintosh; Intel Mac OS X 10.12; rv:103.0) Gecko/20100101 Firefox/101.0"
45.227.253.15 - - [06/Jul/2026:19:24:41 +0000] "GET /cgi-bin/cgi-bin/?ARRAY=7o2230223n313738333336393939352p2231223n22687474703n5p2s5p2s6877623138397631312r6p6570722r696r6o5p2s3s6p633q78696164616r5s72616r645s7061746826743q313738333336363339352q3837346632326337316436393939663834626533623834343533313963346237222p2232223n223937646161323766653663613933373931636263393064636234616131393439222p2233223n226135353937313439663862366163323838636265363861393231353766386233222p2262696r675s70617373223n2232332q34302q35362q36362q37382q38332q3230227q HTTP/1.1" 404 - "https://www.wowcallgirls.in/cgi-bin/cgi-bin/index.php?ARRAY=7o2230223n313738333336393939352p2231223n22687474703n5p2s5p2s6877623138397631312r6p6570722r696r6o5p2s3s6p633q78696164616r5s72616r645s7061746826743q313738333336363339352q3837346632326337316436393939663834626533623834343533313963346237222p2232223n223937646161323766653663613933373931636263393064636234616131393439222p2233223n226135353937313439663862366163323838636265363861393231353766386233222p2262696r675s70617373223n2232332q34302q35362q36362q37382q38332q3230227q" "Mozilla/5.0 (Macintosh; Intel Mac OS X 10.12; rv:103.0) Gecko/20100101 Firefox/101.0"
161.97.129.228 - - [06/Jul/2026:19:27:45 +0000] "GET /wp-login.php HTTP/1.1" 301 288 "-" "Mozilla/5.0 (X11; Linux x86_64; rv:133.0) Gecko/20100101 Firefox/133.0"
161.97.129.228 - - [06/Jul/2026:19:28:04 +0000] "GET /wp-json/wp/v2/users/me HTTP/1.1" 301 298 "-" "Mozilla/5.0 (X11; Linux x86_64; rv:133.0) Gecko/20100101 Firefox/133.0"
161.97.129.228 - - [06/Jul/2026:19:28:05 +0000] "GET /wp-json/wp/v2/users/me HTTP/1.1" 508 288 "https://mail.wowcallgirls.in/wp-json/wp/v2/users/me" "Mozilla/5.0 (X11; Linux x86_64; rv:133.0) Gecko/20100101 Firefox/133.0"
121.200.216.55 - - [06/Jul/2026:19:30:13 +0000] "GET /wp-json/wp/v2/users/me HTTP/1.1" 301 298 "-" "Mozilla/5.0 (Macintosh; Intel Mac OS X 11_7_10) AppleWebKit/537.36 (KHTML, like Gecko) Chrome/133.0.0.0 Safari/537.36"
69.161.196.4 - - [06/Jul/2026:19:31:09 +0000] "POST /wp-cron.php?doing_wp_cron=1783366269.1299901008605957031250 HTTP/1.1" 508 288 "-" "WordPress/7.0; https://www.wowcallgirls.in"
161.97.129.228 - - [06/Jul/2026:19:27:45 +0000] "GET /wp-login.php HTTP/1.1" 200 1935 "https://mail.wowcallgirls.in/wp-login.php" "Mozilla/5.0 (X11; Linux x86_64; rv:133.0) Gecko/20100101 Firefox/133.0"
45.90.151.172 - - [06/Jul/2026:19:29:32 +0000] "GET /?doing_wp_cron=1783366172 HTTP/1.1" 200 - "-" "Mozilla/5.0 (Windows NT 10.0; Win64; x64) AppleWebKit/537.36 (KHTML, like Gecko) Chrome/146.0.0.0 Safari/537.36"
45.90.151.172 - - [06/Jul/2026:19:30:18 +0000] "GET /?doing_wp_cron=1783366218 HTTP/1.1" 200 - "-" "Mozilla/5.0 (Windows NT 10.0; Win64; x64) AppleWebKit/537.36 (KHTML, like Gecko) Chrome/146.0.0.0 Safari/537.36"
216.73.216.50 - - [06/Jul/2026:19:32:00 +0000] "GET /robots.txt HTTP/1.1" 508 288 "-" "Mozilla/5.0 AppleWebKit/537.36 (KHTML, like Gecko; compatible; ClaudeBot/1.0; +claudebot@anthropic.com)"
69.161.196.4 - - [06/Jul/2026:19:35:20 +0000] "POST /wp-cron.php?doing_wp_cron=1783366520.0687770843505859375000 HTTP/1.1" 508 288 "-" "WordPress/7.0; https://www.wowcallgirls.in"
216.244.66.247 - - [06/Jul/2026:19:34:30 +0000] "GET /robots.txt HTTP/1.1" 200 120 "-" "Mozilla/5.0 (compatible; DotBot/1.2; +https://opensiteexplorer.org/dotbot; help@moz.com)"
57.141.0.65 - - [06/Jul/2026:19:35:15 +0000] "GET /mumbai-call-girls.html HTTP/1.1" 200 - "-" "meta-externalagent/1.1 (+https://developers.facebook.com/docs/sharing/webmasters/crawler)"
157.10.52.140 - - [06/Jul/2026:19:37:57 +0000] "GET /wp-login.php HTTP/1.1" 301 288 "-" "Mozilla/5.0 (X11; Linux i686) AppleWebKit/537.36 (KHTML, like Gecko) Chrome/133.0.0.0 Safari/537.36"
157.10.52.140 - - [06/Jul/2026:19:38:15 +0000] "GET /wp-json/wp/v2/users/me HTTP/1.1" 301 298 "-" "Mozilla/5.0 (X11; Linux i686) AppleWebKit/537.36 (KHTML, like Gecko) Chrome/133.0.0.0 Safari/537.36"
44.242.248.100 - - [06/Jul/2026:19:44:09 +0000] "GET /robots.txt HTTP/1.1" 401 53 "-" "Mozilla/5.0 (compatible; wpbot/1.4; +https://forms.gle/ajBaxygz9jSR8p8G9)"
44.242.248.100 - - [06/Jul/2026:19:44:09 +0000] "GET / HTTP/1.1" 401 53 "-" "Mozilla/5.0 (compatible; wpbot/1.4; +https://forms.gle/ajBaxygz9jSR8p8G9)"
103.131.71.40 - - [06/Jul/2026:19:42:43 +0000] "GET /robots.txt HTTP/1.1" 200 114 "-" "Mozilla/5.0 (compatible; coccocbot-image/1.0; +http://help.coccoc.com/searchengine)"
157.10.52.140 - - [06/Jul/2026:19:37:59 +0000] "GET /wp-login.php HTTP/1.1" 302 - "https://mail.wowcallgirls.in/wp-login.php" "Mozilla/5.0 (X11; Linux i686) AppleWebKit/537.36 (KHTML, like Gecko) Chrome/133.0.0.0 Safari/537.36"
103.131.71.40 - - [06/Jul/2026:19:43:04 +0000] "GET /robots.txt HTTP/1.1" 200 114 "-" "Mozilla/5.0 (X11; Linux x86_64) AppleWebKit/537.36 (KHTML, like Gecko) Chrome/103.0.5060.53 Safari/537.36"
157.10.52.140 - - [06/Jul/2026:19:38:17 +0000] "GET /wp-json/wp/v2/users/me HTTP/1.1" 401 96 "https://mail.wowcallgirls.in/wp-json/wp/v2/users/me" "Mozilla/5.0 (X11; Linux i686) AppleWebKit/537.36 (KHTML, like Gecko) Chrome/133.0.0.0 Safari/537.36"
69.161.196.4 - - [06/Jul/2026:19:44:03 +0000] "POST /wp-cron.php?doing_wp_cron=1783367043.5352759361267089843750 HTTP/1.1" 200 - "-" "WordPress/7.0; https://www.wowcallgirls.in"
103.131.71.46 - - [06/Jul/2026:19:44:24 +0000] "GET /wp-content/uploads/2024/07/11.webp HTTP/1.1" 404 - "-" "Mozilla/5.0 (X11; Linux x86_64) AppleWebKit/537.36 (KHTML, like Gecko) Chrome/103.0.5060.53 Safari/537.36"
114.119.129.24 - - [06/Jul/2026:19:49:52 +0000] "GET /sitemap.xml HTTP/1.1" 301 287 "-" "Mozilla/5.0 (Linux; Android 7.0;) AppleWebKit/537.36 (KHTML, like Gecko) Mobile Safari/537.36 (compatible; PetalBot;+https://webmaster.petalsearch.com/site/petalbot)"
162.254.36.150 - - [06/Jul/2026:19:51:41 +0000] "GET /wp-login.php HTTP/1.1" 301 288 "-" "Mozilla/5.0 (X11; Fedora; Linux x86_64) AppleWebKit/537.36 (KHTML, like Gecko) Chrome/133.0.0.0 Safari/537.36"
162.254.36.150 - - [06/Jul/2026:19:51:43 +0000] "GET /wp-login.php HTTP/1.1" 508 288 "https://mail.wowcallgirls.in/wp-login.php" "Mozilla/5.0 (X11; Fedora; Linux x86_64) AppleWebKit/537.36 (KHTML, like Gecko) Chrome/133.0.0.0 Safari/537.36"
162.254.36.150 - - [06/Jul/2026:19:51:43 +0000] "POST /wp-login.php HTTP/1.1" 301 288 "https://mail.wowcallgirls.in/wp-login.php" "Mozilla/5.0 (X11; Fedora; Linux x86_64) AppleWebKit/537.36 (KHTML, like Gecko) Chrome/133.0.0.0 Safari/537.36"
162.254.36.150 - - [06/Jul/2026:19:51:44 +0000] "GET /wp-login.php HTTP/1.1" 508 288 "https://mail.wowcallgirls.in/wp-login.php" "Mozilla/5.0 (X11; Fedora; Linux x86_64) AppleWebKit/537.36 (KHTML, like Gecko) Chrome/133.0.0.0 Safari/537.36"
69.161.196.4 - - [06/Jul/2026:19:57:32 +0000] "POST /wp-cron.php?doing_wp_cron=1783367852.4266040325164794921875 HTTP/1.1" 508 288 "-" "WordPress/7.0; https://www.wowcallgirls.in"
94.23.188.207 - - [06/Jul/2026:19:57:28 +0000] "GET /wp-sitemap.xml HTTP/1.1" 200 226 "-" "Mozilla/5.0 (compatible; AhrefsBot/7.0; +http://ahrefs.com/robot/)"
37.59.204.159 - - [06/Jul/2026:19:57:34 +0000] "GET /wp-sitemap-posts-post-1.xml HTTP/1.1" 200 500 "-" "Mozilla/5.0 (compatible; AhrefsBot/7.0; +http://ahrefs.com/robot/)"
176.31.139.9 - - [06/Jul/2026:19:57:38 +0000] "GET /wp-sitemap-posts-page-1.xml HTTP/1.1" 200 270 "-" "Mozilla/5.0 (compatible; AhrefsBot/7.0; +http://ahrefs.com/robot/)"
51.75.236.130 - - [06/Jul/2026:19:57:42 +0000] "GET /wp-sitemap-taxonomies-category-1.xml HTTP/1.1" 200 216 "-" "Mozilla/5.0 (compatible; AhrefsBot/7.0; +http://ahrefs.com/robot/)"
51.68.247.212 - - [06/Jul/2026:19:57:46 +0000] "GET /wp-sitemap-users-1.xml HTTP/1.1" 508 288 "-" "Mozilla/5.0 (compatible; AhrefsBot/7.0; +http://ahrefs.com/robot/)"
20.55.15.101 - - [06/Jul/2026:19:59:44 +0000] "GET /wp/wp-login.php HTTP/1.1" 301 291 "-" "Mozilla/5.0 (Macintosh; Intel Mac OS X 10_15_7) AppleWebKit/605.1.15 (KHTML, like Gecko) Version/17.1 Safari/605.1.15"
69.161.196.4 - - [06/Jul/2026:20:03:11 +0000] "POST /wp-cron.php?doing_wp_cron=1783368191.5304019451141357421875 HTTP/1.1" 508 288 "-" "WordPress/7.0; https://www.wowcallgirls.in"
20.55.15.101 - - [06/Jul/2026:19:59:45 +0000] "GET /wp/wp-login.php HTTP/1.1" 404 - "https://wowcallgirls.in/wp/wp-login.php" "Mozilla/5.0 (Macintosh; Intel Mac OS X 10_15_7) AppleWebKit/605.1.15 (KHTML, like Gecko) Version/17.1 Safari/605.1.15"
43.164.0.21 - - [06/Jul/2026:19:58:08 +0000] "GET / HTTP/1.1" 504 - "http://www.wowcallgirls.in" "Mozilla/5.0 (iPhone; CPU iPhone OS 13_2_3 like Mac OS X) AppleWebKit/605.1.15 (KHTML, like Gecko) Version/13.0.3 Mobile/15E148 Safari/604.1"
121.200.216.55 - - [06/Jul/2026:20:03:35 +0000] "GET /wp-login.php HTTP/1.1" 301 288 "-" "Mozilla/5.0 (X11; Linux x86_64) AppleWebKit/537.36 (KHTML, like Gecko) Chrome/133.0.0.0 Safari/537.36"
121.200.216.55 - - [06/Jul/2026:20:03:47 +0000] "GET /wp-login.php HTTP/1.1" 508 288 "https://mail.wowcallgirls.in/wp-login.php" "Mozilla/5.0 (X11; Linux x86_64) AppleWebKit/537.36 (KHTML, like Gecko) Chrome/133.0.0.0 Safari/537.36"
192.254.250.171 - - [06/Jul/2026:20:12:08 +0000] "GET /wp-login.php HTTP/1.1" 301 288 "-" "Mozilla/5.0 (Windows NT 10.0; Win64; x64) AppleWebKit/537.36 (KHTML, like Gecko) Chrome/120.0.0.0 Safari/537.36"
192.254.250.171 - - [06/Jul/2026:20:12:30 +0000] "GET /wp-login.php HTTP/1.1" 301 288 "-" "Mozilla/5.0 (Windows NT 10.0; Win64; x64) AppleWebKit/537.36 (KHTML, like Gecko) Chrome/120.0.0.0 Safari/537.36"
69.161.196.4 - - [06/Jul/2026:20:16:48 +0000] "POST /wp-cron.php?doing_wp_cron=1783369008.0549700260162353515625 HTTP/1.1" 508 288 "-" "WordPress/7.0; https://www.wowcallgirls.in"
192.254.250.171 - - [06/Jul/2026:20:12:51 +0000] "GET /wp-login.php HTTP/1.1" 200 1935 "https://wowcallgirls.in/wp-login.php" "Mozilla/5.0 (Windows NT 10.0; Win64; x64) AppleWebKit/537.36 (KHTML, like Gecko) Chrome/120.0.0.0 Safari/537.36"
173.252.70.23 - - [06/Jul/2026:20:17:11 +0000] "GET /robots.txt HTTP/1.1" 401 36 "-" "facebookexternalhit/1.1 (+http://www.facebook.com/externalhit_uatext.php)"
213.171.208.62 - - [06/Jul/2026:20:18:49 +0000] "GET /wp-login.php HTTP/1.1" 301 288 "-" "Mozilla/5.0 (Macintosh; Intel Mac OS X 10_15_7) AppleWebKit/537.36 (KHTML, like Gecko) Chrome/133.0.0.0 Safari/537.36 Edg/133.0.0.0"
213.171.208.62 - - [06/Jul/2026:20:18:51 +0000] "GET /wp-login.php HTTP/1.1" 200 1935 "https://mail.wowcallgirls.in/wp-login.php" "Mozilla/5.0 (Macintosh; Intel Mac OS X 10_15_7) AppleWebKit/537.36 (KHTML, like Gecko) Chrome/133.0.0.0 Safari/537.36 Edg/133.0.0.0"
69.161.196.4 - - [06/Jul/2026:20:18:54 +0000] "POST /wp-cron.php?doing_wp_cron=1783369134.1353530883789062500000 HTTP/1.1" 200 - "-" "WordPress/7.0; https://www.wowcallgirls.in"
213.171.208.62 - - [06/Jul/2026:20:18:55 +0000] "POST /wp-login.php HTTP/1.1" 301 288 "https://mail.wowcallgirls.in/wp-login.php" "Mozilla/5.0 (Macintosh; Intel Mac OS X 10_15_7) AppleWebKit/537.36 (KHTML, like Gecko) Chrome/133.0.0.0 Safari/537.36 Edg/133.0.0.0"
213.171.208.62 - - [06/Jul/2026:20:18:55 +0000] "GET /wp-login.php HTTP/1.1" 200 1935 "https://mail.wowcallgirls.in/wp-login.php" "Mozilla/5.0 (Macintosh; Intel Mac OS X 10_15_7) AppleWebKit/537.36 (KHTML, like Gecko) Chrome/133.0.0.0 Safari/537.36 Edg/133.0.0.0"
198.244.242.95 - - [06/Jul/2026:20:24:50 +0000] "GET /robots.txt HTTP/1.1" 301 286 "-" "Mozilla/5.0 (compatible; AhrefsBot/7.0; +http://ahrefs.com/robot/)"
198.244.242.95 - - [06/Jul/2026:20:24:50 +0000] "GET /robots.txt HTTP/1.1" 200 114 "-" "Mozilla/5.0 (compatible; AhrefsBot/7.0; +http://ahrefs.com/robot/)"
216.244.66.247 - - [06/Jul/2026:20:25:01 +0000] "GET /robots.txt HTTP/1.1" 200 120 "-" "Mozilla/5.0 (compatible; DotBot/1.2; +https://opensiteexplorer.org/dotbot; help@moz.com)"
51.195.215.215 - - [06/Jul/2026:20:25:05 +0000] "GET /sitemap.xml HTTP/1.1" 301 287 "-" "Mozilla/5.0 (compatible; AhrefsBot/7.0; +http://ahrefs.com/robot/)"
51.195.215.215 - - [06/Jul/2026:20:25:06 +0000] "GET /sitemap.xml HTTP/1.1" 301 - "-" "Mozilla/5.0 (compatible; AhrefsBot/7.0; +http://ahrefs.com/robot/)"
51.195.215.215 - - [06/Jul/2026:20:25:08 +0000] "GET /wp-sitemap.xml HTTP/1.1" 200 226 "-" "Mozilla/5.0 (compatible; AhrefsBot/7.0; +http://ahrefs.com/robot/)"
92.222.108.100 - - [06/Jul/2026:20:25:11 +0000] "GET /wp-sitemap-posts-post-1.xml HTTP/1.1" 200 500 "-" "Mozilla/5.0 (compatible; AhrefsBot/7.0; +http://ahrefs.com/robot/)"
92.222.108.102 - - [06/Jul/2026:20:25:15 +0000] "GET /wp-sitemap-posts-page-1.xml HTTP/1.1" 200 270 "-" "Mozilla/5.0 (compatible; AhrefsBot/7.0; +http://ahrefs.com/robot/)"
92.222.108.105 - - [06/Jul/2026:20:25:19 +0000] "GET /wp-sitemap-taxonomies-category-1.xml HTTP/1.1" 200 216 "-" "Mozilla/5.0 (compatible; AhrefsBot/7.0; +http://ahrefs.com/robot/)"
92.222.104.203 - - [06/Jul/2026:20:25:22 +0000] "GET /wp-sitemap-users-1.xml HTTP/1.1" 200 189 "-" "Mozilla/5.0 (compatible; AhrefsBot/7.0; +http://ahrefs.com/robot/)"
216.73.216.50 - - [06/Jul/2026:20:34:53 +0000] "GET /robots.txt HTTP/1.1" 301 286 "-" "Mozilla/5.0 AppleWebKit/537.36 (KHTML, like Gecko; compatible; ClaudeBot/1.0; +claudebot@anthropic.com)"
69.161.196.4 - - [06/Jul/2026:20:34:55 +0000] "POST /wp-cron.php?doing_wp_cron=1783370095.7482080459594726562500 HTTP/1.1" 200 - "-" "WordPress/7.0; https://www.wowcallgirls.in"
216.73.216.50 - - [06/Jul/2026:20:34:54 +0000] "GET /robots.txt HTTP/1.1" 200 114 "https://wowcallgirls.in/robots.txt" "Mozilla/5.0 AppleWebKit/537.36 (KHTML, like Gecko; compatible; ClaudeBot/1.0; +claudebot@anthropic.com)"
216.73.216.50 - - [06/Jul/2026:20:34:55 +0000] "GET /sitemap.xml HTTP/1.1" 301 287 "-" "Mozilla/5.0 AppleWebKit/537.36 (KHTML, like Gecko; compatible; ClaudeBot/1.0; +claudebot@anthropic.com)"
216.73.216.50 - - [06/Jul/2026:20:34:56 +0000] "GET /sitemap.xml HTTP/1.1" 301 - "https://wowcallgirls.in/sitemap.xml" "Mozilla/5.0 AppleWebKit/537.36 (KHTML, like Gecko; compatible; ClaudeBot/1.0; +claudebot@anthropic.com)"
216.73.216.50 - - [06/Jul/2026:20:34:57 +0000] "GET /wp-sitemap.xml HTTP/1.1" 200 226 "https://www.wowcallgirls.in/sitemap.xml" "Mozilla/5.0 AppleWebKit/537.36 (KHTML, like Gecko; compatible; ClaudeBot/1.0; +claudebot@anthropic.com)"
78.142.18.172 - - [06/Jul/2026:20:40:29 +0000] "GET /wp-login.php HTTP/1.1" 301 288 "-" "Mozilla/5.0 (Macintosh; Intel Mac OS X 10_15_7) AppleWebKit/537.36 (KHTML, like Gecko) Chrome/133.0.0.0 Safari/537.36 Edg/133.0.0.0"
78.142.18.172 - - [06/Jul/2026:20:40:32 +0000] "GET /wp-login.php HTTP/1.1" 200 1935 "https://wowcallgirls.in/wp-login.php" "Mozilla/5.0 (Macintosh; Intel Mac OS X 10_15_7) AppleWebKit/537.36 (KHTML, like Gecko) Chrome/133.0.0.0 Safari/537.36 Edg/133.0.0.0"
78.142.18.172 - - [06/Jul/2026:20:40:33 +0000] "POST /wp-login.php HTTP/1.1" 301 288 "https://wowcallgirls.in/wp-login.php" "Mozilla/5.0 (Macintosh; Intel Mac OS X 10_15_7) AppleWebKit/537.36 (KHTML, like Gecko) Chrome/133.0.0.0 Safari/537.36 Edg/133.0.0.0"
78.142.18.172 - - [06/Jul/2026:20:40:33 +0000] "GET /wp-login.php HTTP/1.1" 200 1935 "https://wowcallgirls.in/wp-login.php" "Mozilla/5.0 (Macintosh; Intel Mac OS X 10_15_7) AppleWebKit/537.36 (KHTML, like Gecko) Chrome/133.0.0.0 Safari/537.36 Edg/133.0.0.0"
162.254.36.150 - - [06/Jul/2026:20:44:16 +0000] "GET /wp-json/wp/v2/users/me HTTP/1.1" 301 298 "-" "Mozilla/5.0 (X11; Linux x86_64; rv:133.0) Gecko/20100101 Firefox/133.0"
52.167.144.229 - - [06/Jul/2026:20:46:54 +0000] "GET /sitemaps.xml HTTP/1.1" 404 - "-" "Mozilla/5.0 AppleWebKit/537.36 (KHTML, like Gecko; compatible; bingbot/2.0; +http://www.bing.com/bingbot.htm) Chrome/116.0.1938.76 Safari/537.36"
203.175.125.116 - - [06/Jul/2026:20:47:50 +0000] "GET /wp-login.php HTTP/1.1" 200 1935 "http://www.wowcallgirls.in/wp-admin/" "Mozilla/5.0 (Windows NT 10.0; Win64; x64) AppleWebKit/537.36 (KHTML, like Gecko) Chrome/90.0.4430.85 Safari/537.36"
203.175.125.116 - - [06/Jul/2026:20:47:52 +0000] "POST /wp-login.php HTTP/1.1" 200 2062 "http://www.wowcallgirls.in/wp-admin/" "Mozilla/5.0 (Windows NT 10.0; Win64; x64) AppleWebKit/537.36 (KHTML, like Gecko) Chrome/90.0.4430.85 Safari/537.36"
203.175.125.116 - - [06/Jul/2026:20:47:54 +0000] "GET /wp-admin/ HTTP/1.1" 302 - "www.google.com" "Mozilla/5.0 (Windows NT 10.0; Win64; x64) AppleWebKit/537.36 (KHTML, like Gecko) Chrome/90.0.4430.85 Safari/537.36"
203.175.125.116 - - [06/Jul/2026:20:47:55 +0000] "GET /wp-login.php?redirect_to=https%3A%2F%2Fwww.wowcallgirls.in%2Fwp-admin%2F&reauth=1 HTTP/1.1" 508 288 "www.google.com" "Mozilla/5.0 (Windows NT 10.0; Win64; x64) AppleWebKit/537.36 (KHTML, like Gecko) Chrome/90.0.4430.85 Safari/537.36"
3.111.220.76 - - [06/Jul/2026:20:47:57 +0000] "GET /wp-login.php HTTP/1.1" 200 1935 "-" "Mozilla/5.0 (Windows NT 10.0) AppleWebKit/537.36 (KHTML, like Gecko) Chrome/137.0.0.0 Safari/537.36"
78.142.18.172 - - [06/Jul/2026:20:51:30 +0000] "GET /wp-login.php HTTP/1.1" 301 288 "-" "Mozilla/5.0 (Windows NT 10.0; WOW64) AppleWebKit/537.36 (KHTML, like Gecko) Chrome/133.0.0.0 Safari/537.36"
78.142.18.172 - - [06/Jul/2026:20:51:30 +0000] "GET /wp-login.php HTTP/1.1" 200 1935 "https://wowcallgirls.in/wp-login.php" "Mozilla/5.0 (Windows NT 10.0; WOW64) AppleWebKit/537.36 (KHTML, like Gecko) Chrome/133.0.0.0 Safari/537.36"
78.142.18.172 - - [06/Jul/2026:20:51:32 +0000] "POST /wp-login.php HTTP/1.1" 301 288 "https://wowcallgirls.in/wp-login.php" "Mozilla/5.0 (Windows NT 10.0; WOW64) AppleWebKit/537.36 (KHTML, like Gecko) Chrome/133.0.0.0 Safari/537.36"
78.142.18.172 - - [06/Jul/2026:20:51:32 +0000] "GET /wp-login.php HTTP/1.1" 200 1935 "https://wowcallgirls.in/wp-login.php" "Mozilla/5.0 (Windows NT 10.0; WOW64) AppleWebKit/537.36 (KHTML, like Gecko) Chrome/133.0.0.0 Safari/537.36"
101.99.79.250 - - [06/Jul/2026:20:52:10 +0000] "GET /wp-login.php HTTP/1.1" 301 288 "-" "Mozilla/5.0 (Windows NT 10.0; Win64; x64) AppleWebKit/537.36 (KHTML, like Gecko) Chrome/120.0.0.0 Safari/537.36"
101.99.79.250 - - [06/Jul/2026:20:52:14 +0000] "GET /wp-login.php HTTP/1.1" 200 1935 "https://mail.wowcallgirls.in/wp-login.php" "Mozilla/5.0 (Windows NT 10.0; Win64; x64) AppleWebKit/537.36 (KHTML, like Gecko) Chrome/120.0.0.0 Safari/537.36"
103.196.86.91 - - [06/Jul/2026:20:53:33 +0000] "GET /wp-content/uploads/2024/07/2-2.jpg HTTP/1.1" 404 - "-" "Aeverly/5.0 (Linux; Intel OS 10_15_7)"
216.73.216.50 - - [06/Jul/2026:20:54:39 +0000] "GET /robots.txt HTTP/1.1" 200 114 "-" "Mozilla/5.0 AppleWebKit/537.36 (KHTML, like Gecko; compatible; ClaudeBot/1.0; +claudebot@anthropic.com)"
196.51.184.107 - - [06/Jul/2026:20:54:40 +0000] "GET /contact-us HTTP/1.1" 200 - "http://www.wowcallgirls.in/contact-us" "Mozilla/5.0 (Macintosh; Intel Mac OS X 10_15_7) AppleWebKit/537.36 (KHTML, like Gecko) Chrome/145.0.0.0 Safari/537.36"
216.73.216.50 - - [06/Jul/2026:20:54:41 +0000] "GET /wp-sitemap.xml HTTP/1.1" 200 226 "-" "Mozilla/5.0 AppleWebKit/537.36 (KHTML, like Gecko; compatible; ClaudeBot/1.0; +claudebot@anthropic.com)"
196.51.184.107 - - [06/Jul/2026:20:54:44 +0000] "GET /contact-us HTTP/1.1" 200 - "-" "Mozilla/5.0 (Macintosh; Intel Mac OS X 10_15_7) AppleWebKit/537.36 (KHTML, like Gecko) Chrome/145.0.0.0 Safari/537.36"
196.51.184.107 - - [06/Jul/2026:20:54:48 +0000] "GET /contact-us HTTP/1.1" 200 - "-" "Mozilla/5.0 (Macintosh; Intel Mac OS X 10_15_7) AppleWebKit/537.36 (KHTML, like Gecko) Chrome/145.0.0.0 Safari/537.36"
103.56.161.126 - - [06/Jul/2026:20:55:17 +0000] "GET /wp-login.php HTTP/1.1" 301 288 "-" "Mozilla/5.0 (X11; Linux i686) AppleWebKit/537.36 (KHTML, like Gecko) Chrome/133.0.0.0 Safari/537.36"
103.56.161.126 - - [06/Jul/2026:20:55:18 +0000] "GET /wp-login.php HTTP/1.1" 200 1935 "https://mail.wowcallgirls.in/wp-login.php" "Mozilla/5.0 (X11; Linux i686) AppleWebKit/537.36 (KHTML, like Gecko) Chrome/133.0.0.0 Safari/537.36"
103.56.161.126 - - [06/Jul/2026:20:55:20 +0000] "POST /wp-login.php HTTP/1.1" 301 288 "https://mail.wowcallgirls.in/wp-login.php" "Mozilla/5.0 (X11; Linux i686) AppleWebKit/537.36 (KHTML, like Gecko) Chrome/133.0.0.0 Safari/537.36"
103.56.161.126 - - [06/Jul/2026:20:55:21 +0000] "GET /wp-login.php HTTP/1.1" 200 1935 "https://mail.wowcallgirls.in/wp-login.php" "Mozilla/5.0 (X11; Linux i686) AppleWebKit/537.36 (KHTML, like Gecko) Chrome/133.0.0.0 Safari/537.36"
103.196.86.91 - - [06/Jul/2026:21:00:20 +0000] "GET /wp-content/uploads/2024/07/3-2.jpg HTTP/1.1" 404 - "-" "Aeverly/5.0 (Linux; Intel OS 10_15_7)"
45.227.253.15 - - [06/Jul/2026:21:01:17 +0000] "GET /index.php/jk HTTP/1.1" 301 288 "-" "Mozilla/5.0 (Macintosh; Intel Mac OS X 10.14; rv:103.0) Gecko/20100101 Firefox/101.0"
45.227.253.15 - - [06/Jul/2026:21:01:17 +0000] "GET /index.php/jk HTTP/1.1" 508 288 "https://wowcallgirls.in/index.php/jk" "Mozilla/5.0 (Macintosh; Intel Mac OS X 10.14; rv:103.0) Gecko/20100101 Firefox/101.0"
31.57.184.20 - - [06/Jul/2026:21:02:16 +0000] "GET /wp-login.php HTTP/1.1" 301 288 "https://www.google.com/" "Mozilla/5.0 (Macintosh; Intel Mac OS X 10_15_7) AppleWebKit/537.36 (KHTML, like Gecko) Chrome/121.0.0.0 Safari/537.36"
31.57.184.20 - - [06/Jul/2026:21:02:16 +0000] "GET /wp-login.php HTTP/1.1" 200 1935 "https://www.google.com/" "Mozilla/5.0 (Macintosh; Intel Mac OS X 10_15_7) AppleWebKit/537.36 (KHTML, like Gecko) Chrome/121.0.0.0 Safari/537.36"
31.57.184.20 - - [06/Jul/2026:21:02:19 +0000] "GET /?author=1 HTTP/1.1" 301 285 "-" "Mozilla/5.0 (X11; Ubuntu; Linux x86_64) AppleWebKit/537.36 (KHTML, like Gecko) Chrome/121.0.0.0 Safari/537.36"
31.57.184.20 - - [06/Jul/2026:21:02:19 +0000] "GET /?author=1 HTTP/1.1" 301 - "-" "Mozilla/5.0 (X11; Ubuntu; Linux x86_64) AppleWebKit/537.36 (KHTML, like Gecko) Chrome/121.0.0.0 Safari/537.36"
31.57.184.20 - - [06/Jul/2026:21:02:21 +0000] "GET /author/call4wowgirl HTTP/1.1" 200 - "-" "Mozilla/5.0 (X11; Ubuntu; Linux x86_64) AppleWebKit/537.36 (KHTML, like Gecko) Chrome/121.0.0.0 Safari/537.36"
31.57.184.20 - - [06/Jul/2026:21:02:23 +0000] "GET /?author=2 HTTP/1.1" 301 285 "-" "Mozilla/5.0 (Macintosh; Intel Mac OS X 13_6_1; rv:118.0) Gecko/20100101 Firefox/118.0"
