162.254.36.150 - - [06/Jul/2026:18:26:23 +0000] "GET /wp-login.php HTTP/1.1" 200 1935 "https://mail.wowcallgirls.in/wp-login.php" "Mozilla/5.0 (Windows NT 10.0; WOW64) AppleWebKit/537.36 (KHTML, like Gecko) Chrome/133.0.0.0 Safari/537.36"
20.247.24.165 - - [06/Jul/2026:18:26:26 +0000] "GET /autodiscover/autodiscover.xml HTTP/1.1" 400 52 "-" "-"
20.247.24.165 - - [06/Jul/2026:18:26:30 +0000] "GET /autodiscover/autodiscover.xml HTTP/1.1" 400 52 "-" "-"
20.247.24.165 - - [06/Jul/2026:18:26:33 +0000] "GET /autodiscover/autodiscover.xml HTTP/1.1" 400 52 "-" "-"
20.247.24.165 - - [06/Jul/2026:18:26:36 +0000] "GET /autodiscover/autodiscover.xml HTTP/1.1" 400 52 "-" "-"
20.247.24.165 - - [06/Jul/2026:18:26:37 +0000] "GET /autodiscover/autodiscover.xml HTTP/1.1" 400 52 "-" "-"
20.247.24.165 - - [06/Jul/2026:18:26:42 +0000] "GET /autodiscover/autodiscover.xml HTTP/1.1" 400 52 "-" "-"
20.247.24.165 - - [06/Jul/2026:18:26:46 +0000] "GET /autodiscover/autodiscover.xml HTTP/1.1" 400 52 "-" "-"
20.247.24.165 - - [06/Jul/2026:18:26:48 +0000] "GET /autodiscover/autodiscover.xml HTTP/1.1" 400 52 "-" "-"
38.84.24.89 - - [06/Jul/2026:18:26:53 +0000] "GET /wp-login.php HTTP/1.1" 301 288 "-" "Mozilla/5.0 (Windows NT 10.0; Win64; x64) AppleWebKit/537.36 (KHTML, like Gecko) Chrome/120.0.0.0 Safari/537.36"
20.247.24.165 - - [06/Jul/2026:18:26:56 +0000] "GET /autodiscover/autodiscover.xml HTTP/1.1" 400 52 "-" "-"
38.84.24.89 - - [06/Jul/2026:18:26:54 +0000] "GET /wp-login.php HTTP/1.1" 200 1935 "https://wowcallgirls.in/wp-login.php" "Mozilla/5.0 (Windows NT 10.0; Win64; x64) AppleWebKit/537.36 (KHTML, like Gecko) Chrome/120.0.0.0 Safari/537.36"
38.84.24.89 - - [06/Jul/2026:18:27:04 +0000] "GET /wp-login.php HTTP/1.1" 200 1935 "-" "Mozilla/5.0 (Windows NT 10.0; Win64; x64) AppleWebKit/537.36 (KHTML, like Gecko) Chrome/120.0.0.0 Safari/537.36"
38.84.24.89 - - [06/Jul/2026:18:27:04 +0000] "POST /wp-login.php HTTP/1.1" 200 2070 "https://www.wowcallgirls.in/wp-login.php" "Mozilla/5.0 (Windows NT 10.0; Win64; x64) AppleWebKit/537.36 (KHTML, like Gecko) Chrome/120.0.0.0 Safari/537.36"
20.247.24.165 - - [06/Jul/2026:18:27:22 +0000] "GET /autodiscover/autodiscover.xml HTTP/1.1" 400 52 "-" "-"
20.247.24.165 - - [06/Jul/2026:18:27:26 +0000] "GET /autodiscover/autodiscover.xml HTTP/1.1" 400 52 "-" "-"
20.247.24.165 - - [06/Jul/2026:18:27:29 +0000] "GET /autodiscover/autodiscover.xml HTTP/1.1" 400 52 "-" "-"
20.247.24.165 - - [06/Jul/2026:18:27:33 +0000] "GET /autodiscover/autodiscover.xml HTTP/1.1" 400 52 "-" "-"
20.247.24.165 - - [06/Jul/2026:18:27:36 +0000] "GET /autodiscover/autodiscover.xml HTTP/1.1" 400 52 "-" "-"
20.247.24.165 - - [06/Jul/2026:18:27:39 +0000] "GET /autodiscover/autodiscover.xml HTTP/1.1" 400 52 "-" "-"
20.247.24.165 - - [06/Jul/2026:18:28:01 +0000] "GET /autodiscover/autodiscover.xml HTTP/1.1" 400 52 "-" "-"
20.247.24.165 - - [06/Jul/2026:18:28:06 +0000] "GET /autodiscover/autodiscover.xml HTTP/1.1" 400 52 "-" "-"
20.247.24.165 - - [06/Jul/2026:18:28:08 +0000] "GET /autodiscover/autodiscover.xml HTTP/1.1" 400 52 "-" "-"
20.247.24.165 - - [06/Jul/2026:18:28:10 +0000] "GET /autodiscover/autodiscover.xml HTTP/1.1" 400 52 "-" "-"
20.247.24.165 - - [06/Jul/2026:18:28:12 +0000] "GET /autodiscover/autodiscover.xml HTTP/1.1" 400 52 "-" "-"
20.247.24.165 - - [06/Jul/2026:18:28:19 +0000] "GET /autodiscover/autodiscover.xml HTTP/1.1" 400 52 "-" "-"
20.247.24.165 - - [06/Jul/2026:18:28:26 +0000] "GET /autodiscover/autodiscover.xml HTTP/1.1" 400 52 "-" "-"
20.247.24.165 - - [06/Jul/2026:18:28:29 +0000] "GET /autodiscover/autodiscover.xml HTTP/1.1" 400 52 "-" "-"
20.247.24.165 - - [06/Jul/2026:18:28:33 +0000] "GET /autodiscover/autodiscover.xml HTTP/1.1" 400 52 "-" "-"
20.247.24.165 - - [06/Jul/2026:18:28:36 +0000] "GET /autodiscover/autodiscover.xml HTTP/1.1" 400 52 "-" "-"
20.247.24.165 - - [06/Jul/2026:18:28:47 +0000] "GET /autodiscover/autodiscover.xml HTTP/1.1" 400 52 "-" "-"
20.247.24.165 - - [06/Jul/2026:18:28:51 +0000] "GET /autodiscover/autodiscover.xml HTTP/1.1" 400 52 "-" "-"
20.247.24.165 - - [06/Jul/2026:18:28:52 +0000] "GET /autodiscover/autodiscover.xml HTTP/1.1" 400 52 "-" "-"
20.247.24.165 - - [06/Jul/2026:18:28:54 +0000] "GET /autodiscover/autodiscover.xml HTTP/1.1" 400 52 "-" "-"
20.247.24.165 - - [06/Jul/2026:18:28:57 +0000] "GET /autodiscover/autodiscover.xml HTTP/1.1" 400 52 "-" "-"
20.247.24.165 - - [06/Jul/2026:18:29:01 +0000] "GET /autodiscover/autodiscover.xml HTTP/1.1" 400 52 "-" "-"
20.247.24.165 - - [06/Jul/2026:18:29:03 +0000] "GET /autodiscover/autodiscover.xml HTTP/1.1" 400 52 "-" "-"
20.247.24.165 - - [06/Jul/2026:18:29:08 +0000] "GET /autodiscover/autodiscover.xml HTTP/1.1" 400 52 "-" "-"
20.247.24.165 - - [06/Jul/2026:18:29:10 +0000] "GET /autodiscover/autodiscover.xml HTTP/1.1" 400 52 "-" "-"
20.247.24.165 - - [06/Jul/2026:18:29:13 +0000] "GET /autodiscover/autodiscover.xml HTTP/1.1" 400 52 "-" "-"
20.247.24.165 - - [06/Jul/2026:18:29:16 +0000] "GET /autodiscover/autodiscover.xml HTTP/1.1" 400 52 "-" "-"
20.247.24.165 - - [06/Jul/2026:18:29:19 +0000] "GET /autodiscover/autodiscover.xml HTTP/1.1" 400 52 "-" "-"
20.247.24.165 - - [06/Jul/2026:18:29:22 +0000] "GET /autodiscover/autodiscover.xml HTTP/1.1" 400 52 "-" "-"
20.247.24.165 - - [06/Jul/2026:18:29:24 +0000] "GET /autodiscover/autodiscover.xml HTTP/1.1" 400 52 "-" "-"
20.247.24.165 - - [06/Jul/2026:18:29:28 +0000] "GET /autodiscover/autodiscover.xml HTTP/1.1" 400 52 "-" "-"
20.247.24.165 - - [06/Jul/2026:18:29:30 +0000] "GET /autodiscover/autodiscover.xml HTTP/1.1" 400 52 "-" "-"
20.247.24.165 - - [06/Jul/2026:18:29:31 +0000] "GET /autodiscover/autodiscover.xml HTTP/1.1" 400 52 "-" "-"
20.247.24.165 - - [06/Jul/2026:18:29:33 +0000] "GET /autodiscover/autodiscover.xml HTTP/1.1" 400 52 "-" "-"
20.247.24.165 - - [06/Jul/2026:18:29:36 +0000] "GET /autodiscover/autodiscover.xml HTTP/1.1" 400 52 "-" "-"
20.247.24.165 - - [06/Jul/2026:18:29:39 +0000] "GET /autodiscover/autodiscover.xml HTTP/1.1" 400 52 "-" "-"
20.247.24.165 - - [06/Jul/2026:18:29:42 +0000] "GET /autodiscover/autodiscover.xml HTTP/1.1" 400 52 "-" "-"
20.247.24.165 - - [06/Jul/2026:18:29:49 +0000] "GET /autodiscover/autodiscover.xml HTTP/1.1" 400 52 "-" "-"
20.247.24.165 - - [06/Jul/2026:18:29:56 +0000] "GET /autodiscover/autodiscover.xml HTTP/1.1" 400 52 "-" "-"
20.247.24.165 - - [06/Jul/2026:18:30:00 +0000] "GET /autodiscover/autodiscover.xml HTTP/1.1" 400 52 "-" "-"
20.247.24.165 - - [06/Jul/2026:18:30:02 +0000] "GET /autodiscover/autodiscover.xml HTTP/1.1" 400 52 "-" "-"
20.247.24.165 - - [06/Jul/2026:18:30:06 +0000] "GET /autodiscover/autodiscover.xml HTTP/1.1" 400 52 "-" "-"
20.247.24.165 - - [06/Jul/2026:18:30:10 +0000] "GET /autodiscover/autodiscover.xml HTTP/1.1" 400 52 "-" "-"
20.247.24.165 - - [06/Jul/2026:18:30:13 +0000] "GET /autodiscover/autodiscover.xml HTTP/1.1" 400 52 "-" "-"
20.247.24.165 - - [06/Jul/2026:18:30:16 +0000] "GET /autodiscover/autodiscover.xml HTTP/1.1" 400 52 "-" "-"
20.247.24.165 - - [06/Jul/2026:18:30:17 +0000] "GET /autodiscover/autodiscover.xml HTTP/1.1" 400 52 "-" "-"
20.247.24.165 - - [06/Jul/2026:18:30:18 +0000] "GET /autodiscover/autodiscover.xml HTTP/1.1" 400 52 "-" "-"
20.247.24.165 - - [06/Jul/2026:18:30:20 +0000] "GET /autodiscover/autodiscover.xml HTTP/1.1" 400 52 "-" "-"
20.247.24.165 - - [06/Jul/2026:18:30:21 +0000] "GET /autodiscover/autodiscover.xml HTTP/1.1" 400 52 "-" "-"
20.247.24.165 - - [06/Jul/2026:18:30:22 +0000] "GET /autodiscover/autodiscover.xml HTTP/1.1" 400 52 "-" "-"
20.247.24.165 - - [06/Jul/2026:18:30:23 +0000] "GET /autodiscover/autodiscover.xml HTTP/1.1" 400 52 "-" "-"
20.247.24.165 - - [06/Jul/2026:18:30:24 +0000] "GET /autodiscover/autodiscover.xml HTTP/1.1" 400 52 "-" "-"
20.247.24.165 - - [06/Jul/2026:18:30:26 +0000] "GET /autodiscover/autodiscover.xml HTTP/1.1" 400 52 "-" "-"
69.161.196.4 - - [06/Jul/2026:18:30:28 +0000] "POST /wp-cron.php?doing_wp_cron=1783362628.1485259532928466796875 HTTP/1.1" 200 - "-" "WordPress/7.0; https://www.wowcallgirls.in"
216.73.216.50 - - [06/Jul/2026:18:29:49 +0000] "GET /robots.txt HTTP/1.1" 200 114 "-" "Mozilla/5.0 AppleWebKit/537.36 (KHTML, like Gecko; compatible; ClaudeBot/1.0; +claudebot@anthropic.com)"
20.247.24.165 - - [06/Jul/2026:18:30:28 +0000] "GET /autodiscover/autodiscover.xml HTTP/1.1" 400 52 "-" "-"
216.73.216.50 - - [06/Jul/2026:18:30:28 +0000] "GET / HTTP/1.1" 200 - "-" "Mozilla/5.0 AppleWebKit/537.36 (KHTML, like Gecko; compatible; ClaudeBot/1.0; +claudebot@anthropic.com)"
20.247.24.165 - - [06/Jul/2026:18:30:30 +0000] "GET /autodiscover/autodiscover.xml HTTP/1.1" 400 52 "-" "-"
20.247.24.165 - - [06/Jul/2026:18:30:33 +0000] "GET /autodiscover/autodiscover.xml HTTP/1.1" 400 52 "-" "-"
20.247.24.165 - - [06/Jul/2026:18:30:36 +0000] "GET /autodiscover/autodiscover.xml HTTP/1.1" 400 52 "-" "-"
152.42.218.114 - - [06/Jul/2026:18:32:46 +0000] "GET /wp-login.php HTTP/1.1" 301 288 "https://www.facebook.com/" "Mozilla/5.0 (Windows NT 10.0; Win64; x64) AppleWebKit/537.36 (KHTML, like Gecko) Chrome/120.0.0.0 Safari/537.36"
152.42.218.114 - - [06/Jul/2026:18:32:55 +0000] "GET /wp-login.php HTTP/1.1" 200 1935 "https://www.facebook.com/" "Mozilla/5.0 (Windows NT 10.0; Win64; x64) AppleWebKit/537.36 (KHTML, like Gecko) Chrome/120.0.0.0 Safari/537.36"
152.42.218.114 - - [06/Jul/2026:18:33:07 +0000] "GET /?author=1 HTTP/1.1" 301 285 "https://www.google.com/" "Mozilla/5.0 (X11; Linux x86_64) AppleWebKit/537.36 (KHTML, like Gecko) Chrome/118.0.0.0 Safari/537.36"
152.42.218.114 - - [06/Jul/2026:18:33:31 +0000] "GET /wp-json/wp/v2/users HTTP/1.1" 301 295 "https://www.google.com/search?q=wordpress" "Mozilla/5.0 (Windows NT 11.0; Win64; x64) AppleWebKit/537.36 (KHTML, like Gecko) Chrome/120.0.0.0 Safari/537.36"
152.42.218.114 - - [06/Jul/2026:18:33:16 +0000] "GET /?author=1 HTTP/1.1" 301 - "https://www.google.com/" "Mozilla/5.0 (X11; Linux x86_64) AppleWebKit/537.36 (KHTML, like Gecko) Chrome/118.0.0.0 Safari/537.36"
152.42.218.114 - - [06/Jul/2026:18:33:41 +0000] "GET /wp-json/wp/v2/users HTTP/1.1" 200 321 "https://www.google.com/search?q=wordpress" "Mozilla/5.0 (Windows NT 11.0; Win64; x64) AppleWebKit/537.36 (KHTML, like Gecko) Chrome/120.0.0.0 Safari/537.36"
152.42.218.114 - - [06/Jul/2026:18:33:54 +0000] "POST /wp-login.php HTTP/1.1" 301 288 "https://wowcallgirls.in/wp-login.php" "Mozilla/5.0 (X11; Linux x86_64) AppleWebKit/537.36 (KHTML, like Gecko) Chrome/118.0.0.0 Safari/537.36"
152.42.218.114 - - [06/Jul/2026:18:34:14 +0000] "GET /wp-admin/index.php HTTP/1.1" 301 294 "https://wowcallgirls.in/wp-login.php" "Mozilla/5.0 (Macintosh; Intel Mac OS X 10_15_7) AppleWebKit/537.36 (KHTML, like Gecko) Chrome/120.0.0.0 Safari/537.36"
152.42.218.114 - - [06/Jul/2026:18:34:24 +0000] "GET /wp-admin/index.php HTTP/1.1" 302 - "https://wowcallgirls.in/wp-login.php" "Mozilla/5.0 (Macintosh; Intel Mac OS X 10_15_7) AppleWebKit/537.36 (KHTML, like Gecko) Chrome/120.0.0.0 Safari/537.36"
152.42.218.114 - - [06/Jul/2026:18:35:05 +0000] "GET /wp-admin/profile.php HTTP/1.1" 301 296 "https://wowcallgirls.in/wp-login.php" "Mozilla/5.0 (Macintosh; Intel Mac OS X 10_15_7) AppleWebKit/537.36 (KHTML, like Gecko) Chrome/120.0.0.0 Safari/537.36"
152.42.218.114 - - [06/Jul/2026:18:34:44 +0000] "GET /wp-login.php?redirect_to=https%3A%2F%2Fwww.wowcallgirls.in%2Fwp-admin%2Findex.php&reauth=1 HTTP/1.1" 200 1938 "https://wowcallgirls.in/wp-login.php" "Mozilla/5.0 (Macintosh; Intel Mac OS X 10_15_7) AppleWebKit/537.36 (KHTML, like Gecko) Chrome/120.0.0.0 Safari/537.36"
152.42.218.114 - - [06/Jul/2026:18:35:16 +0000] "GET /wp-admin/profile.php HTTP/1.1" 302 - "https://wowcallgirls.in/wp-login.php" "Mozilla/5.0 (Macintosh; Intel Mac OS X 10_15_7) AppleWebKit/537.36 (KHTML, like Gecko) Chrome/120.0.0.0 Safari/537.36"
135.125.45.146 - - [06/Jul/2026:18:35:30 +0000] "GET /wp-login.php HTTP/1.1" 301 288 "-" "Mozilla/5.0 (Windows NT 10.0; Win64; x64) AppleWebKit/537.36 (KHTML, like Gecko) Chrome/120.0.0.0 Safari/537.36"
135.125.45.146 - - [06/Jul/2026:18:35:31 +0000] "GET /wp-login.php HTTP/1.1" 200 1935 "https://mail.wowcallgirls.in/wp-login.php" "Mozilla/5.0 (Windows NT 10.0; Win64; x64) AppleWebKit/537.36 (KHTML, like Gecko) Chrome/120.0.0.0 Safari/537.36"
135.125.45.146 - - [06/Jul/2026:18:35:32 +0000] "GET /wp-login.php HTTP/1.1" 200 1935 "-" "Mozilla/5.0 (Windows NT 10.0; Win64; x64) AppleWebKit/537.36 (KHTML, like Gecko) Chrome/120.0.0.0 Safari/537.36"
135.125.45.146 - - [06/Jul/2026:18:35:34 +0000] "POST /wp-login.php HTTP/1.1" 200 2070 "https://www.wowcallgirls.in/wp-login.php" "Mozilla/5.0 (Windows NT 10.0; Win64; x64) AppleWebKit/537.36 (KHTML, like Gecko) Chrome/120.0.0.0 Safari/537.36"
152.42.218.114 - - [06/Jul/2026:18:35:39 +0000] "GET /wp-login.php?redirect_to=https%3A%2F%2Fwww.wowcallgirls.in%2Fwp-admin%2Fprofile.php&reauth=1 HTTP/1.1" 200 1938 "https://wowcallgirls.in/wp-login.php" "Mozilla/5.0 (Macintosh; Intel Mac OS X 10_15_7) AppleWebKit/537.36 (KHTML, like Gecko) Chrome/120.0.0.0 Safari/537.36"
152.42.218.114 - - [06/Jul/2026:18:35:51 +0000] "POST /wp-login.php HTTP/1.1" 301 288 "https://wowcallgirls.in/wp-login.php" "Mozilla/5.0 (Macintosh; Intel Mac OS X 10_15_7) AppleWebKit/605.1.15 (KHTML, like Gecko) Version/17.1 Safari/605.1.15"
152.42.218.114 - - [06/Jul/2026:18:36:11 +0000] "GET /wp-admin/index.php HTTP/1.1" 301 294 "https://wowcallgirls.in/wp-login.php" "Mozilla/5.0 (Macintosh; Intel Mac OS X 10_15_7) AppleWebKit/605.1.15 (KHTML, like Gecko) Version/17.0 Safari/605.1.15"
152.42.218.114 - - [06/Jul/2026:18:36:22 +0000] "GET /wp-admin/index.php HTTP/1.1" 302 - "https://wowcallgirls.in/wp-login.php" "Mozilla/5.0 (Macintosh; Intel Mac OS X 10_15_7) AppleWebKit/605.1.15 (KHTML, like Gecko) Version/17.0 Safari/605.1.15"
152.42.218.114 - - [06/Jul/2026:18:36:42 +0000] "GET /wp-login.php?redirect_to=https%3A%2F%2Fwww.wowcallgirls.in%2Fwp-admin%2Findex.php&reauth=1 HTTP/1.1" 200 1938 "https://wowcallgirls.in/wp-login.php" "Mozilla/5.0 (Macintosh; Intel Mac OS X 10_15_7) AppleWebKit/605.1.15 (KHTML, like Gecko) Version/17.0 Safari/605.1.15"
152.42.218.114 - - [06/Jul/2026:18:36:54 +0000] "POST /wp-login.php HTTP/1.1" 301 288 "https://wowcallgirls.in/wp-login.php" "Mozilla/5.0 (Macintosh; Intel Mac OS X 13_6_1) AppleWebKit/605.1.15 (KHTML, like Gecko) Version/16.6 Safari/605.1.15"
152.42.218.114 - - [06/Jul/2026:18:37:14 +0000] "GET /wp-admin/index.php HTTP/1.1" 301 294 "https://wowcallgirls.in/wp-login.php" "Mozilla/5.0 (Windows NT 11.0; Win64; x64) AppleWebKit/537.36 (KHTML, like Gecko) Chrome/120.0.0.0 Safari/537.36"
152.42.218.114 - - [06/Jul/2026:18:37:44 +0000] "GET /wp-admin/profile.php HTTP/1.1" 301 296 "https://wowcallgirls.in/wp-login.php" "Mozilla/5.0 (Windows NT 11.0; Win64; x64) AppleWebKit/537.36 (KHTML, like Gecko) Chrome/120.0.0.0 Safari/537.36"
152.42.218.114 - - [06/Jul/2026:18:37:24 +0000] "GET /wp-admin/index.php HTTP/1.1" 302 - "https://wowcallgirls.in/wp-login.php" "Mozilla/5.0 (Windows NT 11.0; Win64; x64) AppleWebKit/537.36 (KHTML, like Gecko) Chrome/120.0.0.0 Safari/537.36"
152.42.218.114 - - [06/Jul/2026:18:37:53 +0000] "GET /wp-admin/profile.php HTTP/1.1" 302 - "https://wowcallgirls.in/wp-login.php" "Mozilla/5.0 (Windows NT 11.0; Win64; x64) AppleWebKit/537.36 (KHTML, like Gecko) Chrome/120.0.0.0 Safari/537.36"
152.42.218.114 - - [06/Jul/2026:18:38:15 +0000] "GET /wp-login.php?redirect_to=https%3A%2F%2Fwww.wowcallgirls.in%2Fwp-admin%2Fprofile.php&reauth=1 HTTP/1.1" 200 1938 "https://wowcallgirls.in/wp-login.php" "Mozilla/5.0 (Windows NT 11.0; Win64; x64) AppleWebKit/537.36 (KHTML, like Gecko) Chrome/120.0.0.0 Safari/537.36"
152.42.218.114 - - [06/Jul/2026:18:38:28 +0000] "POST /wp-login.php HTTP/1.1" 301 288 "https://wowcallgirls.in/wp-login.php" "Mozilla/5.0 (Windows NT 11.0; Win64; x64; rv:119.0) Gecko/20100101 Firefox/119.0"
152.42.218.114 - - [06/Jul/2026:18:38:47 +0000] "GET /wp-admin/index.php HTTP/1.1" 301 294 "https://wowcallgirls.in/wp-login.php" "Mozilla/5.0 (Windows NT 10.0; Win64; x64) AppleWebKit/537.36 (KHTML, like Gecko) Chrome/120.0.0.0 Safari/537.36"
152.42.218.114 - - [06/Jul/2026:18:38:55 +0000] "GET /wp-admin/index.php HTTP/1.1" 302 - "https://wowcallgirls.in/wp-login.php" "Mozilla/5.0 (Windows NT 10.0; Win64; x64) AppleWebKit/537.36 (KHTML, like Gecko) Chrome/120.0.0.0 Safari/537.36"
152.42.218.114 - - [06/Jul/2026:18:39:36 +0000] "GET /wp-admin/profile.php HTTP/1.1" 301 296 "https://wowcallgirls.in/wp-login.php" "Mozilla/5.0 (Windows NT 10.0; Win64; x64) AppleWebKit/537.36 (KHTML, like Gecko) Chrome/120.0.0.0 Safari/537.36"
152.42.218.114 - - [06/Jul/2026:18:40:05 +0000] "GET /wp-admin/edit.php HTTP/1.1" 301 293 "https://wowcallgirls.in/wp-login.php" "Mozilla/5.0 (Windows NT 10.0; Win64; x64) AppleWebKit/537.36 (KHTML, like Gecko) Chrome/120.0.0.0 Safari/537.36"
152.42.218.114 - - [06/Jul/2026:18:39:16 +0000] "GET /wp-login.php?redirect_to=https%3A%2F%2Fwww.wowcallgirls.in%2Fwp-admin%2Findex.php&reauth=1 HTTP/1.1" 200 1938 "https://wowcallgirls.in/wp-login.php" "Mozilla/5.0 (Windows NT 10.0; Win64; x64) AppleWebKit/537.36 (KHTML, like Gecko) Chrome/120.0.0.0 Safari/537.36"
69.161.196.4 - - [06/Jul/2026:18:40:08 +0000] "POST /wp-cron.php?doing_wp_cron=1783363208.2783141136169433593750 HTTP/1.1" 200 - "-" "WordPress/7.0; https://www.wowcallgirls.in"
152.42.218.114 - - [06/Jul/2026:18:39:45 +0000] "GET /wp-admin/profile.php HTTP/1.1" 302 - "https://wowcallgirls.in/wp-login.php" "Mozilla/5.0 (Windows NT 10.0; Win64; x64) AppleWebKit/537.36 (KHTML, like Gecko) Chrome/120.0.0.0 Safari/537.36"
152.42.218.114 - - [06/Jul/2026:18:40:16 +0000] "GET /wp-admin/edit.php HTTP/1.1" 302 - "https://wowcallgirls.in/wp-login.php" "Mozilla/5.0 (Windows NT 10.0; Win64; x64) AppleWebKit/537.36 (KHTML, like Gecko) Chrome/120.0.0.0 Safari/537.36"
152.42.218.114 - - [06/Jul/2026:18:40:35 +0000] "GET /wp-login.php?redirect_to=https%3A%2F%2Fwww.wowcallgirls.in%2Fwp-admin%2Fedit.php&reauth=1 HTTP/1.1" 200 1940 "https://wowcallgirls.in/wp-login.php" "Mozilla/5.0 (Windows NT 10.0; Win64; x64) AppleWebKit/537.36 (KHTML, like Gecko) Chrome/120.0.0.0 Safari/537.36"
152.42.218.114 - - [06/Jul/2026:18:40:45 +0000] "POST /wp-login.php HTTP/1.1" 301 288 "https://wowcallgirls.in/wp-login.php" "Mozilla/5.0 (Windows NT 11.0; Win64; x64; rv:120.0) Gecko/20100101 Firefox/120.0"
152.42.218.114 - - [06/Jul/2026:18:41:00 +0000] "GET /wp-admin/index.php HTTP/1.1" 301 294 "https://wowcallgirls.in/wp-login.php" "Mozilla/5.0 (Windows NT 10.0; Win64; x64) AppleWebKit/537.36 (KHTML, like Gecko) Chrome/119.0.0.0 Safari/537.36"
152.42.218.114 - - [06/Jul/2026:18:41:08 +0000] "GET /wp-admin/index.php HTTP/1.1" 302 - "https://wowcallgirls.in/wp-login.php" "Mozilla/5.0 (Windows NT 10.0; Win64; x64) AppleWebKit/537.36 (KHTML, like Gecko) Chrome/119.0.0.0 Safari/537.36"
152.42.218.114 - - [06/Jul/2026:18:41:41 +0000] "GET /wp-admin/profile.php HTTP/1.1" 301 296 "https://wowcallgirls.in/wp-login.php" "Mozilla/5.0 (Windows NT 10.0; Win64; x64) AppleWebKit/537.36 (KHTML, like Gecko) Chrome/119.0.0.0 Safari/537.36"
152.42.218.114 - - [06/Jul/2026:18:42:05 +0000] "GET /wp-admin/edit.php HTTP/1.1" 301 293 "https://wowcallgirls.in/wp-login.php" "Mozilla/5.0 (Windows NT 10.0; Win64; x64) AppleWebKit/537.36 (KHTML, like Gecko) Chrome/119.0.0.0 Safari/537.36"
152.42.218.114 - - [06/Jul/2026:18:41:24 +0000] "GET /wp-login.php?redirect_to=https%3A%2F%2Fwww.wowcallgirls.in%2Fwp-admin%2Findex.php&reauth=1 HTTP/1.1" 200 1938 "https://wowcallgirls.in/wp-login.php" "Mozilla/5.0 (Windows NT 10.0; Win64; x64) AppleWebKit/537.36 (KHTML, like Gecko) Chrome/119.0.0.0 Safari/537.36"
152.42.218.114 - - [06/Jul/2026:18:41:47 +0000] "GET /wp-admin/profile.php HTTP/1.1" 302 - "https://wowcallgirls.in/wp-login.php" "Mozilla/5.0 (Windows NT 10.0; Win64; x64) AppleWebKit/537.36 (KHTML, like Gecko) Chrome/119.0.0.0 Safari/537.36"
152.42.218.114 - - [06/Jul/2026:18:42:13 +0000] "GET /wp-admin/edit.php HTTP/1.1" 302 - "https://wowcallgirls.in/wp-login.php" "Mozilla/5.0 (Windows NT 10.0; Win64; x64) AppleWebKit/537.36 (KHTML, like Gecko) Chrome/119.0.0.0 Safari/537.36"
162.254.36.150 - - [06/Jul/2026:18:42:25 +0000] "GET /wp-login.php HTTP/1.1" 301 288 "-" "Mozilla/5.0 (Windows NT 10.0) AppleWebKit/537.36 (KHTML, like Gecko) Chrome/133.0.0.0 Safari/537.36"
152.42.218.114 - - [06/Jul/2026:18:42:54 +0000] "GET /wp-admin/plugins.php HTTP/1.1" 301 296 "https://wowcallgirls.in/wp-login.php" "Mozilla/5.0 (Windows NT 10.0; Win64; x64) AppleWebKit/537.36 (KHTML, like Gecko) Chrome/119.0.0.0 Safari/537.36"
151.31.186.233 - - [06/Jul/2026:18:43:14 +0000] "POST /xmlrpc.php HTTP/1.1" 301 286 "-" "Jetpack by WordPress.com"
152.42.218.114 - - [06/Jul/2026:18:43:22 +0000] "POST /wp-login.php HTTP/1.1" 301 288 "https://wowcallgirls.in/wp-login.php" "Mozilla/5.0 (Macintosh; Intel Mac OS X 13_6_1) AppleWebKit/537.36 (KHTML, like Gecko) Chrome/118.0.0.0 Safari/537.36"
151.31.186.233 - - [06/Jul/2026:18:43:23 +0000] "POST /xmlrpc.php HTTP/1.1" 301 286 "-" "WordPress.com; https://wordpress.com"
151.31.186.233 - - [06/Jul/2026:18:43:35 +0000] "POST /xmlrpc.php HTTP/1.1" 301 286 "-" "Jetpack/12.5; WordPress/6.4; http://site13414972.com"
152.42.218.114 - - [06/Jul/2026:18:43:38 +0000] "GET /wp-admin/index.php HTTP/1.1" 301 294 "https://wowcallgirls.in/wp-login.php" "Mozilla/5.0 (Macintosh; Intel Mac OS X 10_15_7) AppleWebKit/605.1.15 (KHTML, like Gecko) Version/16.6 Safari/605.1.15"
151.31.186.233 - - [06/Jul/2026:18:43:48 +0000] "POST /xmlrpc.php HTTP/1.1" 301 286 "-" "WordPress.com; https://wordpress.com"
151.31.186.233 - - [06/Jul/2026:18:44:00 +0000] "POST /xmlrpc.php HTTP/1.1" 301 286 "-" "Jetpack/12.0; WordPress/6.2; http://site18455887.com"
152.42.218.114 - - [06/Jul/2026:18:42:33 +0000] "GET /wp-login.php?redirect_to=https%3A%2F%2Fwww.wowcallgirls.in%2Fwp-admin%2Fedit.php&reauth=1 HTTP/1.1" 200 1940 "https://wowcallgirls.in/wp-login.php" "Mozilla/5.0 (Windows NT 10.0; Win64; x64) AppleWebKit/537.36 (KHTML, like Gecko) Chrome/119.0.0.0 Safari/537.36"
152.42.218.114 - - [06/Jul/2026:18:44:07 +0000] "GET /wp-admin/profile.php HTTP/1.1" 301 296 "https://wowcallgirls.in/wp-login.php" "Mozilla/5.0 (Macintosh; Intel Mac OS X 10_15_7) AppleWebKit/605.1.15 (KHTML, like Gecko) Version/16.6 Safari/605.1.15"
152.42.218.114 - - [06/Jul/2026:18:43:03 +0000] "GET /wp-admin/plugins.php HTTP/1.1" 302 - "https://wowcallgirls.in/wp-login.php" "Mozilla/5.0 (Windows NT 10.0; Win64; x64) AppleWebKit/537.36 (KHTML, like Gecko) Chrome/119.0.0.0 Safari/537.36"
152.42.218.114 - - [06/Jul/2026:18:43:48 +0000] "GET /wp-admin/index.php HTTP/1.1" 302 - "https://wowcallgirls.in/wp-login.php" "Mozilla/5.0 (Macintosh; Intel Mac OS X 10_15_7) AppleWebKit/605.1.15 (KHTML, like Gecko) Version/16.6 Safari/605.1.15"
216.244.66.247 - - [06/Jul/2026:18:44:02 +0000] "GET /robots.txt HTTP/1.1" 200 120 "-" "Mozilla/5.0 (compatible; DotBot/1.2; +https://opensiteexplorer.org/dotbot; help@moz.com)"
151.31.186.233 - - [06/Jul/2026:18:44:12 +0000] "POST /xmlrpc.php HTTP/1.1" 301 286 "-" "Jetpack/12.0; WordPress/6.1; http://site92739288.com"
216.244.66.247 - - [06/Jul/2026:18:44:03 +0000] "GET /robots.txt HTTP/1.1" 200 120 "-" "Mozilla/5.0 (compatible; DotBot/1.2; +https://opensiteexplorer.org/dotbot; help@moz.com)"
152.42.218.114 - - [06/Jul/2026:18:44:16 +0000] "GET /wp-admin/profile.php HTTP/1.1" 302 - "https://wowcallgirls.in/wp-login.php" "Mozilla/5.0 (Macintosh; Intel Mac OS X 10_15_7) AppleWebKit/605.1.15 (KHTML, like Gecko) Version/16.6 Safari/605.1.15"
151.31.186.233 - - [06/Jul/2026:18:44:24 +0000] "POST /xmlrpc.php HTTP/1.1" 301 286 "-" "Jetpack by WordPress.com"
151.31.186.233 - - [06/Jul/2026:18:44:36 +0000] "POST /xmlrpc.php HTTP/1.1" 301 286 "-" "Jetpack by WordPress.com (Jetpack 12.5; WordPress 6.2)"
151.31.186.233 - - [06/Jul/2026:18:44:48 +0000] "POST /xmlrpc.php HTTP/1.1" 301 286 "-" "WordPress.com; https://wordpress.com"
152.42.218.114 - - [06/Jul/2026:18:44:54 +0000] "GET /wp-admin/edit.php HTTP/1.1" 301 293 "https://wowcallgirls.in/wp-login.php" "Mozilla/5.0 (Macintosh; Intel Mac OS X 10_15_7) AppleWebKit/605.1.15 (KHTML, like Gecko) Version/16.6 Safari/605.1.15"
151.31.186.233 - - [06/Jul/2026:18:45:00 +0000] "POST /xmlrpc.php HTTP/1.1" 301 286 "-" "WordPress.com; https://wordpress.com"
151.31.186.233 - - [06/Jul/2026:18:45:13 +0000] "POST /xmlrpc.php HTTP/1.1" 301 286 "-" "Jetpack by WordPress.com (Jetpack 12.5; WordPress 6.4)"
151.31.186.233 - - [06/Jul/2026:18:45:25 +0000] "POST /xmlrpc.php HTTP/1.1" 301 286 "-" "Jetpack by WordPress.com"
152.42.218.114 - - [06/Jul/2026:18:45:26 +0000] "GET /wp-admin/plugins.php HTTP/1.1" 301 296 "https://wowcallgirls.in/wp-login.php" "Mozilla/5.0 (Macintosh; Intel Mac OS X 10_15_7) AppleWebKit/605.1.15 (KHTML, like Gecko) Version/16.6 Safari/605.1.15"
152.42.218.114 - - [06/Jul/2026:18:44:35 +0000] "GET /wp-login.php?redirect_to=https%3A%2F%2Fwww.wowcallgirls.in%2Fwp-admin%2Fprofile.php&reauth=1 HTTP/1.1" 200 1938 "https://wowcallgirls.in/wp-login.php" "Mozilla/5.0 (Macintosh; Intel Mac OS X 10_15_7) AppleWebKit/605.1.15 (KHTML, like Gecko) Version/16.6 Safari/605.1.15"
151.31.186.233 - - [06/Jul/2026:18:45:37 +0000] "POST /xmlrpc.php HTTP/1.1" 301 286 "-" "Jetpack by WordPress.com (Jetpack 13.0; WordPress 6.4)"
152.42.218.114 - - [06/Jul/2026:18:45:06 +0000] "GET /wp-admin/edit.php HTTP/1.1" 302 - "https://wowcallgirls.in/wp-login.php" "Mozilla/5.0 (Macintosh; Intel Mac OS X 10_15_7) AppleWebKit/605.1.15 (KHTML, like Gecko) Version/16.6 Safari/605.1.15"
34.11.74.231 - - [06/Jul/2026:18:45:28 +0000] "HEAD /blog/ HTTP/1.1" 404 - "http://wowcallgirls.in/blog/" "Mozilla/5.0 (Windows NT 10.0; Win64; x64) AppleWebKit/537.36 (KHTML, like Gecko) Chrome/125.0.6422.112 Safari/537.36 Brave/1.63.120"
152.42.218.114 - - [06/Jul/2026:18:45:35 +0000] "GET /wp-admin/plugins.php HTTP/1.1" 302 - "https://wowcallgirls.in/wp-login.php" "Mozilla/5.0 (Macintosh; Intel Mac OS X 10_15_7) AppleWebKit/605.1.15 (KHTML, like Gecko) Version/16.6 Safari/605.1.15"
151.31.186.233 - - [06/Jul/2026:18:45:49 +0000] "POST /xmlrpc.php HTTP/1.1" 301 286 "-" "Jetpack by WordPress.com (Jetpack 12.5; WordPress 6.3)"
151.31.186.233 - - [06/Jul/2026:18:46:02 +0000] "POST /xmlrpc.php HTTP/1.1" 301 286 "-" "Jetpack/12.5; WordPress/6.1; http://site36789387.com"
151.31.186.233 - - [06/Jul/2026:18:46:14 +0000] "POST /xmlrpc.php HTTP/1.1" 301 286 "-" "Jetpack by WordPress.com (Jetpack 12.1; WordPress 6.3)"
151.31.186.233 - - [06/Jul/2026:18:46:28 +0000] "POST /xmlrpc.php HTTP/1.1" 301 286 "-" "Jetpack by WordPress.com (Jetpack 12.5; WordPress 6.2)"
151.31.186.233 - - [06/Jul/2026:18:46:40 +0000] "POST /xmlrpc.php HTTP/1.1" 301 286 "-" "WordPress.com; https://wordpress.com"
151.31.186.233 - - [06/Jul/2026:18:46:54 +0000] "POST /xmlrpc.php HTTP/1.1" 301 286 "-" "WordPress.com; https://wordpress.com"
151.31.186.233 - - [06/Jul/2026:18:47:07 +0000] "POST /xmlrpc.php HTTP/1.1" 301 286 "-" "Jetpack/12.5; WordPress/6.1; http://site98682704.com"
151.31.186.233 - - [06/Jul/2026:18:47:21 +0000] "POST /xmlrpc.php HTTP/1.1" 301 286 "-" "Jetpack by WordPress.com"
151.31.186.233 - - [06/Jul/2026:18:47:31 +0000] "POST /xmlrpc.php HTTP/1.1" 301 286 "-" "Jetpack by WordPress.com"
151.31.186.233 - - [06/Jul/2026:18:47:44 +0000] "POST /xmlrpc.php HTTP/1.1" 301 286 "-" "Jetpack by WordPress.com (Jetpack 12.5; WordPress 6.1)"
151.31.186.233 - - [06/Jul/2026:18:47:56 +0000] "POST /xmlrpc.php HTTP/1.1" 301 286 "-" "WordPress.com; https://wordpress.com"
151.31.186.233 - - [06/Jul/2026:18:48:08 +0000] "POST /xmlrpc.php HTTP/1.1" 301 286 "-" "WordPress.com; https://wordpress.com"
151.31.186.233 - - [06/Jul/2026:18:48:20 +0000] "POST /xmlrpc.php HTTP/1.1" 301 286 "-" "Jetpack/12.1; WordPress/6.1; http://site85271107.com"
151.31.186.233 - - [06/Jul/2026:18:48:32 +0000] "POST /xmlrpc.php HTTP/1.1" 301 286 "-" "Jetpack by WordPress.com"
151.31.186.233 - - [06/Jul/2026:18:48:44 +0000] "POST /xmlrpc.php HTTP/1.1" 301 286 "-" "Jetpack by WordPress.com (Jetpack 12.5; WordPress 6.3)"
151.31.186.233 - - [06/Jul/2026:18:48:57 +0000] "POST /xmlrpc.php HTTP/1.1" 301 286 "-" "Jetpack by WordPress.com (Jetpack 12.0; WordPress 6.3)"
151.31.186.233 - - [06/Jul/2026:18:49:10 +0000] "POST /xmlrpc.php HTTP/1.1" 301 286 "-" "Jetpack/13.0; WordPress/6.1; http://site87798007.com"
151.31.186.233 - - [06/Jul/2026:18:49:22 +0000] "POST /xmlrpc.php HTTP/1.1" 301 286 "-" "WordPress.com; https://wordpress.com"
151.31.186.233 - - [06/Jul/2026:18:48:24 +0000] "GET /xmlrpc.php HTTP/1.1" 404 - "-" "Jetpack/12.1; WordPress/6.1; http://site85271107.com"
151.31.186.233 - - [06/Jul/2026:18:48:33 +0000] "GET /xmlrpc.php HTTP/1.1" 404 - "-" "Jetpack by WordPress.com"
151.31.186.233 - - [06/Jul/2026:18:48:45 +0000] "GET /xmlrpc.php HTTP/1.1" 404 - "-" "Jetpack by WordPress.com (Jetpack 12.5; WordPress 6.3)"
151.31.186.233 - - [06/Jul/2026:18:48:58 +0000] "GET /xmlrpc.php HTTP/1.1" 404 - "-" "Jetpack by WordPress.com (Jetpack 12.0; WordPress 6.3)"
151.31.186.233 - - [06/Jul/2026:18:49:10 +0000] "GET /xmlrpc.php HTTP/1.1" 404 - "-" "Jetpack/13.0; WordPress/6.1; http://site87798007.com"
216.73.216.50 - - [06/Jul/2026:18:49:21 +0000] "GET /wp-sitemap.xml HTTP/1.1" 200 226 "-" "Mozilla/5.0 AppleWebKit/537.36 (KHTML, like Gecko; compatible; ClaudeBot/1.0; +claudebot@anthropic.com)"
151.31.186.233 - - [06/Jul/2026:18:49:22 +0000] "GET /xmlrpc.php HTTP/1.1" 404 - "-" "WordPress.com; https://wordpress.com"
151.31.186.233 - - [06/Jul/2026:18:49:35 +0000] "POST /xmlrpc.php HTTP/1.1" 301 286 "-" "Jetpack by WordPress.com"
151.31.186.233 - - [06/Jul/2026:18:49:35 +0000] "GET /xmlrpc.php HTTP/1.1" 404 - "-" "Jetpack by WordPress.com"
151.31.186.233 - - [06/Jul/2026:18:49:47 +0000] "POST /xmlrpc.php HTTP/1.1" 301 286 "-" "WordPress.com; https://wordpress.com"
151.31.186.233 - - [06/Jul/2026:18:49:48 +0000] "GET /xmlrpc.php HTTP/1.1" 404 - "-" "WordPress.com; https://wordpress.com"
151.31.186.233 - - [06/Jul/2026:18:50:00 +0000] "POST /xmlrpc.php HTTP/1.1" 301 286 "-" "Jetpack by WordPress.com"
151.31.186.233 - - [06/Jul/2026:18:50:01 +0000] "GET /xmlrpc.php HTTP/1.1" 404 - "-" "Jetpack by WordPress.com"
78.142.18.172 - - [06/Jul/2026:18:50:13 +0000] "GET /wp-login.php HTTP/1.1" 301 288 "-" "Mozilla/5.0 (Windows NT 10.0; Win64; x64) AppleWebKit/537.36 (KHTML, like Gecko) Chrome/133.0.0.0 Safari/537.36 Edg/133.0.0.0"
151.31.186.233 - - [06/Jul/2026:18:50:14 +0000] "POST /xmlrpc.php HTTP/1.1" 301 286 "-" "Jetpack by WordPress.com (Jetpack 12.5; WordPress 6.1)"
151.31.186.233 - - [06/Jul/2026:18:50:14 +0000] "GET /xmlrpc.php HTTP/1.1" 404 - "-" "Jetpack by WordPress.com (Jetpack 12.5; WordPress 6.1)"
78.142.18.172 - - [06/Jul/2026:18:50:15 +0000] "GET /wp-login.php HTTP/1.1" 200 1935 "https://wowcallgirls.in/wp-login.php" "Mozilla/5.0 (Windows NT 10.0; Win64; x64) AppleWebKit/537.36 (KHTML, like Gecko) Chrome/133.0.0.0 Safari/537.36 Edg/133.0.0.0"
78.142.18.172 - - [06/Jul/2026:18:50:20 +0000] "POST /wp-login.php HTTP/1.1" 301 288 "https://wowcallgirls.in/wp-login.php" "Mozilla/5.0 (Windows NT 10.0; Win64; x64) AppleWebKit/537.36 (KHTML, like Gecko) Chrome/133.0.0.0 Safari/537.36 Edg/133.0.0.0"
78.142.18.172 - - [06/Jul/2026:18:50:20 +0000] "GET /wp-login.php HTTP/1.1" 200 1935 "https://wowcallgirls.in/wp-login.php" "Mozilla/5.0 (Windows NT 10.0; Win64; x64) AppleWebKit/537.36 (KHTML, like Gecko) Chrome/133.0.0.0 Safari/537.36 Edg/133.0.0.0"
151.31.186.233 - - [06/Jul/2026:18:50:26 +0000] "POST /xmlrpc.php HTTP/1.1" 301 286 "-" "WordPress.com; https://wordpress.com"
151.31.186.233 - - [06/Jul/2026:18:50:27 +0000] "GET /xmlrpc.php HTTP/1.1" 404 - "-" "WordPress.com; https://wordpress.com"
151.31.186.233 - - [06/Jul/2026:18:50:39 +0000] "POST /xmlrpc.php HTTP/1.1" 301 286 "-" "WordPress.com; https://wordpress.com"
151.31.186.233 - - [06/Jul/2026:18:50:39 +0000] "GET /xmlrpc.php HTTP/1.1" 404 - "-" "WordPress.com; https://wordpress.com"
151.31.186.233 - - [06/Jul/2026:18:50:52 +0000] "POST /xmlrpc.php HTTP/1.1" 301 286 "-" "Jetpack/12.1; WordPress/6.2; http://site11661001.com"
216.244.66.247 - - [06/Jul/2026:18:50:55 +0000] "GET /model-call-girl-delhi-arushi.html HTTP/1.1" 508 288 "-" "Mozilla/5.0 (compatible; DotBot/1.2; +https://opensiteexplorer.org/dotbot; help@moz.com)"
151.31.186.233 - - [06/Jul/2026:18:50:52 +0000] "GET /xmlrpc.php HTTP/1.1" 404 - "-" "Jetpack/12.1; WordPress/6.2; http://site11661001.com"
37.67.192.253 - - [06/Jul/2026:18:50:59 +0000] "POST /xmlrpc.php HTTP/1.1" 301 286 "-" "Jetpack by WordPress.com (Jetpack 12.0; WordPress 6.1)"
37.67.192.253 - - [06/Jul/2026:18:51:00 +0000] "GET /xmlrpc.php HTTP/1.1" 508 288 "-" "Jetpack by WordPress.com (Jetpack 12.0; WordPress 6.1)"
151.31.186.233 - - [06/Jul/2026:18:51:05 +0000] "POST /xmlrpc.php HTTP/1.1" 301 286 "-" "Jetpack by WordPress.com (Jetpack 12.1; WordPress 6.1)"
151.31.186.233 - - [06/Jul/2026:18:51:05 +0000] "GET /xmlrpc.php HTTP/1.1" 404 - "-" "Jetpack by WordPress.com (Jetpack 12.1; WordPress 6.1)"
37.67.192.253 - - [06/Jul/2026:18:51:10 +0000] "POST /xmlrpc.php HTTP/1.1" 301 286 "-" "WordPress.com; https://wordpress.com"
37.67.192.253 - - [06/Jul/2026:18:51:10 +0000] "GET /xmlrpc.php HTTP/1.1" 508 288 "-" "WordPress.com; https://wordpress.com"
151.31.186.233 - - [06/Jul/2026:18:51:18 +0000] "POST /xmlrpc.php HTTP/1.1" 301 286 "-" "WordPress.com; https://wordpress.com"
151.31.186.233 - - [06/Jul/2026:18:51:18 +0000] "GET /xmlrpc.php HTTP/1.1" 508 288 "-" "WordPress.com; https://wordpress.com"
37.67.192.253 - - [06/Jul/2026:18:51:21 +0000] "POST /xmlrpc.php HTTP/1.1" 301 286 "-" "WordPress.com; https://wordpress.com"
37.67.192.253 - - [06/Jul/2026:18:51:21 +0000] "GET /xmlrpc.php HTTP/1.1" 508 288 "-" "WordPress.com; https://wordpress.com"
37.67.192.253 - - [06/Jul/2026:18:51:31 +0000] "POST /xmlrpc.php HTTP/1.1" 301 286 "-" "Jetpack by WordPress.com (Jetpack 12.0; WordPress 6.3)"
37.67.192.253 - - [06/Jul/2026:18:51:31 +0000] "GET /xmlrpc.php HTTP/1.1" 508 288 "-" "Jetpack by WordPress.com (Jetpack 12.0; WordPress 6.3)"
151.31.186.233 - - [06/Jul/2026:18:51:31 +0000] "POST /xmlrpc.php HTTP/1.1" 301 286 "-" "Jetpack by WordPress.com (Jetpack 12.1; WordPress 6.1)"
151.31.186.233 - - [06/Jul/2026:18:51:32 +0000] "GET /xmlrpc.php HTTP/1.1" 508 288 "-" "Jetpack by WordPress.com (Jetpack 12.1; WordPress 6.1)"
37.67.192.253 - - [06/Jul/2026:18:51:42 +0000] "POST /xmlrpc.php HTTP/1.1" 301 286 "-" "Jetpack/12.5; WordPress/6.2; http://site54148858.com"
151.31.186.233 - - [06/Jul/2026:18:51:45 +0000] "POST /xmlrpc.php HTTP/1.1" 301 286 "-" "Jetpack by WordPress.com (Jetpack 12.1; WordPress 6.1)"
151.31.186.233 - - [06/Jul/2026:18:51:45 +0000] "GET /xmlrpc.php HTTP/1.1" 508 288 "-" "Jetpack by WordPress.com (Jetpack 12.1; WordPress 6.1)"
37.67.192.253 - - [06/Jul/2026:18:51:53 +0000] "POST /xmlrpc.php HTTP/1.1" 301 286 "-" "WordPress.com; https://wordpress.com"
37.67.192.253 - - [06/Jul/2026:18:51:53 +0000] "GET /xmlrpc.php HTTP/1.1" 508 288 "-" "WordPress.com; https://wordpress.com"
151.31.186.233 - - [06/Jul/2026:18:51:56 +0000] "POST /xmlrpc.php HTTP/1.1" 301 286 "-" "Jetpack/13.0; WordPress/6.4; http://site51376175.com"
151.31.186.233 - - [06/Jul/2026:18:51:57 +0000] "GET /xmlrpc.php HTTP/1.1" 508 288 "-" "Jetpack/13.0; WordPress/6.4; http://site51376175.com"
37.67.192.253 - - [06/Jul/2026:18:52:03 +0000] "POST /xmlrpc.php HTTP/1.1" 301 286 "-" "Jetpack by WordPress.com"
37.67.192.253 - - [06/Jul/2026:18:52:03 +0000] "GET /xmlrpc.php HTTP/1.1" 508 288 "-" "Jetpack by WordPress.com"
151.31.186.233 - - [06/Jul/2026:18:52:09 +0000] "POST /xmlrpc.php HTTP/1.1" 301 286 "-" "WordPress.com; https://wordpress.com"
151.31.186.233 - - [06/Jul/2026:18:52:10 +0000] "GET /xmlrpc.php HTTP/1.1" 508 288 "-" "WordPress.com; https://wordpress.com"
37.67.192.253 - - [06/Jul/2026:18:52:14 +0000] "POST /xmlrpc.php HTTP/1.1" 301 286 "-" "Jetpack by WordPress.com"
37.67.192.253 - - [06/Jul/2026:18:52:14 +0000] "GET /xmlrpc.php HTTP/1.1" 508 288 "-" "Jetpack by WordPress.com"
151.31.186.233 - - [06/Jul/2026:18:52:22 +0000] "POST /xmlrpc.php HTTP/1.1" 301 286 "-" "Jetpack by WordPress.com"
37.67.192.253 - - [06/Jul/2026:18:52:25 +0000] "POST /xmlrpc.php HTTP/1.1" 301 286 "-" "Jetpack/12.5; WordPress/6.4; http://site58085192.com"
37.67.192.253 - - [06/Jul/2026:18:51:42 +0000] "GET /xmlrpc.php HTTP/1.1" 404 - "-" "Jetpack/12.5; WordPress/6.2; http://site54148858.com"
151.31.186.233 - - [06/Jul/2026:18:52:23 +0000] "GET /xmlrpc.php HTTP/1.1" 404 - "-" "Jetpack by WordPress.com"
151.31.186.233 - - [06/Jul/2026:18:52:35 +0000] "POST /xmlrpc.php HTTP/1.1" 301 286 "-" "Jetpack/12.0; WordPress/6.3; http://site46385940.com"
37.67.192.253 - - [06/Jul/2026:18:52:35 +0000] "POST /xmlrpc.php HTTP/1.1" 301 286 "-" "Jetpack by WordPress.com (Jetpack 12.5; WordPress 6.2)"
37.67.192.253 - - [06/Jul/2026:18:52:25 +0000] "GET /xmlrpc.php HTTP/1.1" 404 - "-" "Jetpack/12.5; WordPress/6.4; http://site58085192.com"
37.67.192.253 - - [06/Jul/2026:18:52:35 +0000] "GET /xmlrpc.php HTTP/1.1" 404 - "-" "Jetpack by WordPress.com (Jetpack 12.5; WordPress 6.2)"
151.31.186.233 - - [06/Jul/2026:18:52:35 +0000] "GET /xmlrpc.php HTTP/1.1" 404 - "-" "Jetpack/12.0; WordPress/6.3; http://site46385940.com"
216.244.66.247 - - [06/Jul/2026:18:52:40 +0000] "GET /call-girl-noida-charu.html HTTP/1.1" 301 302 "-" "Mozilla/5.0 (compatible; DotBot/1.2; +https://opensiteexplorer.org/dotbot; help@moz.com)"
37.67.192.253 - - [06/Jul/2026:18:52:46 +0000] "POST /xmlrpc.php HTTP/1.1" 301 286 "-" "Jetpack by WordPress.com"
37.67.192.253 - - [06/Jul/2026:18:52:46 +0000] "GET /xmlrpc.php HTTP/1.1" 508 288 "-" "Jetpack by WordPress.com"
151.31.186.233 - - [06/Jul/2026:18:52:48 +0000] "POST /xmlrpc.php HTTP/1.1" 301 286 "-" "Jetpack/12.1; WordPress/6.4; http://site62772022.com"
151.31.186.233 - - [06/Jul/2026:18:52:48 +0000] "GET /xmlrpc.php HTTP/1.1" 508 288 "-" "Jetpack/12.1; WordPress/6.4; http://site62772022.com"
37.67.192.253 - - [06/Jul/2026:18:52:57 +0000] "POST /xmlrpc.php HTTP/1.1" 301 286 "-" "Jetpack/12.0; WordPress/6.2; http://site79804538.com"
151.31.186.233 - - [06/Jul/2026:18:53:01 +0000] "POST /xmlrpc.php HTTP/1.1" 301 286 "-" "Jetpack/13.0; WordPress/6.4; http://site56029848.com"
151.31.186.233 - - [06/Jul/2026:18:53:02 +0000] "GET /xmlrpc.php HTTP/1.1" 508 288 "-" "Jetpack/13.0; WordPress/6.4; http://site56029848.com"
37.67.192.253 - - [06/Jul/2026:18:53:07 +0000] "POST /xmlrpc.php HTTP/1.1" 301 286 "-" "WordPress.com; https://wordpress.com"
151.31.186.233 - - [06/Jul/2026:18:53:15 +0000] "POST /xmlrpc.php HTTP/1.1" 301 286 "-" "Jetpack by WordPress.com (Jetpack 12.5; WordPress 6.1)"
37.67.192.253 - - [06/Jul/2026:18:53:18 +0000] "POST /xmlrpc.php HTTP/1.1" 301 286 "-" "Jetpack/12.5; WordPress/6.4; http://site93640988.com"
37.67.192.253 - - [06/Jul/2026:18:53:18 +0000] "GET /xmlrpc.php HTTP/1.1" 508 288 "-" "Jetpack/12.5; WordPress/6.4; http://site93640988.com"
37.67.192.253 - - [06/Jul/2026:18:53:28 +0000] "POST /xmlrpc.php HTTP/1.1" 301 286 "-" "WordPress.com; https://wordpress.com"
151.31.186.233 - - [06/Jul/2026:18:53:29 +0000] "POST /xmlrpc.php HTTP/1.1" 301 286 "-" "Jetpack/12.5; WordPress/6.4; http://site90393586.com"
37.67.192.253 - - [06/Jul/2026:18:53:29 +0000] "GET /xmlrpc.php HTTP/1.1" 508 288 "-" "WordPress.com; https://wordpress.com"
121.200.216.55 - - [06/Jul/2026:18:53:29 +0000] "GET /wp-login.php HTTP/1.1" 301 288 "-" "Mozilla/5.0 (X11; Ubuntu; Linux x86_64; rv:133.0) Gecko/20100101 Firefox/133.0"
151.31.186.233 - - [06/Jul/2026:18:53:29 +0000] "GET /xmlrpc.php HTTP/1.1" 508 288 "-" "Jetpack/12.5; WordPress/6.4; http://site90393586.com"
121.200.216.55 - - [06/Jul/2026:18:53:32 +0000] "GET /wp-login.php HTTP/1.1" 508 288 "https://mail.wowcallgirls.in/wp-login.php" "Mozilla/5.0 (X11; Ubuntu; Linux x86_64; rv:133.0) Gecko/20100101 Firefox/133.0"
121.200.216.55 - - [06/Jul/2026:18:53:33 +0000] "POST /wp-login.php HTTP/1.1" 301 288 "https://mail.wowcallgirls.in/wp-login.php" "Mozilla/5.0 (X11; Ubuntu; Linux x86_64; rv:133.0) Gecko/20100101 Firefox/133.0"
37.67.192.253 - - [06/Jul/2026:18:53:39 +0000] "POST /xmlrpc.php HTTP/1.1" 301 286 "-" "Jetpack by WordPress.com (Jetpack 13.0; WordPress 6.3)"
37.67.192.253 - - [06/Jul/2026:18:53:39 +0000] "GET /xmlrpc.php HTTP/1.1" 508 288 "-" "Jetpack by WordPress.com (Jetpack 13.0; WordPress 6.3)"
151.31.186.233 - - [06/Jul/2026:18:53:41 +0000] "POST /xmlrpc.php HTTP/1.1" 301 286 "-" "Jetpack by WordPress.com"
151.31.186.233 - - [06/Jul/2026:18:53:42 +0000] "GET /xmlrpc.php HTTP/1.1" 508 288 "-" "Jetpack by WordPress.com"
121.200.216.55 - - [06/Jul/2026:18:53:42 +0000] "GET /wp-login.php HTTP/1.1" 508 288 "https://mail.wowcallgirls.in/wp-login.php" "Mozilla/5.0 (X11; Ubuntu; Linux x86_64; rv:133.0) Gecko/20100101 Firefox/133.0"
37.67.192.253 - - [06/Jul/2026:18:53:50 +0000] "POST /xmlrpc.php HTTP/1.1" 301 286 "-" "Jetpack by WordPress.com (Jetpack 12.0; WordPress 6.1)"
37.67.192.253 - - [06/Jul/2026:18:53:50 +0000] "GET /xmlrpc.php HTTP/1.1" 508 288 "-" "Jetpack by WordPress.com (Jetpack 12.0; WordPress 6.1)"
151.31.186.233 - - [06/Jul/2026:18:53:54 +0000] "POST /xmlrpc.php HTTP/1.1" 301 286 "-" "WordPress.com; https://wordpress.com"
151.31.186.233 - - [06/Jul/2026:18:53:55 +0000] "GET /xmlrpc.php HTTP/1.1" 508 288 "-" "WordPress.com; https://wordpress.com"
37.67.192.253 - - [06/Jul/2026:18:54:00 +0000] "POST /xmlrpc.php HTTP/1.1" 301 286 "-" "Jetpack/13.0; WordPress/6.2; http://site91845516.com"
37.67.192.253 - - [06/Jul/2026:18:54:00 +0000] "GET /xmlrpc.php HTTP/1.1" 508 288 "-" "Jetpack/13.0; WordPress/6.2; http://site91845516.com"
151.31.186.233 - - [06/Jul/2026:18:54:08 +0000] "POST /xmlrpc.php HTTP/1.1" 301 286 "-" "Jetpack/12.1; WordPress/6.3; http://site83895743.com"
151.31.186.233 - - [06/Jul/2026:18:54:09 +0000] "GET /xmlrpc.php HTTP/1.1" 508 288 "-" "Jetpack/12.1; WordPress/6.3; http://site83895743.com"
37.67.192.253 - - [06/Jul/2026:18:54:11 +0000] "POST /xmlrpc.php HTTP/1.1" 301 286 "-" "Jetpack/13.0; WordPress/6.1; http://site95019563.com"
37.67.192.253 - - [06/Jul/2026:18:54:11 +0000] "GET /xmlrpc.php HTTP/1.1" 508 288 "-" "Jetpack/13.0; WordPress/6.1; http://site95019563.com"
151.31.186.233 - - [06/Jul/2026:18:54:22 +0000] "POST /xmlrpc.php HTTP/1.1" 301 286 "-" "Jetpack/12.0; WordPress/6.3; http://site57695539.com"
37.67.192.253 - - [06/Jul/2026:18:54:22 +0000] "POST /xmlrpc.php HTTP/1.1" 301 286 "-" "Jetpack/12.5; WordPress/6.3; http://site75162439.com"
37.67.192.253 - - [06/Jul/2026:18:54:22 +0000] "GET /xmlrpc.php HTTP/1.1" 508 288 "-" "Jetpack/12.5; WordPress/6.3; http://site75162439.com"
103.131.71.100 - - [06/Jul/2026:18:54:24 +0000] "GET /robots.txt HTTP/1.1" 508 288 "-" "Mozilla/5.0 (compatible; coccocbot-web/1.0; +http://help.coccoc.com/searchengine)"
151.31.186.233 - - [06/Jul/2026:18:54:26 +0000] "GET /xmlrpc.php HTTP/1.1" 508 288 "-" "Jetpack/12.0; WordPress/6.3; http://site57695539.com"
37.67.192.253 - - [06/Jul/2026:18:54:32 +0000] "POST /xmlrpc.php HTTP/1.1" 301 286 "-" "WordPress.com; https://wordpress.com"
37.67.192.253 - - [06/Jul/2026:18:54:34 +0000] "GET /xmlrpc.php HTTP/1.1" 508 288 "-" "WordPress.com; https://wordpress.com"
151.31.186.233 - - [06/Jul/2026:18:54:40 +0000] "POST /xmlrpc.php HTTP/1.1" 301 286 "-" "Jetpack by WordPress.com (Jetpack 12.0; WordPress 6.3)"
151.31.186.233 - - [06/Jul/2026:18:54:41 +0000] "GET /xmlrpc.php HTTP/1.1" 508 288 "-" "Jetpack by WordPress.com (Jetpack 12.0; WordPress 6.3)"
37.67.192.253 - - [06/Jul/2026:18:54:43 +0000] "POST /xmlrpc.php HTTP/1.1" 301 286 "-" "Jetpack/12.0; WordPress/6.1; http://site49870226.com"
37.67.192.253 - - [06/Jul/2026:18:54:43 +0000] "GET /xmlrpc.php HTTP/1.1" 508 288 "-" "Jetpack/12.0; WordPress/6.1; http://site49870226.com"
151.31.186.233 - - [06/Jul/2026:18:54:49 +0000] "POST /xmlrpc.php HTTP/1.1" 301 286 "-" "Jetpack by WordPress.com"
37.67.192.253 - - [06/Jul/2026:18:54:54 +0000] "POST /xmlrpc.php HTTP/1.1" 301 286 "-" "Jetpack by WordPress.com"
151.31.186.233 - - [06/Jul/2026:18:55:03 +0000] "POST /xmlrpc.php HTTP/1.1" 301 286 "-" "WordPress.com; https://wordpress.com"
151.31.186.233 - - [06/Jul/2026:18:55:04 +0000] "GET /xmlrpc.php HTTP/1.1" 508 288 "-" "WordPress.com; https://wordpress.com"
37.67.192.253 - - [06/Jul/2026:18:55:04 +0000] "POST /xmlrpc.php HTTP/1.1" 301 286 "-" "WordPress.com; https://wordpress.com"
37.67.192.253 - - [06/Jul/2026:18:55:06 +0000] "GET /xmlrpc.php HTTP/1.1" 508 288 "-" "WordPress.com; https://wordpress.com"
151.31.186.233 - - [06/Jul/2026:18:55:15 +0000] "POST /xmlrpc.php HTTP/1.1" 301 286 "-" "Jetpack by WordPress.com (Jetpack 12.1; WordPress 6.3)"
37.67.192.253 - - [06/Jul/2026:18:55:15 +0000] "POST /xmlrpc.php HTTP/1.1" 301 286 "-" "Jetpack by WordPress.com (Jetpack 12.5; WordPress 6.2)"
151.31.186.233 - - [06/Jul/2026:18:55:15 +0000] "GET /xmlrpc.php HTTP/1.1" 508 288 "-" "Jetpack by WordPress.com (Jetpack 12.1; WordPress 6.3)"
37.67.192.253 - - [06/Jul/2026:18:55:15 +0000] "GET /xmlrpc.php HTTP/1.1" 508 288 "-" "Jetpack by WordPress.com (Jetpack 12.5; WordPress 6.2)"
37.67.192.253 - - [06/Jul/2026:18:55:26 +0000] "POST /xmlrpc.php HTTP/1.1" 301 286 "-" "Jetpack/12.1; WordPress/6.3; http://site27003655.com"
37.67.192.253 - - [06/Jul/2026:18:55:26 +0000] "GET /xmlrpc.php HTTP/1.1" 508 288 "-" "Jetpack/12.1; WordPress/6.3; http://site27003655.com"
151.31.186.233 - - [06/Jul/2026:18:55:27 +0000] "POST /xmlrpc.php HTTP/1.1" 301 286 "-" "Jetpack by WordPress.com (Jetpack 12.5; WordPress 6.3)"
151.31.186.233 - - [06/Jul/2026:18:55:28 +0000] "GET /xmlrpc.php HTTP/1.1" 508 288 "-" "Jetpack by WordPress.com (Jetpack 12.5; WordPress 6.3)"
37.67.192.253 - - [06/Jul/2026:18:55:36 +0000] "POST /xmlrpc.php HTTP/1.1" 301 286 "-" "WordPress.com; https://wordpress.com"
37.67.192.253 - - [06/Jul/2026:18:55:37 +0000] "GET /xmlrpc.php HTTP/1.1" 508 288 "-" "WordPress.com; https://wordpress.com"
151.31.186.233 - - [06/Jul/2026:18:55:44 +0000] "POST /xmlrpc.php HTTP/1.1" 301 286 "-" "Jetpack/13.0; WordPress/6.3; http://site59083265.com"
151.31.186.233 - - [06/Jul/2026:18:55:45 +0000] "GET /xmlrpc.php HTTP/1.1" 508 288 "-" "Jetpack/13.0; WordPress/6.3; http://site59083265.com"
37.67.192.253 - - [06/Jul/2026:18:55:47 +0000] "POST /xmlrpc.php HTTP/1.1" 301 286 "-" "Jetpack/13.0; WordPress/6.2; http://site92901394.com"
37.67.192.253 - - [06/Jul/2026:18:55:47 +0000] "GET /xmlrpc.php HTTP/1.1" 508 288 "-" "Jetpack/13.0; WordPress/6.2; http://site92901394.com"
151.31.186.233 - - [06/Jul/2026:18:55:56 +0000] "POST /xmlrpc.php HTTP/1.1" 301 286 "-" "Jetpack by WordPress.com (Jetpack 12.1; WordPress 6.2)"
151.31.186.233 - - [06/Jul/2026:18:55:56 +0000] "GET /xmlrpc.php HTTP/1.1" 508 288 "-" "Jetpack by WordPress.com (Jetpack 12.1; WordPress 6.2)"
37.67.192.253 - - [06/Jul/2026:18:55:58 +0000] "POST /xmlrpc.php HTTP/1.1" 301 286 "-" "WordPress.com; https://wordpress.com"
37.67.192.253 - - [06/Jul/2026:18:55:58 +0000] "GET /xmlrpc.php HTTP/1.1" 508 288 "-" "WordPress.com; https://wordpress.com"
151.31.186.233 - - [06/Jul/2026:18:56:08 +0000] "POST /xmlrpc.php HTTP/1.1" 301 286 "-" "WordPress.com; https://wordpress.com"
151.31.186.233 - - [06/Jul/2026:18:56:08 +0000] "GET /xmlrpc.php HTTP/1.1" 508 288 "-" "WordPress.com; https://wordpress.com"
37.67.192.253 - - [06/Jul/2026:18:56:08 +0000] "POST /xmlrpc.php HTTP/1.1" 301 286 "-" "Jetpack by WordPress.com"
37.67.192.253 - - [06/Jul/2026:18:56:09 +0000] "GET /xmlrpc.php HTTP/1.1" 508 288 "-" "Jetpack by WordPress.com"
37.67.192.253 - - [06/Jul/2026:18:56:19 +0000] "POST /xmlrpc.php HTTP/1.1" 301 286 "-" "Jetpack by WordPress.com (Jetpack 12.0; WordPress 6.3)"
37.67.192.253 - - [06/Jul/2026:18:56:19 +0000] "GET /xmlrpc.php HTTP/1.1" 508 288 "-" "Jetpack by WordPress.com (Jetpack 12.0; WordPress 6.3)"
151.31.186.233 - - [06/Jul/2026:18:56:20 +0000] "POST /xmlrpc.php HTTP/1.1" 301 286 "-" "Jetpack/12.0; WordPress/6.3; http://site10807274.com"
151.31.186.233 - - [06/Jul/2026:18:56:21 +0000] "GET /xmlrpc.php HTTP/1.1" 508 288 "-" "Jetpack/12.0; WordPress/6.3; http://site10807274.com"
37.67.192.253 - - [06/Jul/2026:18:56:30 +0000] "POST /xmlrpc.php HTTP/1.1" 301 286 "-" "WordPress.com; https://wordpress.com"
37.67.192.253 - - [06/Jul/2026:18:56:30 +0000] "GET /xmlrpc.php HTTP/1.1" 508 288 "-" "WordPress.com; https://wordpress.com"
151.31.186.233 - - [06/Jul/2026:18:56:33 +0000] "POST /xmlrpc.php HTTP/1.1" 301 286 "-" "Jetpack by WordPress.com"
151.31.186.233 - - [06/Jul/2026:18:56:34 +0000] "GET /xmlrpc.php HTTP/1.1" 508 288 "-" "Jetpack by WordPress.com"
37.67.192.253 - - [06/Jul/2026:18:56:40 +0000] "POST /xmlrpc.php HTTP/1.1" 301 286 "-" "WordPress.com; https://wordpress.com"
37.67.192.253 - - [06/Jul/2026:18:56:40 +0000] "GET /xmlrpc.php HTTP/1.1" 508 288 "-" "WordPress.com; https://wordpress.com"
151.31.186.233 - - [06/Jul/2026:18:56:46 +0000] "POST /xmlrpc.php HTTP/1.1" 301 286 "-" "WordPress.com; https://wordpress.com"
151.31.186.233 - - [06/Jul/2026:18:56:46 +0000] "GET /xmlrpc.php HTTP/1.1" 508 288 "-" "WordPress.com; https://wordpress.com"
37.67.192.253 - - [06/Jul/2026:18:56:51 +0000] "POST /xmlrpc.php HTTP/1.1" 301 286 "-" "Jetpack by WordPress.com (Jetpack 12.1; WordPress 6.1)"
37.67.192.253 - - [06/Jul/2026:18:56:51 +0000] "GET /xmlrpc.php HTTP/1.1" 508 288 "-" "Jetpack by WordPress.com (Jetpack 12.1; WordPress 6.1)"
151.31.186.233 - - [06/Jul/2026:18:56:59 +0000] "POST /xmlrpc.php HTTP/1.1" 301 286 "-" "Jetpack/12.5; WordPress/6.1; http://site98341897.com"
151.31.186.233 - - [06/Jul/2026:18:57:00 +0000] "GET /xmlrpc.php HTTP/1.1" 508 288 "-" "Jetpack/12.5; WordPress/6.1; http://site98341897.com"
37.67.192.253 - - [06/Jul/2026:18:57:02 +0000] "POST /xmlrpc.php HTTP/1.1" 301 286 "-" "Jetpack by WordPress.com"
37.67.192.253 - - [06/Jul/2026:18:57:02 +0000] "GET /xmlrpc.php HTTP/1.1" 508 288 "-" "Jetpack by WordPress.com"
37.67.192.253 - - [06/Jul/2026:18:57:12 +0000] "POST /xmlrpc.php HTTP/1.1" 301 286 "-" "WordPress.com; https://wordpress.com"
151.31.186.233 - - [06/Jul/2026:18:57:12 +0000] "POST /xmlrpc.php HTTP/1.1" 301 286 "-" "Jetpack by WordPress.com (Jetpack 12.1; WordPress 6.2)"
